The Swift Package Index logo.Swift Package Index

Build Information

Failed to build AddToSiriButton, reference 2.1.0 (a98856), with Swift 6.4 for watchOS using Xcode 27.0 on 27 Sep 2026 16:23:38 UTC.

Build Command

env DEVELOPER_DIR=/Applications/Xcode-27.0.0-Release.Candidate.app xcrun xcodebuild -IDEClonedSourcePackagesDirPathOverride=$PWD/.dependencies -skipMacroValidation -skipPackagePluginValidation -derivedDataPath $PWD/.derivedData build -scheme AddToSiriButton -destination generic/platform=watchOS

Build Log

========================================
RunAll
========================================
Builder version: 5.1.0
Interrupt handler set up.
========================================
Checkout
========================================
Clone URL: https://github.com/Appracatappra/AddToSiriButton.git
Reference: 2.1.0
Initialized empty Git repository in /Users/admin/builder/spi-builder-workspace/.git/
From https://github.com/Appracatappra/AddToSiriButton
 * tag               2.1.0      -> FETCH_HEAD
HEAD is now at a988563 Update to OS 26
Cloned https://github.com/Appracatappra/AddToSiriButton.git
Revision (git rev-parse @):
a98856372407df555718867ce00920c7b84eb413
SPI manifest file found: $PWD/.spi.yml
SUCCESS checkout https://github.com/Appracatappra/AddToSiriButton.git at 2.1.0
========================================
Build
========================================
Selected platform:         watchOS
Swift version:             6.4
Building package at path:  $PWD
https://github.com/Appracatappra/AddToSiriButton.git
Command line invocation:
    /Applications/Xcode-27.0.0-Release.Candidate.app/Contents/Developer/usr/bin/xcodebuild -IDEClonedSourcePackagesDirPathOverride=/Users/admin/builder/spi-builder-workspace/.dependencies -resolvePackageDependencies
Resolve Package Graph
Resolve Package Graph
Resolved source packages:
  AddToSiriButton: /Users/admin/builder/spi-builder-workspace
resolved source packages: AddToSiriButton
2026-09-27 12:22:57.577 xcodebuild[529:3009] [MT] IDERunDestination: Supported platforms for the buildables in the current scheme is empty.
{
  "dependencies" : [
  ],
  "manifest_display_name" : "AddToSiriButton",
  "name" : "AddToSiriButton",
  "path" : "/Users/admin/builder/spi-builder-workspace",
  "platforms" : [
    {
      "name" : "ios",
      "version" : "26.0"
    }
  ],
  "products" : [
    {
      "name" : "AddToSiriButton",
      "targets" : [
        "AddToSiriButton"
      ],
      "type" : {
        "library" : [
          "automatic"
        ]
      }
    }
  ],
  "targets" : [
    {
      "c99name" : "AddToSiriButtonTests",
      "module_type" : "SwiftTarget",
      "name" : "AddToSiriButtonTests",
      "path" : "Tests/AddToSiriButtonTests",
      "sources" : [
        "AddToSiriButtonTests.swift"
      ],
      "target_dependencies" : [
        "AddToSiriButton"
      ],
      "type" : "test"
    },
    {
      "c99name" : "AddToSiriButton",
      "module_type" : "SwiftTarget",
      "name" : "AddToSiriButton",
      "path" : "Sources/AddToSiriButton",
      "product_memberships" : [
        "AddToSiriButton"
      ],
      "resources" : [
        {
          "path" : "/Users/admin/builder/spi-builder-workspace/Sources/AddToSiriButton/Resources/PrivacyInfo.xcprivacy",
          "rule" : {
            "process" : {
            }
          }
        }
      ],
      "sources" : [
        "SiriButtonView.swift",
        "SiriShortcutViewController.swift"
      ],
      "type" : "library"
    }
  ],
  "tools_version" : "6.4"
}
{
  "workspace" : {
    "name" : "AddToSiriButton",
    "schemes" : [
      "AddToSiriButton"
    ]
  }
}
2026-09-27 12:23:30.266 xcodebuild[626:3819] [MT] IDERunDestination: Supported platforms for the buildables in the current scheme is empty.
Running build ...
env DEVELOPER_DIR=/Applications/Xcode-27.0.0-Release.Candidate.app xcrun xcodebuild -IDEClonedSourcePackagesDirPathOverride=$PWD/.dependencies -skipMacroValidation -skipPackagePluginValidation -derivedDataPath $PWD/.derivedData build -scheme AddToSiriButton -destination generic/platform=watchOS
Command line invocation:
    /Applications/Xcode-27.0.0-Release.Candidate.app/Contents/Developer/usr/bin/xcodebuild -IDEClonedSourcePackagesDirPathOverride=/Users/admin/builder/spi-builder-workspace/.dependencies -skipMacroValidation -skipPackagePluginValidation -derivedDataPath /Users/admin/builder/spi-builder-workspace/.derivedData build -scheme AddToSiriButton -destination generic/platform=watchOS
Resolve Package Graph
Resolved source packages:
  AddToSiriButton: /Users/admin/builder/spi-builder-workspace
ComputePackagePrebuildTargetDependencyGraph
Prepare packages
CreateBuildRequest
SendProjectDescription
CreateBuildOperation
ComputeTargetDependencyGraph
note: Building targets in dependency order
note: Target dependency graph (3 targets)
    Target 'AddToSiriButton-product' in project 'AddToSiriButton'
        ➜ Explicit dependency on target 'AddToSiriButton' in project 'AddToSiriButton'
        ➜ Explicit dependency on target 'AddToSiriButton_AddToSiriButton' in project 'AddToSiriButton'
    Target 'AddToSiriButton' in project 'AddToSiriButton'
        ➜ Explicit dependency on target 'AddToSiriButton_AddToSiriButton' in project 'AddToSiriButton'
    Target 'AddToSiriButton_AddToSiriButton' in project 'AddToSiriButton' (no dependencies)
GatherProvisioningInputs
CreateBuildDescription
ExecuteExternalTool /Applications/Xcode-27.0.0-Release.Candidate.app/Contents/Developer/Toolchains/XcodeDefault.xctoolchain/usr/bin/clang -v -E -dM -isysroot /Applications/Xcode-27.0.0-Release.Candidate.app/Contents/Developer/Platforms/WatchOS.platform/Developer/SDKs/WatchOS27.0.sdk -x c -c /dev/null
ExecuteExternalTool /Applications/Xcode-27.0.0-Release.Candidate.app/Contents/Developer/Toolchains/XcodeDefault.xctoolchain/usr/bin/swiftc --version
ExecuteExternalTool /Applications/Xcode-27.0.0-Release.Candidate.app/Contents/Developer/Toolchains/XcodeDefault.xctoolchain/usr/bin/ld -version_details
ReadFileContents /Applications/Xcode-27.0.0-Release.Candidate.app/Contents/Developer/Toolchains/XcodeDefault.xctoolchain/usr/share/docc/features.json
Build description signature: 189383fc66db8b445b2cc841f5f16a72
Build description path: /Users/admin/builder/spi-builder-workspace/.derivedData/Build/Intermediates.noindex/XCBuildData/189383fc66db8b445b2cc841f5f16a72.xcbuilddata
CreateBuildDirectory /Users/admin/builder/spi-builder-workspace/.derivedData/SDKExplicitPrecompiledModules
    cd /Users/admin/builder/spi-builder-workspace/.swiftpm/xcode
    builtin-create-build-directory /Users/admin/builder/spi-builder-workspace/.derivedData/SDKExplicitPrecompiledModules
CreateBuildDirectory /Users/admin/builder/spi-builder-workspace/.derivedData/ModuleCache.noindex
    cd /Users/admin/builder/spi-builder-workspace/.swiftpm/xcode
    builtin-create-build-directory /Users/admin/builder/spi-builder-workspace/.derivedData/ModuleCache.noindex
CreateBuildDirectory /Users/admin/builder/spi-builder-workspace/.derivedData/Build/Intermediates.noindex
    cd /Users/admin/builder/spi-builder-workspace/.swiftpm/xcode
    builtin-create-build-directory /Users/admin/builder/spi-builder-workspace/.derivedData/Build/Intermediates.noindex
CreateBuildDirectory /Users/admin/builder/spi-builder-workspace/.derivedData/CompilationCache.noindex
    cd /Users/admin/builder/spi-builder-workspace/.swiftpm/xcode
    builtin-create-build-directory /Users/admin/builder/spi-builder-workspace/.derivedData/CompilationCache.noindex
CreateBuildDirectory /Users/admin/builder/spi-builder-workspace/.derivedData/Build/Products
    cd /Users/admin/builder/spi-builder-workspace/.swiftpm/xcode
    builtin-create-build-directory /Users/admin/builder/spi-builder-workspace/.derivedData/Build/Products
ClangStatCache /Applications/Xcode-27.0.0-Release.Candidate.app/Contents/Developer/Toolchains/XcodeDefault.xctoolchain/usr/bin/clang-stat-cache /Applications/Xcode-27.0.0-Release.Candidate.app/Contents/Developer/Platforms/WatchOS.platform/Developer/SDKs/WatchOS27.0.sdk /Users/admin/builder/spi-builder-workspace/.derivedData/SDKStatCaches.noindex/watchos27.0-24R360-e829b21a6f8c9b70876ba0858053c04477534ef55a1706bf4c1112bbb242f0a2.sdkstatcache
    cd /Users/admin/builder/spi-builder-workspace/.swiftpm/xcode
    /Applications/Xcode-27.0.0-Release.Candidate.app/Contents/Developer/Toolchains/XcodeDefault.xctoolchain/usr/bin/clang-stat-cache /Applications/Xcode-27.0.0-Release.Candidate.app/Contents/Developer/Platforms/WatchOS.platform/Developer/SDKs/WatchOS27.0.sdk -o /Users/admin/builder/spi-builder-workspace/.derivedData/SDKStatCaches.noindex/watchos27.0-24R360-e829b21a6f8c9b70876ba0858053c04477534ef55a1706bf4c1112bbb242f0a2.sdkstatcache
CreateBuildDirectory /Users/admin/builder/spi-builder-workspace/.derivedData/Build/Intermediates.noindex/SwiftExplicitPrecompiledModules
    cd /Users/admin/builder/spi-builder-workspace/.swiftpm/xcode
    builtin-create-build-directory /Users/admin/builder/spi-builder-workspace/.derivedData/Build/Intermediates.noindex/SwiftExplicitPrecompiledModules
CreateBuildDirectory /Users/admin/builder/spi-builder-workspace/.derivedData/Build/Intermediates.noindex/PrecompiledHeaders
    cd /Users/admin/builder/spi-builder-workspace/.swiftpm/xcode
    builtin-create-build-directory /Users/admin/builder/spi-builder-workspace/.derivedData/Build/Intermediates.noindex/PrecompiledHeaders
CreateBuildDirectory /Users/admin/builder/spi-builder-workspace/.derivedData/Build/Intermediates.noindex/ExplicitPrecompiledModules
    cd /Users/admin/builder/spi-builder-workspace/.swiftpm/xcode
    builtin-create-build-directory /Users/admin/builder/spi-builder-workspace/.derivedData/Build/Intermediates.noindex/ExplicitPrecompiledModules
CreateBuildDirectory /Users/admin/builder/spi-builder-workspace/.derivedData/Build/Products/Debug-watchos
    cd /Users/admin/builder/spi-builder-workspace/.swiftpm/xcode
    builtin-create-build-directory /Users/admin/builder/spi-builder-workspace/.derivedData/Build/Products/Debug-watchos
CreateBuildDirectory /Users/admin/builder/spi-builder-workspace/.derivedData/Build/Intermediates.noindex/EagerLinkingTBDs/Debug-watchos
    cd /Users/admin/builder/spi-builder-workspace/.swiftpm/xcode
    builtin-create-build-directory /Users/admin/builder/spi-builder-workspace/.derivedData/Build/Intermediates.noindex/EagerLinkingTBDs/Debug-watchos
CreateBuildDirectory /Users/admin/builder/spi-builder-workspace/.derivedData/Build/Products/Debug-watchos/PackageFrameworks
    cd /Users/admin/builder/spi-builder-workspace/.swiftpm/xcode
    builtin-create-build-directory /Users/admin/builder/spi-builder-workspace/.derivedData/Build/Products/Debug-watchos/PackageFrameworks
MkDir /Users/admin/builder/spi-builder-workspace/.derivedData/Build/Products/Debug-watchos/AddToSiriButton_AddToSiriButton.bundle (in target 'AddToSiriButton_AddToSiriButton' from project 'AddToSiriButton')
    cd /Users/admin/builder/spi-builder-workspace
    /bin/mkdir -p /Users/admin/builder/spi-builder-workspace/.derivedData/Build/Products/Debug-watchos/AddToSiriButton_AddToSiriButton.bundle
WriteAuxiliaryFile /Users/admin/builder/spi-builder-workspace/.derivedData/Build/Intermediates.noindex/AddToSiriButton.build/Debug-watchos/AddToSiriButton_AddToSiriButton-b.build/empty-AddToSiriButton_AddToSiriButton.plist (in target 'AddToSiriButton_AddToSiriButton' from project 'AddToSiriButton')
    cd /Users/admin/builder/spi-builder-workspace
    write-file /Users/admin/builder/spi-builder-workspace/.derivedData/Build/Intermediates.noindex/AddToSiriButton.build/Debug-watchos/AddToSiriButton_AddToSiriButton-b.build/empty-AddToSiriButton_AddToSiriButton.plist
WriteAuxiliaryFile /Users/admin/builder/spi-builder-workspace/.derivedData/Build/Intermediates.noindex/AddToSiriButton.build/Debug-watchos/AddToSiriButton_AddToSiriButton-b.build/AddToSiriButton_AddToSiriButton.DependencyStaticMetadataFileList (in target 'AddToSiriButton_AddToSiriButton' from project 'AddToSiriButton')
    cd /Users/admin/builder/spi-builder-workspace
    write-file /Users/admin/builder/spi-builder-workspace/.derivedData/Build/Intermediates.noindex/AddToSiriButton.build/Debug-watchos/AddToSiriButton_AddToSiriButton-b.build/AddToSiriButton_AddToSiriButton.DependencyStaticMetadataFileList
WriteAuxiliaryFile /Users/admin/builder/spi-builder-workspace/.derivedData/Build/Intermediates.noindex/AddToSiriButton.build/Debug-watchos/AddToSiriButton_AddToSiriButton-b.build/AddToSiriButton_AddToSiriButton.DependencyMetadataFileList (in target 'AddToSiriButton_AddToSiriButton' from project 'AddToSiriButton')
    cd /Users/admin/builder/spi-builder-workspace
    write-file /Users/admin/builder/spi-builder-workspace/.derivedData/Build/Intermediates.noindex/AddToSiriButton.build/Debug-watchos/AddToSiriButton_AddToSiriButton-b.build/AddToSiriButton_AddToSiriButton.DependencyMetadataFileList
WriteAuxiliaryFile /Users/admin/builder/spi-builder-workspace/.derivedData/Build/Intermediates.noindex/AddToSiriButton.build/Debug-watchos/AddToSiriButton-t.build/Objects-normal/arm64_32/AddToSiriButton.LinkFileList (in target 'AddToSiriButton' from project 'AddToSiriButton')
    cd /Users/admin/builder/spi-builder-workspace
    write-file /Users/admin/builder/spi-builder-workspace/.derivedData/Build/Intermediates.noindex/AddToSiriButton.build/Debug-watchos/AddToSiriButton-t.build/Objects-normal/arm64_32/AddToSiriButton.LinkFileList
WriteAuxiliaryFile /Users/admin/builder/spi-builder-workspace/.derivedData/Build/Intermediates.noindex/AddToSiriButton.build/Debug-watchos/AddToSiriButton-t.build/Objects-normal/arm64_32/AddToSiriButton_const_extract_protocols.json (in target 'AddToSiriButton' from project 'AddToSiriButton')
    cd /Users/admin/builder/spi-builder-workspace
    write-file /Users/admin/builder/spi-builder-workspace/.derivedData/Build/Intermediates.noindex/AddToSiriButton.build/Debug-watchos/AddToSiriButton-t.build/Objects-normal/arm64_32/AddToSiriButton_const_extract_protocols.json
WriteAuxiliaryFile /Users/admin/builder/spi-builder-workspace/.derivedData/Build/Intermediates.noindex/AddToSiriButton.build/Debug-watchos/AddToSiriButton-t.build/Objects-normal/arm64_32/AddToSiriButton.SwiftConstValuesFileList (in target 'AddToSiriButton' from project 'AddToSiriButton')
    cd /Users/admin/builder/spi-builder-workspace
    write-file /Users/admin/builder/spi-builder-workspace/.derivedData/Build/Intermediates.noindex/AddToSiriButton.build/Debug-watchos/AddToSiriButton-t.build/Objects-normal/arm64_32/AddToSiriButton.SwiftConstValuesFileList
WriteAuxiliaryFile /Users/admin/builder/spi-builder-workspace/.derivedData/Build/Intermediates.noindex/AddToSiriButton.build/Debug-watchos/AddToSiriButton-t.build/Objects-normal/arm64_32/AddToSiriButton.SwiftFileList (in target 'AddToSiriButton' from project 'AddToSiriButton')
    cd /Users/admin/builder/spi-builder-workspace
    write-file /Users/admin/builder/spi-builder-workspace/.derivedData/Build/Intermediates.noindex/AddToSiriButton.build/Debug-watchos/AddToSiriButton-t.build/Objects-normal/arm64_32/AddToSiriButton.SwiftFileList
WriteAuxiliaryFile /Users/admin/builder/spi-builder-workspace/.derivedData/Build/Intermediates.noindex/AddToSiriButton.build/Debug-watchos/AddToSiriButton-t.build/Objects-normal/arm64_32/AddToSiriButton-OutputFileMap.json (in target 'AddToSiriButton' from project 'AddToSiriButton')
    cd /Users/admin/builder/spi-builder-workspace
    write-file /Users/admin/builder/spi-builder-workspace/.derivedData/Build/Intermediates.noindex/AddToSiriButton.build/Debug-watchos/AddToSiriButton-t.build/Objects-normal/arm64_32/AddToSiriButton-OutputFileMap.json
WriteAuxiliaryFile /Users/admin/builder/spi-builder-workspace/.derivedData/Build/Intermediates.noindex/AddToSiriButton.build/Debug-watchos/AddToSiriButton-t.build/Objects-normal/arm64/AddToSiriButton_const_extract_protocols.json (in target 'AddToSiriButton' from project 'AddToSiriButton')
    cd /Users/admin/builder/spi-builder-workspace
    write-file /Users/admin/builder/spi-builder-workspace/.derivedData/Build/Intermediates.noindex/AddToSiriButton.build/Debug-watchos/AddToSiriButton-t.build/Objects-normal/arm64/AddToSiriButton_const_extract_protocols.json
WriteAuxiliaryFile /Users/admin/builder/spi-builder-workspace/.derivedData/Build/Intermediates.noindex/AddToSiriButton.build/Debug-watchos/AddToSiriButton-t.build/Objects-normal/arm64/AddToSiriButton.SwiftConstValuesFileList (in target 'AddToSiriButton' from project 'AddToSiriButton')
    cd /Users/admin/builder/spi-builder-workspace
    write-file /Users/admin/builder/spi-builder-workspace/.derivedData/Build/Intermediates.noindex/AddToSiriButton.build/Debug-watchos/AddToSiriButton-t.build/Objects-normal/arm64/AddToSiriButton.SwiftConstValuesFileList
WriteAuxiliaryFile /Users/admin/builder/spi-builder-workspace/.derivedData/Build/Intermediates.noindex/AddToSiriButton.build/Debug-watchos/AddToSiriButton-t.build/Objects-normal/arm64/AddToSiriButton.SwiftFileList (in target 'AddToSiriButton' from project 'AddToSiriButton')
    cd /Users/admin/builder/spi-builder-workspace
    write-file /Users/admin/builder/spi-builder-workspace/.derivedData/Build/Intermediates.noindex/AddToSiriButton.build/Debug-watchos/AddToSiriButton-t.build/Objects-normal/arm64/AddToSiriButton.SwiftFileList
WriteAuxiliaryFile /Users/admin/builder/spi-builder-workspace/.derivedData/Build/Intermediates.noindex/AddToSiriButton.build/Debug-watchos/AddToSiriButton-t.build/Objects-normal/arm64/AddToSiriButton.LinkFileList (in target 'AddToSiriButton' from project 'AddToSiriButton')
    cd /Users/admin/builder/spi-builder-workspace
    write-file /Users/admin/builder/spi-builder-workspace/.derivedData/Build/Intermediates.noindex/AddToSiriButton.build/Debug-watchos/AddToSiriButton-t.build/Objects-normal/arm64/AddToSiriButton.LinkFileList
WriteAuxiliaryFile /Users/admin/builder/spi-builder-workspace/.derivedData/Build/Intermediates.noindex/AddToSiriButton.build/Debug-watchos/AddToSiriButton-t.build/Objects-normal/arm64/AddToSiriButton-OutputFileMap.json (in target 'AddToSiriButton' from project 'AddToSiriButton')
    cd /Users/admin/builder/spi-builder-workspace
    write-file /Users/admin/builder/spi-builder-workspace/.derivedData/Build/Intermediates.noindex/AddToSiriButton.build/Debug-watchos/AddToSiriButton-t.build/Objects-normal/arm64/AddToSiriButton-OutputFileMap.json
WriteAuxiliaryFile /Users/admin/builder/spi-builder-workspace/.derivedData/Build/Intermediates.noindex/AddToSiriButton.build/Debug-watchos/AddToSiriButton-t.build/DerivedSources/resource_bundle_accessor.swift (in target 'AddToSiriButton' from project 'AddToSiriButton')
    cd /Users/admin/builder/spi-builder-workspace
    write-file /Users/admin/builder/spi-builder-workspace/.derivedData/Build/Intermediates.noindex/AddToSiriButton.build/Debug-watchos/AddToSiriButton-t.build/DerivedSources/resource_bundle_accessor.swift
WriteAuxiliaryFile /Users/admin/builder/spi-builder-workspace/.derivedData/Build/Intermediates.noindex/AddToSiriButton.build/Debug-watchos/AddToSiriButton-t.build/AddToSiriButton.modulemap (in target 'AddToSiriButton' from project 'AddToSiriButton')
    cd /Users/admin/builder/spi-builder-workspace
    write-file /Users/admin/builder/spi-builder-workspace/.derivedData/Build/Intermediates.noindex/AddToSiriButton.build/Debug-watchos/AddToSiriButton-t.build/AddToSiriButton.modulemap
WriteAuxiliaryFile /Users/admin/builder/spi-builder-workspace/.derivedData/Build/Intermediates.noindex/AddToSiriButton.build/Debug-watchos/AddToSiriButton-t.build/AddToSiriButton.DependencyStaticMetadataFileList (in target 'AddToSiriButton' from project 'AddToSiriButton')
    cd /Users/admin/builder/spi-builder-workspace
    write-file /Users/admin/builder/spi-builder-workspace/.derivedData/Build/Intermediates.noindex/AddToSiriButton.build/Debug-watchos/AddToSiriButton-t.build/AddToSiriButton.DependencyStaticMetadataFileList
WriteAuxiliaryFile /Users/admin/builder/spi-builder-workspace/.derivedData/Build/Intermediates.noindex/AddToSiriButton.build/Debug-watchos/AddToSiriButton-t.build/AddToSiriButton.DependencyMetadataFileList (in target 'AddToSiriButton' from project 'AddToSiriButton')
    cd /Users/admin/builder/spi-builder-workspace
    write-file /Users/admin/builder/spi-builder-workspace/.derivedData/Build/Intermediates.noindex/AddToSiriButton.build/Debug-watchos/AddToSiriButton-t.build/AddToSiriButton.DependencyMetadataFileList
Copy /Users/admin/builder/spi-builder-workspace/.derivedData/Build/Intermediates.noindex/GeneratedModuleMaps-watchos/AddToSiriButton.modulemap /Users/admin/builder/spi-builder-workspace/.derivedData/Build/Intermediates.noindex/AddToSiriButton.build/Debug-watchos/AddToSiriButton-t.build/AddToSiriButton.modulemap (in target 'AddToSiriButton' from project 'AddToSiriButton')
    cd /Users/admin/builder/spi-builder-workspace
    builtin-copy -exclude .DS_Store -exclude CVS -exclude .svn -exclude .git -exclude .hg -resolve-src-symlinks /Users/admin/builder/spi-builder-workspace/.derivedData/Build/Intermediates.noindex/AddToSiriButton.build/Debug-watchos/AddToSiriButton-t.build/AddToSiriButton.modulemap /Users/admin/builder/spi-builder-workspace/.derivedData/Build/Intermediates.noindex/GeneratedModuleMaps-watchos
ProcessInfoPlistFile /Users/admin/builder/spi-builder-workspace/.derivedData/Build/Products/Debug-watchos/AddToSiriButton_AddToSiriButton.bundle/Info.plist /Users/admin/builder/spi-builder-workspace/.derivedData/Build/Intermediates.noindex/AddToSiriButton.build/Debug-watchos/AddToSiriButton_AddToSiriButton-b.build/empty-AddToSiriButton_AddToSiriButton.plist (in target 'AddToSiriButton_AddToSiriButton' from project 'AddToSiriButton')
    cd /Users/admin/builder/spi-builder-workspace
    builtin-infoPlistUtility /Users/admin/builder/spi-builder-workspace/.derivedData/Build/Intermediates.noindex/AddToSiriButton.build/Debug-watchos/AddToSiriButton_AddToSiriButton-b.build/empty-AddToSiriButton_AddToSiriButton.plist -producttype com.apple.product-type.bundle -expandbuildsettings -format binary -platform watchos -o /Users/admin/builder/spi-builder-workspace/.derivedData/Build/Products/Debug-watchos/AddToSiriButton_AddToSiriButton.bundle/Info.plist
CpResource /Users/admin/builder/spi-builder-workspace/.derivedData/Build/Products/Debug-watchos/AddToSiriButton_AddToSiriButton.bundle/PrivacyInfo.xcprivacy /Users/admin/builder/spi-builder-workspace/Sources/AddToSiriButton/Resources/PrivacyInfo.xcprivacy (in target 'AddToSiriButton_AddToSiriButton' from project 'AddToSiriButton')
    cd /Users/admin/builder/spi-builder-workspace
    builtin-copy -exclude .DS_Store -exclude CVS -exclude .svn -exclude .git -exclude .hg -resolve-src-symlinks /Users/admin/builder/spi-builder-workspace/Sources/AddToSiriButton/Resources/PrivacyInfo.xcprivacy /Users/admin/builder/spi-builder-workspace/.derivedData/Build/Products/Debug-watchos/AddToSiriButton_AddToSiriButton.bundle
RegisterExecutionPolicyException /Users/admin/builder/spi-builder-workspace/.derivedData/Build/Products/Debug-watchos/AddToSiriButton_AddToSiriButton.bundle (in target 'AddToSiriButton_AddToSiriButton' from project 'AddToSiriButton')
    cd /Users/admin/builder/spi-builder-workspace
    builtin-RegisterExecutionPolicyException /Users/admin/builder/spi-builder-workspace/.derivedData/Build/Products/Debug-watchos/AddToSiriButton_AddToSiriButton.bundle
Touch /Users/admin/builder/spi-builder-workspace/.derivedData/Build/Products/Debug-watchos/AddToSiriButton_AddToSiriButton.bundle (in target 'AddToSiriButton_AddToSiriButton' from project 'AddToSiriButton')
    cd /Users/admin/builder/spi-builder-workspace
    /usr/bin/touch -c /Users/admin/builder/spi-builder-workspace/.derivedData/Build/Products/Debug-watchos/AddToSiriButton_AddToSiriButton.bundle
SwiftDriver AddToSiriButton normal arm64_32 com.apple.xcode.tools.swift.compiler (in target 'AddToSiriButton' from project 'AddToSiriButton')
    cd /Users/admin/builder/spi-builder-workspace/.swiftpm/xcode
    builtin-SwiftDriver -- /Applications/Xcode-27.0.0-Release.Candidate.app/Contents/Developer/Toolchains/XcodeDefault.xctoolchain/usr/bin/swiftc -parse-as-library -module-name AddToSiriButton -Onone @/Users/admin/builder/spi-builder-workspace/.derivedData/Build/Intermediates.noindex/AddToSiriButton.build/Debug-watchos/AddToSiriButton-t.build/Objects-normal/arm64_32/AddToSiriButton.SwiftFileList -DSWIFT_PACKAGE -DDEBUG -DSWIFT_MODULE_RESOURCE_BUNDLE_AVAILABLE -DXcode -plugin-path /Applications/Xcode-27.0.0-Release.Candidate.app/Contents/Developer/Toolchains/XcodeDefault.xctoolchain/usr/lib/swift/host/plugins/testing -enable-experimental-feature DebugDescriptionMacro -sdk /Applications/Xcode-27.0.0-Release.Candidate.app/Contents/Developer/Platforms/WatchOS.platform/Developer/SDKs/WatchOS27.0.sdk -target arm64_32-apple-watchos26.0 -g -module-cache-path /Users/admin/builder/spi-builder-workspace/.derivedData/ModuleCache.noindex -Xfrontend -serialize-debugging-options -profile-coverage-mapping -profile-generate -enable-testing -index-store-path /Users/admin/builder/spi-builder-workspace/.derivedData/Index.noindex/DataStore -Xcc -D_LIBCPP_HARDENING_MODE\=_LIBCPP_HARDENING_MODE_DEBUG -swift-version 6 -I /Users/admin/builder/spi-builder-workspace/.derivedData/Build/Products/Debug-watchos -Isystem /Applications/Xcode-27.0.0-Release.Candidate.app/Contents/Developer/Platforms/WatchOS.platform/Developer/usr/lib -F /Users/admin/builder/spi-builder-workspace/.derivedData/Build/Products/Debug-watchos -F /Applications/Xcode-27.0.0-Release.Candidate.app/Contents/Developer/Platforms/WatchOS.platform/Developer/Library/Frameworks -F /Applications/Xcode-27.0.0-Release.Candidate.app/Contents/Developer/Platforms/WatchOS.platform/Developer/SDKs/WatchOS27.0.sdk/Developer/Library/Frameworks -c -j10 -enable-batch-mode -incremental -Xcc -ivfsstatcache -Xcc /Users/admin/builder/spi-builder-workspace/.derivedData/SDKStatCaches.noindex/watchos27.0-24R360-e829b21a6f8c9b70876ba0858053c04477534ef55a1706bf4c1112bbb242f0a2.sdkstatcache -output-file-map /Users/admin/builder/spi-builder-workspace/.derivedData/Build/Intermediates.noindex/AddToSiriButton.build/Debug-watchos/AddToSiriButton-t.build/Objects-normal/arm64_32/AddToSiriButton-OutputFileMap.json -save-temps -no-color-diagnostics -explicit-module-build -module-cache-path /Users/admin/builder/spi-builder-workspace/.derivedData/Build/Intermediates.noindex/SwiftExplicitPrecompiledModules -clang-scanner-module-cache-path /Users/admin/builder/spi-builder-workspace/.derivedData/ModuleCache.noindex -sdk-module-cache-path /Users/admin/builder/spi-builder-workspace/.derivedData/SDKExplicitPrecompiledModules -emit-dependencies -emit-module -emit-module-path /Users/admin/builder/spi-builder-workspace/.derivedData/Build/Intermediates.noindex/AddToSiriButton.build/Debug-watchos/AddToSiriButton-t.build/Objects-normal/arm64_32/AddToSiriButton.swiftmodule -serialize-diagnostics -dependency-scan-serialize-diagnostics-path /Users/admin/builder/spi-builder-workspace/.derivedData/Build/Intermediates.noindex/AddToSiriButton.build/Debug-watchos/AddToSiriButton-t.build/Objects-normal/arm64_32/AddToSiriButton-dependency-scan.dia -validate-clang-modules-once -clang-build-session-file /Users/admin/builder/spi-builder-workspace/.derivedData/ModuleCache.noindex/Session.modulevalidation -Xcc -fmodules-prune-interval\=86400 -Xcc -fmodules-prune-after\=345600 -package-name spi_builder_workspace -emit-const-values -const-gather-protocols-list /Users/admin/builder/spi-builder-workspace/.derivedData/Build/Intermediates.noindex/AddToSiriButton.build/Debug-watchos/AddToSiriButton-t.build/Objects-normal/arm64_32/AddToSiriButton_const_extract_protocols.json -Xcc -I/Users/admin/builder/spi-builder-workspace/.derivedData/Build/Products/Debug-watchos/include -Xcc -I/Users/admin/builder/spi-builder-workspace/.derivedData/Build/Intermediates.noindex/AddToSiriButton.build/Debug-watchos/AddToSiriButton-t.build/DerivedSources-normal/arm64_32 -Xcc -I/Users/admin/builder/spi-builder-workspace/.derivedData/Build/Intermediates.noindex/AddToSiriButton.build/Debug-watchos/AddToSiriButton-t.build/DerivedSources/arm64_32 -Xcc -I/Users/admin/builder/spi-builder-workspace/.derivedData/Build/Intermediates.noindex/AddToSiriButton.build/Debug-watchos/AddToSiriButton-t.build/DerivedSources -Xcc -DSWIFT_PACKAGE -Xcc -DDEBUG\=1 -emit-objc-header -emit-objc-header-path /Users/admin/builder/spi-builder-workspace/.derivedData/Build/Intermediates.noindex/AddToSiriButton.build/Debug-watchos/AddToSiriButton-t.build/Objects-normal/arm64_32/AddToSiriButton-Swift.h -working-directory /Users/admin/builder/spi-builder-workspace/.swiftpm/xcode -experimental-emit-module-separately -disable-cmo
/Users/admin/builder/spi-builder-workspace/Sources/AddToSiriButton/SiriShortcutViewController.swift:11:8: error: Unable to resolve module dependency: 'IntentsUI' (in target 'AddToSiriButton' from project 'AddToSiriButton')
    note: A dependency of main module 'AddToSiriButton'
/Users/admin/builder/spi-builder-workspace/Sources/AddToSiriButton/SiriShortcutViewController.swift:11:8: note: A dependency of main module 'AddToSiriButton'
import IntentsUI
       ^ (in target 'AddToSiriButton' from project 'AddToSiriButton')
SwiftDriver AddToSiriButton normal arm64 com.apple.xcode.tools.swift.compiler (in target 'AddToSiriButton' from project 'AddToSiriButton')
    cd /Users/admin/builder/spi-builder-workspace/.swiftpm/xcode
    builtin-SwiftDriver -- /Applications/Xcode-27.0.0-Release.Candidate.app/Contents/Developer/Toolchains/XcodeDefault.xctoolchain/usr/bin/swiftc -parse-as-library -module-name AddToSiriButton -Onone @/Users/admin/builder/spi-builder-workspace/.derivedData/Build/Intermediates.noindex/AddToSiriButton.build/Debug-watchos/AddToSiriButton-t.build/Objects-normal/arm64/AddToSiriButton.SwiftFileList -DSWIFT_PACKAGE -DDEBUG -DSWIFT_MODULE_RESOURCE_BUNDLE_AVAILABLE -DXcode -plugin-path /Applications/Xcode-27.0.0-Release.Candidate.app/Contents/Developer/Toolchains/XcodeDefault.xctoolchain/usr/lib/swift/host/plugins/testing -enable-experimental-feature DebugDescriptionMacro -sdk /Applications/Xcode-27.0.0-Release.Candidate.app/Contents/Developer/Platforms/WatchOS.platform/Developer/SDKs/WatchOS27.0.sdk -target arm64-apple-watchos26.0 -g -module-cache-path /Users/admin/builder/spi-builder-workspace/.derivedData/ModuleCache.noindex -Xfrontend -serialize-debugging-options -profile-coverage-mapping -profile-generate -enable-testing -index-store-path /Users/admin/builder/spi-builder-workspace/.derivedData/Index.noindex/DataStore -Xcc -D_LIBCPP_HARDENING_MODE\=_LIBCPP_HARDENING_MODE_DEBUG -swift-version 6 -I /Users/admin/builder/spi-builder-workspace/.derivedData/Build/Products/Debug-watchos -Isystem /Applications/Xcode-27.0.0-Release.Candidate.app/Contents/Developer/Platforms/WatchOS.platform/Developer/usr/lib -F /Users/admin/builder/spi-builder-workspace/.derivedData/Build/Products/Debug-watchos -F /Applications/Xcode-27.0.0-Release.Candidate.app/Contents/Developer/Platforms/WatchOS.platform/Developer/Library/Frameworks -F /Applications/Xcode-27.0.0-Release.Candidate.app/Contents/Developer/Platforms/WatchOS.platform/Developer/SDKs/WatchOS27.0.sdk/Developer/Library/Frameworks -c -j10 -enable-batch-mode -incremental -Xcc -ivfsstatcache -Xcc /Users/admin/builder/spi-builder-workspace/.derivedData/SDKStatCaches.noindex/watchos27.0-24R360-e829b21a6f8c9b70876ba0858053c04477534ef55a1706bf4c1112bbb242f0a2.sdkstatcache -output-file-map /Users/admin/builder/spi-builder-workspace/.derivedData/Build/Intermediates.noindex/AddToSiriButton.build/Debug-watchos/AddToSiriButton-t.build/Objects-normal/arm64/AddToSiriButton-OutputFileMap.json -save-temps -no-color-diagnostics -explicit-module-build -module-cache-path /Users/admin/builder/spi-builder-workspace/.derivedData/Build/Intermediates.noindex/SwiftExplicitPrecompiledModules -clang-scanner-module-cache-path /Users/admin/builder/spi-builder-workspace/.derivedData/ModuleCache.noindex -sdk-module-cache-path /Users/admin/builder/spi-builder-workspace/.derivedData/SDKExplicitPrecompiledModules -emit-dependencies -emit-module -emit-module-path /Users/admin/builder/spi-builder-workspace/.derivedData/Build/Intermediates.noindex/AddToSiriButton.build/Debug-watchos/AddToSiriButton-t.build/Objects-normal/arm64/AddToSiriButton.swiftmodule -serialize-diagnostics -dependency-scan-serialize-diagnostics-path /Users/admin/builder/spi-builder-workspace/.derivedData/Build/Intermediates.noindex/AddToSiriButton.build/Debug-watchos/AddToSiriButton-t.build/Objects-normal/arm64/AddToSiriButton-dependency-scan.dia -validate-clang-modules-once -clang-build-session-file /Users/admin/builder/spi-builder-workspace/.derivedData/ModuleCache.noindex/Session.modulevalidation -Xcc -fmodules-prune-interval\=86400 -Xcc -fmodules-prune-after\=345600 -package-name spi_builder_workspace -emit-const-values -const-gather-protocols-list /Users/admin/builder/spi-builder-workspace/.derivedData/Build/Intermediates.noindex/AddToSiriButton.build/Debug-watchos/AddToSiriButton-t.build/Objects-normal/arm64/AddToSiriButton_const_extract_protocols.json -Xcc -I/Users/admin/builder/spi-builder-workspace/.derivedData/Build/Products/Debug-watchos/include -Xcc -I/Users/admin/builder/spi-builder-workspace/.derivedData/Build/Intermediates.noindex/AddToSiriButton.build/Debug-watchos/AddToSiriButton-t.build/DerivedSources-normal/arm64 -Xcc -I/Users/admin/builder/spi-builder-workspace/.derivedData/Build/Intermediates.noindex/AddToSiriButton.build/Debug-watchos/AddToSiriButton-t.build/DerivedSources/arm64 -Xcc -I/Users/admin/builder/spi-builder-workspace/.derivedData/Build/Intermediates.noindex/AddToSiriButton.build/Debug-watchos/AddToSiriButton-t.build/DerivedSources -Xcc -DSWIFT_PACKAGE -Xcc -DDEBUG\=1 -emit-objc-header -emit-objc-header-path /Users/admin/builder/spi-builder-workspace/.derivedData/Build/Intermediates.noindex/AddToSiriButton.build/Debug-watchos/AddToSiriButton-t.build/Objects-normal/arm64/AddToSiriButton-Swift.h -working-directory /Users/admin/builder/spi-builder-workspace/.swiftpm/xcode -experimental-emit-module-separately -disable-cmo
/Users/admin/builder/spi-builder-workspace/Sources/AddToSiriButton/SiriShortcutViewController.swift:11:8: error: Unable to resolve module dependency: 'IntentsUI' (in target 'AddToSiriButton' from project 'AddToSiriButton')
    note: A dependency of main module 'AddToSiriButton'
/Users/admin/builder/spi-builder-workspace/Sources/AddToSiriButton/SiriShortcutViewController.swift:11:8: note: A dependency of main module 'AddToSiriButton'
import IntentsUI
       ^ (in target 'AddToSiriButton' from project 'AddToSiriButton')
PruneExplicitPrecompiledModules /Users/admin/builder/spi-builder-workspace/.derivedData/Build/Intermediates.noindex/ExplicitPrecompiledModules
PruneExplicitPrecompiledModules /Users/admin/builder/spi-builder-workspace/.derivedData/Build/Intermediates.noindex/SwiftExplicitPrecompiledModules
PruneExplicitPrecompiledModules /Users/admin/builder/spi-builder-workspace/.derivedData/SDKExplicitPrecompiledModules
2026-09-27 12:23:31.839 xcodebuild[627:3865] [MT] IDERunDestination: Supported platforms for the buildables in the current scheme is empty.
** BUILD FAILED **
The following build commands failed:
	SwiftDriver AddToSiriButton normal arm64_32 com.apple.xcode.tools.swift.compiler (in target 'AddToSiriButton' from project 'AddToSiriButton')
	SwiftDriver AddToSiriButton normal arm64 com.apple.xcode.tools.swift.compiler (in target 'AddToSiriButton' from project 'AddToSiriButton')
	Building workspace AddToSiriButton with scheme AddToSiriButton
(3 failures)
Command line invocation:
    /Applications/Xcode-27.0.0-Release.Candidate.app/Contents/Developer/usr/bin/xcodebuild -IDEClonedSourcePackagesDirPathOverride=/Users/admin/builder/spi-builder-workspace/.dependencies -resolvePackageDependencies
Resolve Package Graph
Resolved source packages:
  AddToSiriButton: /Users/admin/builder/spi-builder-workspace
resolved source packages: AddToSiriButton
2026-09-27 12:23:35.446 xcodebuild[666:4323] [MT] IDERunDestination: Supported platforms for the buildables in the current scheme is empty.
{
  "dependencies" : [
  ],
  "manifest_display_name" : "AddToSiriButton",
  "name" : "AddToSiriButton",
  "path" : "/Users/admin/builder/spi-builder-workspace",
  "platforms" : [
    {
      "name" : "ios",
      "version" : "26.0"
    }
  ],
  "products" : [
    {
      "name" : "AddToSiriButton",
      "targets" : [
        "AddToSiriButton"
      ],
      "type" : {
        "library" : [
          "automatic"
        ]
      }
    }
  ],
  "targets" : [
    {
      "c99name" : "AddToSiriButtonTests",
      "module_type" : "SwiftTarget",
      "name" : "AddToSiriButtonTests",
      "path" : "Tests/AddToSiriButtonTests",
      "sources" : [
        "AddToSiriButtonTests.swift"
      ],
      "target_dependencies" : [
        "AddToSiriButton"
      ],
      "type" : "test"
    },
    {
      "c99name" : "AddToSiriButton",
      "module_type" : "SwiftTarget",
      "name" : "AddToSiriButton",
      "path" : "Sources/AddToSiriButton",
      "product_memberships" : [
        "AddToSiriButton"
      ],
      "resources" : [
        {
          "path" : "/Users/admin/builder/spi-builder-workspace/Sources/AddToSiriButton/Resources/PrivacyInfo.xcprivacy",
          "rule" : {
            "process" : {
            }
          }
        }
      ],
      "sources" : [
        "SiriButtonView.swift",
        "SiriShortcutViewController.swift"
      ],
      "type" : "library"
    }
  ],
  "tools_version" : "6.4"
}
{
  "workspace" : {
    "name" : "AddToSiriButton",
    "schemes" : [
      "AddToSiriButton"
    ]
  }
}
2026-09-27 12:23:36.651 xcodebuild[674:4379] [MT] IDERunDestination: Supported platforms for the buildables in the current scheme is empty.
Running build ...
env DEVELOPER_DIR=/Applications/Xcode-27.0.0-Release.Candidate.app xcrun xcodebuild -IDEClonedSourcePackagesDirPathOverride=$PWD/.dependencies -skipMacroValidation -skipPackagePluginValidation -derivedDataPath $PWD/.derivedData build -scheme AddToSiriButton -destination generic/platform=watchOS
Command line invocation:
    /Applications/Xcode-27.0.0-Release.Candidate.app/Contents/Developer/usr/bin/xcodebuild -IDEClonedSourcePackagesDirPathOverride=/Users/admin/builder/spi-builder-workspace/.dependencies -skipMacroValidation -skipPackagePluginValidation -derivedDataPath /Users/admin/builder/spi-builder-workspace/.derivedData build -scheme AddToSiriButton -destination generic/platform=watchOS
Resolve Package Graph
Resolved source packages:
  AddToSiriButton: /Users/admin/builder/spi-builder-workspace
ComputePackagePrebuildTargetDependencyGraph
Prepare packages
CreateBuildRequest
SendProjectDescription
CreateBuildOperation
ComputeTargetDependencyGraph
note: Building targets in dependency order
note: Target dependency graph (3 targets)
    Target 'AddToSiriButton-product' in project 'AddToSiriButton'
        ➜ Explicit dependency on target 'AddToSiriButton' in project 'AddToSiriButton'
        ➜ Explicit dependency on target 'AddToSiriButton_AddToSiriButton' in project 'AddToSiriButton'
    Target 'AddToSiriButton' in project 'AddToSiriButton'
        ➜ Explicit dependency on target 'AddToSiriButton_AddToSiriButton' in project 'AddToSiriButton'
    Target 'AddToSiriButton_AddToSiriButton' in project 'AddToSiriButton' (no dependencies)
GatherProvisioningInputs
CreateBuildDescription
ClangStatCache /Applications/Xcode-27.0.0-Release.Candidate.app/Contents/Developer/Toolchains/XcodeDefault.xctoolchain/usr/bin/clang-stat-cache /Applications/Xcode-27.0.0-Release.Candidate.app/Contents/Developer/Platforms/WatchOS.platform/Developer/SDKs/WatchOS27.0.sdk /Users/admin/builder/spi-builder-workspace/.derivedData/SDKStatCaches.noindex/watchos27.0-24R360-e829b21a6f8c9b70876ba0858053c04477534ef55a1706bf4c1112bbb242f0a2.sdkstatcache
    cd /Users/admin/builder/spi-builder-workspace/.swiftpm/xcode
    /Applications/Xcode-27.0.0-Release.Candidate.app/Contents/Developer/Toolchains/XcodeDefault.xctoolchain/usr/bin/clang-stat-cache /Applications/Xcode-27.0.0-Release.Candidate.app/Contents/Developer/Platforms/WatchOS.platform/Developer/SDKs/WatchOS27.0.sdk -o /Users/admin/builder/spi-builder-workspace/.derivedData/SDKStatCaches.noindex/watchos27.0-24R360-e829b21a6f8c9b70876ba0858053c04477534ef55a1706bf4c1112bbb242f0a2.sdkstatcache
SwiftDriver AddToSiriButton normal arm64_32 com.apple.xcode.tools.swift.compiler (in target 'AddToSiriButton' from project 'AddToSiriButton')
    cd /Users/admin/builder/spi-builder-workspace/.swiftpm/xcode
    builtin-SwiftDriver -- /Applications/Xcode-27.0.0-Release.Candidate.app/Contents/Developer/Toolchains/XcodeDefault.xctoolchain/usr/bin/swiftc -parse-as-library -module-name AddToSiriButton -Onone @/Users/admin/builder/spi-builder-workspace/.derivedData/Build/Intermediates.noindex/AddToSiriButton.build/Debug-watchos/AddToSiriButton-t.build/Objects-normal/arm64_32/AddToSiriButton.SwiftFileList -DSWIFT_PACKAGE -DDEBUG -DSWIFT_MODULE_RESOURCE_BUNDLE_AVAILABLE -DXcode -plugin-path /Applications/Xcode-27.0.0-Release.Candidate.app/Contents/Developer/Toolchains/XcodeDefault.xctoolchain/usr/lib/swift/host/plugins/testing -enable-experimental-feature DebugDescriptionMacro -sdk /Applications/Xcode-27.0.0-Release.Candidate.app/Contents/Developer/Platforms/WatchOS.platform/Developer/SDKs/WatchOS27.0.sdk -target arm64_32-apple-watchos26.0 -g -module-cache-path /Users/admin/builder/spi-builder-workspace/.derivedData/ModuleCache.noindex -Xfrontend -serialize-debugging-options -profile-coverage-mapping -profile-generate -enable-testing -index-store-path /Users/admin/builder/spi-builder-workspace/.derivedData/Index.noindex/DataStore -Xcc -D_LIBCPP_HARDENING_MODE\=_LIBCPP_HARDENING_MODE_DEBUG -swift-version 6 -I /Users/admin/builder/spi-builder-workspace/.derivedData/Build/Products/Debug-watchos -Isystem /Applications/Xcode-27.0.0-Release.Candidate.app/Contents/Developer/Platforms/WatchOS.platform/Developer/usr/lib -F /Users/admin/builder/spi-builder-workspace/.derivedData/Build/Products/Debug-watchos -F /Applications/Xcode-27.0.0-Release.Candidate.app/Contents/Developer/Platforms/WatchOS.platform/Developer/Library/Frameworks -F /Applications/Xcode-27.0.0-Release.Candidate.app/Contents/Developer/Platforms/WatchOS.platform/Developer/SDKs/WatchOS27.0.sdk/Developer/Library/Frameworks -c -j10 -enable-batch-mode -incremental -Xcc -ivfsstatcache -Xcc /Users/admin/builder/spi-builder-workspace/.derivedData/SDKStatCaches.noindex/watchos27.0-24R360-e829b21a6f8c9b70876ba0858053c04477534ef55a1706bf4c1112bbb242f0a2.sdkstatcache -output-file-map /Users/admin/builder/spi-builder-workspace/.derivedData/Build/Intermediates.noindex/AddToSiriButton.build/Debug-watchos/AddToSiriButton-t.build/Objects-normal/arm64_32/AddToSiriButton-OutputFileMap.json -save-temps -no-color-diagnostics -explicit-module-build -module-cache-path /Users/admin/builder/spi-builder-workspace/.derivedData/Build/Intermediates.noindex/SwiftExplicitPrecompiledModules -clang-scanner-module-cache-path /Users/admin/builder/spi-builder-workspace/.derivedData/ModuleCache.noindex -sdk-module-cache-path /Users/admin/builder/spi-builder-workspace/.derivedData/SDKExplicitPrecompiledModules -emit-dependencies -emit-module -emit-module-path /Users/admin/builder/spi-builder-workspace/.derivedData/Build/Intermediates.noindex/AddToSiriButton.build/Debug-watchos/AddToSiriButton-t.build/Objects-normal/arm64_32/AddToSiriButton.swiftmodule -serialize-diagnostics -dependency-scan-serialize-diagnostics-path /Users/admin/builder/spi-builder-workspace/.derivedData/Build/Intermediates.noindex/AddToSiriButton.build/Debug-watchos/AddToSiriButton-t.build/Objects-normal/arm64_32/AddToSiriButton-dependency-scan.dia -validate-clang-modules-once -clang-build-session-file /Users/admin/builder/spi-builder-workspace/.derivedData/ModuleCache.noindex/Session.modulevalidation -Xcc -fmodules-prune-interval\=86400 -Xcc -fmodules-prune-after\=345600 -package-name spi_builder_workspace -emit-const-values -const-gather-protocols-list /Users/admin/builder/spi-builder-workspace/.derivedData/Build/Intermediates.noindex/AddToSiriButton.build/Debug-watchos/AddToSiriButton-t.build/Objects-normal/arm64_32/AddToSiriButton_const_extract_protocols.json -Xcc -I/Users/admin/builder/spi-builder-workspace/.derivedData/Build/Products/Debug-watchos/include -Xcc -I/Users/admin/builder/spi-builder-workspace/.derivedData/Build/Intermediates.noindex/AddToSiriButton.build/Debug-watchos/AddToSiriButton-t.build/DerivedSources-normal/arm64_32 -Xcc -I/Users/admin/builder/spi-builder-workspace/.derivedData/Build/Intermediates.noindex/AddToSiriButton.build/Debug-watchos/AddToSiriButton-t.build/DerivedSources/arm64_32 -Xcc -I/Users/admin/builder/spi-builder-workspace/.derivedData/Build/Intermediates.noindex/AddToSiriButton.build/Debug-watchos/AddToSiriButton-t.build/DerivedSources -Xcc -DSWIFT_PACKAGE -Xcc -DDEBUG\=1 -emit-objc-header -emit-objc-header-path /Users/admin/builder/spi-builder-workspace/.derivedData/Build/Intermediates.noindex/AddToSiriButton.build/Debug-watchos/AddToSiriButton-t.build/Objects-normal/arm64_32/AddToSiriButton-Swift.h -working-directory /Users/admin/builder/spi-builder-workspace/.swiftpm/xcode -experimental-emit-module-separately -disable-cmo
/Users/admin/builder/spi-builder-workspace/Sources/AddToSiriButton/SiriShortcutViewController.swift:11:8: error: Unable to resolve module dependency: 'IntentsUI' (in target 'AddToSiriButton' from project 'AddToSiriButton')
    note: A dependency of main module 'AddToSiriButton'
/Users/admin/builder/spi-builder-workspace/Sources/AddToSiriButton/SiriShortcutViewController.swift:11:8: note: A dependency of main module 'AddToSiriButton'
import IntentsUI
       ^ (in target 'AddToSiriButton' from project 'AddToSiriButton')
SwiftDriver AddToSiriButton normal arm64 com.apple.xcode.tools.swift.compiler (in target 'AddToSiriButton' from project 'AddToSiriButton')
    cd /Users/admin/builder/spi-builder-workspace/.swiftpm/xcode
    builtin-SwiftDriver -- /Applications/Xcode-27.0.0-Release.Candidate.app/Contents/Developer/Toolchains/XcodeDefault.xctoolchain/usr/bin/swiftc -parse-as-library -module-name AddToSiriButton -Onone @/Users/admin/builder/spi-builder-workspace/.derivedData/Build/Intermediates.noindex/AddToSiriButton.build/Debug-watchos/AddToSiriButton-t.build/Objects-normal/arm64/AddToSiriButton.SwiftFileList -DSWIFT_PACKAGE -DDEBUG -DSWIFT_MODULE_RESOURCE_BUNDLE_AVAILABLE -DXcode -plugin-path /Applications/Xcode-27.0.0-Release.Candidate.app/Contents/Developer/Toolchains/XcodeDefault.xctoolchain/usr/lib/swift/host/plugins/testing -enable-experimental-feature DebugDescriptionMacro -sdk /Applications/Xcode-27.0.0-Release.Candidate.app/Contents/Developer/Platforms/WatchOS.platform/Developer/SDKs/WatchOS27.0.sdk -target arm64-apple-watchos26.0 -g -module-cache-path /Users/admin/builder/spi-builder-workspace/.derivedData/ModuleCache.noindex -Xfrontend -serialize-debugging-options -profile-coverage-mapping -profile-generate -enable-testing -index-store-path /Users/admin/builder/spi-builder-workspace/.derivedData/Index.noindex/DataStore -Xcc -D_LIBCPP_HARDENING_MODE\=_LIBCPP_HARDENING_MODE_DEBUG -swift-version 6 -I /Users/admin/builder/spi-builder-workspace/.derivedData/Build/Products/Debug-watchos -Isystem /Applications/Xcode-27.0.0-Release.Candidate.app/Contents/Developer/Platforms/WatchOS.platform/Developer/usr/lib -F /Users/admin/builder/spi-builder-workspace/.derivedData/Build/Products/Debug-watchos -F /Applications/Xcode-27.0.0-Release.Candidate.app/Contents/Developer/Platforms/WatchOS.platform/Developer/Library/Frameworks -F /Applications/Xcode-27.0.0-Release.Candidate.app/Contents/Developer/Platforms/WatchOS.platform/Developer/SDKs/WatchOS27.0.sdk/Developer/Library/Frameworks -c -j10 -enable-batch-mode -incremental -Xcc -ivfsstatcache -Xcc /Users/admin/builder/spi-builder-workspace/.derivedData/SDKStatCaches.noindex/watchos27.0-24R360-e829b21a6f8c9b70876ba0858053c04477534ef55a1706bf4c1112bbb242f0a2.sdkstatcache -output-file-map /Users/admin/builder/spi-builder-workspace/.derivedData/Build/Intermediates.noindex/AddToSiriButton.build/Debug-watchos/AddToSiriButton-t.build/Objects-normal/arm64/AddToSiriButton-OutputFileMap.json -save-temps -no-color-diagnostics -explicit-module-build -module-cache-path /Users/admin/builder/spi-builder-workspace/.derivedData/Build/Intermediates.noindex/SwiftExplicitPrecompiledModules -clang-scanner-module-cache-path /Users/admin/builder/spi-builder-workspace/.derivedData/ModuleCache.noindex -sdk-module-cache-path /Users/admin/builder/spi-builder-workspace/.derivedData/SDKExplicitPrecompiledModules -emit-dependencies -emit-module -emit-module-path /Users/admin/builder/spi-builder-workspace/.derivedData/Build/Intermediates.noindex/AddToSiriButton.build/Debug-watchos/AddToSiriButton-t.build/Objects-normal/arm64/AddToSiriButton.swiftmodule -serialize-diagnostics -dependency-scan-serialize-diagnostics-path /Users/admin/builder/spi-builder-workspace/.derivedData/Build/Intermediates.noindex/AddToSiriButton.build/Debug-watchos/AddToSiriButton-t.build/Objects-normal/arm64/AddToSiriButton-dependency-scan.dia -validate-clang-modules-once -clang-build-session-file /Users/admin/builder/spi-builder-workspace/.derivedData/ModuleCache.noindex/Session.modulevalidation -Xcc -fmodules-prune-interval\=86400 -Xcc -fmodules-prune-after\=345600 -package-name spi_builder_workspace -emit-const-values -const-gather-protocols-list /Users/admin/builder/spi-builder-workspace/.derivedData/Build/Intermediates.noindex/AddToSiriButton.build/Debug-watchos/AddToSiriButton-t.build/Objects-normal/arm64/AddToSiriButton_const_extract_protocols.json -Xcc -I/Users/admin/builder/spi-builder-workspace/.derivedData/Build/Products/Debug-watchos/include -Xcc -I/Users/admin/builder/spi-builder-workspace/.derivedData/Build/Intermediates.noindex/AddToSiriButton.build/Debug-watchos/AddToSiriButton-t.build/DerivedSources-normal/arm64 -Xcc -I/Users/admin/builder/spi-builder-workspace/.derivedData/Build/Intermediates.noindex/AddToSiriButton.build/Debug-watchos/AddToSiriButton-t.build/DerivedSources/arm64 -Xcc -I/Users/admin/builder/spi-builder-workspace/.derivedData/Build/Intermediates.noindex/AddToSiriButton.build/Debug-watchos/AddToSiriButton-t.build/DerivedSources -Xcc -DSWIFT_PACKAGE -Xcc -DDEBUG\=1 -emit-objc-header -emit-objc-header-path /Users/admin/builder/spi-builder-workspace/.derivedData/Build/Intermediates.noindex/AddToSiriButton.build/Debug-watchos/AddToSiriButton-t.build/Objects-normal/arm64/AddToSiriButton-Swift.h -working-directory /Users/admin/builder/spi-builder-workspace/.swiftpm/xcode -experimental-emit-module-separately -disable-cmo
/Users/admin/builder/spi-builder-workspace/Sources/AddToSiriButton/SiriShortcutViewController.swift:11:8: error: Unable to resolve module dependency: 'IntentsUI' (in target 'AddToSiriButton' from project 'AddToSiriButton')
    note: A dependency of main module 'AddToSiriButton'
/Users/admin/builder/spi-builder-workspace/Sources/AddToSiriButton/SiriShortcutViewController.swift:11:8: note: A dependency of main module 'AddToSiriButton'
import IntentsUI
       ^ (in target 'AddToSiriButton' from project 'AddToSiriButton')
PruneExplicitPrecompiledModules /Users/admin/builder/spi-builder-workspace/.derivedData/Build/Intermediates.noindex/SwiftExplicitPrecompiledModules
PruneExplicitPrecompiledModules /Users/admin/builder/spi-builder-workspace/.derivedData/Build/Intermediates.noindex/ExplicitPrecompiledModules
PruneExplicitPrecompiledModules /Users/admin/builder/spi-builder-workspace/.derivedData/SDKExplicitPrecompiledModules
2026-09-27 12:23:37.618 xcodebuild[675:4406] [MT] IDERunDestination: Supported platforms for the buildables in the current scheme is empty.
** BUILD FAILED **
The following build commands failed:
	SwiftDriver AddToSiriButton normal arm64_32 com.apple.xcode.tools.swift.compiler (in target 'AddToSiriButton' from project 'AddToSiriButton')
	SwiftDriver AddToSiriButton normal arm64 com.apple.xcode.tools.swift.compiler (in target 'AddToSiriButton' from project 'AddToSiriButton')
	Building workspace AddToSiriButton with scheme AddToSiriButton
(3 failures)
BUILD FAILURE 6.4 watchOS