Build Information
Failed to build Probing, reference main (4bc510), with Swift 6.4 for visionOS using Xcode 27.0 on 23 Sep 2026 10:29:36 UTC.
Build Command
env DEVELOPER_DIR=/Applications/Xcode-27.0.0-Release.Candidate.app xcrun xcodebuild -IDEClonedSourcePackagesDirPathOverride=$PWD/.dependencies -skipMacroValidation -skipPackagePluginValidation -derivedDataPath $PWD/.derivedData build -scheme Probing-Package -destination generic/platform=xrOSBuild Log
========================================
RunAll
========================================
Builder version: 5.1.0
Interrupt handler set up.
========================================
Checkout
========================================
Clone URL: https://github.com/NSFatalError/Probing.git
Reference: main
Initialized empty Git repository in /Users/admin/builder/spi-builder-workspace/.git/
From https://github.com/NSFatalError/Probing
* branch main -> FETCH_HEAD
* [new branch] main -> origin/main
HEAD is now at 4bc5104 Prepared package for Swift 6.2 (#8)
Submodule path 'Macros/Dependencies/PrincipleMacros': checked out '85aab93496550f03b8888a96598fe06ad7685a53'
Submodule 'Macros/Dependencies/PrincipleMacros' (https://github.com/NSFatalError/PrincipleMacros) registered for path 'Macros/Dependencies/PrincipleMacros'
Cloning into '/Users/admin/builder/spi-builder-workspace/Macros/Dependencies/PrincipleMacros'...
Cloned https://github.com/NSFatalError/Probing.git
Revision (git rev-parse @):
4bc51040f17da842d73c24141d65fc000343fd73
SPI manifest file found: $PWD/.spi.yml
SUCCESS checkout https://github.com/NSFatalError/Probing.git at main
========================================
Build
========================================
Selected platform: visionOS
Swift version: 6.4
Building package at path: $PWD
https://github.com/NSFatalError/Probing.git
Command line invocation:
/Applications/Xcode-27.0.0-Release.Candidate.app/Contents/Developer/usr/bin/xcodebuild -IDEClonedSourcePackagesDirPathOverride=/Users/admin/builder/spi-builder-workspace/.dependencies -resolvePackageDependencies
Resolve Package Graph
Fetching from https://github.com/swiftlang/swift-syntax
Fetching from https://github.com/NSFatalError/Principle
Creating working copy of package ‘swift-syntax’
Checking out 602.0.0 of package ‘swift-syntax’
Creating working copy of package ‘Principle’
Checking out 2.0.0 of package ‘Principle’
Downloading package prebuilt https://download.swift.org/prebuilts/swift-syntax/602.0.0/swiftlang-6.4.0.34.1-macosx27.0-MacroSupport.zip
Resolve Package Graph
Resolve Package Graph
Resolved source packages:
Principle: https://github.com/NSFatalError/Principle @ 2.0.0
swift-syntax: https://github.com/swiftlang/swift-syntax @ 602.0.0
Probing: /Users/admin/builder/spi-builder-workspace
resolved source packages: Principle, swift-syntax, Probing
2026-09-23 06:28:44.213 xcodebuild[535:3026] [MT] IDERunDestination: Supported platforms for the buildables in the current scheme is empty.
{
"dependencies" : [
{
"identity" : "principle",
"requirement" : {
"range" : [
{
"lower_bound" : "2.0.0",
"upper_bound" : "3.0.0"
}
]
},
"type" : "sourceControl",
"url" : "https://github.com/NSFatalError/Principle"
},
{
"identity" : "swift-syntax",
"requirement" : {
"range" : [
{
"lower_bound" : "602.0.0",
"upper_bound" : "603.0.0"
}
]
},
"type" : "sourceControl",
"url" : "https://github.com/swiftlang/swift-syntax"
}
],
"manifest_display_name" : "Probing",
"name" : "Probing",
"path" : "/Users/admin/builder/spi-builder-workspace",
"platforms" : [
{
"name" : "macos",
"version" : "15.0"
},
{
"name" : "maccatalyst",
"version" : "18.0"
},
{
"name" : "ios",
"version" : "18.0"
},
{
"name" : "tvos",
"version" : "18.0"
},
{
"name" : "watchos",
"version" : "11.0"
},
{
"name" : "visionos",
"version" : "2.0"
}
],
"products" : [
{
"name" : "Probing",
"targets" : [
"Probing"
],
"type" : {
"library" : [
"automatic"
]
}
},
{
"name" : "ProbeTesting",
"targets" : [
"ProbeTesting"
],
"type" : {
"library" : [
"automatic"
]
}
},
{
"name" : "ProbingMacros",
"targets" : [
"ProbingMacros"
],
"type" : {
"macro" : null
}
}
],
"targets" : [
{
"c99name" : "ProbingTests",
"module_type" : "SwiftTarget",
"name" : "ProbingTests",
"path" : "Tests/ProbingTests",
"sources" : [
"CustomActor.swift",
"EffectNameTests.swift",
"EffectTests.swift",
"ProbeTests.swift"
],
"target_dependencies" : [
"Probing"
],
"type" : "test"
},
{
"c99name" : "ProbingMacrosTests",
"module_type" : "SwiftTarget",
"name" : "ProbingMacrosTests",
"path" : "Tests/ProbingMacrosTests",
"product_dependencies" : [
"SwiftSyntaxMacrosTestSupport"
],
"sources" : [
"DeeplyCopyable/DeeplyCopyableMacroTests.swift",
"EquatableObject/EquatableObjectMacroTests.swift",
"Probing/EffectMacroTests.swift",
"Probing/ProbeMacroTests.swift"
],
"target_dependencies" : [
"ProbingMacros"
],
"type" : "test"
},
{
"c99name" : "ProbingMacros",
"module_type" : "SwiftTarget",
"name" : "ProbingMacros",
"path" : "Macros",
"product_dependencies" : [
"SwiftSyntaxMacros",
"SwiftCompilerPlugin"
],
"product_memberships" : [
"Probing",
"ProbeTesting",
"ProbingMacros"
],
"sources" : [
"Dependencies/PrincipleMacros/Sources/PrincipleMacros/Builders/Declarations/Common/DeclBuilder.swift",
"Dependencies/PrincipleMacros/Sources/PrincipleMacros/Builders/Declarations/Common/MemberBuilding.swift",
"Dependencies/PrincipleMacros/Sources/PrincipleMacros/Builders/Declarations/Common/PeerBuilding.swift",
"Dependencies/PrincipleMacros/Sources/PrincipleMacros/Builders/Declarations/Members/FunctionDeclBuilder.swift",
"Dependencies/PrincipleMacros/Sources/PrincipleMacros/Builders/Declarations/Members/MemberDeclBuilder.swift",
"Dependencies/PrincipleMacros/Sources/PrincipleMacros/Builders/Declarations/Members/PropertyDeclBuilder.swift",
"Dependencies/PrincipleMacros/Sources/PrincipleMacros/Builders/Declarations/Types/ActorDeclBuilder.swift",
"Dependencies/PrincipleMacros/Sources/PrincipleMacros/Builders/Declarations/Types/ClassDeclBuilder.swift",
"Dependencies/PrincipleMacros/Sources/PrincipleMacros/Builders/Declarations/Types/EnumDeclBuilder.swift",
"Dependencies/PrincipleMacros/Sources/PrincipleMacros/Builders/Declarations/Types/StatefulDeclBuilder.swift",
"Dependencies/PrincipleMacros/Sources/PrincipleMacros/Builders/Declarations/Types/StructDeclBuilder.swift",
"Dependencies/PrincipleMacros/Sources/PrincipleMacros/Builders/Declarations/Types/TypeDeclBuilder.swift",
"Dependencies/PrincipleMacros/Sources/PrincipleMacros/Builders/Declarations/Types/TypeDeclBuilderContext.swift",
"Dependencies/PrincipleMacros/Sources/PrincipleMacros/Builders/Expressions/AssociatedValuesListExprBuilder.swift",
"Dependencies/PrincipleMacros/Sources/PrincipleMacros/Builders/Expressions/EnumCaseCallExprBuilder.swift",
"Dependencies/PrincipleMacros/Sources/PrincipleMacros/Builders/Expressions/ExprBuilder.swift",
"Dependencies/PrincipleMacros/Sources/PrincipleMacros/Builders/Expressions/SwitchExprBuilder.swift",
"Dependencies/PrincipleMacros/Sources/PrincipleMacros/ExpansionContext/MacroExpansionContext.swift",
"Dependencies/PrincipleMacros/Sources/PrincipleMacros/Imports.swift",
"Dependencies/PrincipleMacros/Sources/PrincipleMacros/Parameters/ParameterExtractionError.swift",
"Dependencies/PrincipleMacros/Sources/PrincipleMacros/Parameters/ParameterExtractor.swift",
"Dependencies/PrincipleMacros/Sources/PrincipleMacros/Parsers/Common/Parser.swift",
"Dependencies/PrincipleMacros/Sources/PrincipleMacros/Parsers/Common/ParserResult.swift",
"Dependencies/PrincipleMacros/Sources/PrincipleMacros/Parsers/Common/ParserResultCustomKey.swift",
"Dependencies/PrincipleMacros/Sources/PrincipleMacros/Parsers/Common/ParserResultCustomValues.swift",
"Dependencies/PrincipleMacros/Sources/PrincipleMacros/Parsers/Common/ParserResultsCollection.swift",
"Dependencies/PrincipleMacros/Sources/PrincipleMacros/Parsers/Common/_Parser.swift",
"Dependencies/PrincipleMacros/Sources/PrincipleMacros/Parsers/Common/_ParserResultsCollection.swift",
"Dependencies/PrincipleMacros/Sources/PrincipleMacros/Parsers/EnumCases/EnumCase.swift",
"Dependencies/PrincipleMacros/Sources/PrincipleMacros/Parsers/EnumCases/EnumCasesList.swift",
"Dependencies/PrincipleMacros/Sources/PrincipleMacros/Parsers/EnumCases/EnumCasesParser.swift",
"Dependencies/PrincipleMacros/Sources/PrincipleMacros/Parsers/Properties/PropertiesList.swift",
"Dependencies/PrincipleMacros/Sources/PrincipleMacros/Parsers/Properties/PropertiesParser.swift",
"Dependencies/PrincipleMacros/Sources/PrincipleMacros/Parsers/Properties/Property.swift",
"Dependencies/PrincipleMacros/Sources/PrincipleMacros/Syntax/Concepts/AccessControlLevel.swift",
"Dependencies/PrincipleMacros/Sources/PrincipleMacros/Syntax/Concepts/CamelCaseNotation.swift",
"Dependencies/PrincipleMacros/Sources/PrincipleMacros/Syntax/Concepts/GlobalActorIsolation.swift",
"Dependencies/PrincipleMacros/Sources/PrincipleMacros/Syntax/Custom/BasicDeclSyntax.swift",
"Dependencies/PrincipleMacros/Sources/PrincipleMacros/Syntax/Custom/ClosureTypeSyntax.swift",
"Dependencies/PrincipleMacros/Sources/PrincipleMacros/Syntax/Custom/StatefulDeclSyntax.swift",
"Dependencies/PrincipleMacros/Sources/PrincipleMacros/Syntax/Custom/TypeDeclSyntax.swift",
"Dependencies/PrincipleMacros/Sources/PrincipleMacros/Syntax/Extensions/AccessorDeclListSyntax.swift",
"Dependencies/PrincipleMacros/Sources/PrincipleMacros/Syntax/Extensions/AttributeListSyntax.swift",
"Dependencies/PrincipleMacros/Sources/PrincipleMacros/Syntax/Extensions/AttributeSyntax.swift",
"Dependencies/PrincipleMacros/Sources/PrincipleMacros/Syntax/Extensions/AttributedTypeSyntax.swift",
"Dependencies/PrincipleMacros/Sources/PrincipleMacros/Syntax/Extensions/ClosureExprSyntax.swift",
"Dependencies/PrincipleMacros/Sources/PrincipleMacros/Syntax/Extensions/ExprSyntax.swift",
"Dependencies/PrincipleMacros/Sources/PrincipleMacros/Syntax/Extensions/PatternBindingSyntax.swift",
"Dependencies/PrincipleMacros/Sources/PrincipleMacros/Syntax/Extensions/SyntaxProtocol.swift",
"Dependencies/PrincipleMacros/Sources/PrincipleMacros/Syntax/Extensions/TypeSyntax.swift",
"Dependencies/PrincipleMacros/Sources/PrincipleMacros/Syntax/Extensions/WithAttributesSyntax.swift",
"Dependencies/PrincipleMacros/Sources/PrincipleMacros/Syntax/Extensions/WithModifiersSyntax.swift",
"ProbingMacros/DeeplyCopyable/DeeplyCopyableEnumInitDeclBuilder.swift",
"ProbingMacros/DeeplyCopyable/DeeplyCopyableMacro.swift",
"ProbingMacros/DeeplyCopyable/DeeplyCopyableStatefulInitDeclBuilder.swift",
"ProbingMacros/EquatableObject/EquatableDeclBuilder.swift",
"ProbingMacros/EquatableObject/EquatableObjectMacro.swift",
"ProbingMacros/Main/ProbingPlugin.swift",
"ProbingMacros/Probing/EffectMacro.swift",
"ProbingMacros/Probing/ProbeMacro.swift"
],
"type" : "macro"
},
{
"c99name" : "Probing",
"module_type" : "SwiftTarget",
"name" : "Probing",
"path" : "Sources/Probing",
"product_dependencies" : [
"PrincipleConcurrency",
"PrincipleCollections"
],
"product_memberships" : [
"Probing",
"ProbeTesting"
],
"sources" : [
"Effects/AnyEffect.swift",
"Effects/ConcurrentEffect.swift",
"Effects/Effect.swift",
"Effects/EffectBacktrace.swift",
"Effects/EffectContinuation.swift",
"Effects/EffectIdentifier.swift",
"Effects/EffectName.swift",
"Effects/TestableEffect.swift",
"Errors/ProbingErrors.swift",
"Errors/RecordableProbingError.swift",
"Extensions/Task+ID.swift",
"Identifiers/ProbingIdentifierProtocol.swift",
"Identifiers/ProbingIdentifiers.swift",
"Identifiers/ProbingNames.swift",
"Probes/Probe.swift",
"Probes/ProbeBacktrace.swift",
"Probes/ProbeContinuation.swift",
"Probes/ProbeIdentifier.swift",
"Probes/ProbeName.swift",
"TestingSupport/EffectDispatch.swift",
"TestingSupport/EffectPhase.swift",
"TestingSupport/EffectState.swift",
"TestingSupport/ProbingBacktrace.swift",
"TestingSupport/ProbingContinuation.swift",
"TestingSupport/ProbingCoordinator.swift",
"TestingSupport/ProbingLocation.swift",
"TestingSupport/ProbingState.swift",
"TestingSupport/TestContinuation.swift",
"TestingSupport/TestPhase.swift",
"TestingSupport/_ProbingOptions.swift"
],
"target_dependencies" : [
"ProbingMacros"
],
"type" : "library"
},
{
"c99name" : "ProbeTestingTests",
"module_type" : "SwiftTarget",
"name" : "ProbeTestingTests",
"path" : "Tests/ProbeTestingTests",
"product_dependencies" : [
"PrincipleConcurrency"
],
"sources" : [
"Helpers/Array+Product.swift",
"Helpers/CustomActor.swift",
"Helpers/Issue+RecordedError.swift",
"Helpers/ProbingOptions+TestArgument.swift",
"Suites/APIMisuseTests.swift",
"Suites/AsyncSequenceTests.swift",
"Suites/EffectTests.swift",
"Suites/IndependentEffectsTests.swift",
"Suites/NestedEffectsTests.swift",
"Suites/ProbeTests.swift",
"Suites/ProbingOptionsTests.swift",
"Suites/TaskGroupTests.swift",
"Suites/WithProbingTests.swift"
],
"target_dependencies" : [
"ProbeTesting"
],
"type" : "test"
},
{
"c99name" : "ProbeTesting",
"module_type" : "SwiftTarget",
"name" : "ProbeTesting",
"path" : "Sources/ProbeTesting",
"product_memberships" : [
"ProbeTesting"
],
"sources" : [
"Dispatcher/ProbingDispatcher.swift",
"Dispatcher/RecordedError.swift",
"Imports.swift",
"WithProbing/ProbingOptions.swift",
"WithProbing/ProbingTerminatedError.swift",
"WithProbing/WithProbing.swift"
],
"target_dependencies" : [
"Probing"
],
"type" : "library"
},
{
"c99name" : "EquatableObjectTests",
"module_type" : "SwiftTarget",
"name" : "EquatableObjectTests",
"path" : "Tests/EquatableObjectTests",
"sources" : [
"EquatableObjectTests.swift"
],
"target_dependencies" : [
"EquatableObject"
],
"type" : "test"
},
{
"c99name" : "EquatableObject",
"module_type" : "SwiftTarget",
"name" : "EquatableObject",
"path" : "Sources/EquatableObject",
"sources" : [
"EquatableObject.swift"
],
"target_dependencies" : [
"ProbingMacros"
],
"type" : "library"
},
{
"c99name" : "DeeplyCopyableTests",
"module_type" : "SwiftTarget",
"name" : "DeeplyCopyableTests",
"path" : "Tests/DeeplyCopyableTests",
"sources" : [
"DeeplyCopyableTests.swift"
],
"target_dependencies" : [
"DeeplyCopyable",
"EquatableObject"
],
"type" : "test"
},
{
"c99name" : "DeeplyCopyable",
"module_type" : "SwiftTarget",
"name" : "DeeplyCopyable",
"path" : "Sources/DeeplyCopyable",
"sources" : [
"Conformances/Dictionary+DeeplyCopyable.swift",
"Conformances/Optional+DeeplyCopyable.swift",
"Conformances/Range+DeeplyCopyable.swift",
"Conformances/RangeReplaceableCollection+DeeplyCopyable.swift",
"Conformances/RawRepresentable+DeeplyCopyable.swift",
"Conformances/SetAlgebra+DeeplyCopyable.swift",
"Protocols/DeeplyCopyable.swift",
"Protocols/DeeplyCopyableByAssignment.swift"
],
"target_dependencies" : [
"ProbingMacros"
],
"type" : "library"
}
],
"tools_version" : "6.2"
}
{
"workspace" : {
"name" : "Probing",
"schemes" : [
"ProbeTesting",
"Probing",
"Probing-Package"
]
}
}
2026-09-23 06:29:18.129 xcodebuild[737:4389] [MT] IDERunDestination: Supported platforms for the buildables in the current scheme is empty.
{
"workspace" : {
"name" : "Probing",
"schemes" : [
"ProbeTesting",
"Probing",
"Probing-Package"
]
}
}
2026-09-23 06:29:19.909 xcodebuild[740:4465] [MT] IDERunDestination: Supported platforms for the buildables in the current scheme is empty.
Running build ...
env DEVELOPER_DIR=/Applications/Xcode-27.0.0-Release.Candidate.app xcrun xcodebuild -IDEClonedSourcePackagesDirPathOverride=$PWD/.dependencies -skipMacroValidation -skipPackagePluginValidation -derivedDataPath $PWD/.derivedData build -scheme Probing-Package -destination generic/platform=xrOS
Command line invocation:
/Applications/Xcode-27.0.0-Release.Candidate.app/Contents/Developer/usr/bin/xcodebuild -IDEClonedSourcePackagesDirPathOverride=/Users/admin/builder/spi-builder-workspace/.dependencies -skipMacroValidation -skipPackagePluginValidation -derivedDataPath /Users/admin/builder/spi-builder-workspace/.derivedData build -scheme Probing-Package -destination generic/platform=xrOS
Resolve Package Graph
Resolve Package Graph
Resolved source packages:
swift-syntax: https://github.com/swiftlang/swift-syntax @ 602.0.0
Probing: /Users/admin/builder/spi-builder-workspace
Principle: https://github.com/NSFatalError/Principle @ 2.0.0
ComputePackagePrebuildTargetDependencyGraph
Prepare packages
CreateBuildRequest
SendProjectDescription
CreateBuildOperation
ComputeTargetDependencyGraph
note: Building targets in dependency order
note: Target dependency graph (9 targets)
Target 'ProbeTesting-product' in project 'Probing'
➜ Explicit dependency on target 'ProbeTesting' in project 'Probing'
➜ Explicit dependency on target 'ProbingMacros' in project 'Probing'
➜ Explicit dependency on target 'Probing' in project 'Probing'
➜ Explicit dependency on target 'PrincipleConcurrency-product' in project 'Principle'
➜ Explicit dependency on target 'PrincipleCollections-product' in project 'Principle'
Target 'ProbeTesting' in project 'Probing'
➜ Explicit dependency on target 'ProbingMacros' in project 'Probing'
➜ Explicit dependency on target 'Probing' in project 'Probing'
➜ Explicit dependency on target 'PrincipleConcurrency-product' in project 'Principle'
➜ Explicit dependency on target 'PrincipleCollections-product' in project 'Principle'
Target 'Probing-product' in project 'Probing'
➜ Explicit dependency on target 'Probing' in project 'Probing'
➜ Explicit dependency on target 'ProbingMacros' in project 'Probing'
➜ Explicit dependency on target 'PrincipleConcurrency-product' in project 'Principle'
➜ Explicit dependency on target 'PrincipleCollections-product' in project 'Principle'
Target 'Probing' in project 'Probing'
➜ Explicit dependency on target 'ProbingMacros' in project 'Probing'
➜ Explicit dependency on target 'PrincipleConcurrency-product' in project 'Principle'
➜ Explicit dependency on target 'PrincipleCollections-product' in project 'Principle'
Target 'PrincipleCollections-product' in project 'Principle'
➜ Explicit dependency on target 'PrincipleCollections' in project 'Principle'
Target 'PrincipleCollections' in project 'Principle' (no dependencies)
Target 'PrincipleConcurrency-product' in project 'Principle'
➜ Explicit dependency on target 'PrincipleConcurrency' in project 'Principle'
Target 'PrincipleConcurrency' in project 'Principle' (no dependencies)
Target 'ProbingMacros' in project 'Probing' (no dependencies)
GatherProvisioningInputs
CreateBuildDescription
ExecuteExternalTool /Applications/Xcode-27.0.0-Release.Candidate.app/Contents/Developer/Toolchains/XcodeDefault.xctoolchain/usr/bin/swiftc --version
ExecuteExternalTool /Applications/Xcode-27.0.0-Release.Candidate.app/Contents/Developer/Toolchains/XcodeDefault.xctoolchain/usr/bin/clang -v -E -dM -isysroot /Applications/Xcode-27.0.0-Release.Candidate.app/Contents/Developer/Platforms/MacOSX.platform/Developer/SDKs/MacOSX27.0.sdk -x c -c /dev/null
ExecuteExternalTool /Applications/Xcode-27.0.0-Release.Candidate.app/Contents/Developer/Toolchains/XcodeDefault.xctoolchain/usr/bin/clang -v -E -dM -isysroot /Applications/Xcode-27.0.0-Release.Candidate.app/Contents/Developer/Platforms/XROS.platform/Developer/SDKs/XROS27.0.sdk -x c -c /dev/null
ExecuteExternalTool /Applications/Xcode-27.0.0-Release.Candidate.app/Contents/Developer/Toolchains/XcodeDefault.xctoolchain/usr/bin/ld -version_details
ReadFileContents /Applications/Xcode-27.0.0-Release.Candidate.app/Contents/Developer/Toolchains/XcodeDefault.xctoolchain/usr/share/docc/features.json
Build description signature: c6f0ae329a9e16d988bf0e6c18b19b51
Build description path: /Users/admin/builder/spi-builder-workspace/.derivedData/Build/Intermediates.noindex/XCBuildData/c6f0ae329a9e16d988bf0e6c18b19b51.xcbuilddata
CreateBuildDirectory /Users/admin/builder/spi-builder-workspace/.derivedData/CompilationCache.noindex
cd /Users/admin/builder/spi-builder-workspace/.swiftpm/xcode
builtin-create-build-directory /Users/admin/builder/spi-builder-workspace/.derivedData/CompilationCache.noindex
CreateBuildDirectory /Users/admin/builder/spi-builder-workspace/.derivedData/ModuleCache.noindex
cd /Users/admin/builder/spi-builder-workspace/.swiftpm/xcode
builtin-create-build-directory /Users/admin/builder/spi-builder-workspace/.derivedData/ModuleCache.noindex
CreateBuildDirectory /Users/admin/builder/spi-builder-workspace/.derivedData/SDKExplicitPrecompiledModules
cd /Users/admin/builder/spi-builder-workspace/.swiftpm/xcode
builtin-create-build-directory /Users/admin/builder/spi-builder-workspace/.derivedData/SDKExplicitPrecompiledModules
ClangStatCache /Applications/Xcode-27.0.0-Release.Candidate.app/Contents/Developer/Toolchains/XcodeDefault.xctoolchain/usr/bin/clang-stat-cache /Applications/Xcode-27.0.0-Release.Candidate.app/Contents/Developer/Platforms/MacOSX.platform/Developer/SDKs/MacOSX27.0.sdk /Users/admin/builder/spi-builder-workspace/.derivedData/SDKStatCaches.noindex/macosx27.0-26A425-e829b21a6f8c9b70876ba0858053c0446a22442a12e9d48fe1a705f55a1adfc4.sdkstatcache
cd /Users/admin/builder/spi-builder-workspace/.swiftpm/xcode
/Applications/Xcode-27.0.0-Release.Candidate.app/Contents/Developer/Toolchains/XcodeDefault.xctoolchain/usr/bin/clang-stat-cache /Applications/Xcode-27.0.0-Release.Candidate.app/Contents/Developer/Platforms/MacOSX.platform/Developer/SDKs/MacOSX27.0.sdk -o /Users/admin/builder/spi-builder-workspace/.derivedData/SDKStatCaches.noindex/macosx27.0-26A425-e829b21a6f8c9b70876ba0858053c0446a22442a12e9d48fe1a705f55a1adfc4.sdkstatcache
ClangStatCache /Applications/Xcode-27.0.0-Release.Candidate.app/Contents/Developer/Toolchains/XcodeDefault.xctoolchain/usr/bin/clang-stat-cache /Applications/Xcode-27.0.0-Release.Candidate.app/Contents/Developer/Platforms/XROS.platform/Developer/SDKs/XROS27.0.sdk /Users/admin/builder/spi-builder-workspace/.derivedData/SDKStatCaches.noindex/xros27.0-24M361-e829b21a6f8c9b70876ba0858053c044735bd543db762f57723cac368afd1ce4.sdkstatcache
cd /Users/admin/builder/spi-builder-workspace/.swiftpm/xcode
/Applications/Xcode-27.0.0-Release.Candidate.app/Contents/Developer/Toolchains/XcodeDefault.xctoolchain/usr/bin/clang-stat-cache /Applications/Xcode-27.0.0-Release.Candidate.app/Contents/Developer/Platforms/XROS.platform/Developer/SDKs/XROS27.0.sdk -o /Users/admin/builder/spi-builder-workspace/.derivedData/SDKStatCaches.noindex/xros27.0-24M361-e829b21a6f8c9b70876ba0858053c044735bd543db762f57723cac368afd1ce4.sdkstatcache
CreateBuildDirectory /Users/admin/builder/spi-builder-workspace/.derivedData/Build/Intermediates.noindex
cd /Users/admin/builder/spi-builder-workspace/.swiftpm/xcode
builtin-create-build-directory /Users/admin/builder/spi-builder-workspace/.derivedData/Build/Intermediates.noindex
CreateBuildDirectory /Users/admin/builder/spi-builder-workspace/.derivedData/Build/Products
cd /Users/admin/builder/spi-builder-workspace/.swiftpm/xcode
builtin-create-build-directory /Users/admin/builder/spi-builder-workspace/.derivedData/Build/Products
CreateBuildDirectory /Users/admin/builder/spi-builder-workspace/.derivedData/Build/Products/Debug-xros
cd /Users/admin/builder/spi-builder-workspace/.swiftpm/xcode
builtin-create-build-directory /Users/admin/builder/spi-builder-workspace/.derivedData/Build/Products/Debug-xros
CreateBuildDirectory /Users/admin/builder/spi-builder-workspace/.derivedData/Build/Intermediates.noindex/PrecompiledHeaders
cd /Users/admin/builder/spi-builder-workspace/.swiftpm/xcode
builtin-create-build-directory /Users/admin/builder/spi-builder-workspace/.derivedData/Build/Intermediates.noindex/PrecompiledHeaders
CreateBuildDirectory /Users/admin/builder/spi-builder-workspace/.derivedData/Build/Intermediates.noindex/SwiftExplicitPrecompiledModules
cd /Users/admin/builder/spi-builder-workspace/.swiftpm/xcode
builtin-create-build-directory /Users/admin/builder/spi-builder-workspace/.derivedData/Build/Intermediates.noindex/SwiftExplicitPrecompiledModules
CreateBuildDirectory /Users/admin/builder/spi-builder-workspace/.derivedData/Build/Intermediates.noindex/ExplicitPrecompiledModules
cd /Users/admin/builder/spi-builder-workspace/.swiftpm/xcode
builtin-create-build-directory /Users/admin/builder/spi-builder-workspace/.derivedData/Build/Intermediates.noindex/ExplicitPrecompiledModules
CreateBuildDirectory /Users/admin/builder/spi-builder-workspace/.derivedData/Build/Intermediates.noindex/EagerLinkingTBDs/Debug
cd /Users/admin/builder/spi-builder-workspace/.swiftpm/xcode
builtin-create-build-directory /Users/admin/builder/spi-builder-workspace/.derivedData/Build/Intermediates.noindex/EagerLinkingTBDs/Debug
CreateBuildDirectory /Users/admin/builder/spi-builder-workspace/.derivedData/Build/Products/Debug
cd /Users/admin/builder/spi-builder-workspace/.swiftpm/xcode
builtin-create-build-directory /Users/admin/builder/spi-builder-workspace/.derivedData/Build/Products/Debug
CreateBuildDirectory /Users/admin/builder/spi-builder-workspace/.derivedData/Build/Intermediates.noindex/EagerLinkingTBDs/Debug-xros
cd /Users/admin/builder/spi-builder-workspace/.swiftpm/xcode
builtin-create-build-directory /Users/admin/builder/spi-builder-workspace/.derivedData/Build/Intermediates.noindex/EagerLinkingTBDs/Debug-xros
CreateBuildDirectory /Users/admin/builder/spi-builder-workspace/.derivedData/Build/Products/Debug-xros/PackageFrameworks
cd /Users/admin/builder/spi-builder-workspace/.swiftpm/xcode
builtin-create-build-directory /Users/admin/builder/spi-builder-workspace/.derivedData/Build/Products/Debug-xros/PackageFrameworks
WriteAuxiliaryFile /Users/admin/builder/spi-builder-workspace/.derivedData/Build/Intermediates.noindex/Probing.build/Debug-xros/Probing-t.build/Probing.DependencyStaticMetadataFileList (in target 'Probing' from project 'Probing')
cd /Users/admin/builder/spi-builder-workspace
write-file /Users/admin/builder/spi-builder-workspace/.derivedData/Build/Intermediates.noindex/Probing.build/Debug-xros/Probing-t.build/Probing.DependencyStaticMetadataFileList
WriteAuxiliaryFile /Users/admin/builder/spi-builder-workspace/.derivedData/Build/Intermediates.noindex/Probing.build/Debug-xros/Probing-t.build/Probing.modulemap (in target 'Probing' from project 'Probing')
cd /Users/admin/builder/spi-builder-workspace
write-file /Users/admin/builder/spi-builder-workspace/.derivedData/Build/Intermediates.noindex/Probing.build/Debug-xros/Probing-t.build/Probing.modulemap
WriteAuxiliaryFile /Users/admin/builder/spi-builder-workspace/.derivedData/Build/Intermediates.noindex/Probing.build/Debug-xros/Probing-t.build/Probing.DependencyMetadataFileList (in target 'Probing' from project 'Probing')
cd /Users/admin/builder/spi-builder-workspace
write-file /Users/admin/builder/spi-builder-workspace/.derivedData/Build/Intermediates.noindex/Probing.build/Debug-xros/Probing-t.build/Probing.DependencyMetadataFileList
WriteAuxiliaryFile /Users/admin/builder/spi-builder-workspace/.derivedData/Build/Intermediates.noindex/Probing.build/Debug-xros/Probing-t.build/Objects-normal/arm64/Probing_const_extract_protocols.json (in target 'Probing' from project 'Probing')
cd /Users/admin/builder/spi-builder-workspace
write-file /Users/admin/builder/spi-builder-workspace/.derivedData/Build/Intermediates.noindex/Probing.build/Debug-xros/Probing-t.build/Objects-normal/arm64/Probing_const_extract_protocols.json
WriteAuxiliaryFile /Users/admin/builder/spi-builder-workspace/.derivedData/Build/Intermediates.noindex/Probing.build/Debug-xros/Probing-t.build/Objects-normal/arm64/Probing.LinkFileList (in target 'Probing' from project 'Probing')
cd /Users/admin/builder/spi-builder-workspace
write-file /Users/admin/builder/spi-builder-workspace/.derivedData/Build/Intermediates.noindex/Probing.build/Debug-xros/Probing-t.build/Objects-normal/arm64/Probing.LinkFileList
WriteAuxiliaryFile /Users/admin/builder/spi-builder-workspace/.derivedData/Build/Intermediates.noindex/Probing.build/Debug-xros/Probing-t.build/Objects-normal/arm64/Probing.SwiftConstValuesFileList (in target 'Probing' from project 'Probing')
cd /Users/admin/builder/spi-builder-workspace
write-file /Users/admin/builder/spi-builder-workspace/.derivedData/Build/Intermediates.noindex/Probing.build/Debug-xros/Probing-t.build/Objects-normal/arm64/Probing.SwiftConstValuesFileList
WriteAuxiliaryFile /Users/admin/builder/spi-builder-workspace/.derivedData/Build/Intermediates.noindex/Probing.build/Debug-xros/Probing-t.build/Objects-normal/arm64/Probing.SwiftFileList (in target 'Probing' from project 'Probing')
cd /Users/admin/builder/spi-builder-workspace
write-file /Users/admin/builder/spi-builder-workspace/.derivedData/Build/Intermediates.noindex/Probing.build/Debug-xros/Probing-t.build/Objects-normal/arm64/Probing.SwiftFileList
WriteAuxiliaryFile /Users/admin/builder/spi-builder-workspace/.derivedData/Build/Intermediates.noindex/Probing.build/Debug-xros/Probing-t.build/Objects-normal/arm64/Probing-OutputFileMap.json (in target 'Probing' from project 'Probing')
cd /Users/admin/builder/spi-builder-workspace
write-file /Users/admin/builder/spi-builder-workspace/.derivedData/Build/Intermediates.noindex/Probing.build/Debug-xros/Probing-t.build/Objects-normal/arm64/Probing-OutputFileMap.json
WriteAuxiliaryFile /Users/admin/builder/spi-builder-workspace/.derivedData/Build/Intermediates.noindex/Probing.build/Debug/ProbingMacros-t.build/ProbingMacros.DependencyStaticMetadataFileList (in target 'ProbingMacros' from project 'Probing')
cd /Users/admin/builder/spi-builder-workspace
write-file /Users/admin/builder/spi-builder-workspace/.derivedData/Build/Intermediates.noindex/Probing.build/Debug/ProbingMacros-t.build/ProbingMacros.DependencyStaticMetadataFileList
WriteAuxiliaryFile /Users/admin/builder/spi-builder-workspace/.derivedData/Build/Intermediates.noindex/Probing.build/Debug/ProbingMacros-t.build/ProbingMacros.DependencyMetadataFileList (in target 'ProbingMacros' from project 'Probing')
cd /Users/admin/builder/spi-builder-workspace
write-file /Users/admin/builder/spi-builder-workspace/.derivedData/Build/Intermediates.noindex/Probing.build/Debug/ProbingMacros-t.build/ProbingMacros.DependencyMetadataFileList
WriteAuxiliaryFile /Users/admin/builder/spi-builder-workspace/.derivedData/Build/Intermediates.noindex/Probing.build/Debug/ProbingMacros-t.build/Objects-normal/arm64/ProbingMacros.SwiftFileList (in target 'ProbingMacros' from project 'Probing')
cd /Users/admin/builder/spi-builder-workspace
write-file /Users/admin/builder/spi-builder-workspace/.derivedData/Build/Intermediates.noindex/Probing.build/Debug/ProbingMacros-t.build/Objects-normal/arm64/ProbingMacros.SwiftFileList
WriteAuxiliaryFile /Users/admin/builder/spi-builder-workspace/.derivedData/Build/Intermediates.noindex/Probing.build/Debug/ProbingMacros-t.build/Objects-normal/arm64/ProbingMacros-OutputFileMap.json (in target 'ProbingMacros' from project 'Probing')
cd /Users/admin/builder/spi-builder-workspace
write-file /Users/admin/builder/spi-builder-workspace/.derivedData/Build/Intermediates.noindex/Probing.build/Debug/ProbingMacros-t.build/Objects-normal/arm64/ProbingMacros-OutputFileMap.json
WriteAuxiliaryFile /Users/admin/builder/spi-builder-workspace/.derivedData/Build/Intermediates.noindex/Probing.build/Debug/ProbingMacros-t.build/Objects-normal/arm64/ProbingMacros_const_extract_protocols.json (in target 'ProbingMacros' from project 'Probing')
cd /Users/admin/builder/spi-builder-workspace
write-file /Users/admin/builder/spi-builder-workspace/.derivedData/Build/Intermediates.noindex/Probing.build/Debug/ProbingMacros-t.build/Objects-normal/arm64/ProbingMacros_const_extract_protocols.json
WriteAuxiliaryFile /Users/admin/builder/spi-builder-workspace/.derivedData/Build/Intermediates.noindex/Probing.build/Debug/ProbingMacros-t.build/Objects-normal/arm64/ProbingMacros.LinkFileList (in target 'ProbingMacros' from project 'Probing')
cd /Users/admin/builder/spi-builder-workspace
write-file /Users/admin/builder/spi-builder-workspace/.derivedData/Build/Intermediates.noindex/Probing.build/Debug/ProbingMacros-t.build/Objects-normal/arm64/ProbingMacros.LinkFileList
Copy /Users/admin/builder/spi-builder-workspace/.derivedData/Build/Intermediates.noindex/GeneratedModuleMaps-xros/Probing.modulemap /Users/admin/builder/spi-builder-workspace/.derivedData/Build/Intermediates.noindex/Probing.build/Debug-xros/Probing-t.build/Probing.modulemap (in target 'Probing' from project 'Probing')
cd /Users/admin/builder/spi-builder-workspace
builtin-copy -exclude .DS_Store -exclude CVS -exclude .svn -exclude .git -exclude .hg -resolve-src-symlinks /Users/admin/builder/spi-builder-workspace/.derivedData/Build/Intermediates.noindex/Probing.build/Debug-xros/Probing-t.build/Probing.modulemap /Users/admin/builder/spi-builder-workspace/.derivedData/Build/Intermediates.noindex/GeneratedModuleMaps-xros
WriteAuxiliaryFile /Users/admin/builder/spi-builder-workspace/.derivedData/Build/Intermediates.noindex/Probing.build/Debug-xros/ProbeTesting-t.build/ProbeTesting.modulemap (in target 'ProbeTesting' from project 'Probing')
cd /Users/admin/builder/spi-builder-workspace
write-file /Users/admin/builder/spi-builder-workspace/.derivedData/Build/Intermediates.noindex/Probing.build/Debug-xros/ProbeTesting-t.build/ProbeTesting.modulemap
WriteAuxiliaryFile /Users/admin/builder/spi-builder-workspace/.derivedData/Build/Intermediates.noindex/Probing.build/Debug-xros/ProbeTesting-t.build/ProbeTesting.DependencyStaticMetadataFileList (in target 'ProbeTesting' from project 'Probing')
cd /Users/admin/builder/spi-builder-workspace
write-file /Users/admin/builder/spi-builder-workspace/.derivedData/Build/Intermediates.noindex/Probing.build/Debug-xros/ProbeTesting-t.build/ProbeTesting.DependencyStaticMetadataFileList
WriteAuxiliaryFile /Users/admin/builder/spi-builder-workspace/.derivedData/Build/Intermediates.noindex/Probing.build/Debug-xros/ProbeTesting-t.build/ProbeTesting.DependencyMetadataFileList (in target 'ProbeTesting' from project 'Probing')
cd /Users/admin/builder/spi-builder-workspace
write-file /Users/admin/builder/spi-builder-workspace/.derivedData/Build/Intermediates.noindex/Probing.build/Debug-xros/ProbeTesting-t.build/ProbeTesting.DependencyMetadataFileList
WriteAuxiliaryFile /Users/admin/builder/spi-builder-workspace/.derivedData/Build/Intermediates.noindex/Probing.build/Debug-xros/ProbeTesting-t.build/Objects-normal/arm64/ProbeTesting.SwiftFileList (in target 'ProbeTesting' from project 'Probing')
cd /Users/admin/builder/spi-builder-workspace
write-file /Users/admin/builder/spi-builder-workspace/.derivedData/Build/Intermediates.noindex/Probing.build/Debug-xros/ProbeTesting-t.build/Objects-normal/arm64/ProbeTesting.SwiftFileList
WriteAuxiliaryFile /Users/admin/builder/spi-builder-workspace/.derivedData/Build/Intermediates.noindex/Probing.build/Debug-xros/ProbeTesting-t.build/Objects-normal/arm64/ProbeTesting.SwiftConstValuesFileList (in target 'ProbeTesting' from project 'Probing')
cd /Users/admin/builder/spi-builder-workspace
write-file /Users/admin/builder/spi-builder-workspace/.derivedData/Build/Intermediates.noindex/Probing.build/Debug-xros/ProbeTesting-t.build/Objects-normal/arm64/ProbeTesting.SwiftConstValuesFileList
WriteAuxiliaryFile /Users/admin/builder/spi-builder-workspace/.derivedData/Build/Intermediates.noindex/Probing.build/Debug-xros/ProbeTesting-t.build/Objects-normal/arm64/ProbeTesting_const_extract_protocols.json (in target 'ProbeTesting' from project 'Probing')
cd /Users/admin/builder/spi-builder-workspace
write-file /Users/admin/builder/spi-builder-workspace/.derivedData/Build/Intermediates.noindex/Probing.build/Debug-xros/ProbeTesting-t.build/Objects-normal/arm64/ProbeTesting_const_extract_protocols.json
WriteAuxiliaryFile /Users/admin/builder/spi-builder-workspace/.derivedData/Build/Intermediates.noindex/Probing.build/Debug-xros/ProbeTesting-t.build/Objects-normal/arm64/ProbeTesting.LinkFileList (in target 'ProbeTesting' from project 'Probing')
cd /Users/admin/builder/spi-builder-workspace
write-file /Users/admin/builder/spi-builder-workspace/.derivedData/Build/Intermediates.noindex/Probing.build/Debug-xros/ProbeTesting-t.build/Objects-normal/arm64/ProbeTesting.LinkFileList
WriteAuxiliaryFile /Users/admin/builder/spi-builder-workspace/.derivedData/Build/Intermediates.noindex/Probing.build/Debug-xros/ProbeTesting-t.build/Objects-normal/arm64/ProbeTesting-OutputFileMap.json (in target 'ProbeTesting' from project 'Probing')
cd /Users/admin/builder/spi-builder-workspace
write-file /Users/admin/builder/spi-builder-workspace/.derivedData/Build/Intermediates.noindex/Probing.build/Debug-xros/ProbeTesting-t.build/Objects-normal/arm64/ProbeTesting-OutputFileMap.json
Copy /Users/admin/builder/spi-builder-workspace/.derivedData/Build/Intermediates.noindex/GeneratedModuleMaps-xros/ProbeTesting.modulemap /Users/admin/builder/spi-builder-workspace/.derivedData/Build/Intermediates.noindex/Probing.build/Debug-xros/ProbeTesting-t.build/ProbeTesting.modulemap (in target 'ProbeTesting' from project 'Probing')
cd /Users/admin/builder/spi-builder-workspace
builtin-copy -exclude .DS_Store -exclude CVS -exclude .svn -exclude .git -exclude .hg -resolve-src-symlinks /Users/admin/builder/spi-builder-workspace/.derivedData/Build/Intermediates.noindex/Probing.build/Debug-xros/ProbeTesting-t.build/ProbeTesting.modulemap /Users/admin/builder/spi-builder-workspace/.derivedData/Build/Intermediates.noindex/GeneratedModuleMaps-xros
WriteAuxiliaryFile /Users/admin/builder/spi-builder-workspace/.derivedData/Build/Intermediates.noindex/Principle.build/Debug-xros/PrincipleConcurrency-t.build/PrincipleConcurrency.modulemap (in target 'PrincipleConcurrency' from project 'Principle')
cd /Users/admin/builder/spi-builder-workspace/.dependencies/checkouts/Principle
write-file /Users/admin/builder/spi-builder-workspace/.derivedData/Build/Intermediates.noindex/Principle.build/Debug-xros/PrincipleConcurrency-t.build/PrincipleConcurrency.modulemap
WriteAuxiliaryFile /Users/admin/builder/spi-builder-workspace/.derivedData/Build/Intermediates.noindex/Principle.build/Debug-xros/PrincipleConcurrency-t.build/PrincipleConcurrency.DependencyStaticMetadataFileList (in target 'PrincipleConcurrency' from project 'Principle')
cd /Users/admin/builder/spi-builder-workspace/.dependencies/checkouts/Principle
write-file /Users/admin/builder/spi-builder-workspace/.derivedData/Build/Intermediates.noindex/Principle.build/Debug-xros/PrincipleConcurrency-t.build/PrincipleConcurrency.DependencyStaticMetadataFileList
WriteAuxiliaryFile /Users/admin/builder/spi-builder-workspace/.derivedData/Build/Intermediates.noindex/Principle.build/Debug-xros/PrincipleConcurrency-t.build/PrincipleConcurrency.DependencyMetadataFileList (in target 'PrincipleConcurrency' from project 'Principle')
cd /Users/admin/builder/spi-builder-workspace/.dependencies/checkouts/Principle
write-file /Users/admin/builder/spi-builder-workspace/.derivedData/Build/Intermediates.noindex/Principle.build/Debug-xros/PrincipleConcurrency-t.build/PrincipleConcurrency.DependencyMetadataFileList
WriteAuxiliaryFile /Users/admin/builder/spi-builder-workspace/.derivedData/Build/Intermediates.noindex/Principle.build/Debug-xros/PrincipleConcurrency-t.build/Objects-normal/arm64/PrincipleConcurrency_const_extract_protocols.json (in target 'PrincipleConcurrency' from project 'Principle')
cd /Users/admin/builder/spi-builder-workspace/.dependencies/checkouts/Principle
write-file /Users/admin/builder/spi-builder-workspace/.derivedData/Build/Intermediates.noindex/Principle.build/Debug-xros/PrincipleConcurrency-t.build/Objects-normal/arm64/PrincipleConcurrency_const_extract_protocols.json
WriteAuxiliaryFile /Users/admin/builder/spi-builder-workspace/.derivedData/Build/Intermediates.noindex/Principle.build/Debug-xros/PrincipleConcurrency-t.build/Objects-normal/arm64/PrincipleConcurrency.SwiftFileList (in target 'PrincipleConcurrency' from project 'Principle')
cd /Users/admin/builder/spi-builder-workspace/.dependencies/checkouts/Principle
write-file /Users/admin/builder/spi-builder-workspace/.derivedData/Build/Intermediates.noindex/Principle.build/Debug-xros/PrincipleConcurrency-t.build/Objects-normal/arm64/PrincipleConcurrency.SwiftFileList
WriteAuxiliaryFile /Users/admin/builder/spi-builder-workspace/.derivedData/Build/Intermediates.noindex/Principle.build/Debug-xros/PrincipleConcurrency-t.build/Objects-normal/arm64/PrincipleConcurrency.SwiftConstValuesFileList (in target 'PrincipleConcurrency' from project 'Principle')
cd /Users/admin/builder/spi-builder-workspace/.dependencies/checkouts/Principle
write-file /Users/admin/builder/spi-builder-workspace/.derivedData/Build/Intermediates.noindex/Principle.build/Debug-xros/PrincipleConcurrency-t.build/Objects-normal/arm64/PrincipleConcurrency.SwiftConstValuesFileList
WriteAuxiliaryFile /Users/admin/builder/spi-builder-workspace/.derivedData/Build/Intermediates.noindex/Principle.build/Debug-xros/PrincipleConcurrency-t.build/Objects-normal/arm64/PrincipleConcurrency.LinkFileList (in target 'PrincipleConcurrency' from project 'Principle')
cd /Users/admin/builder/spi-builder-workspace/.dependencies/checkouts/Principle
write-file /Users/admin/builder/spi-builder-workspace/.derivedData/Build/Intermediates.noindex/Principle.build/Debug-xros/PrincipleConcurrency-t.build/Objects-normal/arm64/PrincipleConcurrency.LinkFileList
WriteAuxiliaryFile /Users/admin/builder/spi-builder-workspace/.derivedData/Build/Intermediates.noindex/Principle.build/Debug-xros/PrincipleConcurrency-t.build/Objects-normal/arm64/PrincipleConcurrency-OutputFileMap.json (in target 'PrincipleConcurrency' from project 'Principle')
cd /Users/admin/builder/spi-builder-workspace/.dependencies/checkouts/Principle
write-file /Users/admin/builder/spi-builder-workspace/.derivedData/Build/Intermediates.noindex/Principle.build/Debug-xros/PrincipleConcurrency-t.build/Objects-normal/arm64/PrincipleConcurrency-OutputFileMap.json
WriteAuxiliaryFile /Users/admin/builder/spi-builder-workspace/.derivedData/Build/Intermediates.noindex/Principle.build/Debug-xros/PrincipleCollections-t.build/PrincipleCollections.DependencyStaticMetadataFileList (in target 'PrincipleCollections' from project 'Principle')
cd /Users/admin/builder/spi-builder-workspace/.dependencies/checkouts/Principle
write-file /Users/admin/builder/spi-builder-workspace/.derivedData/Build/Intermediates.noindex/Principle.build/Debug-xros/PrincipleCollections-t.build/PrincipleCollections.DependencyStaticMetadataFileList
WriteAuxiliaryFile /Users/admin/builder/spi-builder-workspace/.derivedData/Build/Intermediates.noindex/Principle.build/Debug-xros/PrincipleCollections-t.build/PrincipleCollections.DependencyMetadataFileList (in target 'PrincipleCollections' from project 'Principle')
cd /Users/admin/builder/spi-builder-workspace/.dependencies/checkouts/Principle
write-file /Users/admin/builder/spi-builder-workspace/.derivedData/Build/Intermediates.noindex/Principle.build/Debug-xros/PrincipleCollections-t.build/PrincipleCollections.DependencyMetadataFileList
WriteAuxiliaryFile /Users/admin/builder/spi-builder-workspace/.derivedData/Build/Intermediates.noindex/Principle.build/Debug-xros/PrincipleCollections-t.build/PrincipleCollections.modulemap (in target 'PrincipleCollections' from project 'Principle')
cd /Users/admin/builder/spi-builder-workspace/.dependencies/checkouts/Principle
write-file /Users/admin/builder/spi-builder-workspace/.derivedData/Build/Intermediates.noindex/Principle.build/Debug-xros/PrincipleCollections-t.build/PrincipleCollections.modulemap
WriteAuxiliaryFile /Users/admin/builder/spi-builder-workspace/.derivedData/Build/Intermediates.noindex/Principle.build/Debug-xros/PrincipleCollections-t.build/Objects-normal/arm64/PrincipleCollections_const_extract_protocols.json (in target 'PrincipleCollections' from project 'Principle')
cd /Users/admin/builder/spi-builder-workspace/.dependencies/checkouts/Principle
write-file /Users/admin/builder/spi-builder-workspace/.derivedData/Build/Intermediates.noindex/Principle.build/Debug-xros/PrincipleCollections-t.build/Objects-normal/arm64/PrincipleCollections_const_extract_protocols.json
WriteAuxiliaryFile /Users/admin/builder/spi-builder-workspace/.derivedData/Build/Intermediates.noindex/Principle.build/Debug-xros/PrincipleCollections-t.build/Objects-normal/arm64/PrincipleCollections.SwiftFileList (in target 'PrincipleCollections' from project 'Principle')
cd /Users/admin/builder/spi-builder-workspace/.dependencies/checkouts/Principle
write-file /Users/admin/builder/spi-builder-workspace/.derivedData/Build/Intermediates.noindex/Principle.build/Debug-xros/PrincipleCollections-t.build/Objects-normal/arm64/PrincipleCollections.SwiftFileList
Copy /Users/admin/builder/spi-builder-workspace/.derivedData/Build/Intermediates.noindex/GeneratedModuleMaps-xros/PrincipleConcurrency.modulemap /Users/admin/builder/spi-builder-workspace/.derivedData/Build/Intermediates.noindex/Principle.build/Debug-xros/PrincipleConcurrency-t.build/PrincipleConcurrency.modulemap (in target 'PrincipleConcurrency' from project 'Principle')
cd /Users/admin/builder/spi-builder-workspace/.dependencies/checkouts/Principle
builtin-copy -exclude .DS_Store -exclude CVS -exclude .svn -exclude .git -exclude .hg -resolve-src-symlinks /Users/admin/builder/spi-builder-workspace/.derivedData/Build/Intermediates.noindex/Principle.build/Debug-xros/PrincipleConcurrency-t.build/PrincipleConcurrency.modulemap /Users/admin/builder/spi-builder-workspace/.derivedData/Build/Intermediates.noindex/GeneratedModuleMaps-xros
WriteAuxiliaryFile /Users/admin/builder/spi-builder-workspace/.derivedData/Build/Intermediates.noindex/Principle.build/Debug-xros/PrincipleCollections-t.build/Objects-normal/arm64/PrincipleCollections.SwiftConstValuesFileList (in target 'PrincipleCollections' from project 'Principle')
cd /Users/admin/builder/spi-builder-workspace/.dependencies/checkouts/Principle
write-file /Users/admin/builder/spi-builder-workspace/.derivedData/Build/Intermediates.noindex/Principle.build/Debug-xros/PrincipleCollections-t.build/Objects-normal/arm64/PrincipleCollections.SwiftConstValuesFileList
WriteAuxiliaryFile /Users/admin/builder/spi-builder-workspace/.derivedData/Build/Intermediates.noindex/Principle.build/Debug-xros/PrincipleCollections-t.build/Objects-normal/arm64/PrincipleCollections.LinkFileList (in target 'PrincipleCollections' from project 'Principle')
cd /Users/admin/builder/spi-builder-workspace/.dependencies/checkouts/Principle
write-file /Users/admin/builder/spi-builder-workspace/.derivedData/Build/Intermediates.noindex/Principle.build/Debug-xros/PrincipleCollections-t.build/Objects-normal/arm64/PrincipleCollections.LinkFileList
WriteAuxiliaryFile /Users/admin/builder/spi-builder-workspace/.derivedData/Build/Intermediates.noindex/Principle.build/Debug-xros/PrincipleCollections-t.build/Objects-normal/arm64/PrincipleCollections-OutputFileMap.json (in target 'PrincipleCollections' from project 'Principle')
cd /Users/admin/builder/spi-builder-workspace/.dependencies/checkouts/Principle
write-file /Users/admin/builder/spi-builder-workspace/.derivedData/Build/Intermediates.noindex/Principle.build/Debug-xros/PrincipleCollections-t.build/Objects-normal/arm64/PrincipleCollections-OutputFileMap.json
Copy /Users/admin/builder/spi-builder-workspace/.derivedData/Build/Intermediates.noindex/GeneratedModuleMaps-xros/PrincipleCollections.modulemap /Users/admin/builder/spi-builder-workspace/.derivedData/Build/Intermediates.noindex/Principle.build/Debug-xros/PrincipleCollections-t.build/PrincipleCollections.modulemap (in target 'PrincipleCollections' from project 'Principle')
cd /Users/admin/builder/spi-builder-workspace/.dependencies/checkouts/Principle
builtin-copy -exclude .DS_Store -exclude CVS -exclude .svn -exclude .git -exclude .hg -resolve-src-symlinks /Users/admin/builder/spi-builder-workspace/.derivedData/Build/Intermediates.noindex/Principle.build/Debug-xros/PrincipleCollections-t.build/PrincipleCollections.modulemap /Users/admin/builder/spi-builder-workspace/.derivedData/Build/Intermediates.noindex/GeneratedModuleMaps-xros
CreateBuildDirectory /Users/admin/builder/spi-builder-workspace/.derivedData/Build/Products/Debug/PackageFrameworks
cd /Users/admin/builder/spi-builder-workspace/.swiftpm/xcode
builtin-create-build-directory /Users/admin/builder/spi-builder-workspace/.derivedData/Build/Products/Debug/PackageFrameworks
SwiftDriver PrincipleConcurrency normal arm64 com.apple.xcode.tools.swift.compiler (in target 'PrincipleConcurrency' from project 'Principle')
cd /Users/admin/builder/spi-builder-workspace/.swiftpm/xcode
builtin-SwiftDriver -- /Applications/Xcode-27.0.0-Release.Candidate.app/Contents/Developer/Toolchains/XcodeDefault.xctoolchain/usr/bin/swiftc -parse-as-library -module-name PrincipleConcurrency -Onone @/Users/admin/builder/spi-builder-workspace/.derivedData/Build/Intermediates.noindex/Principle.build/Debug-xros/PrincipleConcurrency-t.build/Objects-normal/arm64/PrincipleConcurrency.SwiftFileList -DSWIFT_PACKAGE -DDEBUG -DSWIFT_MODULE_RESOURCE_BUNDLE_UNAVAILABLE -DXcode -enable-upcoming-feature ExistentialAny -enable-upcoming-feature MemberImportVisibility -enable-upcoming-feature NonisolatedNonsendingByDefault -plugin-path /Applications/Xcode-27.0.0-Release.Candidate.app/Contents/Developer/Toolchains/XcodeDefault.xctoolchain/usr/lib/swift/host/plugins/testing -enable-experimental-feature DebugDescriptionMacro -sdk /Applications/Xcode-27.0.0-Release.Candidate.app/Contents/Developer/Platforms/XROS.platform/Developer/SDKs/XROS27.0.sdk -target arm64-apple-xros2.0 -g -module-cache-path /Users/admin/builder/spi-builder-workspace/.derivedData/ModuleCache.noindex -Xfrontend -serialize-debugging-options -profile-coverage-mapping -profile-generate -enable-testing -suppress-warnings -index-store-path /Users/admin/builder/spi-builder-workspace/.derivedData/Index.noindex/DataStore -Xcc -D_LIBCPP_HARDENING_MODE\=_LIBCPP_HARDENING_MODE_DEBUG -swift-version 6 -I /Users/admin/builder/spi-builder-workspace/.derivedData/Build/Products/Debug-xros -Isystem /Applications/Xcode-27.0.0-Release.Candidate.app/Contents/Developer/Platforms/XROS.platform/Developer/usr/lib -F /Users/admin/builder/spi-builder-workspace/.derivedData/Build/Products/Debug-xros -F /Applications/Xcode-27.0.0-Release.Candidate.app/Contents/Developer/Platforms/XROS.platform/Developer/Library/Frameworks -F /Applications/Xcode-27.0.0-Release.Candidate.app/Contents/Developer/Platforms/XROS.platform/Developer/SDKs/XROS27.0.sdk/Developer/Library/Frameworks -c -j10 -enable-batch-mode -incremental -Xcc -ivfsstatcache -Xcc /Users/admin/builder/spi-builder-workspace/.derivedData/SDKStatCaches.noindex/xros27.0-24M361-e829b21a6f8c9b70876ba0858053c044735bd543db762f57723cac368afd1ce4.sdkstatcache -output-file-map /Users/admin/builder/spi-builder-workspace/.derivedData/Build/Intermediates.noindex/Principle.build/Debug-xros/PrincipleConcurrency-t.build/Objects-normal/arm64/PrincipleConcurrency-OutputFileMap.json -save-temps -no-color-diagnostics -explicit-module-build -module-cache-path /Users/admin/builder/spi-builder-workspace/.derivedData/Build/Intermediates.noindex/SwiftExplicitPrecompiledModules -clang-scanner-module-cache-path /Users/admin/builder/spi-builder-workspace/.derivedData/ModuleCache.noindex -sdk-module-cache-path /Users/admin/builder/spi-builder-workspace/.derivedData/SDKExplicitPrecompiledModules -emit-dependencies -emit-module -emit-module-path /Users/admin/builder/spi-builder-workspace/.derivedData/Build/Intermediates.noindex/Principle.build/Debug-xros/PrincipleConcurrency-t.build/Objects-normal/arm64/PrincipleConcurrency.swiftmodule -serialize-diagnostics -dependency-scan-serialize-diagnostics-path /Users/admin/builder/spi-builder-workspace/.derivedData/Build/Intermediates.noindex/Principle.build/Debug-xros/PrincipleConcurrency-t.build/Objects-normal/arm64/PrincipleConcurrency-dependency-scan.dia -user-module-version 2.0.0 -validate-clang-modules-once -clang-build-session-file /Users/admin/builder/spi-builder-workspace/.derivedData/ModuleCache.noindex/Session.modulevalidation -Xcc -fmodules-prune-interval\=86400 -Xcc -fmodules-prune-after\=345600 -package-name principle -emit-const-values -const-gather-protocols-list /Users/admin/builder/spi-builder-workspace/.derivedData/Build/Intermediates.noindex/Principle.build/Debug-xros/PrincipleConcurrency-t.build/Objects-normal/arm64/PrincipleConcurrency_const_extract_protocols.json -Xcc -I/Users/admin/builder/spi-builder-workspace/.derivedData/Build/Products/Debug-xros/include -Xcc -I/Users/admin/builder/spi-builder-workspace/.derivedData/Build/Intermediates.noindex/Principle.build/Debug-xros/PrincipleConcurrency-t.build/DerivedSources-normal/arm64 -Xcc -I/Users/admin/builder/spi-builder-workspace/.derivedData/Build/Intermediates.noindex/Principle.build/Debug-xros/PrincipleConcurrency-t.build/DerivedSources/arm64 -Xcc -I/Users/admin/builder/spi-builder-workspace/.derivedData/Build/Intermediates.noindex/Principle.build/Debug-xros/PrincipleConcurrency-t.build/DerivedSources -Xcc -DSWIFT_PACKAGE -Xcc -DDEBUG\=1 -emit-objc-header -emit-objc-header-path /Users/admin/builder/spi-builder-workspace/.derivedData/Build/Intermediates.noindex/Principle.build/Debug-xros/PrincipleConcurrency-t.build/Objects-normal/arm64/PrincipleConcurrency-Swift.h -working-directory /Users/admin/builder/spi-builder-workspace/.swiftpm/xcode -experimental-emit-module-separately -disable-cmo
SwiftDriver PrincipleCollections normal arm64 com.apple.xcode.tools.swift.compiler (in target 'PrincipleCollections' from project 'Principle')
cd /Users/admin/builder/spi-builder-workspace/.swiftpm/xcode
builtin-SwiftDriver -- /Applications/Xcode-27.0.0-Release.Candidate.app/Contents/Developer/Toolchains/XcodeDefault.xctoolchain/usr/bin/swiftc -parse-as-library -module-name PrincipleCollections -Onone @/Users/admin/builder/spi-builder-workspace/.derivedData/Build/Intermediates.noindex/Principle.build/Debug-xros/PrincipleCollections-t.build/Objects-normal/arm64/PrincipleCollections.SwiftFileList -DSWIFT_PACKAGE -DDEBUG -DSWIFT_MODULE_RESOURCE_BUNDLE_UNAVAILABLE -DXcode -enable-upcoming-feature ExistentialAny -enable-upcoming-feature MemberImportVisibility -enable-upcoming-feature NonisolatedNonsendingByDefault -plugin-path /Applications/Xcode-27.0.0-Release.Candidate.app/Contents/Developer/Toolchains/XcodeDefault.xctoolchain/usr/lib/swift/host/plugins/testing -enable-experimental-feature DebugDescriptionMacro -sdk /Applications/Xcode-27.0.0-Release.Candidate.app/Contents/Developer/Platforms/XROS.platform/Developer/SDKs/XROS27.0.sdk -target arm64-apple-xros2.0 -g -module-cache-path /Users/admin/builder/spi-builder-workspace/.derivedData/ModuleCache.noindex -Xfrontend -serialize-debugging-options -profile-coverage-mapping -profile-generate -enable-testing -suppress-warnings -index-store-path /Users/admin/builder/spi-builder-workspace/.derivedData/Index.noindex/DataStore -Xcc -D_LIBCPP_HARDENING_MODE\=_LIBCPP_HARDENING_MODE_DEBUG -swift-version 6 -I /Users/admin/builder/spi-builder-workspace/.derivedData/Build/Products/Debug-xros -Isystem /Applications/Xcode-27.0.0-Release.Candidate.app/Contents/Developer/Platforms/XROS.platform/Developer/usr/lib -F /Users/admin/builder/spi-builder-workspace/.derivedData/Build/Products/Debug-xros -F /Applications/Xcode-27.0.0-Release.Candidate.app/Contents/Developer/Platforms/XROS.platform/Developer/Library/Frameworks -F /Applications/Xcode-27.0.0-Release.Candidate.app/Contents/Developer/Platforms/XROS.platform/Developer/SDKs/XROS27.0.sdk/Developer/Library/Frameworks -c -j10 -enable-batch-mode -incremental -Xcc -ivfsstatcache -Xcc /Users/admin/builder/spi-builder-workspace/.derivedData/SDKStatCaches.noindex/xros27.0-24M361-e829b21a6f8c9b70876ba0858053c044735bd543db762f57723cac368afd1ce4.sdkstatcache -output-file-map /Users/admin/builder/spi-builder-workspace/.derivedData/Build/Intermediates.noindex/Principle.build/Debug-xros/PrincipleCollections-t.build/Objects-normal/arm64/PrincipleCollections-OutputFileMap.json -save-temps -no-color-diagnostics -explicit-module-build -module-cache-path /Users/admin/builder/spi-builder-workspace/.derivedData/Build/Intermediates.noindex/SwiftExplicitPrecompiledModules -clang-scanner-module-cache-path /Users/admin/builder/spi-builder-workspace/.derivedData/ModuleCache.noindex -sdk-module-cache-path /Users/admin/builder/spi-builder-workspace/.derivedData/SDKExplicitPrecompiledModules -emit-dependencies -emit-module -emit-module-path /Users/admin/builder/spi-builder-workspace/.derivedData/Build/Intermediates.noindex/Principle.build/Debug-xros/PrincipleCollections-t.build/Objects-normal/arm64/PrincipleCollections.swiftmodule -serialize-diagnostics -dependency-scan-serialize-diagnostics-path /Users/admin/builder/spi-builder-workspace/.derivedData/Build/Intermediates.noindex/Principle.build/Debug-xros/PrincipleCollections-t.build/Objects-normal/arm64/PrincipleCollections-dependency-scan.dia -user-module-version 2.0.0 -validate-clang-modules-once -clang-build-session-file /Users/admin/builder/spi-builder-workspace/.derivedData/ModuleCache.noindex/Session.modulevalidation -Xcc -fmodules-prune-interval\=86400 -Xcc -fmodules-prune-after\=345600 -package-name principle -emit-const-values -const-gather-protocols-list /Users/admin/builder/spi-builder-workspace/.derivedData/Build/Intermediates.noindex/Principle.build/Debug-xros/PrincipleCollections-t.build/Objects-normal/arm64/PrincipleCollections_const_extract_protocols.json -Xcc -I/Users/admin/builder/spi-builder-workspace/.derivedData/Build/Products/Debug-xros/include -Xcc -I/Users/admin/builder/spi-builder-workspace/.derivedData/Build/Intermediates.noindex/Principle.build/Debug-xros/PrincipleCollections-t.build/DerivedSources-normal/arm64 -Xcc -I/Users/admin/builder/spi-builder-workspace/.derivedData/Build/Intermediates.noindex/Principle.build/Debug-xros/PrincipleCollections-t.build/DerivedSources/arm64 -Xcc -I/Users/admin/builder/spi-builder-workspace/.derivedData/Build/Intermediates.noindex/Principle.build/Debug-xros/PrincipleCollections-t.build/DerivedSources -Xcc -DSWIFT_PACKAGE -Xcc -DDEBUG\=1 -emit-objc-header -emit-objc-header-path /Users/admin/builder/spi-builder-workspace/.derivedData/Build/Intermediates.noindex/Principle.build/Debug-xros/PrincipleCollections-t.build/Objects-normal/arm64/PrincipleCollections-Swift.h -working-directory /Users/admin/builder/spi-builder-workspace/.swiftpm/xcode -experimental-emit-module-separately -disable-cmo
SwiftExplicitDependencyGeneratePcm arm64 /Users/admin/builder/spi-builder-workspace/.derivedData/SDKExplicitPrecompiledModules/_SwiftConcurrencyShims-9H7TQT237JM0VTD7TXCR6CNM9.pcm
SwiftExplicitDependencyGeneratePcm arm64 /Users/admin/builder/spi-builder-workspace/.derivedData/SDKExplicitPrecompiledModules/SwiftShims-2HAZ94YF1BA79JLFTAIV7APMW.pcm
SwiftEmitModule normal arm64 Emitting\ module\ for\ PrincipleConcurrency (in target 'PrincipleConcurrency' from project 'Principle')
SwiftCompile normal arm64 (in target 'PrincipleConcurrency' from project 'Principle')
cd /Users/admin/builder/spi-builder-workspace/.swiftpm/xcode
SwiftCompile normal arm64 Compiling\ TaskTimeLimit.swift /Users/admin/builder/spi-builder-workspace/.dependencies/checkouts/Principle/Sources/PrincipleConcurrency/TaskTimeLimit.swift (in target 'PrincipleConcurrency' from project 'Principle')
SwiftCompile normal arm64 /Users/admin/builder/spi-builder-workspace/.dependencies/checkouts/Principle/Sources/PrincipleConcurrency/TaskTimeLimit.swift (in target 'PrincipleConcurrency' from project 'Principle')
cd /Users/admin/builder/spi-builder-workspace/.swiftpm/xcode
builtin-SwiftPerFileCompile TaskTimeLimit.swift
SwiftCompile normal arm64 Compiling\ DeadlineExceededError.swift /Users/admin/builder/spi-builder-workspace/.dependencies/checkouts/Principle/Sources/PrincipleConcurrency/DeadlineExceededError.swift (in target 'PrincipleConcurrency' from project 'Principle')
SwiftCompile normal arm64 /Users/admin/builder/spi-builder-workspace/.dependencies/checkouts/Principle/Sources/PrincipleConcurrency/DeadlineExceededError.swift (in target 'PrincipleConcurrency' from project 'Principle')
cd /Users/admin/builder/spi-builder-workspace/.swiftpm/xcode
builtin-SwiftPerFileCompile DeadlineExceededError.swift
SwiftCompile normal arm64 Compiling\ SingleUseTransfer.swift /Users/admin/builder/spi-builder-workspace/.dependencies/checkouts/Principle/Sources/PrincipleConcurrency/SingleUseTransfer.swift (in target 'PrincipleConcurrency' from project 'Principle')
/Users/admin/builder/spi-builder-workspace/.dependencies/checkouts/Principle/Sources/PrincipleConcurrency/SingleUseTransfer.swift:86:20: error: returning 'wrapped' as a 'sending' result risks causing data races [#RegionIsolation]
84 | case let .some(wrapped):
85 | self = .init()
86 | return wrapped
| |- error: returning 'wrapped' as a 'sending' result risks causing data races [#RegionIsolation]
| `- note: returning 'wrapped' risks causing data races since the caller assumes that 'wrapped' can be safely sent to other isolation domains
87 | }
88 | }
[#RegionIsolation]: <https://docs.swift.org/compiler/documentation/diagnostics/region-isolation>
Failed frontend command:
/Applications/Xcode-27.0.0-Release.Candidate.app/Contents/Developer/Toolchains/XcodeDefault.xctoolchain/usr/bin/swift-frontend -frontend -c /Users/admin/builder/spi-builder-workspace/.dependencies/checkouts/Principle/Sources/PrincipleConcurrency/DeadlineExceededError.swift -primary-file /Users/admin/builder/spi-builder-workspace/.dependencies/checkouts/Principle/Sources/PrincipleConcurrency/SingleUseTransfer.swift /Users/admin/builder/spi-builder-workspace/.dependencies/checkouts/Principle/Sources/PrincipleConcurrency/TaskTimeLimit.swift /Users/admin/builder/spi-builder-workspace/.dependencies/checkouts/Principle/Sources/PrincipleConcurrency/TimeoutError.swift -emit-dependencies-path /Users/admin/builder/spi-builder-workspace/.derivedData/Build/Intermediates.noindex/Principle.build/Debug-xros/PrincipleConcurrency-t.build/Objects-normal/arm64/SingleUseTransfer.d -emit-const-values-path /Users/admin/builder/spi-builder-workspace/.derivedData/Build/Intermediates.noindex/Principle.build/Debug-xros/PrincipleConcurrency-t.build/Objects-normal/arm64/SingleUseTransfer.swiftconstvalues -emit-reference-dependencies-path /Users/admin/builder/spi-builder-workspace/.derivedData/Build/Intermediates.noindex/Principle.build/Debug-xros/PrincipleConcurrency-t.build/Objects-normal/arm64/SingleUseTransfer.swiftdeps -serialize-diagnostics-path /Users/admin/builder/spi-builder-workspace/.derivedData/Build/Intermediates.noindex/Principle.build/Debug-xros/PrincipleConcurrency-t.build/Objects-normal/arm64/SingleUseTransfer.dia -target arm64-apple-xros2.0 -disable-cross-import-overlay-search -load-resolved-plugin /Applications/Xcode-27.0.0-Release.Candidate.app/Contents/Developer/Platforms/XROS.platform/Developer/usr/lib/swift/host/plugins/libSwiftMacros.dylib\#/Applications/Xcode-27.0.0-Release.Candidate.app/Contents/Developer/Platforms/XROS.platform/Developer/usr/bin/swift-plugin-server\#SwiftMacros -disable-implicit-swift-modules -Xcc -fno-implicit-modules -Xcc -fno-implicit-module-maps -explicit-swift-module-map-file /Users/admin/builder/spi-builder-workspace/.derivedData/Build/Intermediates.noindex/Principle.build/Debug-xros/PrincipleConcurrency-t.build/Objects-normal/arm64/PrincipleConcurrency-dependencies-1.json -Xllvm -aarch64-use-tbi -enable-objc-interop -stack-check -sdk /Applications/Xcode-27.0.0-Release.Candidate.app/Contents/Developer/Platforms/XROS.platform/Developer/SDKs/XROS27.0.sdk -I /Users/admin/builder/spi-builder-workspace/.derivedData/Build/Products/Debug-xros -Isystem /Applications/Xcode-27.0.0-Release.Candidate.app/Contents/Developer/Platforms/XROS.platform/Developer/usr/lib -F /Users/admin/builder/spi-builder-workspace/.derivedData/Build/Products/Debug-xros -F /Applications/Xcode-27.0.0-Release.Candidate.app/Contents/Developer/Platforms/XROS.platform/Developer/Library/Frameworks -F /Applications/Xcode-27.0.0-Release.Candidate.app/Contents/Developer/Platforms/XROS.platform/Developer/SDKs/XROS27.0.sdk/Developer/Library/Frameworks -module-cache-path /Users/admin/builder/spi-builder-workspace/.derivedData/Build/Intermediates.noindex/SwiftExplicitPrecompiledModules -no-color-diagnostics -Xcc -fno-color-diagnostics -enable-testing -g -debug-info-format\=dwarf -dwarf-version\=5 -suppress-warnings -profile-generate -profile-coverage-mapping -swift-version 6 -Onone -D SWIFT_PACKAGE -D DEBUG -D SWIFT_MODULE_RESOURCE_BUNDLE_UNAVAILABLE -D Xcode -serialize-debugging-options -enable-upcoming-feature ExistentialAny -enable-upcoming-feature MemberImportVisibility -enable-upcoming-feature NonisolatedNonsendingByDefault -enable-experimental-feature DebugDescriptionMacro -empty-abi-descriptor -user-module-version 2.0.0 -validate-clang-modules-once -clang-build-session-file /Users/admin/builder/spi-builder-workspace/.derivedData/ModuleCache.noindex/Session.modulevalidation -Xcc -working-directory -Xcc /Users/admin/builder/spi-builder-workspace/.swiftpm/xcode -enable-anonymous-context-mangled-names -file-compilation-dir /Users/admin/builder/spi-builder-workspace/.swiftpm/xcode -Xcc -D_LIBCPP_HARDENING_MODE\=_LIBCPP_HARDENING_MODE_DEBUG -Xcc -ivfsstatcache -Xcc /Users/admin/builder/spi-builder-workspace/.derivedData/SDKStatCaches.noindex/xros27.0-24M361-e829b21a6f8c9b70876ba0858053c044735bd543db762f57723cac368afd1ce4.sdkstatcache -Xcc -fmodules-prune-interval\=86400 -Xcc -fmodules-prune-after\=345600 -Xcc -I/Users/admin/builder/spi-builder-workspace/.derivedData/Build/Products/Debug-xros/include -Xcc -I/Users/admin/builder/spi-builder-workspace/.derivedData/Build/Intermediates.noindex/Principle.build/Debug-xros/PrincipleConcurrency-t.build/DerivedSources-normal/arm64 -Xcc -I/Users/admin/builder/spi-builder-workspace/.derivedData/Build/Intermediates.noindex/Principle.build/Debug-xros/PrincipleConcurrency-t.build/DerivedSources/arm64 -Xcc -I/Users/admin/builder/spi-builder-workspace/.derivedData/Build/Intermediates.noindex/Principle.build/Debug-xros/PrincipleConcurrency-t.build/DerivedSources -Xcc -DSWIFT_PACKAGE -Xcc -DDEBUG\=1 -no-auto-bridging-header-chaining -module-name PrincipleConcurrency -package-name principle -const-gather-protocols-file /Users/admin/builder/spi-builder-workspace/.derivedData/Build/Intermediates.noindex/Principle.build/Debug-xros/PrincipleConcurrency-t.build/Objects-normal/arm64/PrincipleConcurrency_const_extract_protocols.json -disable-clang-spi -clang-target arm64-apple-xros27.0 -target-sdk-version 27.0 -target-sdk-name xros27.0 -in-process-plugin-server-path /Applications/Xcode-27.0.0-Release.Candidate.app/Contents/Developer/Toolchains/XcodeDefault.xctoolchain/usr/lib/swift/host/libSwiftInProcPluginServer.dylib -parse-as-library -o /Users/admin/builder/spi-builder-workspace/.derivedData/Build/Intermediates.noindex/Principle.build/Debug-xros/PrincipleConcurrency-t.build/Objects-normal/arm64/SingleUseTransfer.o -debug-module-path /Users/admin/builder/spi-builder-workspace/.derivedData/Build/Intermediates.noindex/Principle.build/Debug-xros/PrincipleConcurrency-t.build/Objects-normal/arm64/PrincipleConcurrency.swiftmodule -index-unit-output-path /Principle.build/Debug-xros/PrincipleConcurrency-t.build/Objects-normal/arm64/SingleUseTransfer.o -index-store-path /Users/admin/builder/spi-builder-workspace/.derivedData/Index.noindex/DataStore -index-system-modules
SwiftCompile normal arm64 /Users/admin/builder/spi-builder-workspace/.dependencies/checkouts/Principle/Sources/PrincipleConcurrency/SingleUseTransfer.swift (in target 'PrincipleConcurrency' from project 'Principle')
cd /Users/admin/builder/spi-builder-workspace/.swiftpm/xcode
builtin-SwiftPerFileCompile SingleUseTransfer.swift
SwiftCompile normal arm64 Compiling\ TimeoutError.swift /Users/admin/builder/spi-builder-workspace/.dependencies/checkouts/Principle/Sources/PrincipleConcurrency/TimeoutError.swift (in target 'PrincipleConcurrency' from project 'Principle')
SwiftCompile normal arm64 /Users/admin/builder/spi-builder-workspace/.dependencies/checkouts/Principle/Sources/PrincipleConcurrency/TimeoutError.swift (in target 'PrincipleConcurrency' from project 'Principle')
cd /Users/admin/builder/spi-builder-workspace/.swiftpm/xcode
builtin-SwiftPerFileCompile TimeoutError.swift
SwiftDriverJobDiscovery normal arm64 Emitting module for PrincipleConcurrency (in target 'PrincipleConcurrency' from project 'Principle')
SwiftDriver\ Compilation\ Requirements PrincipleConcurrency normal arm64 com.apple.xcode.tools.swift.compiler (in target 'PrincipleConcurrency' from project 'Principle')
cd /Users/admin/builder/spi-builder-workspace/.swiftpm/xcode
builtin-Swift-Compilation-Requirements -- /Applications/Xcode-27.0.0-Release.Candidate.app/Contents/Developer/Toolchains/XcodeDefault.xctoolchain/usr/bin/swiftc -parse-as-library -module-name PrincipleConcurrency -Onone @/Users/admin/builder/spi-builder-workspace/.derivedData/Build/Intermediates.noindex/Principle.build/Debug-xros/PrincipleConcurrency-t.build/Objects-normal/arm64/PrincipleConcurrency.SwiftFileList -DSWIFT_PACKAGE -DDEBUG -DSWIFT_MODULE_RESOURCE_BUNDLE_UNAVAILABLE -DXcode -enable-upcoming-feature ExistentialAny -enable-upcoming-feature MemberImportVisibility -enable-upcoming-feature NonisolatedNonsendingByDefault -plugin-path /Applications/Xcode-27.0.0-Release.Candidate.app/Contents/Developer/Toolchains/XcodeDefault.xctoolchain/usr/lib/swift/host/plugins/testing -enable-experimental-feature DebugDescriptionMacro -sdk /Applications/Xcode-27.0.0-Release.Candidate.app/Contents/Developer/Platforms/XROS.platform/Developer/SDKs/XROS27.0.sdk -target arm64-apple-xros2.0 -g -module-cache-path /Users/admin/builder/spi-builder-workspace/.derivedData/ModuleCache.noindex -Xfrontend -serialize-debugging-options -profile-coverage-mapping -profile-generate -enable-testing -suppress-warnings -index-store-path /Users/admin/builder/spi-builder-workspace/.derivedData/Index.noindex/DataStore -Xcc -D_LIBCPP_HARDENING_MODE\=_LIBCPP_HARDENING_MODE_DEBUG -swift-version 6 -I /Users/admin/builder/spi-builder-workspace/.derivedData/Build/Products/Debug-xros -Isystem /Applications/Xcode-27.0.0-Release.Candidate.app/Contents/Developer/Platforms/XROS.platform/Developer/usr/lib -F /Users/admin/builder/spi-builder-workspace/.derivedData/Build/Products/Debug-xros -F /Applications/Xcode-27.0.0-Release.Candidate.app/Contents/Developer/Platforms/XROS.platform/Developer/Library/Frameworks -F /Applications/Xcode-27.0.0-Release.Candidate.app/Contents/Developer/Platforms/XROS.platform/Developer/SDKs/XROS27.0.sdk/Developer/Library/Frameworks -c -j10 -enable-batch-mode -incremental -Xcc -ivfsstatcache -Xcc /Users/admin/builder/spi-builder-workspace/.derivedData/SDKStatCaches.noindex/xros27.0-24M361-e829b21a6f8c9b70876ba0858053c044735bd543db762f57723cac368afd1ce4.sdkstatcache -output-file-map /Users/admin/builder/spi-builder-workspace/.derivedData/Build/Intermediates.noindex/Principle.build/Debug-xros/PrincipleConcurrency-t.build/Objects-normal/arm64/PrincipleConcurrency-OutputFileMap.json -save-temps -no-color-diagnostics -explicit-module-build -module-cache-path /Users/admin/builder/spi-builder-workspace/.derivedData/Build/Intermediates.noindex/SwiftExplicitPrecompiledModules -clang-scanner-module-cache-path /Users/admin/builder/spi-builder-workspace/.derivedData/ModuleCache.noindex -sdk-module-cache-path /Users/admin/builder/spi-builder-workspace/.derivedData/SDKExplicitPrecompiledModules -emit-dependencies -emit-module -emit-module-path /Users/admin/builder/spi-builder-workspace/.derivedData/Build/Intermediates.noindex/Principle.build/Debug-xros/PrincipleConcurrency-t.build/Objects-normal/arm64/PrincipleConcurrency.swiftmodule -serialize-diagnostics -dependency-scan-serialize-diagnostics-path /Users/admin/builder/spi-builder-workspace/.derivedData/Build/Intermediates.noindex/Principle.build/Debug-xros/PrincipleConcurrency-t.build/Objects-normal/arm64/PrincipleConcurrency-dependency-scan.dia -user-module-version 2.0.0 -validate-clang-modules-once -clang-build-session-file /Users/admin/builder/spi-builder-workspace/.derivedData/ModuleCache.noindex/Session.modulevalidation -Xcc -fmodules-prune-interval\=86400 -Xcc -fmodules-prune-after\=345600 -package-name principle -emit-const-values -const-gather-protocols-list /Users/admin/builder/spi-builder-workspace/.derivedData/Build/Intermediates.noindex/Principle.build/Debug-xros/PrincipleConcurrency-t.build/Objects-normal/arm64/PrincipleConcurrency_const_extract_protocols.json -Xcc -I/Users/admin/builder/spi-builder-workspace/.derivedData/Build/Products/Debug-xros/include -Xcc -I/Users/admin/builder/spi-builder-workspace/.derivedData/Build/Intermediates.noindex/Principle.build/Debug-xros/PrincipleConcurrency-t.build/DerivedSources-normal/arm64 -Xcc -I/Users/admin/builder/spi-builder-workspace/.derivedData/Build/Intermediates.noindex/Principle.build/Debug-xros/PrincipleConcurrency-t.build/DerivedSources/arm64 -Xcc -I/Users/admin/builder/spi-builder-workspace/.derivedData/Build/Intermediates.noindex/Principle.build/Debug-xros/PrincipleConcurrency-t.build/DerivedSources -Xcc -DSWIFT_PACKAGE -Xcc -DDEBUG\=1 -emit-objc-header -emit-objc-header-path /Users/admin/builder/spi-builder-workspace/.derivedData/Build/Intermediates.noindex/Principle.build/Debug-xros/PrincipleConcurrency-t.build/Objects-normal/arm64/PrincipleConcurrency-Swift.h -working-directory /Users/admin/builder/spi-builder-workspace/.swiftpm/xcode -experimental-emit-module-separately -disable-cmo
SwiftMergeGeneratedHeaders /Users/admin/builder/spi-builder-workspace/.derivedData/Build/Intermediates.noindex/GeneratedModuleMaps-xros/PrincipleConcurrency-Swift.h /Users/admin/builder/spi-builder-workspace/.derivedData/Build/Intermediates.noindex/Principle.build/Debug-xros/PrincipleConcurrency-t.build/Objects-normal/arm64/PrincipleConcurrency-Swift.h (in target 'PrincipleConcurrency' from project 'Principle')
cd /Users/admin/builder/spi-builder-workspace/.dependencies/checkouts/Principle
builtin-swiftHeaderTool -arch arm64 /Users/admin/builder/spi-builder-workspace/.derivedData/Build/Intermediates.noindex/Principle.build/Debug-xros/PrincipleConcurrency-t.build/Objects-normal/arm64/PrincipleConcurrency-Swift.h -o /Users/admin/builder/spi-builder-workspace/.derivedData/Build/Intermediates.noindex/GeneratedModuleMaps-xros/PrincipleConcurrency-Swift.h
Copy /Users/admin/builder/spi-builder-workspace/.derivedData/Build/Products/Debug-xros/PrincipleConcurrency.swiftmodule/arm64-apple-xros.abi.json /Users/admin/builder/spi-builder-workspace/.derivedData/Build/Intermediates.noindex/Principle.build/Debug-xros/PrincipleConcurrency-t.build/Objects-normal/arm64/PrincipleConcurrency.abi.json (in target 'PrincipleConcurrency' from project 'Principle')
cd /Users/admin/builder/spi-builder-workspace/.dependencies/checkouts/Principle
builtin-copy -exclude .DS_Store -exclude CVS -exclude .svn -exclude .git -exclude .hg -resolve-src-symlinks -rename /Users/admin/builder/spi-builder-workspace/.derivedData/Build/Intermediates.noindex/Principle.build/Debug-xros/PrincipleConcurrency-t.build/Objects-normal/arm64/PrincipleConcurrency.abi.json /Users/admin/builder/spi-builder-workspace/.derivedData/Build/Products/Debug-xros/PrincipleConcurrency.swiftmodule/arm64-apple-xros.abi.json
Copy /Users/admin/builder/spi-builder-workspace/.derivedData/Build/Products/Debug-xros/PrincipleConcurrency.swiftmodule/arm64-apple-xros.swiftmodule /Users/admin/builder/spi-builder-workspace/.derivedData/Build/Intermediates.noindex/Principle.build/Debug-xros/PrincipleConcurrency-t.build/Objects-normal/arm64/PrincipleConcurrency.swiftmodule (in target 'PrincipleConcurrency' from project 'Principle')
cd /Users/admin/builder/spi-builder-workspace/.dependencies/checkouts/Principle
builtin-copy -exclude .DS_Store -exclude CVS -exclude .svn -exclude .git -exclude .hg -resolve-src-symlinks -rename /Users/admin/builder/spi-builder-workspace/.derivedData/Build/Intermediates.noindex/Principle.build/Debug-xros/PrincipleConcurrency-t.build/Objects-normal/arm64/PrincipleConcurrency.swiftmodule /Users/admin/builder/spi-builder-workspace/.derivedData/Build/Products/Debug-xros/PrincipleConcurrency.swiftmodule/arm64-apple-xros.swiftmodule
Copy /Users/admin/builder/spi-builder-workspace/.derivedData/Build/Products/Debug-xros/PrincipleConcurrency.swiftmodule/arm64-apple-xros.swiftdoc /Users/admin/builder/spi-builder-workspace/.derivedData/Build/Intermediates.noindex/Principle.build/Debug-xros/PrincipleConcurrency-t.build/Objects-normal/arm64/PrincipleConcurrency.swiftdoc (in target 'PrincipleConcurrency' from project 'Principle')
cd /Users/admin/builder/spi-builder-workspace/.dependencies/checkouts/Principle
builtin-copy -exclude .DS_Store -exclude CVS -exclude .svn -exclude .git -exclude .hg -resolve-src-symlinks -rename /Users/admin/builder/spi-builder-workspace/.derivedData/Build/Intermediates.noindex/Principle.build/Debug-xros/PrincipleConcurrency-t.build/Objects-normal/arm64/PrincipleConcurrency.swiftdoc /Users/admin/builder/spi-builder-workspace/.derivedData/Build/Products/Debug-xros/PrincipleConcurrency.swiftmodule/arm64-apple-xros.swiftdoc
Copy /Users/admin/builder/spi-builder-workspace/.derivedData/Build/Products/Debug-xros/PrincipleConcurrency.swiftmodule/Project/arm64-apple-xros.swiftsourceinfo /Users/admin/builder/spi-builder-workspace/.derivedData/Build/Intermediates.noindex/Principle.build/Debug-xros/PrincipleConcurrency-t.build/Objects-normal/arm64/PrincipleConcurrency.swiftsourceinfo (in target 'PrincipleConcurrency' from project 'Principle')
cd /Users/admin/builder/spi-builder-workspace/.dependencies/checkouts/Principle
builtin-copy -exclude .DS_Store -exclude CVS -exclude .svn -exclude .git -exclude .hg -resolve-src-symlinks -rename /Users/admin/builder/spi-builder-workspace/.derivedData/Build/Intermediates.noindex/Principle.build/Debug-xros/PrincipleConcurrency-t.build/Objects-normal/arm64/PrincipleConcurrency.swiftsourceinfo /Users/admin/builder/spi-builder-workspace/.derivedData/Build/Products/Debug-xros/PrincipleConcurrency.swiftmodule/Project/arm64-apple-xros.swiftsourceinfo
SwiftDriver ProbingMacros normal arm64 com.apple.xcode.tools.swift.compiler (in target 'ProbingMacros' from project 'Probing')
cd /Users/admin/builder/spi-builder-workspace/.swiftpm/xcode
builtin-SwiftDriver -- /Applications/Xcode-27.0.0-Release.Candidate.app/Contents/Developer/Toolchains/XcodeDefault.xctoolchain/usr/bin/swiftc -parse-as-library -module-name ProbingMacros -Onone @/Users/admin/builder/spi-builder-workspace/.derivedData/Build/Intermediates.noindex/Probing.build/Debug/ProbingMacros-t.build/Objects-normal/arm64/ProbingMacros.SwiftFileList -DSWIFT_PACKAGE -DDEBUG -DXcode -enable-upcoming-feature ExistentialAny -enable-upcoming-feature MemberImportVisibility -I /Users/admin/builder/spi-builder-workspace/.dependencies/prebuilts/swift-syntax/602.0.0/swiftlang-6.4.0.34.1-macosx27.0-MacroSupport/Modules -I /Users/admin/builder/spi-builder-workspace/.dependencies/checkouts/swift-syntax/Sources/_SwiftLibraryPluginProviderCShims/include -I /Users/admin/builder/spi-builder-workspace/.dependencies/checkouts/swift-syntax/Sources/_SwiftSyntaxCShims/include -plugin-path /Applications/Xcode-27.0.0-Release.Candidate.app/Contents/Developer/Toolchains/XcodeDefault.xctoolchain/usr/lib/swift/host/plugins/testing -enable-experimental-feature DebugDescriptionMacro -sdk /Applications/Xcode-27.0.0-Release.Candidate.app/Contents/Developer/Platforms/MacOSX.platform/Developer/SDKs/MacOSX27.0.sdk -target arm64-apple-macos15.0 -g -module-cache-path /Users/admin/builder/spi-builder-workspace/.derivedData/ModuleCache.noindex -Xfrontend -serialize-debugging-options -profile-coverage-mapping -profile-generate -enable-testing -index-store-path /Users/admin/builder/spi-builder-workspace/.derivedData/Index.noindex/DataStore -Xcc -D_LIBCPP_HARDENING_MODE\=_LIBCPP_HARDENING_MODE_DEBUG -swift-version 6 -I /Users/admin/builder/spi-builder-workspace/.derivedData/Build/Products/Debug -Isystem /Applications/Xcode-27.0.0-Release.Candidate.app/Contents/Developer/Platforms/MacOSX.platform/Developer/usr/lib -F /Users/admin/builder/spi-builder-workspace/.derivedData/Build/Products/Debug -F /Applications/Xcode-27.0.0-Release.Candidate.app/Contents/Developer/Platforms/MacOSX.platform/Developer/Library/Frameworks -c -j10 -enable-batch-mode -incremental -Xcc -ivfsstatcache -Xcc /Users/admin/builder/spi-builder-workspace/.derivedData/SDKStatCaches.noindex/macosx27.0-26A425-e829b21a6f8c9b70876ba0858053c0446a22442a12e9d48fe1a705f55a1adfc4.sdkstatcache -output-file-map /Users/admin/builder/spi-builder-workspace/.derivedData/Build/Intermediates.noindex/Probing.build/Debug/ProbingMacros-t.build/Objects-normal/arm64/ProbingMacros-OutputFileMap.json -save-temps -no-color-diagnostics -explicit-module-build -module-cache-path /Users/admin/builder/spi-builder-workspace/.derivedData/Build/Intermediates.noindex/SwiftExplicitPrecompiledModules -clang-scanner-module-cache-path /Users/admin/builder/spi-builder-workspace/.derivedData/ModuleCache.noindex -sdk-module-cache-path /Users/admin/builder/spi-builder-workspace/.derivedData/SDKExplicitPrecompiledModules -emit-dependencies -emit-module -emit-module-path /Users/admin/builder/spi-builder-workspace/.derivedData/Build/Intermediates.noindex/Probing.build/Debug/ProbingMacros-t.build/Objects-normal/arm64/ProbingMacros.swiftmodule -serialize-diagnostics -dependency-scan-serialize-diagnostics-path /Users/admin/builder/spi-builder-workspace/.derivedData/Build/Intermediates.noindex/Probing.build/Debug/ProbingMacros-t.build/Objects-normal/arm64/ProbingMacros-dependency-scan.dia -validate-clang-modules-once -clang-build-session-file /Users/admin/builder/spi-builder-workspace/.derivedData/ModuleCache.noindex/Session.modulevalidation -Xcc -fmodules-prune-interval\=86400 -Xcc -fmodules-prune-after\=345600 -package-name spi_builder_workspace -emit-const-values -const-gather-protocols-list /Users/admin/builder/spi-builder-workspace/.derivedData/Build/Intermediates.noindex/Probing.build/Debug/ProbingMacros-t.build/Objects-normal/arm64/ProbingMacros_const_extract_protocols.json -Xcc -I/Users/admin/builder/spi-builder-workspace/.derivedData/Build/Products/Debug/include -Xcc -I/Users/admin/builder/spi-builder-workspace/.derivedData/Build/Intermediates.noindex/Probing.build/Debug/ProbingMacros-t.build/DerivedSources-normal/arm64 -Xcc -I/Users/admin/builder/spi-builder-workspace/.derivedData/Build/Intermediates.noindex/Probing.build/Debug/ProbingMacros-t.build/DerivedSources/arm64 -Xcc -I/Users/admin/builder/spi-builder-workspace/.derivedData/Build/Intermediates.noindex/Probing.build/Debug/ProbingMacros-t.build/DerivedSources -Xcc -DSWIFT_PACKAGE -Xcc -DDEBUG\=1 -working-directory /Users/admin/builder/spi-builder-workspace/.swiftpm/xcode -experimental-emit-module-separately -disable-cmo
PruneExplicitPrecompiledModules /Users/admin/builder/spi-builder-workspace/.derivedData/Build/Intermediates.noindex/SwiftExplicitPrecompiledModules
PruneExplicitPrecompiledModules /Users/admin/builder/spi-builder-workspace/.derivedData/SDKExplicitPrecompiledModules
PruneExplicitPrecompiledModules /Users/admin/builder/spi-builder-workspace/.derivedData/Build/Intermediates.noindex/ExplicitPrecompiledModules
2026-09-23 06:29:23.164 xcodebuild[742:4504] [MT] IDERunDestination: Supported platforms for the buildables in the current scheme is empty.
** BUILD FAILED **
The following build commands failed:
SwiftCompile normal arm64 Compiling\ SingleUseTransfer.swift /Users/admin/builder/spi-builder-workspace/.dependencies/checkouts/Principle/Sources/PrincipleConcurrency/SingleUseTransfer.swift (in target 'PrincipleConcurrency' from project 'Principle')
SwiftCompile normal arm64 /Users/admin/builder/spi-builder-workspace/.dependencies/checkouts/Principle/Sources/PrincipleConcurrency/SingleUseTransfer.swift (in target 'PrincipleConcurrency' from project 'Principle')
Building workspace Probing with scheme Probing-Package
(3 failures)
Command line invocation:
/Applications/Xcode-27.0.0-Release.Candidate.app/Contents/Developer/usr/bin/xcodebuild -IDEClonedSourcePackagesDirPathOverride=/Users/admin/builder/spi-builder-workspace/.dependencies -resolvePackageDependencies
Resolve Package Graph
Resolved source packages:
Principle: https://github.com/NSFatalError/Principle @ 2.0.0
swift-syntax: https://github.com/swiftlang/swift-syntax @ 602.0.0
Probing: /Users/admin/builder/spi-builder-workspace
resolved source packages: Principle, swift-syntax, Probing
2026-09-23 06:29:30.378 xcodebuild[803:4869] [MT] IDERunDestination: Supported platforms for the buildables in the current scheme is empty.
{
"dependencies" : [
{
"identity" : "principle",
"requirement" : {
"range" : [
{
"lower_bound" : "2.0.0",
"upper_bound" : "3.0.0"
}
]
},
"type" : "sourceControl",
"url" : "https://github.com/NSFatalError/Principle"
},
{
"identity" : "swift-syntax",
"requirement" : {
"range" : [
{
"lower_bound" : "602.0.0",
"upper_bound" : "603.0.0"
}
]
},
"type" : "sourceControl",
"url" : "https://github.com/swiftlang/swift-syntax"
}
],
"manifest_display_name" : "Probing",
"name" : "Probing",
"path" : "/Users/admin/builder/spi-builder-workspace",
"platforms" : [
{
"name" : "macos",
"version" : "15.0"
},
{
"name" : "maccatalyst",
"version" : "18.0"
},
{
"name" : "ios",
"version" : "18.0"
},
{
"name" : "tvos",
"version" : "18.0"
},
{
"name" : "watchos",
"version" : "11.0"
},
{
"name" : "visionos",
"version" : "2.0"
}
],
"products" : [
{
"name" : "Probing",
"targets" : [
"Probing"
],
"type" : {
"library" : [
"automatic"
]
}
},
{
"name" : "ProbeTesting",
"targets" : [
"ProbeTesting"
],
"type" : {
"library" : [
"automatic"
]
}
},
{
"name" : "ProbingMacros",
"targets" : [
"ProbingMacros"
],
"type" : {
"macro" : null
}
}
],
"targets" : [
{
"c99name" : "ProbingTests",
"module_type" : "SwiftTarget",
"name" : "ProbingTests",
"path" : "Tests/ProbingTests",
"sources" : [
"CustomActor.swift",
"EffectNameTests.swift",
"EffectTests.swift",
"ProbeTests.swift"
],
"target_dependencies" : [
"Probing"
],
"type" : "test"
},
{
"c99name" : "ProbingMacrosTests",
"module_type" : "SwiftTarget",
"name" : "ProbingMacrosTests",
"path" : "Tests/ProbingMacrosTests",
"product_dependencies" : [
"SwiftSyntaxMacrosTestSupport"
],
"sources" : [
"DeeplyCopyable/DeeplyCopyableMacroTests.swift",
"EquatableObject/EquatableObjectMacroTests.swift",
"Probing/EffectMacroTests.swift",
"Probing/ProbeMacroTests.swift"
],
"target_dependencies" : [
"ProbingMacros"
],
"type" : "test"
},
{
"c99name" : "ProbingMacros",
"module_type" : "SwiftTarget",
"name" : "ProbingMacros",
"path" : "Macros",
"product_dependencies" : [
"SwiftSyntaxMacros",
"SwiftCompilerPlugin"
],
"product_memberships" : [
"Probing",
"ProbeTesting",
"ProbingMacros"
],
"sources" : [
"Dependencies/PrincipleMacros/Sources/PrincipleMacros/Builders/Declarations/Common/DeclBuilder.swift",
"Dependencies/PrincipleMacros/Sources/PrincipleMacros/Builders/Declarations/Common/MemberBuilding.swift",
"Dependencies/PrincipleMacros/Sources/PrincipleMacros/Builders/Declarations/Common/PeerBuilding.swift",
"Dependencies/PrincipleMacros/Sources/PrincipleMacros/Builders/Declarations/Members/FunctionDeclBuilder.swift",
"Dependencies/PrincipleMacros/Sources/PrincipleMacros/Builders/Declarations/Members/MemberDeclBuilder.swift",
"Dependencies/PrincipleMacros/Sources/PrincipleMacros/Builders/Declarations/Members/PropertyDeclBuilder.swift",
"Dependencies/PrincipleMacros/Sources/PrincipleMacros/Builders/Declarations/Types/ActorDeclBuilder.swift",
"Dependencies/PrincipleMacros/Sources/PrincipleMacros/Builders/Declarations/Types/ClassDeclBuilder.swift",
"Dependencies/PrincipleMacros/Sources/PrincipleMacros/Builders/Declarations/Types/EnumDeclBuilder.swift",
"Dependencies/PrincipleMacros/Sources/PrincipleMacros/Builders/Declarations/Types/StatefulDeclBuilder.swift",
"Dependencies/PrincipleMacros/Sources/PrincipleMacros/Builders/Declarations/Types/StructDeclBuilder.swift",
"Dependencies/PrincipleMacros/Sources/PrincipleMacros/Builders/Declarations/Types/TypeDeclBuilder.swift",
"Dependencies/PrincipleMacros/Sources/PrincipleMacros/Builders/Declarations/Types/TypeDeclBuilderContext.swift",
"Dependencies/PrincipleMacros/Sources/PrincipleMacros/Builders/Expressions/AssociatedValuesListExprBuilder.swift",
"Dependencies/PrincipleMacros/Sources/PrincipleMacros/Builders/Expressions/EnumCaseCallExprBuilder.swift",
"Dependencies/PrincipleMacros/Sources/PrincipleMacros/Builders/Expressions/ExprBuilder.swift",
"Dependencies/PrincipleMacros/Sources/PrincipleMacros/Builders/Expressions/SwitchExprBuilder.swift",
"Dependencies/PrincipleMacros/Sources/PrincipleMacros/ExpansionContext/MacroExpansionContext.swift",
"Dependencies/PrincipleMacros/Sources/PrincipleMacros/Imports.swift",
"Dependencies/PrincipleMacros/Sources/PrincipleMacros/Parameters/ParameterExtractionError.swift",
"Dependencies/PrincipleMacros/Sources/PrincipleMacros/Parameters/ParameterExtractor.swift",
"Dependencies/PrincipleMacros/Sources/PrincipleMacros/Parsers/Common/Parser.swift",
"Dependencies/PrincipleMacros/Sources/PrincipleMacros/Parsers/Common/ParserResult.swift",
"Dependencies/PrincipleMacros/Sources/PrincipleMacros/Parsers/Common/ParserResultCustomKey.swift",
"Dependencies/PrincipleMacros/Sources/PrincipleMacros/Parsers/Common/ParserResultCustomValues.swift",
"Dependencies/PrincipleMacros/Sources/PrincipleMacros/Parsers/Common/ParserResultsCollection.swift",
"Dependencies/PrincipleMacros/Sources/PrincipleMacros/Parsers/Common/_Parser.swift",
"Dependencies/PrincipleMacros/Sources/PrincipleMacros/Parsers/Common/_ParserResultsCollection.swift",
"Dependencies/PrincipleMacros/Sources/PrincipleMacros/Parsers/EnumCases/EnumCase.swift",
"Dependencies/PrincipleMacros/Sources/PrincipleMacros/Parsers/EnumCases/EnumCasesList.swift",
"Dependencies/PrincipleMacros/Sources/PrincipleMacros/Parsers/EnumCases/EnumCasesParser.swift",
"Dependencies/PrincipleMacros/Sources/PrincipleMacros/Parsers/Properties/PropertiesList.swift",
"Dependencies/PrincipleMacros/Sources/PrincipleMacros/Parsers/Properties/PropertiesParser.swift",
"Dependencies/PrincipleMacros/Sources/PrincipleMacros/Parsers/Properties/Property.swift",
"Dependencies/PrincipleMacros/Sources/PrincipleMacros/Syntax/Concepts/AccessControlLevel.swift",
"Dependencies/PrincipleMacros/Sources/PrincipleMacros/Syntax/Concepts/CamelCaseNotation.swift",
"Dependencies/PrincipleMacros/Sources/PrincipleMacros/Syntax/Concepts/GlobalActorIsolation.swift",
"Dependencies/PrincipleMacros/Sources/PrincipleMacros/Syntax/Custom/BasicDeclSyntax.swift",
"Dependencies/PrincipleMacros/Sources/PrincipleMacros/Syntax/Custom/ClosureTypeSyntax.swift",
"Dependencies/PrincipleMacros/Sources/PrincipleMacros/Syntax/Custom/StatefulDeclSyntax.swift",
"Dependencies/PrincipleMacros/Sources/PrincipleMacros/Syntax/Custom/TypeDeclSyntax.swift",
"Dependencies/PrincipleMacros/Sources/PrincipleMacros/Syntax/Extensions/AccessorDeclListSyntax.swift",
"Dependencies/PrincipleMacros/Sources/PrincipleMacros/Syntax/Extensions/AttributeListSyntax.swift",
"Dependencies/PrincipleMacros/Sources/PrincipleMacros/Syntax/Extensions/AttributeSyntax.swift",
"Dependencies/PrincipleMacros/Sources/PrincipleMacros/Syntax/Extensions/AttributedTypeSyntax.swift",
"Dependencies/PrincipleMacros/Sources/PrincipleMacros/Syntax/Extensions/ClosureExprSyntax.swift",
"Dependencies/PrincipleMacros/Sources/PrincipleMacros/Syntax/Extensions/ExprSyntax.swift",
"Dependencies/PrincipleMacros/Sources/PrincipleMacros/Syntax/Extensions/PatternBindingSyntax.swift",
"Dependencies/PrincipleMacros/Sources/PrincipleMacros/Syntax/Extensions/SyntaxProtocol.swift",
"Dependencies/PrincipleMacros/Sources/PrincipleMacros/Syntax/Extensions/TypeSyntax.swift",
"Dependencies/PrincipleMacros/Sources/PrincipleMacros/Syntax/Extensions/WithAttributesSyntax.swift",
"Dependencies/PrincipleMacros/Sources/PrincipleMacros/Syntax/Extensions/WithModifiersSyntax.swift",
"ProbingMacros/DeeplyCopyable/DeeplyCopyableEnumInitDeclBuilder.swift",
"ProbingMacros/DeeplyCopyable/DeeplyCopyableMacro.swift",
"ProbingMacros/DeeplyCopyable/DeeplyCopyableStatefulInitDeclBuilder.swift",
"ProbingMacros/EquatableObject/EquatableDeclBuilder.swift",
"ProbingMacros/EquatableObject/EquatableObjectMacro.swift",
"ProbingMacros/Main/ProbingPlugin.swift",
"ProbingMacros/Probing/EffectMacro.swift",
"ProbingMacros/Probing/ProbeMacro.swift"
],
"type" : "macro"
},
{
"c99name" : "Probing",
"module_type" : "SwiftTarget",
"name" : "Probing",
"path" : "Sources/Probing",
"product_dependencies" : [
"PrincipleConcurrency",
"PrincipleCollections"
],
"product_memberships" : [
"Probing",
"ProbeTesting"
],
"sources" : [
"Effects/AnyEffect.swift",
"Effects/ConcurrentEffect.swift",
"Effects/Effect.swift",
"Effects/EffectBacktrace.swift",
"Effects/EffectContinuation.swift",
"Effects/EffectIdentifier.swift",
"Effects/EffectName.swift",
"Effects/TestableEffect.swift",
"Errors/ProbingErrors.swift",
"Errors/RecordableProbingError.swift",
"Extensions/Task+ID.swift",
"Identifiers/ProbingIdentifierProtocol.swift",
"Identifiers/ProbingIdentifiers.swift",
"Identifiers/ProbingNames.swift",
"Probes/Probe.swift",
"Probes/ProbeBacktrace.swift",
"Probes/ProbeContinuation.swift",
"Probes/ProbeIdentifier.swift",
"Probes/ProbeName.swift",
"TestingSupport/EffectDispatch.swift",
"TestingSupport/EffectPhase.swift",
"TestingSupport/EffectState.swift",
"TestingSupport/ProbingBacktrace.swift",
"TestingSupport/ProbingContinuation.swift",
"TestingSupport/ProbingCoordinator.swift",
"TestingSupport/ProbingLocation.swift",
"TestingSupport/ProbingState.swift",
"TestingSupport/TestContinuation.swift",
"TestingSupport/TestPhase.swift",
"TestingSupport/_ProbingOptions.swift"
],
"target_dependencies" : [
"ProbingMacros"
],
"type" : "library"
},
{
"c99name" : "ProbeTestingTests",
"module_type" : "SwiftTarget",
"name" : "ProbeTestingTests",
"path" : "Tests/ProbeTestingTests",
"product_dependencies" : [
"PrincipleConcurrency"
],
"sources" : [
"Helpers/Array+Product.swift",
"Helpers/CustomActor.swift",
"Helpers/Issue+RecordedError.swift",
"Helpers/ProbingOptions+TestArgument.swift",
"Suites/APIMisuseTests.swift",
"Suites/AsyncSequenceTests.swift",
"Suites/EffectTests.swift",
"Suites/IndependentEffectsTests.swift",
"Suites/NestedEffectsTests.swift",
"Suites/ProbeTests.swift",
"Suites/ProbingOptionsTests.swift",
"Suites/TaskGroupTests.swift",
"Suites/WithProbingTests.swift"
],
"target_dependencies" : [
"ProbeTesting"
],
"type" : "test"
},
{
"c99name" : "ProbeTesting",
"module_type" : "SwiftTarget",
"name" : "ProbeTesting",
"path" : "Sources/ProbeTesting",
"product_memberships" : [
"ProbeTesting"
],
"sources" : [
"Dispatcher/ProbingDispatcher.swift",
"Dispatcher/RecordedError.swift",
"Imports.swift",
"WithProbing/ProbingOptions.swift",
"WithProbing/ProbingTerminatedError.swift",
"WithProbing/WithProbing.swift"
],
"target_dependencies" : [
"Probing"
],
"type" : "library"
},
{
"c99name" : "EquatableObjectTests",
"module_type" : "SwiftTarget",
"name" : "EquatableObjectTests",
"path" : "Tests/EquatableObjectTests",
"sources" : [
"EquatableObjectTests.swift"
],
"target_dependencies" : [
"EquatableObject"
],
"type" : "test"
},
{
"c99name" : "EquatableObject",
"module_type" : "SwiftTarget",
"name" : "EquatableObject",
"path" : "Sources/EquatableObject",
"sources" : [
"EquatableObject.swift"
],
"target_dependencies" : [
"ProbingMacros"
],
"type" : "library"
},
{
"c99name" : "DeeplyCopyableTests",
"module_type" : "SwiftTarget",
"name" : "DeeplyCopyableTests",
"path" : "Tests/DeeplyCopyableTests",
"sources" : [
"DeeplyCopyableTests.swift"
],
"target_dependencies" : [
"DeeplyCopyable",
"EquatableObject"
],
"type" : "test"
},
{
"c99name" : "DeeplyCopyable",
"module_type" : "SwiftTarget",
"name" : "DeeplyCopyable",
"path" : "Sources/DeeplyCopyable",
"sources" : [
"Conformances/Dictionary+DeeplyCopyable.swift",
"Conformances/Optional+DeeplyCopyable.swift",
"Conformances/Range+DeeplyCopyable.swift",
"Conformances/RangeReplaceableCollection+DeeplyCopyable.swift",
"Conformances/RawRepresentable+DeeplyCopyable.swift",
"Conformances/SetAlgebra+DeeplyCopyable.swift",
"Protocols/DeeplyCopyable.swift",
"Protocols/DeeplyCopyableByAssignment.swift"
],
"target_dependencies" : [
"ProbingMacros"
],
"type" : "library"
}
],
"tools_version" : "6.2"
}
{
"workspace" : {
"name" : "Probing",
"schemes" : [
"ProbeTesting",
"Probing",
"Probing-Package"
]
}
}
2026-09-23 06:29:32.265 xcodebuild[812:4943] [MT] IDERunDestination: Supported platforms for the buildables in the current scheme is empty.
{
"workspace" : {
"name" : "Probing",
"schemes" : [
"ProbeTesting",
"Probing",
"Probing-Package"
]
}
}
2026-09-23 06:29:33.861 xcodebuild[815:4982] [MT] IDERunDestination: Supported platforms for the buildables in the current scheme is empty.
Running build ...
env DEVELOPER_DIR=/Applications/Xcode-27.0.0-Release.Candidate.app xcrun xcodebuild -IDEClonedSourcePackagesDirPathOverride=$PWD/.dependencies -skipMacroValidation -skipPackagePluginValidation -derivedDataPath $PWD/.derivedData build -scheme Probing-Package -destination generic/platform=xrOS
Command line invocation:
/Applications/Xcode-27.0.0-Release.Candidate.app/Contents/Developer/usr/bin/xcodebuild -IDEClonedSourcePackagesDirPathOverride=/Users/admin/builder/spi-builder-workspace/.dependencies -skipMacroValidation -skipPackagePluginValidation -derivedDataPath /Users/admin/builder/spi-builder-workspace/.derivedData build -scheme Probing-Package -destination generic/platform=xrOS
Resolve Package Graph
Resolved source packages:
swift-syntax: https://github.com/swiftlang/swift-syntax @ 602.0.0
Principle: https://github.com/NSFatalError/Principle @ 2.0.0
Probing: /Users/admin/builder/spi-builder-workspace
ComputePackagePrebuildTargetDependencyGraph
Prepare packages
CreateBuildRequest
SendProjectDescription
CreateBuildOperation
ComputeTargetDependencyGraph
note: Building targets in dependency order
note: Target dependency graph (9 targets)
Target 'ProbeTesting-product' in project 'Probing'
➜ Explicit dependency on target 'ProbeTesting' in project 'Probing'
➜ Explicit dependency on target 'ProbingMacros' in project 'Probing'
➜ Explicit dependency on target 'Probing' in project 'Probing'
➜ Explicit dependency on target 'PrincipleConcurrency-product' in project 'Principle'
➜ Explicit dependency on target 'PrincipleCollections-product' in project 'Principle'
Target 'ProbeTesting' in project 'Probing'
➜ Explicit dependency on target 'ProbingMacros' in project 'Probing'
➜ Explicit dependency on target 'Probing' in project 'Probing'
➜ Explicit dependency on target 'PrincipleConcurrency-product' in project 'Principle'
➜ Explicit dependency on target 'PrincipleCollections-product' in project 'Principle'
Target 'Probing-product' in project 'Probing'
➜ Explicit dependency on target 'Probing' in project 'Probing'
➜ Explicit dependency on target 'ProbingMacros' in project 'Probing'
➜ Explicit dependency on target 'PrincipleConcurrency-product' in project 'Principle'
➜ Explicit dependency on target 'PrincipleCollections-product' in project 'Principle'
Target 'Probing' in project 'Probing'
➜ Explicit dependency on target 'ProbingMacros' in project 'Probing'
➜ Explicit dependency on target 'PrincipleConcurrency-product' in project 'Principle'
➜ Explicit dependency on target 'PrincipleCollections-product' in project 'Principle'
Target 'PrincipleCollections-product' in project 'Principle'
➜ Explicit dependency on target 'PrincipleCollections' in project 'Principle'
Target 'PrincipleCollections' in project 'Principle' (no dependencies)
Target 'PrincipleConcurrency-product' in project 'Principle'
➜ Explicit dependency on target 'PrincipleConcurrency' in project 'Principle'
Target 'PrincipleConcurrency' in project 'Principle' (no dependencies)
Target 'ProbingMacros' in project 'Probing' (no dependencies)
GatherProvisioningInputs
CreateBuildDescription
ClangStatCache /Applications/Xcode-27.0.0-Release.Candidate.app/Contents/Developer/Toolchains/XcodeDefault.xctoolchain/usr/bin/clang-stat-cache /Applications/Xcode-27.0.0-Release.Candidate.app/Contents/Developer/Platforms/XROS.platform/Developer/SDKs/XROS27.0.sdk /Users/admin/builder/spi-builder-workspace/.derivedData/SDKStatCaches.noindex/xros27.0-24M361-e829b21a6f8c9b70876ba0858053c044735bd543db762f57723cac368afd1ce4.sdkstatcache
cd /Users/admin/builder/spi-builder-workspace/.swiftpm/xcode
/Applications/Xcode-27.0.0-Release.Candidate.app/Contents/Developer/Toolchains/XcodeDefault.xctoolchain/usr/bin/clang-stat-cache /Applications/Xcode-27.0.0-Release.Candidate.app/Contents/Developer/Platforms/XROS.platform/Developer/SDKs/XROS27.0.sdk -o /Users/admin/builder/spi-builder-workspace/.derivedData/SDKStatCaches.noindex/xros27.0-24M361-e829b21a6f8c9b70876ba0858053c044735bd543db762f57723cac368afd1ce4.sdkstatcache
ClangStatCache /Applications/Xcode-27.0.0-Release.Candidate.app/Contents/Developer/Toolchains/XcodeDefault.xctoolchain/usr/bin/clang-stat-cache /Applications/Xcode-27.0.0-Release.Candidate.app/Contents/Developer/Platforms/MacOSX.platform/Developer/SDKs/MacOSX27.0.sdk /Users/admin/builder/spi-builder-workspace/.derivedData/SDKStatCaches.noindex/macosx27.0-26A425-e829b21a6f8c9b70876ba0858053c0446a22442a12e9d48fe1a705f55a1adfc4.sdkstatcache
cd /Users/admin/builder/spi-builder-workspace/.swiftpm/xcode
/Applications/Xcode-27.0.0-Release.Candidate.app/Contents/Developer/Toolchains/XcodeDefault.xctoolchain/usr/bin/clang-stat-cache /Applications/Xcode-27.0.0-Release.Candidate.app/Contents/Developer/Platforms/MacOSX.platform/Developer/SDKs/MacOSX27.0.sdk -o /Users/admin/builder/spi-builder-workspace/.derivedData/SDKStatCaches.noindex/macosx27.0-26A425-e829b21a6f8c9b70876ba0858053c0446a22442a12e9d48fe1a705f55a1adfc4.sdkstatcache
SwiftDriver PrincipleConcurrency normal arm64 com.apple.xcode.tools.swift.compiler (in target 'PrincipleConcurrency' from project 'Principle')
cd /Users/admin/builder/spi-builder-workspace/.swiftpm/xcode
builtin-SwiftDriver -- /Applications/Xcode-27.0.0-Release.Candidate.app/Contents/Developer/Toolchains/XcodeDefault.xctoolchain/usr/bin/swiftc -parse-as-library -module-name PrincipleConcurrency -Onone @/Users/admin/builder/spi-builder-workspace/.derivedData/Build/Intermediates.noindex/Principle.build/Debug-xros/PrincipleConcurrency-t.build/Objects-normal/arm64/PrincipleConcurrency.SwiftFileList -DSWIFT_PACKAGE -DDEBUG -DSWIFT_MODULE_RESOURCE_BUNDLE_UNAVAILABLE -DXcode -enable-upcoming-feature ExistentialAny -enable-upcoming-feature MemberImportVisibility -enable-upcoming-feature NonisolatedNonsendingByDefault -plugin-path /Applications/Xcode-27.0.0-Release.Candidate.app/Contents/Developer/Toolchains/XcodeDefault.xctoolchain/usr/lib/swift/host/plugins/testing -enable-experimental-feature DebugDescriptionMacro -sdk /Applications/Xcode-27.0.0-Release.Candidate.app/Contents/Developer/Platforms/XROS.platform/Developer/SDKs/XROS27.0.sdk -target arm64-apple-xros2.0 -g -module-cache-path /Users/admin/builder/spi-builder-workspace/.derivedData/ModuleCache.noindex -Xfrontend -serialize-debugging-options -profile-coverage-mapping -profile-generate -enable-testing -suppress-warnings -index-store-path /Users/admin/builder/spi-builder-workspace/.derivedData/Index.noindex/DataStore -Xcc -D_LIBCPP_HARDENING_MODE\=_LIBCPP_HARDENING_MODE_DEBUG -swift-version 6 -I /Users/admin/builder/spi-builder-workspace/.derivedData/Build/Products/Debug-xros -Isystem /Applications/Xcode-27.0.0-Release.Candidate.app/Contents/Developer/Platforms/XROS.platform/Developer/usr/lib -F /Users/admin/builder/spi-builder-workspace/.derivedData/Build/Products/Debug-xros -F /Applications/Xcode-27.0.0-Release.Candidate.app/Contents/Developer/Platforms/XROS.platform/Developer/Library/Frameworks -F /Applications/Xcode-27.0.0-Release.Candidate.app/Contents/Developer/Platforms/XROS.platform/Developer/SDKs/XROS27.0.sdk/Developer/Library/Frameworks -c -j10 -enable-batch-mode -incremental -Xcc -ivfsstatcache -Xcc /Users/admin/builder/spi-builder-workspace/.derivedData/SDKStatCaches.noindex/xros27.0-24M361-e829b21a6f8c9b70876ba0858053c044735bd543db762f57723cac368afd1ce4.sdkstatcache -output-file-map /Users/admin/builder/spi-builder-workspace/.derivedData/Build/Intermediates.noindex/Principle.build/Debug-xros/PrincipleConcurrency-t.build/Objects-normal/arm64/PrincipleConcurrency-OutputFileMap.json -save-temps -no-color-diagnostics -explicit-module-build -module-cache-path /Users/admin/builder/spi-builder-workspace/.derivedData/Build/Intermediates.noindex/SwiftExplicitPrecompiledModules -clang-scanner-module-cache-path /Users/admin/builder/spi-builder-workspace/.derivedData/ModuleCache.noindex -sdk-module-cache-path /Users/admin/builder/spi-builder-workspace/.derivedData/SDKExplicitPrecompiledModules -emit-dependencies -emit-module -emit-module-path /Users/admin/builder/spi-builder-workspace/.derivedData/Build/Intermediates.noindex/Principle.build/Debug-xros/PrincipleConcurrency-t.build/Objects-normal/arm64/PrincipleConcurrency.swiftmodule -serialize-diagnostics -dependency-scan-serialize-diagnostics-path /Users/admin/builder/spi-builder-workspace/.derivedData/Build/Intermediates.noindex/Principle.build/Debug-xros/PrincipleConcurrency-t.build/Objects-normal/arm64/PrincipleConcurrency-dependency-scan.dia -user-module-version 2.0.0 -validate-clang-modules-once -clang-build-session-file /Users/admin/builder/spi-builder-workspace/.derivedData/ModuleCache.noindex/Session.modulevalidation -Xcc -fmodules-prune-interval\=86400 -Xcc -fmodules-prune-after\=345600 -package-name principle -emit-const-values -const-gather-protocols-list /Users/admin/builder/spi-builder-workspace/.derivedData/Build/Intermediates.noindex/Principle.build/Debug-xros/PrincipleConcurrency-t.build/Objects-normal/arm64/PrincipleConcurrency_const_extract_protocols.json -Xcc -I/Users/admin/builder/spi-builder-workspace/.derivedData/Build/Products/Debug-xros/include -Xcc -I/Users/admin/builder/spi-builder-workspace/.derivedData/Build/Intermediates.noindex/Principle.build/Debug-xros/PrincipleConcurrency-t.build/DerivedSources-normal/arm64 -Xcc -I/Users/admin/builder/spi-builder-workspace/.derivedData/Build/Intermediates.noindex/Principle.build/Debug-xros/PrincipleConcurrency-t.build/DerivedSources/arm64 -Xcc -I/Users/admin/builder/spi-builder-workspace/.derivedData/Build/Intermediates.noindex/Principle.build/Debug-xros/PrincipleConcurrency-t.build/DerivedSources -Xcc -DSWIFT_PACKAGE -Xcc -DDEBUG\=1 -emit-objc-header -emit-objc-header-path /Users/admin/builder/spi-builder-workspace/.derivedData/Build/Intermediates.noindex/Principle.build/Debug-xros/PrincipleConcurrency-t.build/Objects-normal/arm64/PrincipleConcurrency-Swift.h -working-directory /Users/admin/builder/spi-builder-workspace/.swiftpm/xcode -experimental-emit-module-separately -disable-cmo
SwiftDriver PrincipleCollections normal arm64 com.apple.xcode.tools.swift.compiler (in target 'PrincipleCollections' from project 'Principle')
cd /Users/admin/builder/spi-builder-workspace/.swiftpm/xcode
builtin-SwiftDriver -- /Applications/Xcode-27.0.0-Release.Candidate.app/Contents/Developer/Toolchains/XcodeDefault.xctoolchain/usr/bin/swiftc -parse-as-library -module-name PrincipleCollections -Onone @/Users/admin/builder/spi-builder-workspace/.derivedData/Build/Intermediates.noindex/Principle.build/Debug-xros/PrincipleCollections-t.build/Objects-normal/arm64/PrincipleCollections.SwiftFileList -DSWIFT_PACKAGE -DDEBUG -DSWIFT_MODULE_RESOURCE_BUNDLE_UNAVAILABLE -DXcode -enable-upcoming-feature ExistentialAny -enable-upcoming-feature MemberImportVisibility -enable-upcoming-feature NonisolatedNonsendingByDefault -plugin-path /Applications/Xcode-27.0.0-Release.Candidate.app/Contents/Developer/Toolchains/XcodeDefault.xctoolchain/usr/lib/swift/host/plugins/testing -enable-experimental-feature DebugDescriptionMacro -sdk /Applications/Xcode-27.0.0-Release.Candidate.app/Contents/Developer/Platforms/XROS.platform/Developer/SDKs/XROS27.0.sdk -target arm64-apple-xros2.0 -g -module-cache-path /Users/admin/builder/spi-builder-workspace/.derivedData/ModuleCache.noindex -Xfrontend -serialize-debugging-options -profile-coverage-mapping -profile-generate -enable-testing -suppress-warnings -index-store-path /Users/admin/builder/spi-builder-workspace/.derivedData/Index.noindex/DataStore -Xcc -D_LIBCPP_HARDENING_MODE\=_LIBCPP_HARDENING_MODE_DEBUG -swift-version 6 -I /Users/admin/builder/spi-builder-workspace/.derivedData/Build/Products/Debug-xros -Isystem /Applications/Xcode-27.0.0-Release.Candidate.app/Contents/Developer/Platforms/XROS.platform/Developer/usr/lib -F /Users/admin/builder/spi-builder-workspace/.derivedData/Build/Products/Debug-xros -F /Applications/Xcode-27.0.0-Release.Candidate.app/Contents/Developer/Platforms/XROS.platform/Developer/Library/Frameworks -F /Applications/Xcode-27.0.0-Release.Candidate.app/Contents/Developer/Platforms/XROS.platform/Developer/SDKs/XROS27.0.sdk/Developer/Library/Frameworks -c -j10 -enable-batch-mode -incremental -Xcc -ivfsstatcache -Xcc /Users/admin/builder/spi-builder-workspace/.derivedData/SDKStatCaches.noindex/xros27.0-24M361-e829b21a6f8c9b70876ba0858053c044735bd543db762f57723cac368afd1ce4.sdkstatcache -output-file-map /Users/admin/builder/spi-builder-workspace/.derivedData/Build/Intermediates.noindex/Principle.build/Debug-xros/PrincipleCollections-t.build/Objects-normal/arm64/PrincipleCollections-OutputFileMap.json -save-temps -no-color-diagnostics -explicit-module-build -module-cache-path /Users/admin/builder/spi-builder-workspace/.derivedData/Build/Intermediates.noindex/SwiftExplicitPrecompiledModules -clang-scanner-module-cache-path /Users/admin/builder/spi-builder-workspace/.derivedData/ModuleCache.noindex -sdk-module-cache-path /Users/admin/builder/spi-builder-workspace/.derivedData/SDKExplicitPrecompiledModules -emit-dependencies -emit-module -emit-module-path /Users/admin/builder/spi-builder-workspace/.derivedData/Build/Intermediates.noindex/Principle.build/Debug-xros/PrincipleCollections-t.build/Objects-normal/arm64/PrincipleCollections.swiftmodule -serialize-diagnostics -dependency-scan-serialize-diagnostics-path /Users/admin/builder/spi-builder-workspace/.derivedData/Build/Intermediates.noindex/Principle.build/Debug-xros/PrincipleCollections-t.build/Objects-normal/arm64/PrincipleCollections-dependency-scan.dia -user-module-version 2.0.0 -validate-clang-modules-once -clang-build-session-file /Users/admin/builder/spi-builder-workspace/.derivedData/ModuleCache.noindex/Session.modulevalidation -Xcc -fmodules-prune-interval\=86400 -Xcc -fmodules-prune-after\=345600 -package-name principle -emit-const-values -const-gather-protocols-list /Users/admin/builder/spi-builder-workspace/.derivedData/Build/Intermediates.noindex/Principle.build/Debug-xros/PrincipleCollections-t.build/Objects-normal/arm64/PrincipleCollections_const_extract_protocols.json -Xcc -I/Users/admin/builder/spi-builder-workspace/.derivedData/Build/Products/Debug-xros/include -Xcc -I/Users/admin/builder/spi-builder-workspace/.derivedData/Build/Intermediates.noindex/Principle.build/Debug-xros/PrincipleCollections-t.build/DerivedSources-normal/arm64 -Xcc -I/Users/admin/builder/spi-builder-workspace/.derivedData/Build/Intermediates.noindex/Principle.build/Debug-xros/PrincipleCollections-t.build/DerivedSources/arm64 -Xcc -I/Users/admin/builder/spi-builder-workspace/.derivedData/Build/Intermediates.noindex/Principle.build/Debug-xros/PrincipleCollections-t.build/DerivedSources -Xcc -DSWIFT_PACKAGE -Xcc -DDEBUG\=1 -emit-objc-header -emit-objc-header-path /Users/admin/builder/spi-builder-workspace/.derivedData/Build/Intermediates.noindex/Principle.build/Debug-xros/PrincipleCollections-t.build/Objects-normal/arm64/PrincipleCollections-Swift.h -working-directory /Users/admin/builder/spi-builder-workspace/.swiftpm/xcode -experimental-emit-module-separately -disable-cmo
SwiftDriver ProbingMacros normal arm64 com.apple.xcode.tools.swift.compiler (in target 'ProbingMacros' from project 'Probing')
cd /Users/admin/builder/spi-builder-workspace/.swiftpm/xcode
builtin-SwiftDriver -- /Applications/Xcode-27.0.0-Release.Candidate.app/Contents/Developer/Toolchains/XcodeDefault.xctoolchain/usr/bin/swiftc -parse-as-library -module-name ProbingMacros -Onone @/Users/admin/builder/spi-builder-workspace/.derivedData/Build/Intermediates.noindex/Probing.build/Debug/ProbingMacros-t.build/Objects-normal/arm64/ProbingMacros.SwiftFileList -DSWIFT_PACKAGE -DDEBUG -DXcode -enable-upcoming-feature ExistentialAny -enable-upcoming-feature MemberImportVisibility -I /Users/admin/builder/spi-builder-workspace/.dependencies/prebuilts/swift-syntax/602.0.0/swiftlang-6.4.0.34.1-macosx27.0-MacroSupport/Modules -I /Users/admin/builder/spi-builder-workspace/.dependencies/checkouts/swift-syntax/Sources/_SwiftLibraryPluginProviderCShims/include -I /Users/admin/builder/spi-builder-workspace/.dependencies/checkouts/swift-syntax/Sources/_SwiftSyntaxCShims/include -plugin-path /Applications/Xcode-27.0.0-Release.Candidate.app/Contents/Developer/Toolchains/XcodeDefault.xctoolchain/usr/lib/swift/host/plugins/testing -enable-experimental-feature DebugDescriptionMacro -sdk /Applications/Xcode-27.0.0-Release.Candidate.app/Contents/Developer/Platforms/MacOSX.platform/Developer/SDKs/MacOSX27.0.sdk -target arm64-apple-macos15.0 -g -module-cache-path /Users/admin/builder/spi-builder-workspace/.derivedData/ModuleCache.noindex -Xfrontend -serialize-debugging-options -profile-coverage-mapping -profile-generate -enable-testing -index-store-path /Users/admin/builder/spi-builder-workspace/.derivedData/Index.noindex/DataStore -Xcc -D_LIBCPP_HARDENING_MODE\=_LIBCPP_HARDENING_MODE_DEBUG -swift-version 6 -I /Users/admin/builder/spi-builder-workspace/.derivedData/Build/Products/Debug -Isystem /Applications/Xcode-27.0.0-Release.Candidate.app/Contents/Developer/Platforms/MacOSX.platform/Developer/usr/lib -F /Users/admin/builder/spi-builder-workspace/.derivedData/Build/Products/Debug -F /Applications/Xcode-27.0.0-Release.Candidate.app/Contents/Developer/Platforms/MacOSX.platform/Developer/Library/Frameworks -c -j10 -enable-batch-mode -incremental -Xcc -ivfsstatcache -Xcc /Users/admin/builder/spi-builder-workspace/.derivedData/SDKStatCaches.noindex/macosx27.0-26A425-e829b21a6f8c9b70876ba0858053c0446a22442a12e9d48fe1a705f55a1adfc4.sdkstatcache -output-file-map /Users/admin/builder/spi-builder-workspace/.derivedData/Build/Intermediates.noindex/Probing.build/Debug/ProbingMacros-t.build/Objects-normal/arm64/ProbingMacros-OutputFileMap.json -save-temps -no-color-diagnostics -explicit-module-build -module-cache-path /Users/admin/builder/spi-builder-workspace/.derivedData/Build/Intermediates.noindex/SwiftExplicitPrecompiledModules -clang-scanner-module-cache-path /Users/admin/builder/spi-builder-workspace/.derivedData/ModuleCache.noindex -sdk-module-cache-path /Users/admin/builder/spi-builder-workspace/.derivedData/SDKExplicitPrecompiledModules -emit-dependencies -emit-module -emit-module-path /Users/admin/builder/spi-builder-workspace/.derivedData/Build/Intermediates.noindex/Probing.build/Debug/ProbingMacros-t.build/Objects-normal/arm64/ProbingMacros.swiftmodule -serialize-diagnostics -dependency-scan-serialize-diagnostics-path /Users/admin/builder/spi-builder-workspace/.derivedData/Build/Intermediates.noindex/Probing.build/Debug/ProbingMacros-t.build/Objects-normal/arm64/ProbingMacros-dependency-scan.dia -validate-clang-modules-once -clang-build-session-file /Users/admin/builder/spi-builder-workspace/.derivedData/ModuleCache.noindex/Session.modulevalidation -Xcc -fmodules-prune-interval\=86400 -Xcc -fmodules-prune-after\=345600 -package-name spi_builder_workspace -emit-const-values -const-gather-protocols-list /Users/admin/builder/spi-builder-workspace/.derivedData/Build/Intermediates.noindex/Probing.build/Debug/ProbingMacros-t.build/Objects-normal/arm64/ProbingMacros_const_extract_protocols.json -Xcc -I/Users/admin/builder/spi-builder-workspace/.derivedData/Build/Products/Debug/include -Xcc -I/Users/admin/builder/spi-builder-workspace/.derivedData/Build/Intermediates.noindex/Probing.build/Debug/ProbingMacros-t.build/DerivedSources-normal/arm64 -Xcc -I/Users/admin/builder/spi-builder-workspace/.derivedData/Build/Intermediates.noindex/Probing.build/Debug/ProbingMacros-t.build/DerivedSources/arm64 -Xcc -I/Users/admin/builder/spi-builder-workspace/.derivedData/Build/Intermediates.noindex/Probing.build/Debug/ProbingMacros-t.build/DerivedSources -Xcc -DSWIFT_PACKAGE -Xcc -DDEBUG\=1 -working-directory /Users/admin/builder/spi-builder-workspace/.swiftpm/xcode -experimental-emit-module-separately -disable-cmo
SwiftCompile normal arm64 Compiling\ DeadlineExceededError.swift /Users/admin/builder/spi-builder-workspace/.dependencies/checkouts/Principle/Sources/PrincipleConcurrency/DeadlineExceededError.swift (in target 'PrincipleConcurrency' from project 'Principle')
SwiftCompile normal arm64 /Users/admin/builder/spi-builder-workspace/.dependencies/checkouts/Principle/Sources/PrincipleConcurrency/DeadlineExceededError.swift (in target 'PrincipleConcurrency' from project 'Principle')
cd /Users/admin/builder/spi-builder-workspace/.swiftpm/xcode
builtin-SwiftPerFileCompile DeadlineExceededError.swift
SwiftCompile normal arm64 Compiling\ TaskTimeLimit.swift /Users/admin/builder/spi-builder-workspace/.dependencies/checkouts/Principle/Sources/PrincipleConcurrency/TaskTimeLimit.swift (in target 'PrincipleConcurrency' from project 'Principle')
SwiftCompile normal arm64 /Users/admin/builder/spi-builder-workspace/.dependencies/checkouts/Principle/Sources/PrincipleConcurrency/TaskTimeLimit.swift (in target 'PrincipleConcurrency' from project 'Principle')
cd /Users/admin/builder/spi-builder-workspace/.swiftpm/xcode
builtin-SwiftPerFileCompile TaskTimeLimit.swift
SwiftEmitModule normal arm64 Emitting\ module\ for\ PrincipleConcurrency (in target 'PrincipleConcurrency' from project 'Principle')
SwiftCompile normal arm64 (in target 'PrincipleConcurrency' from project 'Principle')
cd /Users/admin/builder/spi-builder-workspace/.swiftpm/xcode
SwiftCompile normal arm64 Compiling\ TimeoutError.swift /Users/admin/builder/spi-builder-workspace/.dependencies/checkouts/Principle/Sources/PrincipleConcurrency/TimeoutError.swift (in target 'PrincipleConcurrency' from project 'Principle')
SwiftCompile normal arm64 /Users/admin/builder/spi-builder-workspace/.dependencies/checkouts/Principle/Sources/PrincipleConcurrency/TimeoutError.swift (in target 'PrincipleConcurrency' from project 'Principle')
cd /Users/admin/builder/spi-builder-workspace/.swiftpm/xcode
builtin-SwiftPerFileCompile TimeoutError.swift
SwiftCompile normal arm64 Compiling\ SingleUseTransfer.swift /Users/admin/builder/spi-builder-workspace/.dependencies/checkouts/Principle/Sources/PrincipleConcurrency/SingleUseTransfer.swift (in target 'PrincipleConcurrency' from project 'Principle')
/Users/admin/builder/spi-builder-workspace/.dependencies/checkouts/Principle/Sources/PrincipleConcurrency/SingleUseTransfer.swift:86:20: error: returning 'wrapped' as a 'sending' result risks causing data races [#RegionIsolation]
84 | case let .some(wrapped):
85 | self = .init()
86 | return wrapped
| |- error: returning 'wrapped' as a 'sending' result risks causing data races [#RegionIsolation]
| `- note: returning 'wrapped' risks causing data races since the caller assumes that 'wrapped' can be safely sent to other isolation domains
87 | }
88 | }
[#RegionIsolation]: <https://docs.swift.org/compiler/documentation/diagnostics/region-isolation>
Failed frontend command:
/Applications/Xcode-27.0.0-Release.Candidate.app/Contents/Developer/Toolchains/XcodeDefault.xctoolchain/usr/bin/swift-frontend -frontend -c /Users/admin/builder/spi-builder-workspace/.dependencies/checkouts/Principle/Sources/PrincipleConcurrency/DeadlineExceededError.swift -primary-file /Users/admin/builder/spi-builder-workspace/.dependencies/checkouts/Principle/Sources/PrincipleConcurrency/SingleUseTransfer.swift /Users/admin/builder/spi-builder-workspace/.dependencies/checkouts/Principle/Sources/PrincipleConcurrency/TaskTimeLimit.swift /Users/admin/builder/spi-builder-workspace/.dependencies/checkouts/Principle/Sources/PrincipleConcurrency/TimeoutError.swift -emit-dependencies-path /Users/admin/builder/spi-builder-workspace/.derivedData/Build/Intermediates.noindex/Principle.build/Debug-xros/PrincipleConcurrency-t.build/Objects-normal/arm64/SingleUseTransfer.d -emit-const-values-path /Users/admin/builder/spi-builder-workspace/.derivedData/Build/Intermediates.noindex/Principle.build/Debug-xros/PrincipleConcurrency-t.build/Objects-normal/arm64/SingleUseTransfer.swiftconstvalues -emit-reference-dependencies-path /Users/admin/builder/spi-builder-workspace/.derivedData/Build/Intermediates.noindex/Principle.build/Debug-xros/PrincipleConcurrency-t.build/Objects-normal/arm64/SingleUseTransfer.swiftdeps -serialize-diagnostics-path /Users/admin/builder/spi-builder-workspace/.derivedData/Build/Intermediates.noindex/Principle.build/Debug-xros/PrincipleConcurrency-t.build/Objects-normal/arm64/SingleUseTransfer.dia -target arm64-apple-xros2.0 -disable-cross-import-overlay-search -load-resolved-plugin /Applications/Xcode-27.0.0-Release.Candidate.app/Contents/Developer/Platforms/XROS.platform/Developer/usr/lib/swift/host/plugins/libSwiftMacros.dylib\#/Applications/Xcode-27.0.0-Release.Candidate.app/Contents/Developer/Platforms/XROS.platform/Developer/usr/bin/swift-plugin-server\#SwiftMacros -disable-implicit-swift-modules -Xcc -fno-implicit-modules -Xcc -fno-implicit-module-maps -explicit-swift-module-map-file /Users/admin/builder/spi-builder-workspace/.derivedData/Build/Intermediates.noindex/Principle.build/Debug-xros/PrincipleConcurrency-t.build/Objects-normal/arm64/PrincipleConcurrency-dependencies-1.json -Xllvm -aarch64-use-tbi -enable-objc-interop -stack-check -sdk /Applications/Xcode-27.0.0-Release.Candidate.app/Contents/Developer/Platforms/XROS.platform/Developer/SDKs/XROS27.0.sdk -I /Users/admin/builder/spi-builder-workspace/.derivedData/Build/Products/Debug-xros -Isystem /Applications/Xcode-27.0.0-Release.Candidate.app/Contents/Developer/Platforms/XROS.platform/Developer/usr/lib -F /Users/admin/builder/spi-builder-workspace/.derivedData/Build/Products/Debug-xros -F /Applications/Xcode-27.0.0-Release.Candidate.app/Contents/Developer/Platforms/XROS.platform/Developer/Library/Frameworks -F /Applications/Xcode-27.0.0-Release.Candidate.app/Contents/Developer/Platforms/XROS.platform/Developer/SDKs/XROS27.0.sdk/Developer/Library/Frameworks -module-cache-path /Users/admin/builder/spi-builder-workspace/.derivedData/Build/Intermediates.noindex/SwiftExplicitPrecompiledModules -no-color-diagnostics -Xcc -fno-color-diagnostics -enable-testing -g -debug-info-format\=dwarf -dwarf-version\=5 -suppress-warnings -profile-generate -profile-coverage-mapping -swift-version 6 -Onone -D SWIFT_PACKAGE -D DEBUG -D SWIFT_MODULE_RESOURCE_BUNDLE_UNAVAILABLE -D Xcode -serialize-debugging-options -enable-upcoming-feature ExistentialAny -enable-upcoming-feature MemberImportVisibility -enable-upcoming-feature NonisolatedNonsendingByDefault -enable-experimental-feature DebugDescriptionMacro -empty-abi-descriptor -user-module-version 2.0.0 -validate-clang-modules-once -clang-build-session-file /Users/admin/builder/spi-builder-workspace/.derivedData/ModuleCache.noindex/Session.modulevalidation -Xcc -working-directory -Xcc /Users/admin/builder/spi-builder-workspace/.swiftpm/xcode -enable-anonymous-context-mangled-names -file-compilation-dir /Users/admin/builder/spi-builder-workspace/.swiftpm/xcode -Xcc -D_LIBCPP_HARDENING_MODE\=_LIBCPP_HARDENING_MODE_DEBUG -Xcc -ivfsstatcache -Xcc /Users/admin/builder/spi-builder-workspace/.derivedData/SDKStatCaches.noindex/xros27.0-24M361-e829b21a6f8c9b70876ba0858053c044735bd543db762f57723cac368afd1ce4.sdkstatcache -Xcc -fmodules-prune-interval\=86400 -Xcc -fmodules-prune-after\=345600 -Xcc -I/Users/admin/builder/spi-builder-workspace/.derivedData/Build/Products/Debug-xros/include -Xcc -I/Users/admin/builder/spi-builder-workspace/.derivedData/Build/Intermediates.noindex/Principle.build/Debug-xros/PrincipleConcurrency-t.build/DerivedSources-normal/arm64 -Xcc -I/Users/admin/builder/spi-builder-workspace/.derivedData/Build/Intermediates.noindex/Principle.build/Debug-xros/PrincipleConcurrency-t.build/DerivedSources/arm64 -Xcc -I/Users/admin/builder/spi-builder-workspace/.derivedData/Build/Intermediates.noindex/Principle.build/Debug-xros/PrincipleConcurrency-t.build/DerivedSources -Xcc -DSWIFT_PACKAGE -Xcc -DDEBUG\=1 -no-auto-bridging-header-chaining -module-name PrincipleConcurrency -package-name principle -const-gather-protocols-file /Users/admin/builder/spi-builder-workspace/.derivedData/Build/Intermediates.noindex/Principle.build/Debug-xros/PrincipleConcurrency-t.build/Objects-normal/arm64/PrincipleConcurrency_const_extract_protocols.json -disable-clang-spi -clang-target arm64-apple-xros27.0 -target-sdk-version 27.0 -target-sdk-name xros27.0 -in-process-plugin-server-path /Applications/Xcode-27.0.0-Release.Candidate.app/Contents/Developer/Toolchains/XcodeDefault.xctoolchain/usr/lib/swift/host/libSwiftInProcPluginServer.dylib -parse-as-library -o /Users/admin/builder/spi-builder-workspace/.derivedData/Build/Intermediates.noindex/Principle.build/Debug-xros/PrincipleConcurrency-t.build/Objects-normal/arm64/SingleUseTransfer.o -debug-module-path /Users/admin/builder/spi-builder-workspace/.derivedData/Build/Intermediates.noindex/Principle.build/Debug-xros/PrincipleConcurrency-t.build/Objects-normal/arm64/PrincipleConcurrency.swiftmodule -index-unit-output-path /Principle.build/Debug-xros/PrincipleConcurrency-t.build/Objects-normal/arm64/SingleUseTransfer.o -index-store-path /Users/admin/builder/spi-builder-workspace/.derivedData/Index.noindex/DataStore -index-system-modules
SwiftCompile normal arm64 /Users/admin/builder/spi-builder-workspace/.dependencies/checkouts/Principle/Sources/PrincipleConcurrency/SingleUseTransfer.swift (in target 'PrincipleConcurrency' from project 'Principle')
cd /Users/admin/builder/spi-builder-workspace/.swiftpm/xcode
builtin-SwiftPerFileCompile SingleUseTransfer.swift
SwiftExplicitDependencyGeneratePcm arm64 /Users/admin/builder/spi-builder-workspace/.derivedData/SDKExplicitPrecompiledModules/ptrcheck-98Y8DWD0HPCMRMDFKAEZCA81O.pcm
SwiftExplicitDependencyGeneratePcm arm64 /Users/admin/builder/spi-builder-workspace/.derivedData/SDKExplicitPrecompiledModules/_AvailabilityInternal-6BH9T8OE123ARKKFOJFR111NS.pcm
SwiftExplicitDependencyGeneratePcm arm64 /Users/admin/builder/spi-builder-workspace/.derivedData/SDKExplicitPrecompiledModules/_Builtin_stddef-2IE0R9M96I5XG0WY72N2UIQ8V.pcm
SwiftExplicitDependencyGeneratePcm arm64 /Users/admin/builder/spi-builder-workspace/.derivedData/SDKExplicitPrecompiledModules/_Builtin_stdarg-62NPPE4D8O3BNLU35D74TGLVQ.pcm
SwiftExplicitDependencyGeneratePcm arm64 /Users/admin/builder/spi-builder-workspace/.derivedData/SDKExplicitPrecompiledModules/_Builtin_stdbool-1Q6BTYNEVHC9M74WL5O5GJ1ZM.pcm
PruneExplicitPrecompiledModules /Users/admin/builder/spi-builder-workspace/.derivedData/Build/Intermediates.noindex/SwiftExplicitPrecompiledModules
PruneExplicitPrecompiledModules /Users/admin/builder/spi-builder-workspace/.derivedData/SDKExplicitPrecompiledModules
PruneExplicitPrecompiledModules /Users/admin/builder/spi-builder-workspace/.derivedData/Build/Intermediates.noindex/ExplicitPrecompiledModules
2026-09-23 06:29:35.430 xcodebuild[817:5016] [MT] IDERunDestination: Supported platforms for the buildables in the current scheme is empty.
** BUILD FAILED **
The following build commands failed:
SwiftCompile normal arm64 Compiling\ SingleUseTransfer.swift /Users/admin/builder/spi-builder-workspace/.dependencies/checkouts/Principle/Sources/PrincipleConcurrency/SingleUseTransfer.swift (in target 'PrincipleConcurrency' from project 'Principle')
SwiftCompile normal arm64 /Users/admin/builder/spi-builder-workspace/.dependencies/checkouts/Principle/Sources/PrincipleConcurrency/SingleUseTransfer.swift (in target 'PrincipleConcurrency' from project 'Principle')
Building workspace Probing with scheme Probing-Package
(3 failures)
BUILD FAILURE 6.4 visionOS