Build Information
Failed to build carton, reference main (abc86e), with Swift 6.4 for watchOS using Xcode 27.0 on 21 Sep 2026 14:56:04 UTC.
Build Command
env DEVELOPER_DIR=/Applications/Xcode-27.0.0-Release.Candidate.app xcrun xcodebuild -IDEClonedSourcePackagesDirPathOverride=$PWD/.dependencies -skipMacroValidation -skipPackagePluginValidation -derivedDataPath $PWD/.derivedData build -scheme carton-Package -destination generic/platform=watchOSBuild Log
SwiftDriverJobDiscovery normal arm64 Compiling TypeSectionReader.swift, VectorSectionReader.swift (in target 'WasmTransformer' from project 'WasmTransformer')
SwiftCompile normal arm64_32 Compiling\ OutputWriter.swift,\ CodeSectionReader.swift /Users/admin/builder/spi-builder-workspace/.dependencies/checkouts/WasmTransformer/Sources/WasmTransformer/OutputWriter.swift /Users/admin/builder/spi-builder-workspace/.dependencies/checkouts/WasmTransformer/Sources/WasmTransformer/Readers/CodeSectionReader.swift (in target 'WasmTransformer' from project 'WasmTransformer')
SwiftCompile normal arm64_32 /Users/admin/builder/spi-builder-workspace/.dependencies/checkouts/WasmTransformer/Sources/WasmTransformer/OutputWriter.swift (in target 'WasmTransformer' from project 'WasmTransformer')
cd /Users/admin/builder/spi-builder-workspace/.swiftpm/xcode
builtin-SwiftPerFileCompile OutputWriter.swift
SwiftCompile normal arm64_32 /Users/admin/builder/spi-builder-workspace/.dependencies/checkouts/WasmTransformer/Sources/WasmTransformer/Readers/CodeSectionReader.swift (in target 'WasmTransformer' from project 'WasmTransformer')
cd /Users/admin/builder/spi-builder-workspace/.swiftpm/xcode
builtin-SwiftPerFileCompile CodeSectionReader.swift
SwiftCompile normal arm64 Compiling\ CustomSectionStripper.swift,\ I64ImportTransformer.swift /Users/admin/builder/spi-builder-workspace/.dependencies/checkouts/WasmTransformer/Sources/WasmTransformer/Transformers/CustomSectionStripper.swift /Users/admin/builder/spi-builder-workspace/.dependencies/checkouts/WasmTransformer/Sources/WasmTransformer/Transformers/I64ImportTransformer.swift (in target 'WasmTransformer' from project 'WasmTransformer')
SwiftCompile normal arm64 /Users/admin/builder/spi-builder-workspace/.dependencies/checkouts/WasmTransformer/Sources/WasmTransformer/Transformers/CustomSectionStripper.swift (in target 'WasmTransformer' from project 'WasmTransformer')
cd /Users/admin/builder/spi-builder-workspace/.swiftpm/xcode
builtin-SwiftPerFileCompile CustomSectionStripper.swift
SwiftCompile normal arm64 /Users/admin/builder/spi-builder-workspace/.dependencies/checkouts/WasmTransformer/Sources/WasmTransformer/Transformers/I64ImportTransformer.swift (in target 'WasmTransformer' from project 'WasmTransformer')
cd /Users/admin/builder/spi-builder-workspace/.swiftpm/xcode
builtin-SwiftPerFileCompile I64ImportTransformer.swift
PruneExplicitPrecompiledModules /Users/admin/builder/spi-builder-workspace/.derivedData/SDKExplicitPrecompiledModules
PruneExplicitPrecompiledModules /Users/admin/builder/spi-builder-workspace/.derivedData/Build/Intermediates.noindex/ExplicitPrecompiledModules
PruneExplicitPrecompiledModules /Users/admin/builder/spi-builder-workspace/.derivedData/Build/Intermediates.noindex/SwiftExplicitPrecompiledModules
2026-09-21 10:55:33.587 xcodebuild[957:5622] [MT] IDERunDestination: Supported platforms for the buildables in the current scheme is empty.
** BUILD FAILED **
The following build commands failed:
SwiftEmitModule normal arm64_32 Emitting\ module\ for\ CartonCore (in target 'CartonCore' from project 'carton')
SwiftCompile normal arm64_32 (in target 'CartonCore' from project 'carton')
Building workspace carton with scheme carton-Package
(3 failures)
Command line invocation:
/Applications/Xcode-27.0.0-Release.Candidate.app/Contents/Developer/usr/bin/xcodebuild -IDEClonedSourcePackagesDirPathOverride=/Users/admin/builder/spi-builder-workspace/.dependencies -resolvePackageDependencies
Resolve Package Graph
Resolved source packages:
swift-system: https://github.com/apple/swift-system.git @ 1.8.1
swift-collections: https://github.com/apple/swift-collections.git @ 1.6.0
swift-nio: https://github.com/apple/swift-nio.git @ 2.103.0
swift-atomics: https://github.com/apple/swift-atomics.git @ 1.3.1
WasmTransformer: https://github.com/swiftwasm/WasmTransformer @ 0.5.0
swift-argument-parser: https://github.com/apple/swift-argument-parser.git @ 1.3.1
carton: /Users/admin/builder/spi-builder-workspace
resolved source packages: swift-system, swift-collections, swift-nio, swift-atomics, WasmTransformer, swift-argument-parser, carton
2026-09-21 10:55:52.082 xcodebuild[1357:7578] [MT] IDERunDestination: Supported platforms for the buildables in the current scheme is empty.
{
"dependencies" : [
{
"identity" : "swift-argument-parser",
"requirement" : {
"range" : [
{
"lower_bound" : "1.3.0",
"upper_bound" : "1.4.0"
}
]
},
"type" : "sourceControl",
"url" : "https://github.com/apple/swift-argument-parser.git"
},
{
"identity" : "swift-nio",
"requirement" : {
"range" : [
{
"lower_bound" : "2.34.0",
"upper_bound" : "3.0.0"
}
]
},
"type" : "sourceControl",
"url" : "https://github.com/apple/swift-nio.git"
},
{
"identity" : "wasmtransformer",
"requirement" : {
"range" : [
{
"lower_bound" : "0.5.0",
"upper_bound" : "0.6.0"
}
]
},
"type" : "sourceControl",
"url" : "https://github.com/swiftwasm/WasmTransformer"
}
],
"manifest_display_name" : "carton",
"name" : "carton",
"path" : "/Users/admin/builder/spi-builder-workspace",
"platforms" : [
{
"name" : "macos",
"version" : "13.0"
}
],
"products" : [
{
"name" : "carton",
"targets" : [
"carton"
],
"type" : {
"executable" : null
}
},
{
"name" : "carton-release",
"targets" : [
"carton-release"
],
"type" : {
"executable" : null
}
},
{
"name" : "CartonBundlePlugin",
"targets" : [
"CartonBundlePlugin"
],
"type" : {
"plugin" : null
}
},
{
"name" : "CartonTestPlugin",
"targets" : [
"CartonTestPlugin"
],
"type" : {
"plugin" : null
}
},
{
"name" : "CartonDevPlugin",
"targets" : [
"CartonDevPlugin"
],
"type" : {
"plugin" : null
}
},
{
"name" : "carton-plugin-helper",
"targets" : [
"carton-plugin-helper"
],
"type" : {
"executable" : null
}
},
{
"name" : "carton-frontend-slim",
"targets" : [
"carton-frontend-slim"
],
"type" : {
"executable" : null
}
},
{
"name" : "carton-frontend",
"targets" : [
"carton-frontend"
],
"type" : {
"executable" : null
}
}
],
"targets" : [
{
"c99name" : "carton_release",
"module_type" : "SwiftTarget",
"name" : "carton-release",
"path" : "Sources/carton-release",
"product_dependencies" : [
"ArgumentParser"
],
"product_memberships" : [
"carton-release"
],
"sources" : [
"CartonReleaseCommand.swift",
"HashArchive.swift"
],
"target_dependencies" : [
"CartonHelpers",
"CartonCore"
],
"type" : "executable"
},
{
"c99name" : "carton_plugin_helper",
"module_type" : "SwiftTarget",
"name" : "carton-plugin-helper",
"path" : "Sources/carton-plugin-helper",
"product_memberships" : [
"carton-plugin-helper"
],
"sources" : [
"main.swift"
],
"type" : "executable"
},
{
"c99name" : "carton_frontend_slim",
"module_type" : "SwiftTarget",
"name" : "carton-frontend-slim",
"path" : "Sources/carton-frontend-slim",
"product_dependencies" : [
"ArgumentParser",
"WasmTransformer"
],
"product_memberships" : [
"CartonBundlePlugin",
"CartonTestPlugin",
"carton-frontend-slim"
],
"sources" : [
"BundleLayout.swift",
"CartonFrontendBundleCommand.swift",
"CartonFrontendSlimCommand.swift",
"CartonFrontendTestCommand.swift",
"TestRunners/CommandTestRunner.swift",
"TestRunners/JavaScriptTestRunner.swift",
"TestRunners/String+Regex.swift",
"TestRunners/String+color.swift",
"TestRunners/TestRunner.swift",
"TestRunners/TestsParser.swift"
],
"target_dependencies" : [
"CartonHelpers"
],
"type" : "executable"
},
{
"c99name" : "carton_frontend",
"module_type" : "SwiftTarget",
"name" : "carton-frontend",
"path" : "Sources/carton-frontend",
"product_memberships" : [
"CartonDevPlugin",
"carton-frontend"
],
"sources" : [
"main.swift"
],
"target_dependencies" : [
"CartonFrontend"
],
"type" : "executable"
},
{
"c99name" : "carton",
"module_type" : "SwiftTarget",
"name" : "carton",
"path" : "Sources/carton",
"product_memberships" : [
"carton"
],
"sources" : [
"main.swift"
],
"target_dependencies" : [
"CartonDriver"
],
"type" : "executable"
},
{
"c99name" : "WebDriverTests",
"module_type" : "SwiftTarget",
"name" : "WebDriverTests",
"path" : "Tests/WebDriverTests",
"sources" : [
"WebDriverClientTests.swift"
],
"target_dependencies" : [
"WebDriver"
],
"type" : "test"
},
{
"c99name" : "WebDriver",
"module_type" : "SwiftTarget",
"name" : "WebDriver",
"path" : "Sources/WebDriver",
"product_dependencies" : [
"NIO"
],
"sources" : [
"CommandWebDriverService.swift",
"CurlWebDriverHTTPClient.swift",
"RemoteWebDriverService.swift",
"URLSessionAsync.swift",
"URLSessionWebDriverHTTPClient.swift",
"WebDriverClient.swift",
"WebDriverError.swift",
"WebDriverHTTPClient.swift",
"WebDriverService.swift"
],
"target_dependencies" : [
"CartonHelpers"
],
"type" : "library"
},
{
"c99name" : "TSCclibc",
"module_type" : "ClangTarget",
"name" : "TSCclibc",
"path" : "Sources/TSCclibc",
"product_memberships" : [
"carton-release",
"CartonBundlePlugin",
"CartonTestPlugin",
"CartonDevPlugin",
"carton-frontend-slim",
"carton-frontend"
],
"sources" : [
"process.c.c"
],
"type" : "library"
},
{
"c99name" : "TSCLibc",
"module_type" : "SwiftTarget",
"name" : "TSCLibc",
"path" : "Sources/TSCLibc",
"product_memberships" : [
"carton-release",
"CartonBundlePlugin",
"CartonTestPlugin",
"CartonDevPlugin",
"carton-frontend-slim",
"carton-frontend"
],
"sources" : [
"libc.swift"
],
"type" : "library"
},
{
"c99name" : "SwiftToolchain",
"module_type" : "SwiftTarget",
"name" : "SwiftToolchain",
"path" : "Sources/SwiftToolchain",
"product_memberships" : [
"carton"
],
"sources" : [
"AsyncFileDownload.swift",
"ToolchainInstallation.swift",
"ToolchainManagement.swift",
"ToolchainResolver.swift",
"URLSession.swift",
"Utilities/ProgressAnimation.swift"
],
"target_dependencies" : [
"CartonCore"
],
"type" : "library"
},
{
"c99name" : "CartonTests",
"module_type" : "SwiftTarget",
"name" : "CartonTests",
"path" : "Tests/CartonTests",
"product_dependencies" : [
"ArgumentParser"
],
"sources" : [
"CartonTests.swift",
"ProcessTests.swift",
"StackTraceTests.swift"
],
"target_dependencies" : [
"CartonFrontend",
"CartonHelpers"
],
"type" : "test"
},
{
"c99name" : "CartonTestPlugin",
"module_type" : "PluginTarget",
"name" : "CartonTestPlugin",
"path" : "Plugins/CartonTestPlugin",
"plugin_capability" : {
"intent" : {
"description" : "Run the tests in a WASI environment.",
"type" : "custom",
"verb" : "carton-test"
},
"permissions" : [
],
"type" : "command"
},
"product_memberships" : [
"CartonTestPlugin"
],
"sources" : [
"CartonCore/Environment.swift",
"CartonCore/FileSystem+traverseRecursively.swift",
"CartonCore/FoundationProcessEx.swift",
"CartonCore/InteractiveWriter.swift",
"CartonCore/Misc.swift",
"CartonCore/TerminalController.swift",
"CartonPluginShared/PluginShared.swift",
"CartonTestPluginCommand.swift"
],
"target_dependencies" : [
"carton-frontend-slim"
],
"type" : "plugin"
},
{
"c99name" : "CartonKit",
"module_type" : "SwiftTarget",
"name" : "CartonKit",
"path" : "Sources/CartonKit",
"product_dependencies" : [
"NIOWebSocket",
"NIOHTTP1",
"NIO",
"ArgumentParser",
"WasmTransformer"
],
"product_memberships" : [
"CartonDevPlugin",
"carton-frontend"
],
"sources" : [
"Model/Entrypoint.swift",
"Parsers/ChromeStackTrace.swift",
"Parsers/FirefoxStackTrace.swift",
"Parsers/SafariStackTrace.swift",
"Parsers/StackTrace.swift",
"Server/ContentTypes.swift",
"Server/Environment+UserAgent.swift",
"Server/Server.swift",
"Server/ServerHTTPHandler.swift",
"Server/ServerWebSocketHandler.swift",
"Utilities/FSWatch.swift"
],
"target_dependencies" : [
"CartonHelpers"
],
"type" : "library"
},
{
"c99name" : "CartonHelpers",
"module_type" : "SwiftTarget",
"name" : "CartonHelpers",
"path" : "Sources/CartonHelpers",
"product_memberships" : [
"carton-release",
"CartonBundlePlugin",
"CartonTestPlugin",
"CartonDevPlugin",
"carton-frontend-slim",
"carton-frontend"
],
"sources" : [
"Basics/ByteString.swift",
"Basics/CStringArray.swift",
"Basics/Closable.swift",
"Basics/CollectionExtensions.swift",
"Basics/Condition.swift",
"Basics/FileInfo.swift",
"Basics/FileSystem.swift",
"Basics/HashAlgorithms.swift",
"Basics/Lock.swift",
"Basics/Path.swift",
"Basics/PathShims.swift",
"Basics/Process/Process.swift",
"Basics/Process/ProcessEnv.swift",
"Basics/StringConversions.swift",
"Basics/Thread.swift",
"Basics/WritableByteStream.swift",
"Basics/misc.swift",
"HTML.swift",
"Process+run.swift",
"ProcessEx.swift",
"Retry.swift",
"StaticArchive.swift"
],
"target_dependencies" : [
"TSCclibc",
"TSCLibc",
"CartonCore"
],
"type" : "library"
},
{
"c99name" : "CartonFrontend",
"module_type" : "SwiftTarget",
"name" : "CartonFrontend",
"path" : "Sources/CartonFrontend",
"product_memberships" : [
"CartonDevPlugin",
"carton-frontend"
],
"sources" : [
"CartonFrontendCommand.swift",
"Commands/CartonFrontendDevCommand.swift"
],
"target_dependencies" : [
"CartonKit"
],
"type" : "library"
},
{
"c99name" : "CartonDriver",
"module_type" : "SwiftTarget",
"name" : "CartonDriver",
"path" : "Sources/CartonDriver",
"product_memberships" : [
"carton"
],
"sources" : [
"CartonDriverCommand.swift"
],
"target_dependencies" : [
"SwiftToolchain"
],
"type" : "library"
},
{
"c99name" : "CartonDevPlugin",
"module_type" : "PluginTarget",
"name" : "CartonDevPlugin",
"path" : "Plugins/CartonDevPlugin",
"plugin_capability" : {
"intent" : {
"description" : "Watch the current directory, host the app, rebuild on change.",
"type" : "custom",
"verb" : "carton-dev"
},
"permissions" : [
],
"type" : "command"
},
"product_memberships" : [
"CartonDevPlugin"
],
"sources" : [
"CartonCore/Environment.swift",
"CartonCore/FileSystem+traverseRecursively.swift",
"CartonCore/FoundationProcessEx.swift",
"CartonCore/InteractiveWriter.swift",
"CartonCore/Misc.swift",
"CartonCore/TerminalController.swift",
"CartonDevPluginCommand.swift",
"CartonPluginShared/PluginShared.swift"
],
"target_dependencies" : [
"carton-frontend"
],
"type" : "plugin"
},
{
"c99name" : "CartonCore",
"module_type" : "SwiftTarget",
"name" : "CartonCore",
"path" : "Sources/CartonCore",
"product_memberships" : [
"carton",
"carton-release",
"CartonBundlePlugin",
"CartonTestPlugin",
"CartonDevPlugin",
"carton-frontend-slim",
"carton-frontend"
],
"sources" : [
"Environment.swift",
"FileSystem+traverseRecursively.swift",
"FoundationProcessEx.swift",
"InteractiveWriter.swift",
"Misc.swift",
"TerminalController.swift"
],
"type" : "library"
},
{
"c99name" : "CartonCommandTests",
"module_type" : "SwiftTarget",
"name" : "CartonCommandTests",
"path" : "Tests/CartonCommandTests",
"product_dependencies" : [
"ArgumentParser"
],
"sources" : [
"BundleCommandTests.swift",
"CommandTestHelper.swift",
"DevCommandTests.swift",
"FrontendDevServerTests.swift",
"TestCommandTests.swift",
"Testable.swift"
],
"target_dependencies" : [
"CartonFrontend",
"SwiftToolchain",
"WebDriver"
],
"type" : "test"
},
{
"c99name" : "CartonBundlePlugin",
"module_type" : "PluginTarget",
"name" : "CartonBundlePlugin",
"path" : "Plugins/CartonBundlePlugin",
"plugin_capability" : {
"intent" : {
"description" : "Produces an optimized app bundle for distribution.",
"type" : "custom",
"verb" : "carton-bundle"
},
"permissions" : [
],
"type" : "command"
},
"product_memberships" : [
"CartonBundlePlugin"
],
"sources" : [
"CartonBundlePluginCommand.swift",
"CartonCore/Environment.swift",
"CartonCore/FileSystem+traverseRecursively.swift",
"CartonCore/FoundationProcessEx.swift",
"CartonCore/InteractiveWriter.swift",
"CartonCore/Misc.swift",
"CartonCore/TerminalController.swift",
"CartonPluginShared/PluginShared.swift"
],
"target_dependencies" : [
"carton-frontend-slim"
],
"type" : "plugin"
}
],
"tools_version" : "5.8"
}
{
"workspace" : {
"name" : "carton",
"schemes" : [
"carton",
"carton-frontend",
"carton-frontend-slim",
"carton-Package",
"carton-plugin-helper",
"carton-release"
]
}
}
2026-09-21 10:55:57.053 xcodebuild[1392:7808] [MT] IDERunDestination: Supported platforms for the buildables in the current scheme is empty.
Running build ...
env DEVELOPER_DIR=/Applications/Xcode-27.0.0-Release.Candidate.app xcrun xcodebuild -IDEClonedSourcePackagesDirPathOverride=$PWD/.dependencies -skipMacroValidation -skipPackagePluginValidation -derivedDataPath $PWD/.derivedData build -scheme carton-Package -destination generic/platform=watchOS
Command line invocation:
/Applications/Xcode-27.0.0-Release.Candidate.app/Contents/Developer/usr/bin/xcodebuild -IDEClonedSourcePackagesDirPathOverride=/Users/admin/builder/spi-builder-workspace/.dependencies -skipMacroValidation -skipPackagePluginValidation -derivedDataPath /Users/admin/builder/spi-builder-workspace/.derivedData build -scheme carton-Package -destination generic/platform=watchOS
Resolve Package Graph
Resolved source packages:
swift-nio: https://github.com/apple/swift-nio.git @ 2.103.0
swift-system: https://github.com/apple/swift-system.git @ 1.8.1
swift-collections: https://github.com/apple/swift-collections.git @ 1.6.0
carton: /Users/admin/builder/spi-builder-workspace
swift-argument-parser: https://github.com/apple/swift-argument-parser.git @ 1.3.1
WasmTransformer: https://github.com/swiftwasm/WasmTransformer @ 0.5.0
swift-atomics: https://github.com/apple/swift-atomics.git @ 1.3.1
ComputePackagePrebuildTargetDependencyGraph
Prepare packages
Compile plug-in “CartonBundlePlugin” in package “spi-builder-workspace”
[debug]: Compiling plugin to executable at /Users/admin/builder/spi-builder-workspace/.derivedData/Build/Products/PluginExecutables/CartonBundlePlugin
[debug]: Using compiler /Applications/Xcode-27.0.0-Release.Candidate.app/Contents/Developer/Toolchains/XcodeDefault.xctoolchain/usr/bin/swiftc
[debug]: Plugin compilation output directory '/Users/admin/builder/spi-builder-workspace/.derivedData/Build/Products/PluginExecutables'
[debug]: Computed hash of plugin compilation inputs: 2f3c97a5558054f3006fef15bb300fec7b6c22df398036493809043d1d0a840a
/Applications/Xcode-27.0.0-Release.Candidate.app/Contents/Developer/Toolchains/XcodeDefault.xctoolchain/usr/bin/swiftc -L /Applications/Xcode-27.0.0-Release.Candidate.app/Contents/SharedFrameworks/SwiftPM.framework/SharedSupport/PluginAPI -lPackagePlugin -Xlinker -rpath -Xlinker /Applications/Xcode-27.0.0-Release.Candidate.app/Contents/SharedFrameworks/SwiftPM.framework/SharedSupport/PluginAPI -target arm64-apple-macos14.0 -plugin-path /Applications/Xcode-27.0.0-Release.Candidate.app/Contents/Developer/Toolchains/XcodeDefault.xctoolchain/usr/lib/swift/host/plugins/testing -sdk /Applications/Xcode-27.0.0-Release.Candidate.app/Contents/Developer/Platforms/MacOSX.platform/Developer/SDKs/MacOSX27.0.sdk -g -swift-version 5 -package-description-version 5.8.0 -I /Applications/Xcode-27.0.0-Release.Candidate.app/Contents/SharedFrameworks/SwiftPM.framework/SharedSupport/PluginAPI -sdk /Applications/Xcode-27.0.0-Release.Candidate.app/Contents/Developer/Platforms/MacOSX.platform/Developer/SDKs/MacOSX27.0.sdk -parse-as-library -j10 -Xfrontend -serialize-diagnostics-path -Xfrontend /Users/admin/builder/spi-builder-workspace/.derivedData/Build/Products/PluginExecutables/CartonDevPlugin.dia /Users/admin/builder/spi-builder-workspace/Plugins/CartonDevPlugin/CartonCore/Environment.swift /Users/admin/builder/spi-builder-workspace/Plugins/CartonDevPlugin/CartonCore/FileSystem+traverseRecursively.swift /Users/admin/builder/spi-builder-workspace/Plugins/CartonDevPlugin/CartonCore/FoundationProcessEx.swift /Users/admin/builder/spi-builder-workspace/Plugins/CartonDevPlugin/CartonCore/InteractiveWriter.swift /Users/admin/builder/spi-builder-workspace/Plugins/CartonDevPlugin/CartonCore/Misc.swift /Users/admin/builder/spi-builder-workspace/Plugins/CartonDevPlugin/CartonCore/TerminalController.swift /Users/admin/builder/spi-builder-workspace/Plugins/CartonDevPlugin/CartonDevPluginCommand.swift /Users/admin/builder/spi-builder-workspace/Plugins/CartonDevPlugin/CartonPluginShared/PluginShared.swift -o /Users/admin/builder/spi-builder-workspace/.derivedData/Build/Products/PluginExecutables/CartonDevPlugin
[debug]: Compiling plugin to executable at /Users/admin/builder/spi-builder-workspace/.derivedData/Build/Products/PluginExecutables/CartonDevPlugin
[debug]: Using compiler /Applications/Xcode-27.0.0-Release.Candidate.app/Contents/Developer/Toolchains/XcodeDefault.xctoolchain/usr/bin/swiftc
[debug]: Plugin compilation output directory '/Users/admin/builder/spi-builder-workspace/.derivedData/Build/Products/PluginExecutables'
[debug]: Computed hash of plugin compilation inputs: 3b85d35e0e88e25afd8d268da7983fbc9ed0c1c380a190dd6fec1cc71fc8a800
/Applications/Xcode-27.0.0-Release.Candidate.app/Contents/Developer/Toolchains/XcodeDefault.xctoolchain/usr/bin/swiftc -L /Applications/Xcode-27.0.0-Release.Candidate.app/Contents/SharedFrameworks/SwiftPM.framework/SharedSupport/PluginAPI -lPackagePlugin -Xlinker -rpath -Xlinker /Applications/Xcode-27.0.0-Release.Candidate.app/Contents/SharedFrameworks/SwiftPM.framework/SharedSupport/PluginAPI -target arm64-apple-macos14.0 -plugin-path /Applications/Xcode-27.0.0-Release.Candidate.app/Contents/Developer/Toolchains/XcodeDefault.xctoolchain/usr/lib/swift/host/plugins/testing -sdk /Applications/Xcode-27.0.0-Release.Candidate.app/Contents/Developer/Platforms/MacOSX.platform/Developer/SDKs/MacOSX27.0.sdk -g -swift-version 5 -package-description-version 5.8.0 -I /Applications/Xcode-27.0.0-Release.Candidate.app/Contents/SharedFrameworks/SwiftPM.framework/SharedSupport/PluginAPI -sdk /Applications/Xcode-27.0.0-Release.Candidate.app/Contents/Developer/Platforms/MacOSX.platform/Developer/SDKs/MacOSX27.0.sdk -parse-as-library -j10 -Xfrontend -serialize-diagnostics-path -Xfrontend /Users/admin/builder/spi-builder-workspace/.derivedData/Build/Products/PluginExecutables/CartonTestPlugin.dia /Users/admin/builder/spi-builder-workspace/Plugins/CartonTestPlugin/CartonCore/Environment.swift /Users/admin/builder/spi-builder-workspace/Plugins/CartonTestPlugin/CartonCore/FileSystem+traverseRecursively.swift /Users/admin/builder/spi-builder-workspace/Plugins/CartonTestPlugin/CartonCore/FoundationProcessEx.swift /Users/admin/builder/spi-builder-workspace/Plugins/CartonTestPlugin/CartonCore/InteractiveWriter.swift /Users/admin/builder/spi-builder-workspace/Plugins/CartonTestPlugin/CartonCore/Misc.swift /Users/admin/builder/spi-builder-workspace/Plugins/CartonTestPlugin/CartonCore/TerminalController.swift /Users/admin/builder/spi-builder-workspace/Plugins/CartonTestPlugin/CartonPluginShared/PluginShared.swift /Users/admin/builder/spi-builder-workspace/Plugins/CartonTestPlugin/CartonTestPluginCommand.swift -o /Users/admin/builder/spi-builder-workspace/.derivedData/Build/Products/PluginExecutables/CartonTestPlugin
[debug]: Compiling plugin to executable at /Users/admin/builder/spi-builder-workspace/.derivedData/Build/Products/PluginExecutables/CartonTestPlugin
[debug]: Using compiler /Applications/Xcode-27.0.0-Release.Candidate.app/Contents/Developer/Toolchains/XcodeDefault.xctoolchain/usr/bin/swiftc
[debug]: Plugin compilation output directory '/Users/admin/builder/spi-builder-workspace/.derivedData/Build/Products/PluginExecutables'
[debug]: Computed hash of plugin compilation inputs: 2461cac1d0ce8a7638fb84cff2ea4dfe2ace1445110d8e1e6a819db52b417162
Process build tool plug-in results
CreateBuildRequest
SendProjectDescription
CreateBuildOperation
ComputeTargetDependencyGraph
note: Building targets in dependency order
note: Target dependency graph (48 targets)
Target 'carton-frontend-product' in project 'carton'
➜ Explicit dependency on target 'TSCclibc' in project 'carton'
➜ Explicit dependency on target 'TSCLibc' in project 'carton'
➜ Explicit dependency on target 'CartonCore' in project 'carton'
➜ Explicit dependency on target 'CartonHelpers' in project 'carton'
➜ Explicit dependency on target 'CartonKit' in project 'carton'
➜ Explicit dependency on target 'CartonFrontend' in project 'carton'
➜ Explicit dependency on target 'NIOWebSocket-product' in project 'swift-nio'
➜ Explicit dependency on target 'NIOHTTP1-product' in project 'swift-nio'
➜ Explicit dependency on target 'NIO-product' in project 'swift-nio'
➜ Explicit dependency on target 'ArgumentParser-product' in project 'swift-argument-parser'
➜ Explicit dependency on target 'WasmTransformer-product' in project 'WasmTransformer'
Target 'CartonFrontend' in project 'carton'
➜ Explicit dependency on target 'TSCclibc' in project 'carton'
➜ Explicit dependency on target 'TSCLibc' in project 'carton'
➜ Explicit dependency on target 'CartonCore' in project 'carton'
➜ Explicit dependency on target 'CartonHelpers' in project 'carton'
➜ Explicit dependency on target 'CartonKit' in project 'carton'
➜ Explicit dependency on target 'NIOWebSocket-product' in project 'swift-nio'
➜ Explicit dependency on target 'NIOHTTP1-product' in project 'swift-nio'
➜ Explicit dependency on target 'NIO-product' in project 'swift-nio'
➜ Explicit dependency on target 'ArgumentParser-product' in project 'swift-argument-parser'
➜ Explicit dependency on target 'WasmTransformer-product' in project 'WasmTransformer'
Target 'CartonKit' in project 'carton'
➜ Explicit dependency on target 'TSCclibc' in project 'carton'
➜ Explicit dependency on target 'TSCLibc' in project 'carton'
➜ Explicit dependency on target 'CartonCore' in project 'carton'
➜ Explicit dependency on target 'CartonHelpers' in project 'carton'
➜ Explicit dependency on target 'NIOWebSocket-product' in project 'swift-nio'
➜ Explicit dependency on target 'NIOHTTP1-product' in project 'swift-nio'
➜ Explicit dependency on target 'NIO-product' in project 'swift-nio'
➜ Explicit dependency on target 'ArgumentParser-product' in project 'swift-argument-parser'
➜ Explicit dependency on target 'WasmTransformer-product' in project 'WasmTransformer'
Target 'NIO-product' in project 'swift-nio'
➜ Explicit dependency on target 'NIO' in project 'swift-nio'
➜ Explicit dependency on target 'CNIOAtomics' in project 'swift-nio'
➜ Explicit dependency on target 'NIOConcurrencyHelpers' in project 'swift-nio'
➜ Explicit dependency on target '_NIOBase64' in project 'swift-nio'
➜ Explicit dependency on target 'CNIOOpenBSD' in project 'swift-nio'
➜ Explicit dependency on target 'CNIOFreeBSD' in project 'swift-nio'
➜ Explicit dependency on target 'CNIODarwin' in project 'swift-nio'
➜ Explicit dependency on target 'CNIOLinux' in project 'swift-nio'
➜ Explicit dependency on target 'CNIOWindows' in project 'swift-nio'
➜ Explicit dependency on target 'CNIOWASI' in project 'swift-nio'
➜ Explicit dependency on target '_NIODataStructures' in project 'swift-nio'
➜ Explicit dependency on target 'NIOCore' in project 'swift-nio'
➜ Explicit dependency on target 'NIOEmbedded' in project 'swift-nio'
➜ Explicit dependency on target 'CNIOPosix' in project 'swift-nio'
➜ Explicit dependency on target 'NIOPosix' in project 'swift-nio'
➜ Explicit dependency on target 'DequeModule-product' in project 'swift-collections'
➜ Explicit dependency on target 'Atomics-product' in project 'swift-atomics'
Target 'NIOHTTP1-product' in project 'swift-nio'
➜ Explicit dependency on target 'NIOHTTP1' in project 'swift-nio'
➜ Explicit dependency on target 'CNIOAtomics' in project 'swift-nio'
➜ Explicit dependency on target 'NIOConcurrencyHelpers' in project 'swift-nio'
➜ Explicit dependency on target '_NIOBase64' in project 'swift-nio'
➜ Explicit dependency on target 'CNIOOpenBSD' in project 'swift-nio'
➜ Explicit dependency on target 'CNIOFreeBSD' in project 'swift-nio'
➜ Explicit dependency on target 'CNIODarwin' in project 'swift-nio'
➜ Explicit dependency on target 'CNIOLinux' in project 'swift-nio'
➜ Explicit dependency on target 'CNIOWindows' in project 'swift-nio'
➜ Explicit dependency on target 'CNIOWASI' in project 'swift-nio'
➜ Explicit dependency on target '_NIODataStructures' in project 'swift-nio'
➜ Explicit dependency on target 'NIOCore' in project 'swift-nio'
➜ Explicit dependency on target 'NIOEmbedded' in project 'swift-nio'
➜ Explicit dependency on target 'CNIOPosix' in project 'swift-nio'
➜ Explicit dependency on target 'NIOPosix' in project 'swift-nio'
➜ Explicit dependency on target 'NIO' in project 'swift-nio'
➜ Explicit dependency on target 'CNIOLLHTTP' in project 'swift-nio'
➜ Explicit dependency on target 'DequeModule-product' in project 'swift-collections'
➜ Explicit dependency on target 'Atomics-product' in project 'swift-atomics'
Target 'NIOWebSocket-product' in project 'swift-nio'
➜ Explicit dependency on target 'NIOWebSocket' in project 'swift-nio'
➜ Explicit dependency on target 'CNIOAtomics' in project 'swift-nio'
➜ Explicit dependency on target 'NIOConcurrencyHelpers' in project 'swift-nio'
➜ Explicit dependency on target '_NIOBase64' in project 'swift-nio'
➜ Explicit dependency on target 'CNIOOpenBSD' in project 'swift-nio'
➜ Explicit dependency on target 'CNIOFreeBSD' in project 'swift-nio'
➜ Explicit dependency on target 'CNIODarwin' in project 'swift-nio'
➜ Explicit dependency on target 'CNIOLinux' in project 'swift-nio'
➜ Explicit dependency on target 'CNIOWindows' in project 'swift-nio'
➜ Explicit dependency on target 'CNIOWASI' in project 'swift-nio'
➜ Explicit dependency on target '_NIODataStructures' in project 'swift-nio'
➜ Explicit dependency on target 'NIOCore' in project 'swift-nio'
➜ Explicit dependency on target 'NIOEmbedded' in project 'swift-nio'
➜ Explicit dependency on target 'CNIOPosix' in project 'swift-nio'
➜ Explicit dependency on target 'NIOPosix' in project 'swift-nio'
➜ Explicit dependency on target 'NIO' in project 'swift-nio'
➜ Explicit dependency on target 'CNIOLLHTTP' in project 'swift-nio'
➜ Explicit dependency on target 'NIOHTTP1' in project 'swift-nio'
➜ Explicit dependency on target 'CNIOSHA1' in project 'swift-nio'
➜ Explicit dependency on target 'DequeModule-product' in project 'swift-collections'
➜ Explicit dependency on target 'Atomics-product' in project 'swift-atomics'
Target 'NIOWebSocket' in project 'swift-nio'
➜ Explicit dependency on target 'CNIOAtomics' in project 'swift-nio'
➜ Explicit dependency on target 'NIOConcurrencyHelpers' in project 'swift-nio'
➜ Explicit dependency on target '_NIOBase64' in project 'swift-nio'
➜ Explicit dependency on target 'CNIOOpenBSD' in project 'swift-nio'
➜ Explicit dependency on target 'CNIOFreeBSD' in project 'swift-nio'
➜ Explicit dependency on target 'CNIODarwin' in project 'swift-nio'
➜ Explicit dependency on target 'CNIOLinux' in project 'swift-nio'
➜ Explicit dependency on target 'CNIOWindows' in project 'swift-nio'
➜ Explicit dependency on target 'CNIOWASI' in project 'swift-nio'
➜ Explicit dependency on target '_NIODataStructures' in project 'swift-nio'
➜ Explicit dependency on target 'NIOCore' in project 'swift-nio'
➜ Explicit dependency on target 'NIOEmbedded' in project 'swift-nio'
➜ Explicit dependency on target 'CNIOPosix' in project 'swift-nio'
➜ Explicit dependency on target 'NIOPosix' in project 'swift-nio'
➜ Explicit dependency on target 'NIO' in project 'swift-nio'
➜ Explicit dependency on target 'CNIOLLHTTP' in project 'swift-nio'
➜ Explicit dependency on target 'NIOHTTP1' in project 'swift-nio'
➜ Explicit dependency on target 'CNIOSHA1' in project 'swift-nio'
➜ Explicit dependency on target 'DequeModule-product' in project 'swift-collections'
➜ Explicit dependency on target 'Atomics-product' in project 'swift-atomics'
Target 'CNIOSHA1' in project 'swift-nio' (no dependencies)
Target 'NIOHTTP1' in project 'swift-nio'
➜ Explicit dependency on target 'CNIOAtomics' in project 'swift-nio'
➜ Explicit dependency on target 'NIOConcurrencyHelpers' in project 'swift-nio'
➜ Explicit dependency on target '_NIOBase64' in project 'swift-nio'
➜ Explicit dependency on target 'CNIOOpenBSD' in project 'swift-nio'
➜ Explicit dependency on target 'CNIOFreeBSD' in project 'swift-nio'
➜ Explicit dependency on target 'CNIODarwin' in project 'swift-nio'
➜ Explicit dependency on target 'CNIOLinux' in project 'swift-nio'
➜ Explicit dependency on target 'CNIOWindows' in project 'swift-nio'
➜ Explicit dependency on target 'CNIOWASI' in project 'swift-nio'
➜ Explicit dependency on target '_NIODataStructures' in project 'swift-nio'
➜ Explicit dependency on target 'NIOCore' in project 'swift-nio'
➜ Explicit dependency on target 'NIOEmbedded' in project 'swift-nio'
➜ Explicit dependency on target 'CNIOPosix' in project 'swift-nio'
➜ Explicit dependency on target 'NIOPosix' in project 'swift-nio'
➜ Explicit dependency on target 'NIO' in project 'swift-nio'
➜ Explicit dependency on target 'CNIOLLHTTP' in project 'swift-nio'
➜ Explicit dependency on target 'DequeModule-product' in project 'swift-collections'
➜ Explicit dependency on target 'Atomics-product' in project 'swift-atomics'
Target 'CNIOLLHTTP' in project 'swift-nio' (no dependencies)
Target 'NIO' in project 'swift-nio'
➜ Explicit dependency on target 'CNIOAtomics' in project 'swift-nio'
➜ Explicit dependency on target 'NIOConcurrencyHelpers' in project 'swift-nio'
➜ Explicit dependency on target '_NIOBase64' in project 'swift-nio'
➜ Explicit dependency on target 'CNIOOpenBSD' in project 'swift-nio'
➜ Explicit dependency on target 'CNIOFreeBSD' in project 'swift-nio'
➜ Explicit dependency on target 'CNIODarwin' in project 'swift-nio'
➜ Explicit dependency on target 'CNIOLinux' in project 'swift-nio'
➜ Explicit dependency on target 'CNIOWindows' in project 'swift-nio'
➜ Explicit dependency on target 'CNIOWASI' in project 'swift-nio'
➜ Explicit dependency on target '_NIODataStructures' in project 'swift-nio'
➜ Explicit dependency on target 'NIOCore' in project 'swift-nio'
➜ Explicit dependency on target 'NIOEmbedded' in project 'swift-nio'
➜ Explicit dependency on target 'CNIOPosix' in project 'swift-nio'
➜ Explicit dependency on target 'NIOPosix' in project 'swift-nio'
➜ Explicit dependency on target 'DequeModule-product' in project 'swift-collections'
➜ Explicit dependency on target 'Atomics-product' in project 'swift-atomics'
Target 'NIOPosix' in project 'swift-nio'
➜ Explicit dependency on target 'swift-nio_NIOPosix' in project 'swift-nio'
➜ Explicit dependency on target 'CNIOOpenBSD' in project 'swift-nio'
➜ Explicit dependency on target 'CNIOLinux' in project 'swift-nio'
➜ Explicit dependency on target 'CNIODarwin' in project 'swift-nio'
➜ Explicit dependency on target 'CNIOWindows' in project 'swift-nio'
➜ Explicit dependency on target 'CNIOAtomics' in project 'swift-nio'
➜ Explicit dependency on target 'NIOConcurrencyHelpers' in project 'swift-nio'
➜ Explicit dependency on target '_NIOBase64' in project 'swift-nio'
➜ Explicit dependency on target 'CNIOFreeBSD' in project 'swift-nio'
➜ Explicit dependency on target 'CNIOWASI' in project 'swift-nio'
➜ Explicit dependency on target '_NIODataStructures' in project 'swift-nio'
➜ Explicit dependency on target 'NIOCore' in project 'swift-nio'
➜ Explicit dependency on target 'CNIOPosix' in project 'swift-nio'
➜ Explicit dependency on target 'DequeModule-product' in project 'swift-collections'
➜ Explicit dependency on target 'Atomics-product' in project 'swift-atomics'
Target 'swift-nio_NIOPosix' in project 'swift-nio' (no dependencies)
Target 'CNIOPosix' in project 'swift-nio' (no dependencies)
Target 'NIOEmbedded' in project 'swift-nio'
➜ Explicit dependency on target 'CNIOAtomics' in project 'swift-nio'
➜ Explicit dependency on target 'NIOConcurrencyHelpers' in project 'swift-nio'
➜ Explicit dependency on target '_NIOBase64' in project 'swift-nio'
➜ Explicit dependency on target 'CNIOOpenBSD' in project 'swift-nio'
➜ Explicit dependency on target 'CNIOFreeBSD' in project 'swift-nio'
➜ Explicit dependency on target 'CNIODarwin' in project 'swift-nio'
➜ Explicit dependency on target 'CNIOLinux' in project 'swift-nio'
➜ Explicit dependency on target 'CNIOWindows' in project 'swift-nio'
➜ Explicit dependency on target 'CNIOWASI' in project 'swift-nio'
➜ Explicit dependency on target '_NIODataStructures' in project 'swift-nio'
➜ Explicit dependency on target 'NIOCore' in project 'swift-nio'
➜ Explicit dependency on target 'DequeModule-product' in project 'swift-collections'
➜ Explicit dependency on target 'Atomics-product' in project 'swift-atomics'
Target 'NIOCore' in project 'swift-nio'
➜ Explicit dependency on target 'CNIOAtomics' in project 'swift-nio'
➜ Explicit dependency on target 'NIOConcurrencyHelpers' in project 'swift-nio'
➜ Explicit dependency on target '_NIOBase64' in project 'swift-nio'
➜ Explicit dependency on target 'CNIOOpenBSD' in project 'swift-nio'
➜ Explicit dependency on target 'CNIOFreeBSD' in project 'swift-nio'
➜ Explicit dependency on target 'CNIODarwin' in project 'swift-nio'
➜ Explicit dependency on target 'CNIOLinux' in project 'swift-nio'
➜ Explicit dependency on target 'CNIOWindows' in project 'swift-nio'
➜ Explicit dependency on target 'CNIOWASI' in project 'swift-nio'
➜ Explicit dependency on target '_NIODataStructures' in project 'swift-nio'
➜ Explicit dependency on target 'DequeModule-product' in project 'swift-collections'
➜ Explicit dependency on target 'Atomics-product' in project 'swift-atomics'
Target 'Atomics-product' in project 'swift-atomics'
➜ Explicit dependency on target 'Atomics' in project 'swift-atomics'
➜ Explicit dependency on target '_AtomicsShims' in project 'swift-atomics'
Target 'Atomics' in project 'swift-atomics'
➜ Explicit dependency on target '_AtomicsShims' in project 'swift-atomics'
Target '_AtomicsShims' in project 'swift-atomics' (no dependencies)
Target 'DequeModule-product' in project 'swift-collections'
➜ Explicit dependency on target 'DequeModule' in project 'swift-collections'
➜ Explicit dependency on target 'InternalCollectionsUtilities' in project 'swift-collections'
➜ Explicit dependency on target 'ContainersPreview' in project 'swift-collections'
Target 'DequeModule' in project 'swift-collections'
➜ Explicit dependency on target 'InternalCollectionsUtilities' in project 'swift-collections'
➜ Explicit dependency on target 'ContainersPreview' in project 'swift-collections'
Target 'ContainersPreview' in project 'swift-collections'
➜ Explicit dependency on target 'InternalCollectionsUtilities' in project 'swift-collections'
Target 'InternalCollectionsUtilities' in project 'swift-collections' (no dependencies)
Target '_NIODataStructures' in project 'swift-nio' (no dependencies)
Target 'CNIOWASI' in project 'swift-nio' (no dependencies)
Target 'CNIOWindows' in project 'swift-nio' (no dependencies)
Target 'CNIOLinux' in project 'swift-nio' (no dependencies)
Target 'CNIODarwin' in project 'swift-nio' (no dependencies)
Target 'CNIOFreeBSD' in project 'swift-nio' (no dependencies)
Target 'CNIOOpenBSD' in project 'swift-nio' (no dependencies)
Target '_NIOBase64' in project 'swift-nio' (no dependencies)
Target 'NIOConcurrencyHelpers' in project 'swift-nio'
➜ Explicit dependency on target 'CNIOAtomics' in project 'swift-nio'
Target 'CNIOAtomics' in project 'swift-nio' (no dependencies)
Target 'carton-frontend-slim-product' in project 'carton'
➜ Explicit dependency on target 'TSCclibc' in project 'carton'
➜ Explicit dependency on target 'TSCLibc' in project 'carton'
➜ Explicit dependency on target 'CartonCore' in project 'carton'
➜ Explicit dependency on target 'CartonHelpers' in project 'carton'
➜ Explicit dependency on target 'ArgumentParser-product' in project 'swift-argument-parser'
➜ Explicit dependency on target 'WasmTransformer-product' in project 'WasmTransformer'
Target 'WasmTransformer-product' in project 'WasmTransformer'
➜ Explicit dependency on target 'WasmTransformer' in project 'WasmTransformer'
Target 'WasmTransformer' in project 'WasmTransformer' (no dependencies)
Target 'carton-plugin-helper-product' in project 'carton' (no dependencies)
Target 'carton-release-product' in project 'carton'
➜ Explicit dependency on target 'TSCclibc' in project 'carton'
➜ Explicit dependency on target 'TSCLibc' in project 'carton'
➜ Explicit dependency on target 'CartonCore' in project 'carton'
➜ Explicit dependency on target 'CartonHelpers' in project 'carton'
➜ Explicit dependency on target 'ArgumentParser-product' in project 'swift-argument-parser'
Target 'ArgumentParser-product' in project 'swift-argument-parser'
➜ Explicit dependency on target 'ArgumentParser' in project 'swift-argument-parser'
➜ Explicit dependency on target 'ArgumentParserToolInfo' in project 'swift-argument-parser'
Target 'ArgumentParser' in project 'swift-argument-parser'
➜ Explicit dependency on target 'ArgumentParserToolInfo' in project 'swift-argument-parser'
Target 'ArgumentParserToolInfo' in project 'swift-argument-parser' (no dependencies)
Target 'CartonHelpers' in project 'carton'
➜ Explicit dependency on target 'TSCclibc' in project 'carton'
➜ Explicit dependency on target 'TSCLibc' in project 'carton'
➜ Explicit dependency on target 'CartonCore' in project 'carton'
Target 'TSCLibc' in project 'carton' (no dependencies)
Target 'TSCclibc' in project 'carton' (no dependencies)
Target 'carton-product' in project 'carton'
➜ Explicit dependency on target 'CartonCore' in project 'carton'
➜ Explicit dependency on target 'SwiftToolchain' in project 'carton'
➜ Explicit dependency on target 'CartonDriver' in project 'carton'
Target 'CartonDriver' in project 'carton'
➜ Explicit dependency on target 'CartonCore' in project 'carton'
➜ Explicit dependency on target 'SwiftToolchain' in project 'carton'
Target 'SwiftToolchain' in project 'carton'
➜ Explicit dependency on target 'CartonCore' in project 'carton'
Target 'CartonCore' in project 'carton' (no dependencies)
GatherProvisioningInputs
CreateBuildDescription
ClangStatCache /Applications/Xcode-27.0.0-Release.Candidate.app/Contents/Developer/Toolchains/XcodeDefault.xctoolchain/usr/bin/clang-stat-cache /Applications/Xcode-27.0.0-Release.Candidate.app/Contents/Developer/Platforms/WatchOS.platform/Developer/SDKs/WatchOS27.0.sdk /Users/admin/builder/spi-builder-workspace/.derivedData/SDKStatCaches.noindex/watchos27.0-24R360-e829b21a6f8c9b70876ba0858053c04477534ef55a1706bf4c1112bbb242f0a2.sdkstatcache
cd /Users/admin/builder/spi-builder-workspace/.swiftpm/xcode
/Applications/Xcode-27.0.0-Release.Candidate.app/Contents/Developer/Toolchains/XcodeDefault.xctoolchain/usr/bin/clang-stat-cache /Applications/Xcode-27.0.0-Release.Candidate.app/Contents/Developer/Platforms/WatchOS.platform/Developer/SDKs/WatchOS27.0.sdk -o /Users/admin/builder/spi-builder-workspace/.derivedData/SDKStatCaches.noindex/watchos27.0-24R360-e829b21a6f8c9b70876ba0858053c04477534ef55a1706bf4c1112bbb242f0a2.sdkstatcache
Ld /Users/admin/builder/spi-builder-workspace/.derivedData/Build/Intermediates.noindex/carton.build/Debug-watchos/carton-plugin-helper-p.build/Objects-normal/arm64_32/Binary/carton-plugin-helper normal arm64_32 (in target 'carton-plugin-helper-product' from project 'carton')
cd /Users/admin/builder/spi-builder-workspace
/Applications/Xcode-27.0.0-Release.Candidate.app/Contents/Developer/Toolchains/XcodeDefault.xctoolchain/usr/bin/swiftc -Xlinker -reproducible -target arm64_32-apple-watchos9.0 -emit-executable -sdk /Applications/Xcode-27.0.0-Release.Candidate.app/Contents/Developer/Platforms/WatchOS.platform/Developer/SDKs/WatchOS27.0.sdk -Xlinker -no_warn_duplicate_libraries -L/Users/admin/builder/spi-builder-workspace/.derivedData/Build/Intermediates.noindex/EagerLinkingTBDs/Debug-watchos -L/Users/admin/builder/spi-builder-workspace/.derivedData/Build/Products/Debug-watchos -L/Applications/Xcode-27.0.0-Release.Candidate.app/Contents/Developer/Platforms/WatchOS.platform/Developer/usr/lib -F/Users/admin/builder/spi-builder-workspace/.derivedData/Build/Intermediates.noindex/EagerLinkingTBDs/Debug-watchos -F/Users/admin/builder/spi-builder-workspace/.derivedData/Build/Products/Debug-watchos -Fsystem /Applications/Xcode-27.0.0-Release.Candidate.app/Contents/Developer/Platforms/WatchOS.platform/Developer/Library/Frameworks -Fsystem /Applications/Xcode-27.0.0-Release.Candidate.app/Contents/Developer/Platforms/WatchOS.platform/Developer/SDKs/WatchOS27.0.sdk/Developer/Library/Frameworks @/Users/admin/builder/spi-builder-workspace/.derivedData/Build/Intermediates.noindex/carton.build/Debug-watchos/carton-plugin-helper-p.build/Objects-normal/arm64_32/carton-plugin-helper.LinkFileList -Xlinker -rpath -Xlinker /usr/lib/swift -Xlinker -rpath -Xlinker @executable_path/../lib -Xlinker -dead_strip -Xlinker -object_path_lto -Xlinker /Users/admin/builder/spi-builder-workspace/.derivedData/Build/Intermediates.noindex/carton.build/Debug-watchos/carton-plugin-helper-p.build/Objects-normal/arm64_32/carton-plugin-helper_lto.o -Xclang-linker -rdynamic -Xlinker -no_deduplicate -Xlinker -debug_variant -Xlinker -dependency_info -Xlinker /Users/admin/builder/spi-builder-workspace/.derivedData/Build/Intermediates.noindex/carton.build/Debug-watchos/carton-plugin-helper-p.build/Objects-normal/arm64_32/carton-plugin-helper_dependency_info.dat -link-objc-runtime -profile-generate -L/Applications/Xcode-27.0.0-Release.Candidate.app/Contents/Developer/Toolchains/XcodeDefault.xctoolchain/usr/lib/swift/watchos -L/usr/lib/swift -Xlinker -add_ast_path -Xlinker /Users/admin/builder/spi-builder-workspace/.derivedData/Build/Intermediates.noindex/carton.build/Debug-watchos/carton-plugin-helper-p.build/Objects-normal/arm64_32/carton_plugin_helper.swiftmodule -o /Users/admin/builder/spi-builder-workspace/.derivedData/Build/Intermediates.noindex/carton.build/Debug-watchos/carton-plugin-helper-p.build/Objects-normal/arm64_32/Binary/carton-plugin-helper -no-stdlib-rpath
Ld /Users/admin/builder/spi-builder-workspace/.derivedData/Build/Intermediates.noindex/carton.build/Debug-watchos/carton-plugin-helper-p.build/Objects-normal/arm64/Binary/carton-plugin-helper normal arm64 (in target 'carton-plugin-helper-product' from project 'carton')
cd /Users/admin/builder/spi-builder-workspace
/Applications/Xcode-27.0.0-Release.Candidate.app/Contents/Developer/Toolchains/XcodeDefault.xctoolchain/usr/bin/swiftc -Xlinker -reproducible -target arm64-apple-watchos9.0 -emit-executable -sdk /Applications/Xcode-27.0.0-Release.Candidate.app/Contents/Developer/Platforms/WatchOS.platform/Developer/SDKs/WatchOS27.0.sdk -Xlinker -no_warn_duplicate_libraries -L/Users/admin/builder/spi-builder-workspace/.derivedData/Build/Intermediates.noindex/EagerLinkingTBDs/Debug-watchos -L/Users/admin/builder/spi-builder-workspace/.derivedData/Build/Products/Debug-watchos -L/Applications/Xcode-27.0.0-Release.Candidate.app/Contents/Developer/Platforms/WatchOS.platform/Developer/usr/lib -F/Users/admin/builder/spi-builder-workspace/.derivedData/Build/Intermediates.noindex/EagerLinkingTBDs/Debug-watchos -F/Users/admin/builder/spi-builder-workspace/.derivedData/Build/Products/Debug-watchos -Fsystem /Applications/Xcode-27.0.0-Release.Candidate.app/Contents/Developer/Platforms/WatchOS.platform/Developer/Library/Frameworks -Fsystem /Applications/Xcode-27.0.0-Release.Candidate.app/Contents/Developer/Platforms/WatchOS.platform/Developer/SDKs/WatchOS27.0.sdk/Developer/Library/Frameworks @/Users/admin/builder/spi-builder-workspace/.derivedData/Build/Intermediates.noindex/carton.build/Debug-watchos/carton-plugin-helper-p.build/Objects-normal/arm64/carton-plugin-helper.LinkFileList -Xlinker -rpath -Xlinker /usr/lib/swift -Xlinker -rpath -Xlinker @executable_path/../lib -Xlinker -dead_strip -Xlinker -object_path_lto -Xlinker /Users/admin/builder/spi-builder-workspace/.derivedData/Build/Intermediates.noindex/carton.build/Debug-watchos/carton-plugin-helper-p.build/Objects-normal/arm64/carton-plugin-helper_lto.o -Xclang-linker -rdynamic -Xlinker -no_deduplicate -Xlinker -debug_variant -Xlinker -dependency_info -Xlinker /Users/admin/builder/spi-builder-workspace/.derivedData/Build/Intermediates.noindex/carton.build/Debug-watchos/carton-plugin-helper-p.build/Objects-normal/arm64/carton-plugin-helper_dependency_info.dat -link-objc-runtime -profile-generate -L/Applications/Xcode-27.0.0-Release.Candidate.app/Contents/Developer/Toolchains/XcodeDefault.xctoolchain/usr/lib/swift/watchos -L/usr/lib/swift -Xlinker -add_ast_path -Xlinker /Users/admin/builder/spi-builder-workspace/.derivedData/Build/Intermediates.noindex/carton.build/Debug-watchos/carton-plugin-helper-p.build/Objects-normal/arm64/carton_plugin_helper.swiftmodule -o /Users/admin/builder/spi-builder-workspace/.derivedData/Build/Intermediates.noindex/carton.build/Debug-watchos/carton-plugin-helper-p.build/Objects-normal/arm64/Binary/carton-plugin-helper -no-stdlib-rpath
ScanDependencies /Users/admin/builder/spi-builder-workspace/.derivedData/Build/Intermediates.noindex/swift-nio.build/Debug-watchos/CNIOWindows-t.build/Objects-normal/arm64_32/shim.o /Users/admin/builder/spi-builder-workspace/.dependencies/checkouts/swift-nio/Sources/CNIOWindows/shim.c normal arm64_32 c com.apple.compilers.llvm.clang.1_0.compiler (in target 'CNIOWindows' from project 'swift-nio')
cd /Users/admin/builder/spi-builder-workspace/.swiftpm/xcode
Using response file: /Users/admin/builder/spi-builder-workspace/.derivedData/Build/Intermediates.noindex/swift-nio.build/Debug-watchos/CNIOWindows-t.build/Objects-normal/arm64_32/7187679823f38a2a940e0043cdf9d637-common-args.resp
builtin-ScanDependencies -o /Users/admin/builder/spi-builder-workspace/.derivedData/Build/Intermediates.noindex/swift-nio.build/Debug-watchos/CNIOWindows-t.build/Objects-normal/arm64_32/shim.o.scan -- /Applications/Xcode-27.0.0-Release.Candidate.app/Contents/Developer/Toolchains/XcodeDefault.xctoolchain/usr/bin/clang -x c -ivfsstatcache /Users/admin/builder/spi-builder-workspace/.derivedData/SDKStatCaches.noindex/watchos27.0-24R360-e829b21a6f8c9b70876ba0858053c04477534ef55a1706bf4c1112bbb242f0a2.sdkstatcache -target arm64_32-apple-watchos9.0 -fmessage-length\=0 -fdiagnostics-show-note-include-stack -fmacro-backtrace-limit\=0 -fno-color-diagnostics -fmodules-prune-interval\=86400 -fmodules-prune-after\=345600 -fbuild-session-file\=/Users/admin/builder/spi-builder-workspace/.derivedData/ModuleCache.noindex/Session.modulevalidation -fmodules-validate-once-per-build-session -Wnon-modular-include-in-framework-module -Werror\=non-modular-include-in-framework-module -Wno-trigraphs -Wno-missing-field-initializers -Wno-missing-prototypes -Wno-return-type -Wno-missing-braces -Wparentheses -Wswitch -Wno-unused-function -Wno-unused-label -Wno-unused-parameter -Wno-unused-variable -Wunused-value -Wno-empty-body -Wno-uninitialized -Wno-unknown-pragmas -w -Wno-shadow -Wno-four-char-constants -Wno-conversion -Wno-constant-conversion -Wno-int-conversion -Wno-bool-conversion -Wno-enum-conversion -Wno-float-conversion -Wno-non-literal-null-conversion -Wno-objc-literal-conversion -Wno-shorten-64-to-32 -Wpointer-sign -Wno-newline-eof -Wno-implicit-fallthrough -isysroot /Applications/Xcode-27.0.0-Release.Candidate.app/Contents/Developer/Platforms/WatchOS.platform/Developer/SDKs/WatchOS27.0.sdk -fstrict-aliasing -Wdeprecated-declarations -Wno-sign-conversion -Wno-infinite-recursion -Wno-comma -Wno-block-capture-autoreleasing -Wno-strict-prototypes -Wno-semicolon-before-method-body -index-store-path /Users/admin/builder/spi-builder-workspace/.derivedData/Index.noindex/DataStore @/Users/admin/builder/spi-builder-workspace/.derivedData/Build/Intermediates.noindex/swift-nio.build/Debug-watchos/CNIOWindows-t.build/Objects-normal/arm64_32/7187679823f38a2a940e0043cdf9d637-common-args.resp -MMD -MT dependencies -MF /Users/admin/builder/spi-builder-workspace/.derivedData/Build/Intermediates.noindex/swift-nio.build/Debug-watchos/CNIOWindows-t.build/Objects-normal/arm64_32/shim.d --serialize-diagnostics /Users/admin/builder/spi-builder-workspace/.derivedData/Build/Intermediates.noindex/swift-nio.build/Debug-watchos/CNIOWindows-t.build/Objects-normal/arm64_32/shim.dia -c /Users/admin/builder/spi-builder-workspace/.dependencies/checkouts/swift-nio/Sources/CNIOWindows/shim.c -o /Users/admin/builder/spi-builder-workspace/.derivedData/Build/Intermediates.noindex/swift-nio.build/Debug-watchos/CNIOWindows-t.build/Objects-normal/arm64_32/shim.o -index-unit-output-path /swift-nio.build/Debug-watchos/CNIOWindows-t.build/Objects-normal/arm64_32/shim.o
ScanDependencies /Users/admin/builder/spi-builder-workspace/.derivedData/Build/Intermediates.noindex/swift-nio.build/Debug-watchos/CNIOWindows-t.build/Objects-normal/arm64_32/WSAStartup.o /Users/admin/builder/spi-builder-workspace/.dependencies/checkouts/swift-nio/Sources/CNIOWindows/WSAStartup.c normal arm64_32 c com.apple.compilers.llvm.clang.1_0.compiler (in target 'CNIOWindows' from project 'swift-nio')
cd /Users/admin/builder/spi-builder-workspace/.swiftpm/xcode
Using response file: /Users/admin/builder/spi-builder-workspace/.derivedData/Build/Intermediates.noindex/swift-nio.build/Debug-watchos/CNIOWindows-t.build/Objects-normal/arm64_32/7187679823f38a2a940e0043cdf9d637-common-args.resp
builtin-ScanDependencies -o /Users/admin/builder/spi-builder-workspace/.derivedData/Build/Intermediates.noindex/swift-nio.build/Debug-watchos/CNIOWindows-t.build/Objects-normal/arm64_32/WSAStartup.o.scan -- /Applications/Xcode-27.0.0-Release.Candidate.app/Contents/Developer/Toolchains/XcodeDefault.xctoolchain/usr/bin/clang -x c -ivfsstatcache /Users/admin/builder/spi-builder-workspace/.derivedData/SDKStatCaches.noindex/watchos27.0-24R360-e829b21a6f8c9b70876ba0858053c04477534ef55a1706bf4c1112bbb242f0a2.sdkstatcache -target arm64_32-apple-watchos9.0 -fmessage-length\=0 -fdiagnostics-show-note-include-stack -fmacro-backtrace-limit\=0 -fno-color-diagnostics -fmodules-prune-interval\=86400 -fmodules-prune-after\=345600 -fbuild-session-file\=/Users/admin/builder/spi-builder-workspace/.derivedData/ModuleCache.noindex/Session.modulevalidation -fmodules-validate-once-per-build-session -Wnon-modular-include-in-framework-module -Werror\=non-modular-include-in-framework-module -Wno-trigraphs -Wno-missing-field-initializers -Wno-missing-prototypes -Wno-return-type -Wno-missing-braces -Wparentheses -Wswitch -Wno-unused-function -Wno-unused-label -Wno-unused-parameter -Wno-unused-variable -Wunused-value -Wno-empty-body -Wno-uninitialized -Wno-unknown-pragmas -w -Wno-shadow -Wno-four-char-constants -Wno-conversion -Wno-constant-conversion -Wno-int-conversion -Wno-bool-conversion -Wno-enum-conversion -Wno-float-conversion -Wno-non-literal-null-conversion -Wno-objc-literal-conversion -Wno-shorten-64-to-32 -Wpointer-sign -Wno-newline-eof -Wno-implicit-fallthrough -isysroot /Applications/Xcode-27.0.0-Release.Candidate.app/Contents/Developer/Platforms/WatchOS.platform/Developer/SDKs/WatchOS27.0.sdk -fstrict-aliasing -Wdeprecated-declarations -Wno-sign-conversion -Wno-infinite-recursion -Wno-comma -Wno-block-capture-autoreleasing -Wno-strict-prototypes -Wno-semicolon-before-method-body -index-store-path /Users/admin/builder/spi-builder-workspace/.derivedData/Index.noindex/DataStore @/Users/admin/builder/spi-builder-workspace/.derivedData/Build/Intermediates.noindex/swift-nio.build/Debug-watchos/CNIOWindows-t.build/Objects-normal/arm64_32/7187679823f38a2a940e0043cdf9d637-common-args.resp -MMD -MT dependencies -MF /Users/admin/builder/spi-builder-workspace/.derivedData/Build/Intermediates.noindex/swift-nio.build/Debug-watchos/CNIOWindows-t.build/Objects-normal/arm64_32/WSAStartup.d --serialize-diagnostics /Users/admin/builder/spi-builder-workspace/.derivedData/Build/Intermediates.noindex/swift-nio.build/Debug-watchos/CNIOWindows-t.build/Objects-normal/arm64_32/WSAStartup.dia -c /Users/admin/builder/spi-builder-workspace/.dependencies/checkouts/swift-nio/Sources/CNIOWindows/WSAStartup.c -o /Users/admin/builder/spi-builder-workspace/.derivedData/Build/Intermediates.noindex/swift-nio.build/Debug-watchos/CNIOWindows-t.build/Objects-normal/arm64_32/WSAStartup.o -index-unit-output-path /swift-nio.build/Debug-watchos/CNIOWindows-t.build/Objects-normal/arm64_32/WSAStartup.o
ScanDependencies /Users/admin/builder/spi-builder-workspace/.derivedData/Build/Intermediates.noindex/swift-nio.build/Debug-watchos/CNIOWindows-t.build/Objects-normal/arm64/shim.o /Users/admin/builder/spi-builder-workspace/.dependencies/checkouts/swift-nio/Sources/CNIOWindows/shim.c normal arm64 c com.apple.compilers.llvm.clang.1_0.compiler (in target 'CNIOWindows' from project 'swift-nio')
cd /Users/admin/builder/spi-builder-workspace/.swiftpm/xcode
Using response file: /Users/admin/builder/spi-builder-workspace/.derivedData/Build/Intermediates.noindex/swift-nio.build/Debug-watchos/CNIOWindows-t.build/Objects-normal/arm64/7187679823f38a2a940e0043cdf9d637-common-args.resp
builtin-ScanDependencies -o /Users/admin/builder/spi-builder-workspace/.derivedData/Build/Intermediates.noindex/swift-nio.build/Debug-watchos/CNIOWindows-t.build/Objects-normal/arm64/shim.o.scan -- /Applications/Xcode-27.0.0-Release.Candidate.app/Contents/Developer/Toolchains/XcodeDefault.xctoolchain/usr/bin/clang -x c -ivfsstatcache /Users/admin/builder/spi-builder-workspace/.derivedData/SDKStatCaches.noindex/watchos27.0-24R360-e829b21a6f8c9b70876ba0858053c04477534ef55a1706bf4c1112bbb242f0a2.sdkstatcache -target arm64-apple-watchos9.0 -fmessage-length\=0 -fdiagnostics-show-note-include-stack -fmacro-backtrace-limit\=0 -fno-color-diagnostics -fmodules-prune-interval\=86400 -fmodules-prune-after\=345600 -fbuild-session-file\=/Users/admin/builder/spi-builder-workspace/.derivedData/ModuleCache.noindex/Session.modulevalidation -fmodules-validate-once-per-build-session -Wnon-modular-include-in-framework-module -Werror\=non-modular-include-in-framework-module -Wno-trigraphs -Wno-missing-field-initializers -Wno-missing-prototypes -Wno-return-type -Wno-missing-braces -Wparentheses -Wswitch -Wno-unused-function -Wno-unused-label -Wno-unused-parameter -Wno-unused-variable -Wunused-value -Wno-empty-body -Wno-uninitialized -Wno-unknown-pragmas -w -Wno-shadow -Wno-four-char-constants -Wno-conversion -Wno-constant-conversion -Wno-int-conversion -Wno-bool-conversion -Wno-enum-conversion -Wno-float-conversion -Wno-non-literal-null-conversion -Wno-objc-literal-conversion -Wshorten-64-to-32 -Wpointer-sign -Wno-newline-eof -Wno-implicit-fallthrough -isysroot /Applications/Xcode-27.0.0-Release.Candidate.app/Contents/Developer/Platforms/WatchOS.platform/Developer/SDKs/WatchOS27.0.sdk -fstrict-aliasing -Wdeprecated-declarations -Wno-sign-conversion -Wno-infinite-recursion -Wno-comma -Wno-block-capture-autoreleasing -Wno-strict-prototypes -Wno-semicolon-before-method-body -index-store-path /Users/admin/builder/spi-builder-workspace/.derivedData/Index.noindex/DataStore @/Users/admin/builder/spi-builder-workspace/.derivedData/Build/Intermediates.noindex/swift-nio.build/Debug-watchos/CNIOWindows-t.build/Objects-normal/arm64/7187679823f38a2a940e0043cdf9d637-common-args.resp -MMD -MT dependencies -MF /Users/admin/builder/spi-builder-workspace/.derivedData/Build/Intermediates.noindex/swift-nio.build/Debug-watchos/CNIOWindows-t.build/Objects-normal/arm64/shim.d --serialize-diagnostics /Users/admin/builder/spi-builder-workspace/.derivedData/Build/Intermediates.noindex/swift-nio.build/Debug-watchos/CNIOWindows-t.build/Objects-normal/arm64/shim.dia -c /Users/admin/builder/spi-builder-workspace/.dependencies/checkouts/swift-nio/Sources/CNIOWindows/shim.c -o /Users/admin/builder/spi-builder-workspace/.derivedData/Build/Intermediates.noindex/swift-nio.build/Debug-watchos/CNIOWindows-t.build/Objects-normal/arm64/shim.o -index-unit-output-path /swift-nio.build/Debug-watchos/CNIOWindows-t.build/Objects-normal/arm64/shim.o
ScanDependencies /Users/admin/builder/spi-builder-workspace/.derivedData/Build/Intermediates.noindex/swift-nio.build/Debug-watchos/CNIOWindows-t.build/Objects-normal/arm64/WSAStartup.o /Users/admin/builder/spi-builder-workspace/.dependencies/checkouts/swift-nio/Sources/CNIOWindows/WSAStartup.c normal arm64 c com.apple.compilers.llvm.clang.1_0.compiler (in target 'CNIOWindows' from project 'swift-nio')
cd /Users/admin/builder/spi-builder-workspace/.swiftpm/xcode
Using response file: /Users/admin/builder/spi-builder-workspace/.derivedData/Build/Intermediates.noindex/swift-nio.build/Debug-watchos/CNIOWindows-t.build/Objects-normal/arm64/7187679823f38a2a940e0043cdf9d637-common-args.resp
builtin-ScanDependencies -o /Users/admin/builder/spi-builder-workspace/.derivedData/Build/Intermediates.noindex/swift-nio.build/Debug-watchos/CNIOWindows-t.build/Objects-normal/arm64/WSAStartup.o.scan -- /Applications/Xcode-27.0.0-Release.Candidate.app/Contents/Developer/Toolchains/XcodeDefault.xctoolchain/usr/bin/clang -x c -ivfsstatcache /Users/admin/builder/spi-builder-workspace/.derivedData/SDKStatCaches.noindex/watchos27.0-24R360-e829b21a6f8c9b70876ba0858053c04477534ef55a1706bf4c1112bbb242f0a2.sdkstatcache -target arm64-apple-watchos9.0 -fmessage-length\=0 -fdiagnostics-show-note-include-stack -fmacro-backtrace-limit\=0 -fno-color-diagnostics -fmodules-prune-interval\=86400 -fmodules-prune-after\=345600 -fbuild-session-file\=/Users/admin/builder/spi-builder-workspace/.derivedData/ModuleCache.noindex/Session.modulevalidation -fmodules-validate-once-per-build-session -Wnon-modular-include-in-framework-module -Werror\=non-modular-include-in-framework-module -Wno-trigraphs -Wno-missing-field-initializers -Wno-missing-prototypes -Wno-return-type -Wno-missing-braces -Wparentheses -Wswitch -Wno-unused-function -Wno-unused-label -Wno-unused-parameter -Wno-unused-variable -Wunused-value -Wno-empty-body -Wno-uninitialized -Wno-unknown-pragmas -w -Wno-shadow -Wno-four-char-constants -Wno-conversion -Wno-constant-conversion -Wno-int-conversion -Wno-bool-conversion -Wno-enum-conversion -Wno-float-conversion -Wno-non-literal-null-conversion -Wno-objc-literal-conversion -Wshorten-64-to-32 -Wpointer-sign -Wno-newline-eof -Wno-implicit-fallthrough -isysroot /Applications/Xcode-27.0.0-Release.Candidate.app/Contents/Developer/Platforms/WatchOS.platform/Developer/SDKs/WatchOS27.0.sdk -fstrict-aliasing -Wdeprecated-declarations -Wno-sign-conversion -Wno-infinite-recursion -Wno-comma -Wno-block-capture-autoreleasing -Wno-strict-prototypes -Wno-semicolon-before-method-body -index-store-path /Users/admin/builder/spi-builder-workspace/.derivedData/Index.noindex/DataStore @/Users/admin/builder/spi-builder-workspace/.derivedData/Build/Intermediates.noindex/swift-nio.build/Debug-watchos/CNIOWindows-t.build/Objects-normal/arm64/7187679823f38a2a940e0043cdf9d637-common-args.resp -MMD -MT dependencies -MF /Users/admin/builder/spi-builder-workspace/.derivedData/Build/Intermediates.noindex/swift-nio.build/Debug-watchos/CNIOWindows-t.build/Objects-normal/arm64/WSAStartup.d --serialize-diagnostics /Users/admin/builder/spi-builder-workspace/.derivedData/Build/Intermediates.noindex/swift-nio.build/Debug-watchos/CNIOWindows-t.build/Objects-normal/arm64/WSAStartup.dia -c /Users/admin/builder/spi-builder-workspace/.dependencies/checkouts/swift-nio/Sources/CNIOWindows/WSAStartup.c -o /Users/admin/builder/spi-builder-workspace/.derivedData/Build/Intermediates.noindex/swift-nio.build/Debug-watchos/CNIOWindows-t.build/Objects-normal/arm64/WSAStartup.o -index-unit-output-path /swift-nio.build/Debug-watchos/CNIOWindows-t.build/Objects-normal/arm64/WSAStartup.o
ScanDependencies /Users/admin/builder/spi-builder-workspace/.derivedData/Build/Intermediates.noindex/swift-nio.build/Debug-watchos/CNIOWASI-t.build/Objects-normal/arm64_32/CNIOWASI.o /Users/admin/builder/spi-builder-workspace/.dependencies/checkouts/swift-nio/Sources/CNIOWASI/CNIOWASI.c normal arm64_32 c com.apple.compilers.llvm.clang.1_0.compiler (in target 'CNIOWASI' from project 'swift-nio')
cd /Users/admin/builder/spi-builder-workspace/.swiftpm/xcode
Using response file: /Users/admin/builder/spi-builder-workspace/.derivedData/Build/Intermediates.noindex/swift-nio.build/Debug-watchos/CNIOWASI-t.build/Objects-normal/arm64_32/7187679823f38a2a940e0043cdf9d637-common-args.resp
builtin-ScanDependencies -o /Users/admin/builder/spi-builder-workspace/.derivedData/Build/Intermediates.noindex/swift-nio.build/Debug-watchos/CNIOWASI-t.build/Objects-normal/arm64_32/CNIOWASI.o.scan -- /Applications/Xcode-27.0.0-Release.Candidate.app/Contents/Developer/Toolchains/XcodeDefault.xctoolchain/usr/bin/clang -x c -ivfsstatcache /Users/admin/builder/spi-builder-workspace/.derivedData/SDKStatCaches.noindex/watchos27.0-24R360-e829b21a6f8c9b70876ba0858053c04477534ef55a1706bf4c1112bbb242f0a2.sdkstatcache -target arm64_32-apple-watchos9.0 -fmessage-length\=0 -fdiagnostics-show-note-include-stack -fmacro-backtrace-limit\=0 -fno-color-diagnostics -fmodules-prune-interval\=86400 -fmodules-prune-after\=345600 -fbuild-session-file\=/Users/admin/builder/spi-builder-workspace/.derivedData/ModuleCache.noindex/Session.modulevalidation -fmodules-validate-once-per-build-session -Wnon-modular-include-in-framework-module -Werror\=non-modular-include-in-framework-module -Wno-trigraphs -Wno-missing-field-initializers -Wno-missing-prototypes -Wno-return-type -Wno-missing-braces -Wparentheses -Wswitch -Wno-unused-function -Wno-unused-label -Wno-unused-parameter -Wno-unused-variable -Wunused-value -Wno-empty-body -Wno-uninitialized -Wno-unknown-pragmas -w -Wno-shadow -Wno-four-char-constants -Wno-conversion -Wno-constant-conversion -Wno-int-conversion -Wno-bool-conversion -Wno-enum-conversion -Wno-float-conversion -Wno-non-literal-null-conversion -Wno-objc-literal-conversion -Wno-shorten-64-to-32 -Wpointer-sign -Wno-newline-eof -Wno-implicit-fallthrough -isysroot /Applications/Xcode-27.0.0-Release.Candidate.app/Contents/Developer/Platforms/WatchOS.platform/Developer/SDKs/WatchOS27.0.sdk -fstrict-aliasing -Wdeprecated-declarations -Wno-sign-conversion -Wno-infinite-recursion -Wno-comma -Wno-block-capture-autoreleasing -Wno-strict-prototypes -Wno-semicolon-before-method-body -index-store-path /Users/admin/builder/spi-builder-workspace/.derivedData/Index.noindex/DataStore @/Users/admin/builder/spi-builder-workspace/.derivedData/Build/Intermediates.noindex/swift-nio.build/Debug-watchos/CNIOWASI-t.build/Objects-normal/arm64_32/7187679823f38a2a940e0043cdf9d637-common-args.resp -MMD -MT dependencies -MF /Users/admin/builder/spi-builder-workspace/.derivedData/Build/Intermediates.noindex/swift-nio.build/Debug-watchos/CNIOWASI-t.build/Objects-normal/arm64_32/CNIOWASI.d --serialize-diagnostics /Users/admin/builder/spi-builder-workspace/.derivedData/Build/Intermediates.noindex/swift-nio.build/Debug-watchos/CNIOWASI-t.build/Objects-normal/arm64_32/CNIOWASI.dia -c /Users/admin/builder/spi-builder-workspace/.dependencies/checkouts/swift-nio/Sources/CNIOWASI/CNIOWASI.c -o /Users/admin/builder/spi-builder-workspace/.derivedData/Build/Intermediates.noindex/swift-nio.build/Debug-watchos/CNIOWASI-t.build/Objects-normal/arm64_32/CNIOWASI.o -index-unit-output-path /swift-nio.build/Debug-watchos/CNIOWASI-t.build/Objects-normal/arm64_32/CNIOWASI.o
ScanDependencies /Users/admin/builder/spi-builder-workspace/.derivedData/Build/Intermediates.noindex/swift-nio.build/Debug-watchos/CNIOWASI-t.build/Objects-normal/arm64/CNIOWASI.o /Users/admin/builder/spi-builder-workspace/.dependencies/checkouts/swift-nio/Sources/CNIOWASI/CNIOWASI.c normal arm64 c com.apple.compilers.llvm.clang.1_0.compiler (in target 'CNIOWASI' from project 'swift-nio')
cd /Users/admin/builder/spi-builder-workspace/.swiftpm/xcode
Using response file: /Users/admin/builder/spi-builder-workspace/.derivedData/Build/Intermediates.noindex/swift-nio.build/Debug-watchos/CNIOWASI-t.build/Objects-normal/arm64/7187679823f38a2a940e0043cdf9d637-common-args.resp
builtin-ScanDependencies -o /Users/admin/builder/spi-builder-workspace/.derivedData/Build/Intermediates.noindex/swift-nio.build/Debug-watchos/CNIOWASI-t.build/Objects-normal/arm64/CNIOWASI.o.scan -- /Applications/Xcode-27.0.0-Release.Candidate.app/Contents/Developer/Toolchains/XcodeDefault.xctoolchain/usr/bin/clang -x c -ivfsstatcache /Users/admin/builder/spi-builder-workspace/.derivedData/SDKStatCaches.noindex/watchos27.0-24R360-e829b21a6f8c9b70876ba0858053c04477534ef55a1706bf4c1112bbb242f0a2.sdkstatcache -target arm64-apple-watchos9.0 -fmessage-length\=0 -fdiagnostics-show-note-include-stack -fmacro-backtrace-limit\=0 -fno-color-diagnostics -fmodules-prune-interval\=86400 -fmodules-prune-after\=345600 -fbuild-session-file\=/Users/admin/builder/spi-builder-workspace/.derivedData/ModuleCache.noindex/Session.modulevalidation -fmodules-validate-once-per-build-session -Wnon-modular-include-in-framework-module -Werror\=non-modular-include-in-framework-module -Wno-trigraphs -Wno-missing-field-initializers -Wno-missing-prototypes -Wno-return-type -Wno-missing-braces -Wparentheses -Wswitch -Wno-unused-function -Wno-unused-label -Wno-unused-parameter -Wno-unused-variable -Wunused-value -Wno-empty-body -Wno-uninitialized -Wno-unknown-pragmas -w -Wno-shadow -Wno-four-char-constants -Wno-conversion -Wno-constant-conversion -Wno-int-conversion -Wno-bool-conversion -Wno-enum-conversion -Wno-float-conversion -Wno-non-literal-null-conversion -Wno-objc-literal-conversion -Wshorten-64-to-32 -Wpointer-sign -Wno-newline-eof -Wno-implicit-fallthrough -isysroot /Applications/Xcode-27.0.0-Release.Candidate.app/Contents/Developer/Platforms/WatchOS.platform/Developer/SDKs/WatchOS27.0.sdk -fstrict-aliasing -Wdeprecated-declarations -Wno-sign-conversion -Wno-infinite-recursion -Wno-comma -Wno-block-capture-autoreleasing -Wno-strict-prototypes -Wno-semicolon-before-method-body -index-store-path /Users/admin/builder/spi-builder-workspace/.derivedData/Index.noindex/DataStore @/Users/admin/builder/spi-builder-workspace/.derivedData/Build/Intermediates.noindex/swift-nio.build/Debug-watchos/CNIOWASI-t.build/Objects-normal/arm64/7187679823f38a2a940e0043cdf9d637-common-args.resp -MMD -MT dependencies -MF /Users/admin/builder/spi-builder-workspace/.derivedData/Build/Intermediates.noindex/swift-nio.build/Debug-watchos/CNIOWASI-t.build/Objects-normal/arm64/CNIOWASI.d --serialize-diagnostics /Users/admin/builder/spi-builder-workspace/.derivedData/Build/Intermediates.noindex/swift-nio.build/Debug-watchos/CNIOWASI-t.build/Objects-normal/arm64/CNIOWASI.dia -c /Users/admin/builder/spi-builder-workspace/.dependencies/checkouts/swift-nio/Sources/CNIOWASI/CNIOWASI.c -o /Users/admin/builder/spi-builder-workspace/.derivedData/Build/Intermediates.noindex/swift-nio.build/Debug-watchos/CNIOWASI-t.build/Objects-normal/arm64/CNIOWASI.o -index-unit-output-path /swift-nio.build/Debug-watchos/CNIOWASI-t.build/Objects-normal/arm64/CNIOWASI.o
ScanDependencies /Users/admin/builder/spi-builder-workspace/.derivedData/Build/Intermediates.noindex/swift-nio.build/Debug-watchos/CNIOPosix-t.build/Objects-normal/arm64_32/event_loop_id.o /Users/admin/builder/spi-builder-workspace/.dependencies/checkouts/swift-nio/Sources/CNIOPosix/event_loop_id.c normal arm64_32 c com.apple.compilers.llvm.clang.1_0.compiler (in target 'CNIOPosix' from project 'swift-nio')
cd /Users/admin/builder/spi-builder-workspace/.swiftpm/xcode
Using response file: /Users/admin/builder/spi-builder-workspace/.derivedData/Build/Intermediates.noindex/swift-nio.build/Debug-watchos/CNIOPosix-t.build/Objects-normal/arm64_32/7187679823f38a2a940e0043cdf9d637-common-args.resp
builtin-ScanDependencies -o /Users/admin/builder/spi-builder-workspace/.derivedData/Build/Intermediates.noindex/swift-nio.build/Debug-watchos/CNIOPosix-t.build/Objects-normal/arm64_32/event_loop_id.o.scan -- /Applications/Xcode-27.0.0-Release.Candidate.app/Contents/Developer/Toolchains/XcodeDefault.xctoolchain/usr/bin/clang -x c -ivfsstatcache /Users/admin/builder/spi-builder-workspace/.derivedData/SDKStatCaches.noindex/watchos27.0-24R360-e829b21a6f8c9b70876ba0858053c04477534ef55a1706bf4c1112bbb242f0a2.sdkstatcache -target arm64_32-apple-watchos9.0 -fmessage-length\=0 -fdiagnostics-show-note-include-stack -fmacro-backtrace-limit\=0 -fno-color-diagnostics -fmodules-prune-interval\=86400 -fmodules-prune-after\=345600 -fbuild-session-file\=/Users/admin/builder/spi-builder-workspace/.derivedData/ModuleCache.noindex/Session.modulevalidation -fmodules-validate-once-per-build-session -Wnon-modular-include-in-framework-module -Werror\=non-modular-include-in-framework-module -Wno-trigraphs -Wno-missing-field-initializers -Wno-missing-prototypes -Wno-return-type -Wno-missing-braces -Wparentheses -Wswitch -Wno-unused-function -Wno-unused-label -Wno-unused-parameter -Wno-unused-variable -Wunused-value -Wno-empty-body -Wno-uninitialized -Wno-unknown-pragmas -w -Wno-shadow -Wno-four-char-constants -Wno-conversion -Wno-constant-conversion -Wno-int-conversion -Wno-bool-conversion -Wno-enum-conversion -Wno-float-conversion -Wno-non-literal-null-conversion -Wno-objc-literal-conversion -Wno-shorten-64-to-32 -Wpointer-sign -Wno-newline-eof -Wno-implicit-fallthrough -isysroot /Applications/Xcode-27.0.0-Release.Candidate.app/Contents/Developer/Platforms/WatchOS.platform/Developer/SDKs/WatchOS27.0.sdk -fstrict-aliasing -Wdeprecated-declarations -Wno-sign-conversion -Wno-infinite-recursion -Wno-comma -Wno-block-capture-autoreleasing -Wno-strict-prototypes -Wno-semicolon-before-method-body -index-store-path /Users/admin/builder/spi-builder-workspace/.derivedData/Index.noindex/DataStore @/Users/admin/builder/spi-builder-workspace/.derivedData/Build/Intermediates.noindex/swift-nio.build/Debug-watchos/CNIOPosix-t.build/Objects-normal/arm64_32/7187679823f38a2a940e0043cdf9d637-common-args.resp -MMD -MT dependencies -MF /Users/admin/builder/spi-builder-workspace/.derivedData/Build/Intermediates.noindex/swift-nio.build/Debug-watchos/CNIOPosix-t.build/Objects-normal/arm64_32/event_loop_id.d --serialize-diagnostics /Users/admin/builder/spi-builder-workspace/.derivedData/Build/Intermediates.noindex/swift-nio.build/Debug-watchos/CNIOPosix-t.build/Objects-normal/arm64_32/event_loop_id.dia -c /Users/admin/builder/spi-builder-workspace/.dependencies/checkouts/swift-nio/Sources/CNIOPosix/event_loop_id.c -o /Users/admin/builder/spi-builder-workspace/.derivedData/Build/Intermediates.noindex/swift-nio.build/Debug-watchos/CNIOPosix-t.build/Objects-normal/arm64_32/event_loop_id.o -index-unit-output-path /swift-nio.build/Debug-watchos/CNIOPosix-t.build/Objects-normal/arm64_32/event_loop_id.o
SwiftDriver WasmTransformer normal arm64_32 com.apple.xcode.tools.swift.compiler (in target 'WasmTransformer' from project 'WasmTransformer')
cd /Users/admin/builder/spi-builder-workspace/.swiftpm/xcode
builtin-SwiftDriver -- /Applications/Xcode-27.0.0-Release.Candidate.app/Contents/Developer/Toolchains/XcodeDefault.xctoolchain/usr/bin/swiftc -parse-as-library -module-name WasmTransformer -Onone @/Users/admin/builder/spi-builder-workspace/.derivedData/Build/Intermediates.noindex/WasmTransformer.build/Debug-watchos/WasmTransformer-t.build/Objects-normal/arm64_32/WasmTransformer.SwiftFileList -DSWIFT_PACKAGE -DDEBUG -DSWIFT_MODULE_RESOURCE_BUNDLE_UNAVAILABLE -DXcode -plugin-path /Applications/Xcode-27.0.0-Release.Candidate.app/Contents/Developer/Toolchains/XcodeDefault.xctoolchain/usr/lib/swift/host/plugins/testing -enable-experimental-feature DebugDescriptionMacro -sdk /Applications/Xcode-27.0.0-Release.Candidate.app/Contents/Developer/Platforms/WatchOS.platform/Developer/SDKs/WatchOS27.0.sdk -target arm64_32-apple-watchos9.0 -g -module-cache-path /Users/admin/builder/spi-builder-workspace/.derivedData/ModuleCache.noindex -Xfrontend -serialize-debugging-options -profile-coverage-mapping -profile-generate -enable-testing -suppress-warnings -index-store-path /Users/admin/builder/spi-builder-workspace/.derivedData/Index.noindex/DataStore -Xcc -D_LIBCPP_HARDENING_MODE\=_LIBCPP_HARDENING_MODE_DEBUG -swift-version 5 -I /Users/admin/builder/spi-builder-workspace/.derivedData/Build/Products/Debug-watchos -Isystem /Applications/Xcode-27.0.0-Release.Candidate.app/Contents/Developer/Platforms/WatchOS.platform/Developer/usr/lib -F /Users/admin/builder/spi-builder-workspace/.derivedData/Build/Products/Debug-watchos -F /Applications/Xcode-27.0.0-Release.Candidate.app/Contents/Developer/Platforms/WatchOS.platform/Developer/Library/Frameworks -F /Applications/Xcode-27.0.0-Release.Candidate.app/Contents/Developer/Platforms/WatchOS.platform/Developer/SDKs/WatchOS27.0.sdk/Developer/Library/Frameworks -c -j10 -enable-batch-mode -incremental -Xcc -ivfsstatcache -Xcc /Users/admin/builder/spi-builder-workspace/.derivedData/SDKStatCaches.noindex/watchos27.0-24R360-e829b21a6f8c9b70876ba0858053c04477534ef55a1706bf4c1112bbb242f0a2.sdkstatcache -output-file-map /Users/admin/builder/spi-builder-workspace/.derivedData/Build/Intermediates.noindex/WasmTransformer.build/Debug-watchos/WasmTransformer-t.build/Objects-normal/arm64_32/WasmTransformer-OutputFileMap.json -save-temps -no-color-diagnostics -explicit-module-build -module-cache-path /Users/admin/builder/spi-builder-workspace/.derivedData/Build/Intermediates.noindex/SwiftExplicitPrecompiledModules -clang-scanner-module-cache-path /Users/admin/builder/spi-builder-workspace/.derivedData/ModuleCache.noindex -sdk-module-cache-path /Users/admin/builder/spi-builder-workspace/.derivedData/SDKExplicitPrecompiledModules -emit-dependencies -emit-module -emit-module-path /Users/admin/builder/spi-builder-workspace/.derivedData/Build/Intermediates.noindex/WasmTransformer.build/Debug-watchos/WasmTransformer-t.build/Objects-normal/arm64_32/WasmTransformer.swiftmodule -serialize-diagnostics -dependency-scan-serialize-diagnostics-path /Users/admin/builder/spi-builder-workspace/.derivedData/Build/Intermediates.noindex/WasmTransformer.build/Debug-watchos/WasmTransformer-t.build/Objects-normal/arm64_32/WasmTransformer-dependency-scan.dia -validate-clang-modules-once -clang-build-session-file /Users/admin/builder/spi-builder-workspace/.derivedData/ModuleCache.noindex/Session.modulevalidation -Xcc -fmodules-prune-interval\=86400 -Xcc -fmodules-prune-after\=345600 -emit-const-values -const-gather-protocols-list /Users/admin/builder/spi-builder-workspace/.derivedData/Build/Intermediates.noindex/WasmTransformer.build/Debug-watchos/WasmTransformer-t.build/Objects-normal/arm64_32/WasmTransformer_const_extract_protocols.json -Xcc -I/Users/admin/builder/spi-builder-workspace/.derivedData/Build/Products/Debug-watchos/include -Xcc -I/Users/admin/builder/spi-builder-workspace/.derivedData/Build/Intermediates.noindex/WasmTransformer.build/Debug-watchos/WasmTransformer-t.build/DerivedSources-normal/arm64_32 -Xcc -I/Users/admin/builder/spi-builder-workspace/.derivedData/Build/Intermediates.noindex/WasmTransformer.build/Debug-watchos/WasmTransformer-t.build/DerivedSources/arm64_32 -Xcc -I/Users/admin/builder/spi-builder-workspace/.derivedData/Build/Intermediates.noindex/WasmTransformer.build/Debug-watchos/WasmTransformer-t.build/DerivedSources -Xcc -DSWIFT_PACKAGE -Xcc -DDEBUG\=1 -emit-objc-header -emit-objc-header-path /Users/admin/builder/spi-builder-workspace/.derivedData/Build/Intermediates.noindex/WasmTransformer.build/Debug-watchos/WasmTransformer-t.build/Objects-normal/arm64_32/WasmTransformer-Swift.h -working-directory /Users/admin/builder/spi-builder-workspace/.swiftpm/xcode -experimental-emit-module-separately -disable-cmo
SwiftDriver WasmTransformer normal arm64 com.apple.xcode.tools.swift.compiler (in target 'WasmTransformer' from project 'WasmTransformer')
cd /Users/admin/builder/spi-builder-workspace/.swiftpm/xcode
builtin-SwiftDriver -- /Applications/Xcode-27.0.0-Release.Candidate.app/Contents/Developer/Toolchains/XcodeDefault.xctoolchain/usr/bin/swiftc -parse-as-library -module-name WasmTransformer -Onone @/Users/admin/builder/spi-builder-workspace/.derivedData/Build/Intermediates.noindex/WasmTransformer.build/Debug-watchos/WasmTransformer-t.build/Objects-normal/arm64/WasmTransformer.SwiftFileList -DSWIFT_PACKAGE -DDEBUG -DSWIFT_MODULE_RESOURCE_BUNDLE_UNAVAILABLE -DXcode -plugin-path /Applications/Xcode-27.0.0-Release.Candidate.app/Contents/Developer/Toolchains/XcodeDefault.xctoolchain/usr/lib/swift/host/plugins/testing -enable-experimental-feature DebugDescriptionMacro -sdk /Applications/Xcode-27.0.0-Release.Candidate.app/Contents/Developer/Platforms/WatchOS.platform/Developer/SDKs/WatchOS27.0.sdk -target arm64-apple-watchos9.0 -g -module-cache-path /Users/admin/builder/spi-builder-workspace/.derivedData/ModuleCache.noindex -Xfrontend -serialize-debugging-options -profile-coverage-mapping -profile-generate -enable-testing -suppress-warnings -index-store-path /Users/admin/builder/spi-builder-workspace/.derivedData/Index.noindex/DataStore -Xcc -D_LIBCPP_HARDENING_MODE\=_LIBCPP_HARDENING_MODE_DEBUG -swift-version 5 -I /Users/admin/builder/spi-builder-workspace/.derivedData/Build/Products/Debug-watchos -Isystem /Applications/Xcode-27.0.0-Release.Candidate.app/Contents/Developer/Platforms/WatchOS.platform/Developer/usr/lib -F /Users/admin/builder/spi-builder-workspace/.derivedData/Build/Products/Debug-watchos -F /Applications/Xcode-27.0.0-Release.Candidate.app/Contents/Developer/Platforms/WatchOS.platform/Developer/Library/Frameworks -F /Applications/Xcode-27.0.0-Release.Candidate.app/Contents/Developer/Platforms/WatchOS.platform/Developer/SDKs/WatchOS27.0.sdk/Developer/Library/Frameworks -c -j10 -enable-batch-mode -incremental -Xcc -ivfsstatcache -Xcc /Users/admin/builder/spi-builder-workspace/.derivedData/SDKStatCaches.noindex/watchos27.0-24R360-e829b21a6f8c9b70876ba0858053c04477534ef55a1706bf4c1112bbb242f0a2.sdkstatcache -output-file-map /Users/admin/builder/spi-builder-workspace/.derivedData/Build/Intermediates.noindex/WasmTransformer.build/Debug-watchos/WasmTransformer-t.build/Objects-normal/arm64/WasmTransformer-OutputFileMap.json -save-temps -no-color-diagnostics -explicit-module-build -module-cache-path /Users/admin/builder/spi-builder-workspace/.derivedData/Build/Intermediates.noindex/SwiftExplicitPrecompiledModules -clang-scanner-module-cache-path /Users/admin/builder/spi-builder-workspace/.derivedData/ModuleCache.noindex -sdk-module-cache-path /Users/admin/builder/spi-builder-workspace/.derivedData/SDKExplicitPrecompiledModules -emit-dependencies -emit-module -emit-module-path /Users/admin/builder/spi-builder-workspace/.derivedData/Build/Intermediates.noindex/WasmTransformer.build/Debug-watchos/WasmTransformer-t.build/Objects-normal/arm64/WasmTransformer.swiftmodule -serialize-diagnostics -dependency-scan-serialize-diagnostics-path /Users/admin/builder/spi-builder-workspace/.derivedData/Build/Intermediates.noindex/WasmTransformer.build/Debug-watchos/WasmTransformer-t.build/Objects-normal/arm64/WasmTransformer-dependency-scan.dia -validate-clang-modules-once -clang-build-session-file /Users/admin/builder/spi-builder-workspace/.derivedData/ModuleCache.noindex/Session.modulevalidation -Xcc -fmodules-prune-interval\=86400 -Xcc -fmodules-prune-after\=345600 -emit-const-values -const-gather-protocols-list /Users/admin/builder/spi-builder-workspace/.derivedData/Build/Intermediates.noindex/WasmTransformer.build/Debug-watchos/WasmTransformer-t.build/Objects-normal/arm64/WasmTransformer_const_extract_protocols.json -Xcc -I/Users/admin/builder/spi-builder-workspace/.derivedData/Build/Products/Debug-watchos/include -Xcc -I/Users/admin/builder/spi-builder-workspace/.derivedData/Build/Intermediates.noindex/WasmTransformer.build/Debug-watchos/WasmTransformer-t.build/DerivedSources-normal/arm64 -Xcc -I/Users/admin/builder/spi-builder-workspace/.derivedData/Build/Intermediates.noindex/WasmTransformer.build/Debug-watchos/WasmTransformer-t.build/DerivedSources/arm64 -Xcc -I/Users/admin/builder/spi-builder-workspace/.derivedData/Build/Intermediates.noindex/WasmTransformer.build/Debug-watchos/WasmTransformer-t.build/DerivedSources -Xcc -DSWIFT_PACKAGE -Xcc -DDEBUG\=1 -emit-objc-header -emit-objc-header-path /Users/admin/builder/spi-builder-workspace/.derivedData/Build/Intermediates.noindex/WasmTransformer.build/Debug-watchos/WasmTransformer-t.build/Objects-normal/arm64/WasmTransformer-Swift.h -working-directory /Users/admin/builder/spi-builder-workspace/.swiftpm/xcode -experimental-emit-module-separately -disable-cmo
SwiftDriver TSCLibc normal arm64 com.apple.xcode.tools.swift.compiler (in target 'TSCLibc' from project 'carton')
cd /Users/admin/builder/spi-builder-workspace/.swiftpm/xcode
builtin-SwiftDriver -- /Applications/Xcode-27.0.0-Release.Candidate.app/Contents/Developer/Toolchains/XcodeDefault.xctoolchain/usr/bin/swiftc -parse-as-library -module-name TSCLibc -Onone @/Users/admin/builder/spi-builder-workspace/.derivedData/Build/Intermediates.noindex/carton.build/Debug-watchos/TSCLibc-t.build/Objects-normal/arm64/TSCLibc.SwiftFileList -DSWIFT_PACKAGE -DDEBUG -DSWIFT_MODULE_RESOURCE_BUNDLE_UNAVAILABLE -DXcode -plugin-path /Applications/Xcode-27.0.0-Release.Candidate.app/Contents/Developer/Toolchains/XcodeDefault.xctoolchain/usr/lib/swift/host/plugins/testing -enable-experimental-feature DebugDescriptionMacro -sdk /Applications/Xcode-27.0.0-Release.Candidate.app/Contents/Developer/Platforms/WatchOS.platform/Developer/SDKs/WatchOS27.0.sdk -target arm64-apple-watchos9.0 -g -module-cache-path /Users/admin/builder/spi-builder-workspace/.derivedData/ModuleCache.noindex -Xfrontend -serialize-debugging-options -profile-coverage-mapping -profile-generate -enable-testing -index-store-path /Users/admin/builder/spi-builder-workspace/.derivedData/Index.noindex/DataStore -Xcc -D_LIBCPP_HARDENING_MODE\=_LIBCPP_HARDENING_MODE_DEBUG -swift-version 5 -I /Users/admin/builder/spi-builder-workspace/.derivedData/Build/Products/Debug-watchos -Isystem /Applications/Xcode-27.0.0-Release.Candidate.app/Contents/Developer/Platforms/WatchOS.platform/Developer/usr/lib -F /Users/admin/builder/spi-builder-workspace/.derivedData/Build/Products/Debug-watchos -F /Applications/Xcode-27.0.0-Release.Candidate.app/Contents/Developer/Platforms/WatchOS.platform/Developer/Library/Frameworks -F /Applications/Xcode-27.0.0-Release.Candidate.app/Contents/Developer/Platforms/WatchOS.platform/Developer/SDKs/WatchOS27.0.sdk/Developer/Library/Frameworks -c -j10 -enable-batch-mode -incremental -Xcc -ivfsstatcache -Xcc /Users/admin/builder/spi-builder-workspace/.derivedData/SDKStatCaches.noindex/watchos27.0-24R360-e829b21a6f8c9b70876ba0858053c04477534ef55a1706bf4c1112bbb242f0a2.sdkstatcache -output-file-map /Users/admin/builder/spi-builder-workspace/.derivedData/Build/Intermediates.noindex/carton.build/Debug-watchos/TSCLibc-t.build/Objects-normal/arm64/TSCLibc-OutputFileMap.json -save-temps -no-color-diagnostics -explicit-module-build -module-cache-path /Users/admin/builder/spi-builder-workspace/.derivedData/Build/Intermediates.noindex/SwiftExplicitPrecompiledModules -clang-scanner-module-cache-path /Users/admin/builder/spi-builder-workspace/.derivedData/ModuleCache.noindex -sdk-module-cache-path /Users/admin/builder/spi-builder-workspace/.derivedData/SDKExplicitPrecompiledModules -emit-dependencies -emit-module -emit-module-path /Users/admin/builder/spi-builder-workspace/.derivedData/Build/Intermediates.noindex/carton.build/Debug-watchos/TSCLibc-t.build/Objects-normal/arm64/TSCLibc.swiftmodule -serialize-diagnostics -dependency-scan-serialize-diagnostics-path /Users/admin/builder/spi-builder-workspace/.derivedData/Build/Intermediates.noindex/carton.build/Debug-watchos/TSCLibc-t.build/Objects-normal/arm64/TSCLibc-dependency-scan.dia -validate-clang-modules-once -clang-build-session-file /Users/admin/builder/spi-builder-workspace/.derivedData/ModuleCache.noindex/Session.modulevalidation -Xcc -fmodules-prune-interval\=86400 -Xcc -fmodules-prune-after\=345600 -emit-const-values -const-gather-protocols-list /Users/admin/builder/spi-builder-workspace/.derivedData/Build/Intermediates.noindex/carton.build/Debug-watchos/TSCLibc-t.build/Objects-normal/arm64/TSCLibc_const_extract_protocols.json -Xcc -I/Users/admin/builder/spi-builder-workspace/.derivedData/Build/Products/Debug-watchos/include -Xcc -I/Users/admin/builder/spi-builder-workspace/.derivedData/Build/Intermediates.noindex/carton.build/Debug-watchos/TSCLibc-t.build/DerivedSources-normal/arm64 -Xcc -I/Users/admin/builder/spi-builder-workspace/.derivedData/Build/Intermediates.noindex/carton.build/Debug-watchos/TSCLibc-t.build/DerivedSources/arm64 -Xcc -I/Users/admin/builder/spi-builder-workspace/.derivedData/Build/Intermediates.noindex/carton.build/Debug-watchos/TSCLibc-t.build/DerivedSources -Xcc -DSWIFT_PACKAGE -Xcc -DDEBUG\=1 -emit-objc-header -emit-objc-header-path /Users/admin/builder/spi-builder-workspace/.derivedData/Build/Intermediates.noindex/carton.build/Debug-watchos/TSCLibc-t.build/Objects-normal/arm64/TSCLibc-Swift.h -working-directory /Users/admin/builder/spi-builder-workspace/.swiftpm/xcode -experimental-emit-module-separately -disable-cmo
SwiftDriver TSCLibc normal arm64_32 com.apple.xcode.tools.swift.compiler (in target 'TSCLibc' from project 'carton')
cd /Users/admin/builder/spi-builder-workspace/.swiftpm/xcode
builtin-SwiftDriver -- /Applications/Xcode-27.0.0-Release.Candidate.app/Contents/Developer/Toolchains/XcodeDefault.xctoolchain/usr/bin/swiftc -parse-as-library -module-name TSCLibc -Onone @/Users/admin/builder/spi-builder-workspace/.derivedData/Build/Intermediates.noindex/carton.build/Debug-watchos/TSCLibc-t.build/Objects-normal/arm64_32/TSCLibc.SwiftFileList -DSWIFT_PACKAGE -DDEBUG -DSWIFT_MODULE_RESOURCE_BUNDLE_UNAVAILABLE -DXcode -plugin-path /Applications/Xcode-27.0.0-Release.Candidate.app/Contents/Developer/Toolchains/XcodeDefault.xctoolchain/usr/lib/swift/host/plugins/testing -enable-experimental-feature DebugDescriptionMacro -sdk /Applications/Xcode-27.0.0-Release.Candidate.app/Contents/Developer/Platforms/WatchOS.platform/Developer/SDKs/WatchOS27.0.sdk -target arm64_32-apple-watchos9.0 -g -module-cache-path /Users/admin/builder/spi-builder-workspace/.derivedData/ModuleCache.noindex -Xfrontend -serialize-debugging-options -profile-coverage-mapping -profile-generate -enable-testing -index-store-path /Users/admin/builder/spi-builder-workspace/.derivedData/Index.noindex/DataStore -Xcc -D_LIBCPP_HARDENING_MODE\=_LIBCPP_HARDENING_MODE_DEBUG -swift-version 5 -I /Users/admin/builder/spi-builder-workspace/.derivedData/Build/Products/Debug-watchos -Isystem /Applications/Xcode-27.0.0-Release.Candidate.app/Contents/Developer/Platforms/WatchOS.platform/Developer/usr/lib -F /Users/admin/builder/spi-builder-workspace/.derivedData/Build/Products/Debug-watchos -F /Applications/Xcode-27.0.0-Release.Candidate.app/Contents/Developer/Platforms/WatchOS.platform/Developer/Library/Frameworks -F /Applications/Xcode-27.0.0-Release.Candidate.app/Contents/Developer/Platforms/WatchOS.platform/Developer/SDKs/WatchOS27.0.sdk/Developer/Library/Frameworks -c -j10 -enable-batch-mode -incremental -Xcc -ivfsstatcache -Xcc /Users/admin/builder/spi-builder-workspace/.derivedData/SDKStatCaches.noindex/watchos27.0-24R360-e829b21a6f8c9b70876ba0858053c04477534ef55a1706bf4c1112bbb242f0a2.sdkstatcache -output-file-map /Users/admin/builder/spi-builder-workspace/.derivedData/Build/Intermediates.noindex/carton.build/Debug-watchos/TSCLibc-t.build/Objects-normal/arm64_32/TSCLibc-OutputFileMap.json -save-temps -no-color-diagnostics -explicit-module-build -module-cache-path /Users/admin/builder/spi-builder-workspace/.derivedData/Build/Intermediates.noindex/SwiftExplicitPrecompiledModules -clang-scanner-module-cache-path /Users/admin/builder/spi-builder-workspace/.derivedData/ModuleCache.noindex -sdk-module-cache-path /Users/admin/builder/spi-builder-workspace/.derivedData/SDKExplicitPrecompiledModules -emit-dependencies -emit-module -emit-module-path /Users/admin/builder/spi-builder-workspace/.derivedData/Build/Intermediates.noindex/carton.build/Debug-watchos/TSCLibc-t.build/Objects-normal/arm64_32/TSCLibc.swiftmodule -serialize-diagnostics -dependency-scan-serialize-diagnostics-path /Users/admin/builder/spi-builder-workspace/.derivedData/Build/Intermediates.noindex/carton.build/Debug-watchos/TSCLibc-t.build/Objects-normal/arm64_32/TSCLibc-dependency-scan.dia -validate-clang-modules-once -clang-build-session-file /Users/admin/builder/spi-builder-workspace/.derivedData/ModuleCache.noindex/Session.modulevalidation -Xcc -fmodules-prune-interval\=86400 -Xcc -fmodules-prune-after\=345600 -emit-const-values -const-gather-protocols-list /Users/admin/builder/spi-builder-workspace/.derivedData/Build/Intermediates.noindex/carton.build/Debug-watchos/TSCLibc-t.build/Objects-normal/arm64_32/TSCLibc_const_extract_protocols.json -Xcc -I/Users/admin/builder/spi-builder-workspace/.derivedData/Build/Products/Debug-watchos/include -Xcc -I/Users/admin/builder/spi-builder-workspace/.derivedData/Build/Intermediates.noindex/carton.build/Debug-watchos/TSCLibc-t.build/DerivedSources-normal/arm64_32 -Xcc -I/Users/admin/builder/spi-builder-workspace/.derivedData/Build/Intermediates.noindex/carton.build/Debug-watchos/TSCLibc-t.build/DerivedSources/arm64_32 -Xcc -I/Users/admin/builder/spi-builder-workspace/.derivedData/Build/Intermediates.noindex/carton.build/Debug-watchos/TSCLibc-t.build/DerivedSources -Xcc -DSWIFT_PACKAGE -Xcc -DDEBUG\=1 -emit-objc-header -emit-objc-header-path /Users/admin/builder/spi-builder-workspace/.derivedData/Build/Intermediates.noindex/carton.build/Debug-watchos/TSCLibc-t.build/Objects-normal/arm64_32/TSCLibc-Swift.h -working-directory /Users/admin/builder/spi-builder-workspace/.swiftpm/xcode -experimental-emit-module-separately -disable-cmo
SwiftDriver NIOConcurrencyHelpers normal arm64 com.apple.xcode.tools.swift.compiler (in target 'NIOConcurrencyHelpers' from project 'swift-nio')
cd /Users/admin/builder/spi-builder-workspace/.swiftpm/xcode
builtin-SwiftDriver -- /Applications/Xcode-27.0.0-Release.Candidate.app/Contents/Developer/Toolchains/XcodeDefault.xctoolchain/usr/bin/swiftc -parse-as-library -module-name NIOConcurrencyHelpers -Onone @/Users/admin/builder/spi-builder-workspace/.derivedData/Build/Intermediates.noindex/swift-nio.build/Debug-watchos/NIOConcurrencyHelpers-t.build/Objects-normal/arm64/NIOConcurrencyHelpers.SwiftFileList -DSWIFT_PACKAGE -DDEBUG -DSWIFT_MODULE_RESOURCE_BUNDLE_UNAVAILABLE -Xcc -fmodule-map-file\=/Users/admin/builder/spi-builder-workspace/.derivedData/Build/Intermediates.noindex/GeneratedModuleMaps-watchos/CNIOAtomics.modulemap -DXcode -enable-experimental-feature Lifetimes -enable-upcoming-feature MemberImportVisibility -plugin-path /Applications/Xcode-27.0.0-Release.Candidate.app/Contents/Developer/Toolchains/XcodeDefault.xctoolchain/usr/lib/swift/host/plugins/testing -enable-experimental-feature DebugDescriptionMacro -sdk /Applications/Xcode-27.0.0-Release.Candidate.app/Contents/Developer/Platforms/WatchOS.platform/Developer/SDKs/WatchOS27.0.sdk -target arm64-apple-watchos9.0 -g -module-cache-path /Users/admin/builder/spi-builder-workspace/.derivedData/ModuleCache.noindex -Xfrontend -serialize-debugging-options -profile-coverage-mapping -profile-generate -enable-testing -suppress-warnings -index-store-path /Users/admin/builder/spi-builder-workspace/.derivedData/Index.noindex/DataStore -Xcc -D_LIBCPP_HARDENING_MODE\=_LIBCPP_HARDENING_MODE_DEBUG -swift-version 6 -I /Users/admin/builder/spi-builder-workspace/.derivedData/Build/Products/Debug-watchos -Isystem /Applications/Xcode-27.0.0-Release.Candidate.app/Contents/Developer/Platforms/WatchOS.platform/Developer/usr/lib -F /Users/admin/builder/spi-builder-workspace/.derivedData/Build/Products/Debug-watchos/PackageFrameworks -F /Users/admin/builder/spi-builder-workspace/.derivedData/Build/Products/Debug-watchos -F /Applications/Xcode-27.0.0-Release.Candidate.app/Contents/Developer/Platforms/WatchOS.platform/Developer/Library/Frameworks -F /Applications/Xcode-27.0.0-Release.Candidate.app/Contents/Developer/Platforms/WatchOS.platform/Developer/SDKs/WatchOS27.0.sdk/Developer/Library/Frameworks -c -j10 -enable-batch-mode -incremental -Xcc -ivfsstatcache -Xcc /Users/admin/builder/spi-builder-workspace/.derivedData/SDKStatCaches.noindex/watchos27.0-24R360-e829b21a6f8c9b70876ba0858053c04477534ef55a1706bf4c1112bbb242f0a2.sdkstatcache -output-file-map /Users/admin/builder/spi-builder-workspace/.derivedData/Build/Intermediates.noindex/swift-nio.build/Debug-watchos/NIOConcurrencyHelpers-t.build/Objects-normal/arm64/NIOConcurrencyHelpers-OutputFileMap.json -save-temps -no-color-diagnostics -explicit-module-build -module-cache-path /Users/admin/builder/spi-builder-workspace/.derivedData/Build/Intermediates.noindex/SwiftExplicitPrecompiledModules -clang-scanner-module-cache-path /Users/admin/builder/spi-builder-workspace/.derivedData/ModuleCache.noindex -sdk-module-cache-path /Users/admin/builder/spi-builder-workspace/.derivedData/SDKExplicitPrecompiledModules -emit-dependencies -emit-module -emit-module-path /Users/admin/builder/spi-builder-workspace/.derivedData/Build/Intermediates.noindex/swift-nio.build/Debug-watchos/NIOConcurrencyHelpers-t.build/Objects-normal/arm64/NIOConcurrencyHelpers.swiftmodule -serialize-diagnostics -dependency-scan-serialize-diagnostics-path /Users/admin/builder/spi-builder-workspace/.derivedData/Build/Intermediates.noindex/swift-nio.build/Debug-watchos/NIOConcurrencyHelpers-t.build/Objects-normal/arm64/NIOConcurrencyHelpers-dependency-scan.dia -user-module-version 2.103.0 -validate-clang-modules-once -clang-build-session-file /Users/admin/builder/spi-builder-workspace/.derivedData/ModuleCache.noindex/Session.modulevalidation -Xcc -fmodules-prune-interval\=86400 -Xcc -fmodules-prune-after\=345600 -package-name swift_nio -emit-const-values -const-gather-protocols-list /Users/admin/builder/spi-builder-workspace/.derivedData/Build/Intermediates.noindex/swift-nio.build/Debug-watchos/NIOConcurrencyHelpers-t.build/Objects-normal/arm64/NIOConcurrencyHelpers_const_extract_protocols.json -Xcc -I/Users/admin/builder/spi-builder-workspace/.dependencies/checkouts/swift-nio/Sources/CNIOAtomics/include -Xcc -I/Users/admin/builder/spi-builder-workspace/.derivedData/Build/Products/Debug-watchos/include -Xcc -I/Users/admin/builder/spi-builder-workspace/.derivedData/Build/Intermediates.noindex/swift-nio.build/Debug-watchos/NIOConcurrencyHelpers-t.build/DerivedSources-normal/arm64 -Xcc -I/Users/admin/builder/spi-builder-workspace/.derivedData/Build/Intermediates.noindex/swift-nio.build/Debug-watchos/NIOConcurrencyHelpers-t.build/DerivedSources/arm64 -Xcc -I/Users/admin/builder/spi-builder-workspace/.derivedData/Build/Intermediates.noindex/swift-nio.build/Debug-watchos/NIOConcurrencyHelpers-t.build/DerivedSources -Xcc -DSWIFT_PACKAGE -Xcc -DDEBUG\=1 -emit-objc-header -emit-objc-header-path /Users/admin/builder/spi-builder-workspace/.derivedData/Build/Intermediates.noindex/swift-nio.build/Debug-watchos/NIOConcurrencyHelpers-t.build/Objects-normal/arm64/NIOConcurrencyHelpers-Swift.h -working-directory /Users/admin/builder/spi-builder-workspace/.swiftpm/xcode -experimental-emit-module-separately -disable-cmo
SwiftDriver NIOConcurrencyHelpers normal arm64_32 com.apple.xcode.tools.swift.compiler (in target 'NIOConcurrencyHelpers' from project 'swift-nio')
cd /Users/admin/builder/spi-builder-workspace/.swiftpm/xcode
builtin-SwiftDriver -- /Applications/Xcode-27.0.0-Release.Candidate.app/Contents/Developer/Toolchains/XcodeDefault.xctoolchain/usr/bin/swiftc -parse-as-library -module-name NIOConcurrencyHelpers -Onone @/Users/admin/builder/spi-builder-workspace/.derivedData/Build/Intermediates.noindex/swift-nio.build/Debug-watchos/NIOConcurrencyHelpers-t.build/Objects-normal/arm64_32/NIOConcurrencyHelpers.SwiftFileList -DSWIFT_PACKAGE -DDEBUG -DSWIFT_MODULE_RESOURCE_BUNDLE_UNAVAILABLE -Xcc -fmodule-map-file\=/Users/admin/builder/spi-builder-workspace/.derivedData/Build/Intermediates.noindex/GeneratedModuleMaps-watchos/CNIOAtomics.modulemap -DXcode -enable-experimental-feature Lifetimes -enable-upcoming-feature MemberImportVisibility -plugin-path /Applications/Xcode-27.0.0-Release.Candidate.app/Contents/Developer/Toolchains/XcodeDefault.xctoolchain/usr/lib/swift/host/plugins/testing -enable-experimental-feature DebugDescriptionMacro -sdk /Applications/Xcode-27.0.0-Release.Candidate.app/Contents/Developer/Platforms/WatchOS.platform/Developer/SDKs/WatchOS27.0.sdk -target arm64_32-apple-watchos9.0 -g -module-cache-path /Users/admin/builder/spi-builder-workspace/.derivedData/ModuleCache.noindex -Xfrontend -serialize-debugging-options -profile-coverage-mapping -profile-generate -enable-testing -suppress-warnings -index-store-path /Users/admin/builder/spi-builder-workspace/.derivedData/Index.noindex/DataStore -Xcc -D_LIBCPP_HARDENING_MODE\=_LIBCPP_HARDENING_MODE_DEBUG -swift-version 6 -I /Users/admin/builder/spi-builder-workspace/.derivedData/Build/Products/Debug-watchos -Isystem /Applications/Xcode-27.0.0-Release.Candidate.app/Contents/Developer/Platforms/WatchOS.platform/Developer/usr/lib -F /Users/admin/builder/spi-builder-workspace/.derivedData/Build/Products/Debug-watchos/PackageFrameworks -F /Users/admin/builder/spi-builder-workspace/.derivedData/Build/Products/Debug-watchos -F /Applications/Xcode-27.0.0-Release.Candidate.app/Contents/Developer/Platforms/WatchOS.platform/Developer/Library/Frameworks -F /Applications/Xcode-27.0.0-Release.Candidate.app/Contents/Developer/Platforms/WatchOS.platform/Developer/SDKs/WatchOS27.0.sdk/Developer/Library/Frameworks -c -j10 -enable-batch-mode -incremental -Xcc -ivfsstatcache -Xcc /Users/admin/builder/spi-builder-workspace/.derivedData/SDKStatCaches.noindex/watchos27.0-24R360-e829b21a6f8c9b70876ba0858053c04477534ef55a1706bf4c1112bbb242f0a2.sdkstatcache -output-file-map /Users/admin/builder/spi-builder-workspace/.derivedData/Build/Intermediates.noindex/swift-nio.build/Debug-watchos/NIOConcurrencyHelpers-t.build/Objects-normal/arm64_32/NIOConcurrencyHelpers-OutputFileMap.json -save-temps -no-color-diagnostics -explicit-module-build -module-cache-path /Users/admin/builder/spi-builder-workspace/.derivedData/Build/Intermediates.noindex/SwiftExplicitPrecompiledModules -clang-scanner-module-cache-path /Users/admin/builder/spi-builder-workspace/.derivedData/ModuleCache.noindex -sdk-module-cache-path /Users/admin/builder/spi-builder-workspace/.derivedData/SDKExplicitPrecompiledModules -emit-dependencies -emit-module -emit-module-path /Users/admin/builder/spi-builder-workspace/.derivedData/Build/Intermediates.noindex/swift-nio.build/Debug-watchos/NIOConcurrencyHelpers-t.build/Objects-normal/arm64_32/NIOConcurrencyHelpers.swiftmodule -serialize-diagnostics -dependency-scan-serialize-diagnostics-path /Users/admin/builder/spi-builder-workspace/.derivedData/Build/Intermediates.noindex/swift-nio.build/Debug-watchos/NIOConcurrencyHelpers-t.build/Objects-normal/arm64_32/NIOConcurrencyHelpers-dependency-scan.dia -user-module-version 2.103.0 -validate-clang-modules-once -clang-build-session-file /Users/admin/builder/spi-builder-workspace/.derivedData/ModuleCache.noindex/Session.modulevalidation -Xcc -fmodules-prune-interval\=86400 -Xcc -fmodules-prune-after\=345600 -package-name swift_nio -emit-const-values -const-gather-protocols-list /Users/admin/builder/spi-builder-workspace/.derivedData/Build/Intermediates.noindex/swift-nio.build/Debug-watchos/NIOConcurrencyHelpers-t.build/Objects-normal/arm64_32/NIOConcurrencyHelpers_const_extract_protocols.json -Xcc -I/Users/admin/builder/spi-builder-workspace/.dependencies/checkouts/swift-nio/Sources/CNIOAtomics/include -Xcc -I/Users/admin/builder/spi-builder-workspace/.derivedData/Build/Products/Debug-watchos/include -Xcc -I/Users/admin/builder/spi-builder-workspace/.derivedData/Build/Intermediates.noindex/swift-nio.build/Debug-watchos/NIOConcurrencyHelpers-t.build/DerivedSources-normal/arm64_32 -Xcc -I/Users/admin/builder/spi-builder-workspace/.derivedData/Build/Intermediates.noindex/swift-nio.build/Debug-watchos/NIOConcurrencyHelpers-t.build/DerivedSources/arm64_32 -Xcc -I/Users/admin/builder/spi-builder-workspace/.derivedData/Build/Intermediates.noindex/swift-nio.build/Debug-watchos/NIOConcurrencyHelpers-t.build/DerivedSources -Xcc -DSWIFT_PACKAGE -Xcc -DDEBUG\=1 -emit-objc-header -emit-objc-header-path /Users/admin/builder/spi-builder-workspace/.derivedData/Build/Intermediates.noindex/swift-nio.build/Debug-watchos/NIOConcurrencyHelpers-t.build/Objects-normal/arm64_32/NIOConcurrencyHelpers-Swift.h -working-directory /Users/admin/builder/spi-builder-workspace/.swiftpm/xcode -experimental-emit-module-separately -disable-cmo
SwiftDriver InternalCollectionsUtilities normal arm64_32 com.apple.xcode.tools.swift.compiler (in target 'InternalCollectionsUtilities' from project 'swift-collections')
cd /Users/admin/builder/spi-builder-workspace/.swiftpm/xcode
builtin-SwiftDriver -- /Applications/Xcode-27.0.0-Release.Candidate.app/Contents/Developer/Toolchains/XcodeDefault.xctoolchain/usr/bin/swiftc -parse-as-library -module-name InternalCollectionsUtilities -Onone @/Users/admin/builder/spi-builder-workspace/.derivedData/Build/Intermediates.noindex/swift-collections.build/Debug-watchos/InternalCollectionsUtilities-t.build/Objects-normal/arm64_32/InternalCollectionsUtilities.SwiftFileList -DSWIFT_PACKAGE -DDEBUG -DSWIFT_MODULE_RESOURCE_BUNDLE_UNAVAILABLE -DCOLLECTIONS_RANDOMIZED_TESTING -DXcode -enable-experimental-feature AvailabilityMacro\=SwiftStdlib\ 5.0:\ macOS\ 10.14.4,\ iOS\ 12.2,\ watchOS\ 5.2,\ tvOS\ 12.2 -enable-experimental-feature AvailabilityMacro\=SwiftStdlib\ 5.1:\ macOS\ 10.15,\ iOS\ 13.0,\ watchOS\ 6.0,\ tvOS\ 13.0 -enable-experimental-feature AvailabilityMacro\=SwiftStdlib\ 5.6:\ macOS\ 12.3,\ iOS\ 15.4,\ watchOS\ 8.5,\ tvOS\ 15.4 -enable-experimental-feature AvailabilityMacro\=SwiftStdlib\ 5.7:\ macOS\ 13.0,\ iOS\ 16.0,\ watchOS\ 9.0,\ tvOS\ 16.0 -enable-experimental-feature AvailabilityMacro\=SwiftStdlib\ 5.8:\ macOS\ 13.3,\ iOS\ 16.4,\ watchOS\ 9.4,\ tvOS\ 16.4 -enable-experimental-feature AvailabilityMacro\=SwiftStdlib\ 5.9:\ macOS\ 14.0,\ iOS\ 17.0,\ watchOS\ 10.0,\ tvOS\ 17.0 -enable-experimental-feature AvailabilityMacro\=SwiftStdlib\ 5.10:\ macOS\ 14.4,\ iOS\ 17.4,\ watchOS\ 10.4,\ tvOS\ 17.4,\ visionOS\ 1.1 -enable-experimental-feature AvailabilityMacro\=SwiftStdlib\ 6.0:\ macOS\ 15.0,\ iOS\ 18.0,\ watchOS\ 11.0,\ tvOS\ 18.0,\ visionOS\ 2.0 -enable-experimental-feature AvailabilityMacro\=SwiftStdlib\ 6.1:\ macOS\ 15.4,\ iOS\ 18.4,\ watchOS\ 11.4,\ tvOS\ 18.4,\ visionOS\ 2.4 -enable-experimental-feature AvailabilityMacro\=SwiftStdlib\ 6.2:\ macOS\ 26.0,\ iOS\ 26.0,\ watchOS\ 26.0,\ tvOS\ 26.0,\ visionOS\ 26.0 -enable-experimental-feature AvailabilityMacro\=SwiftStdlib\ 6.3:\ macOS\ 26.4,\ iOS\ 26.4,\ watchOS\ 26.4,\ tvOS\ 26.4,\ visionOS\ 26.4 -enable-experimental-feature AvailabilityMacro\=SwiftStdlib\ 6.4:\ macOS\ 9999,\ iOS\ 9999,\ watchOS\ 9999,\ tvOS\ 9999,\ visionOS\ 9999 -enable-experimental-feature AvailabilityMacro\=SwiftStdlib\ 6.5:\ macOS\ 9999,\ iOS\ 9999,\ watchOS\ 9999,\ tvOS\ 9999,\ visionOS\ 9999 -enable-upcoming-feature MemberImportVisibility -enable-experimental-feature BuiltinModule -enable-experimental-feature Lifetimes -enable-experimental-feature InoutLifetimeDependence -enable-experimental-feature AddressableParameters -enable-experimental-feature AddressableTypes -enable-experimental-feature SuppressedAssociatedTypesWithDefaults -plugin-path /Applications/Xcode-27.0.0-Release.Candidate.app/Contents/Developer/Toolchains/XcodeDefault.xctoolchain/usr/lib/swift/host/plugins/testing -enable-experimental-feature DebugDescriptionMacro -sdk /Applications/Xcode-27.0.0-Release.Candidate.app/Contents/Developer/Platforms/WatchOS.platform/Developer/SDKs/WatchOS27.0.sdk -target arm64_32-apple-watchos9.0 -g -module-cache-path /Users/admin/builder/spi-builder-workspace/.derivedData/ModuleCache.noindex -Xfrontend -serialize-debugging-options -profile-coverage-mapping -profile-generate -enable-testing -suppress-warnings -index-store-path /Users/admin/builder/spi-builder-workspace/.derivedData/Index.noindex/DataStore -Xcc -D_LIBCPP_HARDENING_MODE\=_LIBCPP_HARDENING_MODE_DEBUG -swift-version 6 -I /Users/admin/builder/spi-builder-workspace/.derivedData/Build/Products/Debug-watchos -Isystem /Applications/Xcode-27.0.0-Release.Candidate.app/Contents/Developer/Platforms/WatchOS.platform/Developer/usr/lib -F /Users/admin/builder/spi-builder-workspace/.derivedData/Build/Products/Debug-watchos -F /Applications/Xcode-27.0.0-Release.Candidate.app/Contents/Developer/Platforms/WatchOS.platform/Developer/Library/Frameworks -F /Applications/Xcode-27.0.0-Release.Candidate.app/Contents/Developer/Platforms/WatchOS.platform/Developer/SDKs/WatchOS27.0.sdk/Developer/Library/Frameworks -c -j10 -enable-batch-mode -incremental -Xcc -ivfsstatcache -Xcc /Users/admin/builder/spi-builder-workspace/.derivedData/SDKStatCaches.noindex/watchos27.0-24R360-e829b21a6f8c9b70876ba0858053c04477534ef55a1706bf4c1112bbb242f0a2.sdkstatcache -output-file-map /Users/admin/builder/spi-builder-workspace/.derivedData/Build/Intermediates.noindex/swift-collections.build/Debug-watchos/InternalCollectionsUtilities-t.build/Objects-normal/arm64_32/InternalCollectionsUtilities-OutputFileMap.json -save-temps -no-color-diagnostics -explicit-module-build -module-cache-path /Users/admin/builder/spi-builder-workspace/.derivedData/Build/Intermediates.noindex/SwiftExplicitPrecompiledModules -clang-scanner-module-cache-path /Users/admin/builder/spi-builder-workspace/.derivedData/ModuleCache.noindex -sdk-module-cache-path /Users/admin/builder/spi-builder-workspace/.derivedData/SDKExplicitPrecompiledModules -emit-dependencies -emit-module -emit-module-path /Users/admin/builder/spi-builder-workspace/.derivedData/Build/Intermediates.noindex/swift-collections.build/Debug-watchos/InternalCollectionsUtilities-t.build/Objects-normal/arm64_32/InternalCollectionsUtilities.swiftmodule -serialize-diagnostics -dependency-scan-serialize-diagnostics-path /Users/admin/builder/spi-builder-workspace/.derivedData/Build/Intermediates.noindex/swift-collections.build/Debug-watchos/InternalCollectionsUtilities-t.build/Objects-normal/arm64_32/InternalCollectionsUtilities-dependency-scan.dia -user-module-version 1.6.0 -validate-clang-modules-once -clang-build-session-file /Users/admin/builder/spi-builder-workspace/.derivedData/ModuleCache.noindex/Session.modulevalidation -Xcc -fmodules-prune-interval\=86400 -Xcc -fmodules-prune-after\=345600 -package-name swift_collections -emit-const-values -const-gather-protocols-list /Users/admin/builder/spi-builder-workspace/.derivedData/Build/Intermediates.noindex/swift-collections.build/Debug-watchos/InternalCollectionsUtilities-t.build/Objects-normal/arm64_32/InternalCollectionsUtilities_const_extract_protocols.json -Xcc -I/Users/admin/builder/spi-builder-workspace/.derivedData/Build/Products/Debug-watchos/include -Xcc -I/Users/admin/builder/spi-builder-workspace/.derivedData/Build/Intermediates.noindex/swift-collections.build/Debug-watchos/InternalCollectionsUtilities-t.build/DerivedSources-normal/arm64_32 -Xcc -I/Users/admin/builder/spi-builder-workspace/.derivedData/Build/Intermediates.noindex/swift-collections.build/Debug-watchos/InternalCollectionsUtilities-t.build/DerivedSources/arm64_32 -Xcc -I/Users/admin/builder/spi-builder-workspace/.derivedData/Build/Intermediates.noindex/swift-collections.build/Debug-watchos/InternalCollectionsUtilities-t.build/DerivedSources -Xcc -DSWIFT_PACKAGE -Xcc -DDEBUG\=1 -emit-objc-header -emit-objc-header-path /Users/admin/builder/spi-builder-workspace/.derivedData/Build/Intermediates.noindex/swift-collections.build/Debug-watchos/InternalCollectionsUtilities-t.build/Objects-normal/arm64_32/InternalCollectionsUtilities-Swift.h -working-directory /Users/admin/builder/spi-builder-workspace/.swiftpm/xcode -experimental-emit-module-separately -disable-cmo
SwiftDriver InternalCollectionsUtilities normal arm64 com.apple.xcode.tools.swift.compiler (in target 'InternalCollectionsUtilities' from project 'swift-collections')
cd /Users/admin/builder/spi-builder-workspace/.swiftpm/xcode
builtin-SwiftDriver -- /Applications/Xcode-27.0.0-Release.Candidate.app/Contents/Developer/Toolchains/XcodeDefault.xctoolchain/usr/bin/swiftc -parse-as-library -module-name InternalCollectionsUtilities -Onone @/Users/admin/builder/spi-builder-workspace/.derivedData/Build/Intermediates.noindex/swift-collections.build/Debug-watchos/InternalCollectionsUtilities-t.build/Objects-normal/arm64/InternalCollectionsUtilities.SwiftFileList -DSWIFT_PACKAGE -DDEBUG -DSWIFT_MODULE_RESOURCE_BUNDLE_UNAVAILABLE -DCOLLECTIONS_RANDOMIZED_TESTING -DXcode -enable-experimental-feature AvailabilityMacro\=SwiftStdlib\ 5.0:\ macOS\ 10.14.4,\ iOS\ 12.2,\ watchOS\ 5.2,\ tvOS\ 12.2 -enable-experimental-feature AvailabilityMacro\=SwiftStdlib\ 5.1:\ macOS\ 10.15,\ iOS\ 13.0,\ watchOS\ 6.0,\ tvOS\ 13.0 -enable-experimental-feature AvailabilityMacro\=SwiftStdlib\ 5.6:\ macOS\ 12.3,\ iOS\ 15.4,\ watchOS\ 8.5,\ tvOS\ 15.4 -enable-experimental-feature AvailabilityMacro\=SwiftStdlib\ 5.7:\ macOS\ 13.0,\ iOS\ 16.0,\ watchOS\ 9.0,\ tvOS\ 16.0 -enable-experimental-feature AvailabilityMacro\=SwiftStdlib\ 5.8:\ macOS\ 13.3,\ iOS\ 16.4,\ watchOS\ 9.4,\ tvOS\ 16.4 -enable-experimental-feature AvailabilityMacro\=SwiftStdlib\ 5.9:\ macOS\ 14.0,\ iOS\ 17.0,\ watchOS\ 10.0,\ tvOS\ 17.0 -enable-experimental-feature AvailabilityMacro\=SwiftStdlib\ 5.10:\ macOS\ 14.4,\ iOS\ 17.4,\ watchOS\ 10.4,\ tvOS\ 17.4,\ visionOS\ 1.1 -enable-experimental-feature AvailabilityMacro\=SwiftStdlib\ 6.0:\ macOS\ 15.0,\ iOS\ 18.0,\ watchOS\ 11.0,\ tvOS\ 18.0,\ visionOS\ 2.0 -enable-experimental-feature AvailabilityMacro\=SwiftStdlib\ 6.1:\ macOS\ 15.4,\ iOS\ 18.4,\ watchOS\ 11.4,\ tvOS\ 18.4,\ visionOS\ 2.4 -enable-experimental-feature AvailabilityMacro\=SwiftStdlib\ 6.2:\ macOS\ 26.0,\ iOS\ 26.0,\ watchOS\ 26.0,\ tvOS\ 26.0,\ visionOS\ 26.0 -enable-experimental-feature AvailabilityMacro\=SwiftStdlib\ 6.3:\ macOS\ 26.4,\ iOS\ 26.4,\ watchOS\ 26.4,\ tvOS\ 26.4,\ visionOS\ 26.4 -enable-experimental-feature AvailabilityMacro\=SwiftStdlib\ 6.4:\ macOS\ 9999,\ iOS\ 9999,\ watchOS\ 9999,\ tvOS\ 9999,\ visionOS\ 9999 -enable-experimental-feature AvailabilityMacro\=SwiftStdlib\ 6.5:\ macOS\ 9999,\ iOS\ 9999,\ watchOS\ 9999,\ tvOS\ 9999,\ visionOS\ 9999 -enable-upcoming-feature MemberImportVisibility -enable-experimental-feature BuiltinModule -enable-experimental-feature Lifetimes -enable-experimental-feature InoutLifetimeDependence -enable-experimental-feature AddressableParameters -enable-experimental-feature AddressableTypes -enable-experimental-feature SuppressedAssociatedTypesWithDefaults -plugin-path /Applications/Xcode-27.0.0-Release.Candidate.app/Contents/Developer/Toolchains/XcodeDefault.xctoolchain/usr/lib/swift/host/plugins/testing -enable-experimental-feature DebugDescriptionMacro -sdk /Applications/Xcode-27.0.0-Release.Candidate.app/Contents/Developer/Platforms/WatchOS.platform/Developer/SDKs/WatchOS27.0.sdk -target arm64-apple-watchos9.0 -g -module-cache-path /Users/admin/builder/spi-builder-workspace/.derivedData/ModuleCache.noindex -Xfrontend -serialize-debugging-options -profile-coverage-mapping -profile-generate -enable-testing -suppress-warnings -index-store-path /Users/admin/builder/spi-builder-workspace/.derivedData/Index.noindex/DataStore -Xcc -D_LIBCPP_HARDENING_MODE\=_LIBCPP_HARDENING_MODE_DEBUG -swift-version 6 -I /Users/admin/builder/spi-builder-workspace/.derivedData/Build/Products/Debug-watchos -Isystem /Applications/Xcode-27.0.0-Release.Candidate.app/Contents/Developer/Platforms/WatchOS.platform/Developer/usr/lib -F /Users/admin/builder/spi-builder-workspace/.derivedData/Build/Products/Debug-watchos -F /Applications/Xcode-27.0.0-Release.Candidate.app/Contents/Developer/Platforms/WatchOS.platform/Developer/Library/Frameworks -F /Applications/Xcode-27.0.0-Release.Candidate.app/Contents/Developer/Platforms/WatchOS.platform/Developer/SDKs/WatchOS27.0.sdk/Developer/Library/Frameworks -c -j10 -enable-batch-mode -incremental -Xcc -ivfsstatcache -Xcc /Users/admin/builder/spi-builder-workspace/.derivedData/SDKStatCaches.noindex/watchos27.0-24R360-e829b21a6f8c9b70876ba0858053c04477534ef55a1706bf4c1112bbb242f0a2.sdkstatcache -output-file-map /Users/admin/builder/spi-builder-workspace/.derivedData/Build/Intermediates.noindex/swift-collections.build/Debug-watchos/InternalCollectionsUtilities-t.build/Objects-normal/arm64/InternalCollectionsUtilities-OutputFileMap.json -save-temps -no-color-diagnostics -explicit-module-build -module-cache-path /Users/admin/builder/spi-builder-workspace/.derivedData/Build/Intermediates.noindex/SwiftExplicitPrecompiledModules -clang-scanner-module-cache-path /Users/admin/builder/spi-builder-workspace/.derivedData/ModuleCache.noindex -sdk-module-cache-path /Users/admin/builder/spi-builder-workspace/.derivedData/SDKExplicitPrecompiledModules -emit-dependencies -emit-module -emit-module-path /Users/admin/builder/spi-builder-workspace/.derivedData/Build/Intermediates.noindex/swift-collections.build/Debug-watchos/InternalCollectionsUtilities-t.build/Objects-normal/arm64/InternalCollectionsUtilities.swiftmodule -serialize-diagnostics -dependency-scan-serialize-diagnostics-path /Users/admin/builder/spi-builder-workspace/.derivedData/Build/Intermediates.noindex/swift-collections.build/Debug-watchos/InternalCollectionsUtilities-t.build/Objects-normal/arm64/InternalCollectionsUtilities-dependency-scan.dia -user-module-version 1.6.0 -validate-clang-modules-once -clang-build-session-file /Users/admin/builder/spi-builder-workspace/.derivedData/ModuleCache.noindex/Session.modulevalidation -Xcc -fmodules-prune-interval\=86400 -Xcc -fmodules-prune-after\=345600 -package-name swift_collections -emit-const-values -const-gather-protocols-list /Users/admin/builder/spi-builder-workspace/.derivedData/Build/Intermediates.noindex/swift-collections.build/Debug-watchos/InternalCollectionsUtilities-t.build/Objects-normal/arm64/InternalCollectionsUtilities_const_extract_protocols.json -Xcc -I/Users/admin/builder/spi-builder-workspace/.derivedData/Build/Products/Debug-watchos/include -Xcc -I/Users/admin/builder/spi-builder-workspace/.derivedData/Build/Intermediates.noindex/swift-collections.build/Debug-watchos/InternalCollectionsUtilities-t.build/DerivedSources-normal/arm64 -Xcc -I/Users/admin/builder/spi-builder-workspace/.derivedData/Build/Intermediates.noindex/swift-collections.build/Debug-watchos/InternalCollectionsUtilities-t.build/DerivedSources/arm64 -Xcc -I/Users/admin/builder/spi-builder-workspace/.derivedData/Build/Intermediates.noindex/swift-collections.build/Debug-watchos/InternalCollectionsUtilities-t.build/DerivedSources -Xcc -DSWIFT_PACKAGE -Xcc -DDEBUG\=1 -emit-objc-header -emit-objc-header-path /Users/admin/builder/spi-builder-workspace/.derivedData/Build/Intermediates.noindex/swift-collections.build/Debug-watchos/InternalCollectionsUtilities-t.build/Objects-normal/arm64/InternalCollectionsUtilities-Swift.h -working-directory /Users/admin/builder/spi-builder-workspace/.swiftpm/xcode -experimental-emit-module-separately -disable-cmo
SwiftDriver CartonCore normal arm64 com.apple.xcode.tools.swift.compiler (in target 'CartonCore' from project 'carton')
cd /Users/admin/builder/spi-builder-workspace/.swiftpm/xcode
builtin-SwiftDriver -- /Applications/Xcode-27.0.0-Release.Candidate.app/Contents/Developer/Toolchains/XcodeDefault.xctoolchain/usr/bin/swiftc -parse-as-library -module-name CartonCore -Onone @/Users/admin/builder/spi-builder-workspace/.derivedData/Build/Intermediates.noindex/carton.build/Debug-watchos/CartonCore-t.build/Objects-normal/arm64/CartonCore.SwiftFileList -DSWIFT_PACKAGE -DDEBUG -DSWIFT_MODULE_RESOURCE_BUNDLE_UNAVAILABLE -DXcode -plugin-path /Applications/Xcode-27.0.0-Release.Candidate.app/Contents/Developer/Toolchains/XcodeDefault.xctoolchain/usr/lib/swift/host/plugins/testing -enable-experimental-feature DebugDescriptionMacro -sdk /Applications/Xcode-27.0.0-Release.Candidate.app/Contents/Developer/Platforms/WatchOS.platform/Developer/SDKs/WatchOS27.0.sdk -target arm64-apple-watchos9.0 -g -module-cache-path /Users/admin/builder/spi-builder-workspace/.derivedData/ModuleCache.noindex -Xfrontend -serialize-debugging-options -profile-coverage-mapping -profile-generate -enable-testing -index-store-path /Users/admin/builder/spi-builder-workspace/.derivedData/Index.noindex/DataStore -Xcc -D_LIBCPP_HARDENING_MODE\=_LIBCPP_HARDENING_MODE_DEBUG -swift-version 5 -I /Users/admin/builder/spi-builder-workspace/.derivedData/Build/Products/Debug-watchos -Isystem /Applications/Xcode-27.0.0-Release.Candidate.app/Contents/Developer/Platforms/WatchOS.platform/Developer/usr/lib -F /Users/admin/builder/spi-builder-workspace/.derivedData/Build/Products/Debug-watchos -F /Applications/Xcode-27.0.0-Release.Candidate.app/Contents/Developer/Platforms/WatchOS.platform/Developer/Library/Frameworks -F /Applications/Xcode-27.0.0-Release.Candidate.app/Contents/Developer/Platforms/WatchOS.platform/Developer/SDKs/WatchOS27.0.sdk/Developer/Library/Frameworks -c -j10 -enable-batch-mode -incremental -Xcc -ivfsstatcache -Xcc /Users/admin/builder/spi-builder-workspace/.derivedData/SDKStatCaches.noindex/watchos27.0-24R360-e829b21a6f8c9b70876ba0858053c04477534ef55a1706bf4c1112bbb242f0a2.sdkstatcache -output-file-map /Users/admin/builder/spi-builder-workspace/.derivedData/Build/Intermediates.noindex/carton.build/Debug-watchos/CartonCore-t.build/Objects-normal/arm64/CartonCore-OutputFileMap.json -save-temps -no-color-diagnostics -explicit-module-build -module-cache-path /Users/admin/builder/spi-builder-workspace/.derivedData/Build/Intermediates.noindex/SwiftExplicitPrecompiledModules -clang-scanner-module-cache-path /Users/admin/builder/spi-builder-workspace/.derivedData/ModuleCache.noindex -sdk-module-cache-path /Users/admin/builder/spi-builder-workspace/.derivedData/SDKExplicitPrecompiledModules -emit-dependencies -emit-module -emit-module-path /Users/admin/builder/spi-builder-workspace/.derivedData/Build/Intermediates.noindex/carton.build/Debug-watchos/CartonCore-t.build/Objects-normal/arm64/CartonCore.swiftmodule -serialize-diagnostics -dependency-scan-serialize-diagnostics-path /Users/admin/builder/spi-builder-workspace/.derivedData/Build/Intermediates.noindex/carton.build/Debug-watchos/CartonCore-t.build/Objects-normal/arm64/CartonCore-dependency-scan.dia -validate-clang-modules-once -clang-build-session-file /Users/admin/builder/spi-builder-workspace/.derivedData/ModuleCache.noindex/Session.modulevalidation -Xcc -fmodules-prune-interval\=86400 -Xcc -fmodules-prune-after\=345600 -emit-const-values -const-gather-protocols-list /Users/admin/builder/spi-builder-workspace/.derivedData/Build/Intermediates.noindex/carton.build/Debug-watchos/CartonCore-t.build/Objects-normal/arm64/CartonCore_const_extract_protocols.json -Xcc -I/Users/admin/builder/spi-builder-workspace/.derivedData/Build/Products/Debug-watchos/include -Xcc -I/Users/admin/builder/spi-builder-workspace/.derivedData/Build/Intermediates.noindex/carton.build/Debug-watchos/CartonCore-t.build/DerivedSources-normal/arm64 -Xcc -I/Users/admin/builder/spi-builder-workspace/.derivedData/Build/Intermediates.noindex/carton.build/Debug-watchos/CartonCore-t.build/DerivedSources/arm64 -Xcc -I/Users/admin/builder/spi-builder-workspace/.derivedData/Build/Intermediates.noindex/carton.build/Debug-watchos/CartonCore-t.build/DerivedSources -Xcc -DSWIFT_PACKAGE -Xcc -DDEBUG\=1 -emit-objc-header -emit-objc-header-path /Users/admin/builder/spi-builder-workspace/.derivedData/Build/Intermediates.noindex/carton.build/Debug-watchos/CartonCore-t.build/Objects-normal/arm64/CartonCore-Swift.h -working-directory /Users/admin/builder/spi-builder-workspace/.swiftpm/xcode -experimental-emit-module-separately -disable-cmo
SwiftEmitModule normal arm64_32 Emitting\ module\ for\ WasmTransformer (in target 'WasmTransformer' from project 'WasmTransformer')
SwiftCompile normal arm64_32 (in target 'WasmTransformer' from project 'WasmTransformer')
cd /Users/admin/builder/spi-builder-workspace/.swiftpm/xcode
SwiftEmitModule normal arm64_32 Emitting\ module\ for\ TSCLibc (in target 'TSCLibc' from project 'carton')
SwiftCompile normal arm64_32 (in target 'TSCLibc' from project 'carton')
cd /Users/admin/builder/spi-builder-workspace/.swiftpm/xcode
SwiftEmitModule normal arm64 Emitting\ module\ for\ TSCLibc (in target 'TSCLibc' from project 'carton')
SwiftCompile normal arm64 (in target 'TSCLibc' from project 'carton')
cd /Users/admin/builder/spi-builder-workspace/.swiftpm/xcode
SwiftDriver CartonCore normal arm64_32 com.apple.xcode.tools.swift.compiler (in target 'CartonCore' from project 'carton')
cd /Users/admin/builder/spi-builder-workspace/.swiftpm/xcode
builtin-SwiftDriver -- /Applications/Xcode-27.0.0-Release.Candidate.app/Contents/Developer/Toolchains/XcodeDefault.xctoolchain/usr/bin/swiftc -parse-as-library -module-name CartonCore -Onone @/Users/admin/builder/spi-builder-workspace/.derivedData/Build/Intermediates.noindex/carton.build/Debug-watchos/CartonCore-t.build/Objects-normal/arm64_32/CartonCore.SwiftFileList -DSWIFT_PACKAGE -DDEBUG -DSWIFT_MODULE_RESOURCE_BUNDLE_UNAVAILABLE -DXcode -plugin-path /Applications/Xcode-27.0.0-Release.Candidate.app/Contents/Developer/Toolchains/XcodeDefault.xctoolchain/usr/lib/swift/host/plugins/testing -enable-experimental-feature DebugDescriptionMacro -sdk /Applications/Xcode-27.0.0-Release.Candidate.app/Contents/Developer/Platforms/WatchOS.platform/Developer/SDKs/WatchOS27.0.sdk -target arm64_32-apple-watchos9.0 -g -module-cache-path /Users/admin/builder/spi-builder-workspace/.derivedData/ModuleCache.noindex -Xfrontend -serialize-debugging-options -profile-coverage-mapping -profile-generate -enable-testing -index-store-path /Users/admin/builder/spi-builder-workspace/.derivedData/Index.noindex/DataStore -Xcc -D_LIBCPP_HARDENING_MODE\=_LIBCPP_HARDENING_MODE_DEBUG -swift-version 5 -I /Users/admin/builder/spi-builder-workspace/.derivedData/Build/Products/Debug-watchos -Isystem /Applications/Xcode-27.0.0-Release.Candidate.app/Contents/Developer/Platforms/WatchOS.platform/Developer/usr/lib -F /Users/admin/builder/spi-builder-workspace/.derivedData/Build/Products/Debug-watchos -F /Applications/Xcode-27.0.0-Release.Candidate.app/Contents/Developer/Platforms/WatchOS.platform/Developer/Library/Frameworks -F /Applications/Xcode-27.0.0-Release.Candidate.app/Contents/Developer/Platforms/WatchOS.platform/Developer/SDKs/WatchOS27.0.sdk/Developer/Library/Frameworks -c -j10 -enable-batch-mode -incremental -Xcc -ivfsstatcache -Xcc /Users/admin/builder/spi-builder-workspace/.derivedData/SDKStatCaches.noindex/watchos27.0-24R360-e829b21a6f8c9b70876ba0858053c04477534ef55a1706bf4c1112bbb242f0a2.sdkstatcache -output-file-map /Users/admin/builder/spi-builder-workspace/.derivedData/Build/Intermediates.noindex/carton.build/Debug-watchos/CartonCore-t.build/Objects-normal/arm64_32/CartonCore-OutputFileMap.json -save-temps -no-color-diagnostics -explicit-module-build -module-cache-path /Users/admin/builder/spi-builder-workspace/.derivedData/Build/Intermediates.noindex/SwiftExplicitPrecompiledModules -clang-scanner-module-cache-path /Users/admin/builder/spi-builder-workspace/.derivedData/ModuleCache.noindex -sdk-module-cache-path /Users/admin/builder/spi-builder-workspace/.derivedData/SDKExplicitPrecompiledModules -emit-dependencies -emit-module -emit-module-path /Users/admin/builder/spi-builder-workspace/.derivedData/Build/Intermediates.noindex/carton.build/Debug-watchos/CartonCore-t.build/Objects-normal/arm64_32/CartonCore.swiftmodule -serialize-diagnostics -dependency-scan-serialize-diagnostics-path /Users/admin/builder/spi-builder-workspace/.derivedData/Build/Intermediates.noindex/carton.build/Debug-watchos/CartonCore-t.build/Objects-normal/arm64_32/CartonCore-dependency-scan.dia -validate-clang-modules-once -clang-build-session-file /Users/admin/builder/spi-builder-workspace/.derivedData/ModuleCache.noindex/Session.modulevalidation -Xcc -fmodules-prune-interval\=86400 -Xcc -fmodules-prune-after\=345600 -emit-const-values -const-gather-protocols-list /Users/admin/builder/spi-builder-workspace/.derivedData/Build/Intermediates.noindex/carton.build/Debug-watchos/CartonCore-t.build/Objects-normal/arm64_32/CartonCore_const_extract_protocols.json -Xcc -I/Users/admin/builder/spi-builder-workspace/.derivedData/Build/Products/Debug-watchos/include -Xcc -I/Users/admin/builder/spi-builder-workspace/.derivedData/Build/Intermediates.noindex/carton.build/Debug-watchos/CartonCore-t.build/DerivedSources-normal/arm64_32 -Xcc -I/Users/admin/builder/spi-builder-workspace/.derivedData/Build/Intermediates.noindex/carton.build/Debug-watchos/CartonCore-t.build/DerivedSources/arm64_32 -Xcc -I/Users/admin/builder/spi-builder-workspace/.derivedData/Build/Intermediates.noindex/carton.build/Debug-watchos/CartonCore-t.build/DerivedSources -Xcc -DSWIFT_PACKAGE -Xcc -DDEBUG\=1 -emit-objc-header -emit-objc-header-path /Users/admin/builder/spi-builder-workspace/.derivedData/Build/Intermediates.noindex/carton.build/Debug-watchos/CartonCore-t.build/Objects-normal/arm64_32/CartonCore-Swift.h -working-directory /Users/admin/builder/spi-builder-workspace/.swiftpm/xcode -experimental-emit-module-separately -disable-cmo
CreateUniversalBinary /Users/admin/builder/spi-builder-workspace/.derivedData/Build/Products/Debug-watchos/carton-plugin-helper normal arm64\ arm64_32 (in target 'carton-plugin-helper-product' from project 'carton')
cd /Users/admin/builder/spi-builder-workspace
/Applications/Xcode-27.0.0-Release.Candidate.app/Contents/Developer/Toolchains/XcodeDefault.xctoolchain/usr/bin/lipo -create /Users/admin/builder/spi-builder-workspace/.derivedData/Build/Intermediates.noindex/carton.build/Debug-watchos/carton-plugin-helper-p.build/Objects-normal/arm64/Binary/carton-plugin-helper /Users/admin/builder/spi-builder-workspace/.derivedData/Build/Intermediates.noindex/carton.build/Debug-watchos/carton-plugin-helper-p.build/Objects-normal/arm64_32/Binary/carton-plugin-helper -output /Users/admin/builder/spi-builder-workspace/.derivedData/Build/Products/Debug-watchos/carton-plugin-helper
SwiftDriver Atomics normal arm64_32 com.apple.xcode.tools.swift.compiler (in target 'Atomics' from project 'swift-atomics')
cd /Users/admin/builder/spi-builder-workspace/.swiftpm/xcode
builtin-SwiftDriver -- /Applications/Xcode-27.0.0-Release.Candidate.app/Contents/Developer/Toolchains/XcodeDefault.xctoolchain/usr/bin/swiftc -parse-as-library -module-name Atomics -Onone @/Users/admin/builder/spi-builder-workspace/.derivedData/Build/Intermediates.noindex/swift-atomics.build/Debug-watchos/Atomics-t.build/Objects-normal/arm64_32/Atomics.SwiftFileList -DSWIFT_PACKAGE -DDEBUG -DSWIFT_MODULE_RESOURCE_BUNDLE_UNAVAILABLE -Xcc -fmodule-map-file\=/Users/admin/builder/spi-builder-workspace/.dependencies/checkouts/swift-atomics/Sources/_AtomicsShims/include/module.modulemap -DXcode -enable-experimental-feature BuiltinModule -plugin-path /Applications/Xcode-27.0.0-Release.Candidate.app/Contents/Developer/Toolchains/XcodeDefault.xctoolchain/usr/lib/swift/host/plugins/testing -enable-experimental-feature DebugDescriptionMacro -sdk /Applications/Xcode-27.0.0-Release.Candidate.app/Contents/Developer/Platforms/WatchOS.platform/Developer/SDKs/WatchOS27.0.sdk -target arm64_32-apple-watchos9.0 -g -module-cache-path /Users/admin/builder/spi-builder-workspace/.derivedData/ModuleCache.noindex -Xfrontend -serialize-debugging-options -profile-coverage-mapping -profile-generate -enable-testing -suppress-warnings -index-store-path /Users/admin/builder/spi-builder-workspace/.derivedData/Index.noindex/DataStore -Xcc -D_LIBCPP_HARDENING_MODE\=_LIBCPP_HARDENING_MODE_DEBUG -swift-version 5 -I /Users/admin/builder/spi-builder-workspace/.derivedData/Build/Products/Debug-watchos -Isystem /Applications/Xcode-27.0.0-Release.Candidate.app/Contents/Developer/Platforms/WatchOS.platform/Developer/usr/lib -F /Users/admin/builder/spi-builder-workspace/.derivedData/Build/Products/Debug-watchos/PackageFrameworks -F /Users/admin/builder/spi-builder-workspace/.derivedData/Build/Products/Debug-watchos -F /Applications/Xcode-27.0.0-Release.Candidate.app/Contents/Developer/Platforms/WatchOS.platform/Developer/Library/Frameworks -F /Applications/Xcode-27.0.0-Release.Candidate.app/Contents/Developer/Platforms/WatchOS.platform/Developer/SDKs/WatchOS27.0.sdk/Developer/Library/Frameworks -c -j10 -enable-batch-mode -incremental -Xcc -ivfsstatcache -Xcc /Users/admin/builder/spi-builder-workspace/.derivedData/SDKStatCaches.noindex/watchos27.0-24R360-e829b21a6f8c9b70876ba0858053c04477534ef55a1706bf4c1112bbb242f0a2.sdkstatcache -output-file-map /Users/admin/builder/spi-builder-workspace/.derivedData/Build/Intermediates.noindex/swift-atomics.build/Debug-watchos/Atomics-t.build/Objects-normal/arm64_32/Atomics-OutputFileMap.json -save-temps -no-color-diagnostics -explicit-module-build -module-cache-path /Users/admin/builder/spi-builder-workspace/.derivedData/Build/Intermediates.noindex/SwiftExplicitPrecompiledModules -clang-scanner-module-cache-path /Users/admin/builder/spi-builder-workspace/.derivedData/ModuleCache.noindex -sdk-module-cache-path /Users/admin/builder/spi-builder-workspace/.derivedData/SDKExplicitPrecompiledModules -emit-dependencies -emit-module -emit-module-path /Users/admin/builder/spi-builder-workspace/.derivedData/Build/Intermediates.noindex/swift-atomics.build/Debug-watchos/Atomics-t.build/Objects-normal/arm64_32/Atomics.swiftmodule -serialize-diagnostics -dependency-scan-serialize-diagnostics-path /Users/admin/builder/spi-builder-workspace/.derivedData/Build/Intermediates.noindex/swift-atomics.build/Debug-watchos/Atomics-t.build/Objects-normal/arm64_32/Atomics-dependency-scan.dia -validate-clang-modules-once -clang-build-session-file /Users/admin/builder/spi-builder-workspace/.derivedData/ModuleCache.noindex/Session.modulevalidation -Xcc -fmodules-prune-interval\=86400 -Xcc -fmodules-prune-after\=345600 -package-name swift_atomics -emit-const-values -const-gather-protocols-list /Users/admin/builder/spi-builder-workspace/.derivedData/Build/Intermediates.noindex/swift-atomics.build/Debug-watchos/Atomics-t.build/Objects-normal/arm64_32/Atomics_const_extract_protocols.json -Xcc -I/Users/admin/builder/spi-builder-workspace/.dependencies/checkouts/swift-atomics/Sources/_AtomicsShims/include -Xcc -I/Users/admin/builder/spi-builder-workspace/.derivedData/Build/Products/Debug-watchos/include -Xcc -I/Users/admin/builder/spi-builder-workspace/.derivedData/Build/Intermediates.noindex/swift-atomics.build/Debug-watchos/Atomics-t.build/DerivedSources-normal/arm64_32 -Xcc -I/Users/admin/builder/spi-builder-workspace/.derivedData/Build/Intermediates.noindex/swift-atomics.build/Debug-watchos/Atomics-t.build/DerivedSources/arm64_32 -Xcc -I/Users/admin/builder/spi-builder-workspace/.derivedData/Build/Intermediates.noindex/swift-atomics.build/Debug-watchos/Atomics-t.build/DerivedSources -Xcc -DSWIFT_PACKAGE -Xcc -DDEBUG\=1 -emit-objc-header -emit-objc-header-path /Users/admin/builder/spi-builder-workspace/.derivedData/Build/Intermediates.noindex/swift-atomics.build/Debug-watchos/Atomics-t.build/Objects-normal/arm64_32/Atomics-Swift.h -working-directory /Users/admin/builder/spi-builder-workspace/.swiftpm/xcode -experimental-emit-module-separately -disable-cmo
SwiftDriver Atomics normal arm64 com.apple.xcode.tools.swift.compiler (in target 'Atomics' from project 'swift-atomics')
cd /Users/admin/builder/spi-builder-workspace/.swiftpm/xcode
builtin-SwiftDriver -- /Applications/Xcode-27.0.0-Release.Candidate.app/Contents/Developer/Toolchains/XcodeDefault.xctoolchain/usr/bin/swiftc -parse-as-library -module-name Atomics -Onone @/Users/admin/builder/spi-builder-workspace/.derivedData/Build/Intermediates.noindex/swift-atomics.build/Debug-watchos/Atomics-t.build/Objects-normal/arm64/Atomics.SwiftFileList -DSWIFT_PACKAGE -DDEBUG -DSWIFT_MODULE_RESOURCE_BUNDLE_UNAVAILABLE -Xcc -fmodule-map-file\=/Users/admin/builder/spi-builder-workspace/.dependencies/checkouts/swift-atomics/Sources/_AtomicsShims/include/module.modulemap -DXcode -enable-experimental-feature BuiltinModule -plugin-path /Applications/Xcode-27.0.0-Release.Candidate.app/Contents/Developer/Toolchains/XcodeDefault.xctoolchain/usr/lib/swift/host/plugins/testing -enable-experimental-feature DebugDescriptionMacro -sdk /Applications/Xcode-27.0.0-Release.Candidate.app/Contents/Developer/Platforms/WatchOS.platform/Developer/SDKs/WatchOS27.0.sdk -target arm64-apple-watchos9.0 -g -module-cache-path /Users/admin/builder/spi-builder-workspace/.derivedData/ModuleCache.noindex -Xfrontend -serialize-debugging-options -profile-coverage-mapping -profile-generate -enable-testing -suppress-warnings -index-store-path /Users/admin/builder/spi-builder-workspace/.derivedData/Index.noindex/DataStore -Xcc -D_LIBCPP_HARDENING_MODE\=_LIBCPP_HARDENING_MODE_DEBUG -swift-version 5 -I /Users/admin/builder/spi-builder-workspace/.derivedData/Build/Products/Debug-watchos -Isystem /Applications/Xcode-27.0.0-Release.Candidate.app/Contents/Developer/Platforms/WatchOS.platform/Developer/usr/lib -F /Users/admin/builder/spi-builder-workspace/.derivedData/Build/Products/Debug-watchos/PackageFrameworks -F /Users/admin/builder/spi-builder-workspace/.derivedData/Build/Products/Debug-watchos -F /Applications/Xcode-27.0.0-Release.Candidate.app/Contents/Developer/Platforms/WatchOS.platform/Developer/Library/Frameworks -F /Applications/Xcode-27.0.0-Release.Candidate.app/Contents/Developer/Platforms/WatchOS.platform/Developer/SDKs/WatchOS27.0.sdk/Developer/Library/Frameworks -c -j10 -enable-batch-mode -incremental -Xcc -ivfsstatcache -Xcc /Users/admin/builder/spi-builder-workspace/.derivedData/SDKStatCaches.noindex/watchos27.0-24R360-e829b21a6f8c9b70876ba0858053c04477534ef55a1706bf4c1112bbb242f0a2.sdkstatcache -output-file-map /Users/admin/builder/spi-builder-workspace/.derivedData/Build/Intermediates.noindex/swift-atomics.build/Debug-watchos/Atomics-t.build/Objects-normal/arm64/Atomics-OutputFileMap.json -save-temps -no-color-diagnostics -explicit-module-build -module-cache-path /Users/admin/builder/spi-builder-workspace/.derivedData/Build/Intermediates.noindex/SwiftExplicitPrecompiledModules -clang-scanner-module-cache-path /Users/admin/builder/spi-builder-workspace/.derivedData/ModuleCache.noindex -sdk-module-cache-path /Users/admin/builder/spi-builder-workspace/.derivedData/SDKExplicitPrecompiledModules -emit-dependencies -emit-module -emit-module-path /Users/admin/builder/spi-builder-workspace/.derivedData/Build/Intermediates.noindex/swift-atomics.build/Debug-watchos/Atomics-t.build/Objects-normal/arm64/Atomics.swiftmodule -serialize-diagnostics -dependency-scan-serialize-diagnostics-path /Users/admin/builder/spi-builder-workspace/.derivedData/Build/Intermediates.noindex/swift-atomics.build/Debug-watchos/Atomics-t.build/Objects-normal/arm64/Atomics-dependency-scan.dia -validate-clang-modules-once -clang-build-session-file /Users/admin/builder/spi-builder-workspace/.derivedData/ModuleCache.noindex/Session.modulevalidation -Xcc -fmodules-prune-interval\=86400 -Xcc -fmodules-prune-after\=345600 -package-name swift_atomics -emit-const-values -const-gather-protocols-list /Users/admin/builder/spi-builder-workspace/.derivedData/Build/Intermediates.noindex/swift-atomics.build/Debug-watchos/Atomics-t.build/Objects-normal/arm64/Atomics_const_extract_protocols.json -Xcc -I/Users/admin/builder/spi-builder-workspace/.dependencies/checkouts/swift-atomics/Sources/_AtomicsShims/include -Xcc -I/Users/admin/builder/spi-builder-workspace/.derivedData/Build/Products/Debug-watchos/include -Xcc -I/Users/admin/builder/spi-builder-workspace/.derivedData/Build/Intermediates.noindex/swift-atomics.build/Debug-watchos/Atomics-t.build/DerivedSources-normal/arm64 -Xcc -I/Users/admin/builder/spi-builder-workspace/.derivedData/Build/Intermediates.noindex/swift-atomics.build/Debug-watchos/Atomics-t.build/DerivedSources/arm64 -Xcc -I/Users/admin/builder/spi-builder-workspace/.derivedData/Build/Intermediates.noindex/swift-atomics.build/Debug-watchos/Atomics-t.build/DerivedSources -Xcc -DSWIFT_PACKAGE -Xcc -DDEBUG\=1 -emit-objc-header -emit-objc-header-path /Users/admin/builder/spi-builder-workspace/.derivedData/Build/Intermediates.noindex/swift-atomics.build/Debug-watchos/Atomics-t.build/Objects-normal/arm64/Atomics-Swift.h -working-directory /Users/admin/builder/spi-builder-workspace/.swiftpm/xcode -experimental-emit-module-separately -disable-cmo
SwiftDriver ArgumentParserToolInfo normal arm64_32 com.apple.xcode.tools.swift.compiler (in target 'ArgumentParserToolInfo' from project 'swift-argument-parser')
cd /Users/admin/builder/spi-builder-workspace/.swiftpm/xcode
builtin-SwiftDriver -- /Applications/Xcode-27.0.0-Release.Candidate.app/Contents/Developer/Toolchains/XcodeDefault.xctoolchain/usr/bin/swiftc -parse-as-library -module-name ArgumentParserToolInfo -Onone @/Users/admin/builder/spi-builder-workspace/.derivedData/Build/Intermediates.noindex/swift-argument-parser.build/Debug-watchos/ArgumentParserToolInfo-t.build/Objects-normal/arm64_32/ArgumentParserToolInfo.SwiftFileList -DSWIFT_PACKAGE -DDEBUG -DSWIFT_MODULE_RESOURCE_BUNDLE_UNAVAILABLE -DXcode -plugin-path /Applications/Xcode-27.0.0-Release.Candidate.app/Contents/Developer/Toolchains/XcodeDefault.xctoolchain/usr/lib/swift/host/plugins/testing -enable-experimental-feature DebugDescriptionMacro -sdk /Applications/Xcode-27.0.0-Release.Candidate.app/Contents/Developer/Platforms/WatchOS.platform/Developer/SDKs/WatchOS27.0.sdk -target arm64_32-apple-watchos9.0 -g -module-cache-path /Users/admin/builder/spi-builder-workspace/.derivedData/ModuleCache.noindex -Xfrontend -serialize-debugging-options -profile-coverage-mapping -profile-generate -enable-testing -suppress-warnings -index-store-path /Users/admin/builder/spi-builder-workspace/.derivedData/Index.noindex/DataStore -Xcc -D_LIBCPP_HARDENING_MODE\=_LIBCPP_HARDENING_MODE_DEBUG -swift-version 5 -I /Users/admin/builder/spi-builder-workspace/.derivedData/Build/Products/Debug-watchos -Isystem /Applications/Xcode-27.0.0-Release.Candidate.app/Contents/Developer/Platforms/WatchOS.platform/Developer/usr/lib -F /Users/admin/builder/spi-builder-workspace/.derivedData/Build/Products/Debug-watchos -F /Applications/Xcode-27.0.0-Release.Candidate.app/Contents/Developer/Platforms/WatchOS.platform/Developer/Library/Frameworks -F /Applications/Xcode-27.0.0-Release.Candidate.app/Contents/Developer/Platforms/WatchOS.platform/Developer/SDKs/WatchOS27.0.sdk/Developer/Library/Frameworks -c -j10 -enable-batch-mode -incremental -Xcc -ivfsstatcache -Xcc /Users/admin/builder/spi-builder-workspace/.derivedData/SDKStatCaches.noindex/watchos27.0-24R360-e829b21a6f8c9b70876ba0858053c04477534ef55a1706bf4c1112bbb242f0a2.sdkstatcache -output-file-map /Users/admin/builder/spi-builder-workspace/.derivedData/Build/Intermediates.noindex/swift-argument-parser.build/Debug-watchos/ArgumentParserToolInfo-t.build/Objects-normal/arm64_32/ArgumentParserToolInfo-OutputFileMap.json -save-temps -no-color-diagnostics -explicit-module-build -module-cache-path /Users/admin/builder/spi-builder-workspace/.derivedData/Build/Intermediates.noindex/SwiftExplicitPrecompiledModules -clang-scanner-module-cache-path /Users/admin/builder/spi-builder-workspace/.derivedData/ModuleCache.noindex -sdk-module-cache-path /Users/admin/builder/spi-builder-workspace/.derivedData/SDKExplicitPrecompiledModules -emit-dependencies -emit-module -emit-module-path /Users/admin/builder/spi-builder-workspace/.derivedData/Build/Intermediates.noindex/swift-argument-parser.build/Debug-watchos/ArgumentParserToolInfo-t.build/Objects-normal/arm64_32/ArgumentParserToolInfo.swiftmodule -serialize-diagnostics -dependency-scan-serialize-diagnostics-path /Users/admin/builder/spi-builder-workspace/.derivedData/Build/Intermediates.noindex/swift-argument-parser.build/Debug-watchos/ArgumentParserToolInfo-t.build/Objects-normal/arm64_32/ArgumentParserToolInfo-dependency-scan.dia -validate-clang-modules-once -clang-build-session-file /Users/admin/builder/spi-builder-workspace/.derivedData/ModuleCache.noindex/Session.modulevalidation -Xcc -fmodules-prune-interval\=86400 -Xcc -fmodules-prune-after\=345600 -emit-const-values -const-gather-protocols-list /Users/admin/builder/spi-builder-workspace/.derivedData/Build/Intermediates.noindex/swift-argument-parser.build/Debug-watchos/ArgumentParserToolInfo-t.build/Objects-normal/arm64_32/ArgumentParserToolInfo_const_extract_protocols.json -Xcc -I/Users/admin/builder/spi-builder-workspace/.derivedData/Build/Products/Debug-watchos/include -Xcc -I/Users/admin/builder/spi-builder-workspace/.derivedData/Build/Intermediates.noindex/swift-argument-parser.build/Debug-watchos/ArgumentParserToolInfo-t.build/DerivedSources-normal/arm64_32 -Xcc -I/Users/admin/builder/spi-builder-workspace/.derivedData/Build/Intermediates.noindex/swift-argument-parser.build/Debug-watchos/ArgumentParserToolInfo-t.build/DerivedSources/arm64_32 -Xcc -I/Users/admin/builder/spi-builder-workspace/.derivedData/Build/Intermediates.noindex/swift-argument-parser.build/Debug-watchos/ArgumentParserToolInfo-t.build/DerivedSources -Xcc -DSWIFT_PACKAGE -Xcc -DDEBUG\=1 -emit-objc-header -emit-objc-header-path /Users/admin/builder/spi-builder-workspace/.derivedData/Build/Intermediates.noindex/swift-argument-parser.build/Debug-watchos/ArgumentParserToolInfo-t.build/Objects-normal/arm64_32/ArgumentParserToolInfo-Swift.h -working-directory /Users/admin/builder/spi-builder-workspace/.swiftpm/xcode -experimental-emit-module-separately -disable-cmo
SwiftEmitModule normal arm64_32 Emitting\ module\ for\ NIOConcurrencyHelpers (in target 'NIOConcurrencyHelpers' from project 'swift-nio')
SwiftCompile normal arm64_32 (in target 'NIOConcurrencyHelpers' from project 'swift-nio')
cd /Users/admin/builder/spi-builder-workspace/.swiftpm/xcode
SwiftEmitModule normal arm64 Emitting\ module\ for\ NIOConcurrencyHelpers (in target 'NIOConcurrencyHelpers' from project 'swift-nio')
SwiftCompile normal arm64 (in target 'NIOConcurrencyHelpers' from project 'swift-nio')
cd /Users/admin/builder/spi-builder-workspace/.swiftpm/xcode
SwiftDriver ArgumentParserToolInfo normal arm64 com.apple.xcode.tools.swift.compiler (in target 'ArgumentParserToolInfo' from project 'swift-argument-parser')
cd /Users/admin/builder/spi-builder-workspace/.swiftpm/xcode
builtin-SwiftDriver -- /Applications/Xcode-27.0.0-Release.Candidate.app/Contents/Developer/Toolchains/XcodeDefault.xctoolchain/usr/bin/swiftc -parse-as-library -module-name ArgumentParserToolInfo -Onone @/Users/admin/builder/spi-builder-workspace/.derivedData/Build/Intermediates.noindex/swift-argument-parser.build/Debug-watchos/ArgumentParserToolInfo-t.build/Objects-normal/arm64/ArgumentParserToolInfo.SwiftFileList -DSWIFT_PACKAGE -DDEBUG -DSWIFT_MODULE_RESOURCE_BUNDLE_UNAVAILABLE -DXcode -plugin-path /Applications/Xcode-27.0.0-Release.Candidate.app/Contents/Developer/Toolchains/XcodeDefault.xctoolchain/usr/lib/swift/host/plugins/testing -enable-experimental-feature DebugDescriptionMacro -sdk /Applications/Xcode-27.0.0-Release.Candidate.app/Contents/Developer/Platforms/WatchOS.platform/Developer/SDKs/WatchOS27.0.sdk -target arm64-apple-watchos9.0 -g -module-cache-path /Users/admin/builder/spi-builder-workspace/.derivedData/ModuleCache.noindex -Xfrontend -serialize-debugging-options -profile-coverage-mapping -profile-generate -enable-testing -suppress-warnings -index-store-path /Users/admin/builder/spi-builder-workspace/.derivedData/Index.noindex/DataStore -Xcc -D_LIBCPP_HARDENING_MODE\=_LIBCPP_HARDENING_MODE_DEBUG -swift-version 5 -I /Users/admin/builder/spi-builder-workspace/.derivedData/Build/Products/Debug-watchos -Isystem /Applications/Xcode-27.0.0-Release.Candidate.app/Contents/Developer/Platforms/WatchOS.platform/Developer/usr/lib -F /Users/admin/builder/spi-builder-workspace/.derivedData/Build/Products/Debug-watchos -F /Applications/Xcode-27.0.0-Release.Candidate.app/Contents/Developer/Platforms/WatchOS.platform/Developer/Library/Frameworks -F /Applications/Xcode-27.0.0-Release.Candidate.app/Contents/Developer/Platforms/WatchOS.platform/Developer/SDKs/WatchOS27.0.sdk/Developer/Library/Frameworks -c -j10 -enable-batch-mode -incremental -Xcc -ivfsstatcache -Xcc /Users/admin/builder/spi-builder-workspace/.derivedData/SDKStatCaches.noindex/watchos27.0-24R360-e829b21a6f8c9b70876ba0858053c04477534ef55a1706bf4c1112bbb242f0a2.sdkstatcache -output-file-map /Users/admin/builder/spi-builder-workspace/.derivedData/Build/Intermediates.noindex/swift-argument-parser.build/Debug-watchos/ArgumentParserToolInfo-t.build/Objects-normal/arm64/ArgumentParserToolInfo-OutputFileMap.json -save-temps -no-color-diagnostics -explicit-module-build -module-cache-path /Users/admin/builder/spi-builder-workspace/.derivedData/Build/Intermediates.noindex/SwiftExplicitPrecompiledModules -clang-scanner-module-cache-path /Users/admin/builder/spi-builder-workspace/.derivedData/ModuleCache.noindex -sdk-module-cache-path /Users/admin/builder/spi-builder-workspace/.derivedData/SDKExplicitPrecompiledModules -emit-dependencies -emit-module -emit-module-path /Users/admin/builder/spi-builder-workspace/.derivedData/Build/Intermediates.noindex/swift-argument-parser.build/Debug-watchos/ArgumentParserToolInfo-t.build/Objects-normal/arm64/ArgumentParserToolInfo.swiftmodule -serialize-diagnostics -dependency-scan-serialize-diagnostics-path /Users/admin/builder/spi-builder-workspace/.derivedData/Build/Intermediates.noindex/swift-argument-parser.build/Debug-watchos/ArgumentParserToolInfo-t.build/Objects-normal/arm64/ArgumentParserToolInfo-dependency-scan.dia -validate-clang-modules-once -clang-build-session-file /Users/admin/builder/spi-builder-workspace/.derivedData/ModuleCache.noindex/Session.modulevalidation -Xcc -fmodules-prune-interval\=86400 -Xcc -fmodules-prune-after\=345600 -emit-const-values -const-gather-protocols-list /Users/admin/builder/spi-builder-workspace/.derivedData/Build/Intermediates.noindex/swift-argument-parser.build/Debug-watchos/ArgumentParserToolInfo-t.build/Objects-normal/arm64/ArgumentParserToolInfo_const_extract_protocols.json -Xcc -I/Users/admin/builder/spi-builder-workspace/.derivedData/Build/Products/Debug-watchos/include -Xcc -I/Users/admin/builder/spi-builder-workspace/.derivedData/Build/Intermediates.noindex/swift-argument-parser.build/Debug-watchos/ArgumentParserToolInfo-t.build/DerivedSources-normal/arm64 -Xcc -I/Users/admin/builder/spi-builder-workspace/.derivedData/Build/Intermediates.noindex/swift-argument-parser.build/Debug-watchos/ArgumentParserToolInfo-t.build/DerivedSources/arm64 -Xcc -I/Users/admin/builder/spi-builder-workspace/.derivedData/Build/Intermediates.noindex/swift-argument-parser.build/Debug-watchos/ArgumentParserToolInfo-t.build/DerivedSources -Xcc -DSWIFT_PACKAGE -Xcc -DDEBUG\=1 -emit-objc-header -emit-objc-header-path /Users/admin/builder/spi-builder-workspace/.derivedData/Build/Intermediates.noindex/swift-argument-parser.build/Debug-watchos/ArgumentParserToolInfo-t.build/Objects-normal/arm64/ArgumentParserToolInfo-Swift.h -working-directory /Users/admin/builder/spi-builder-workspace/.swiftpm/xcode -experimental-emit-module-separately -disable-cmo
SwiftEmitModule normal arm64 Emitting\ module\ for\ WasmTransformer (in target 'WasmTransformer' from project 'WasmTransformer')
SwiftCompile normal arm64 (in target 'WasmTransformer' from project 'WasmTransformer')
cd /Users/admin/builder/spi-builder-workspace/.swiftpm/xcode
CompileC /Users/admin/builder/spi-builder-workspace/.derivedData/Build/Intermediates.noindex/swift-nio.build/Debug-watchos/CNIOWindows-t.build/Objects-normal/arm64_32/shim.o /Users/admin/builder/spi-builder-workspace/.dependencies/checkouts/swift-nio/Sources/CNIOWindows/shim.c normal arm64_32 c com.apple.compilers.llvm.clang.1_0.compiler (in target 'CNIOWindows' from project 'swift-nio')
cd /Users/admin/builder/spi-builder-workspace/.swiftpm/xcode
Using response file: /Users/admin/builder/spi-builder-workspace/.derivedData/Build/Intermediates.noindex/swift-nio.build/Debug-watchos/CNIOWindows-t.build/Objects-normal/arm64_32/7187679823f38a2a940e0043cdf9d637-common-args.resp
/Applications/Xcode-27.0.0-Release.Candidate.app/Contents/Developer/Toolchains/XcodeDefault.xctoolchain/usr/bin/clang -x c -ivfsstatcache /Users/admin/builder/spi-builder-workspace/.derivedData/SDKStatCaches.noindex/watchos27.0-24R360-e829b21a6f8c9b70876ba0858053c04477534ef55a1706bf4c1112bbb242f0a2.sdkstatcache -target arm64_32-apple-watchos9.0 -fmessage-length\=0 -fdiagnostics-show-note-include-stack -fmacro-backtrace-limit\=0 -fno-color-diagnostics -fmodules-prune-interval\=86400 -fmodules-prune-after\=345600 -fbuild-session-file\=/Users/admin/builder/spi-builder-workspace/.derivedData/ModuleCache.noindex/Session.modulevalidation -fmodules-validate-once-per-build-session -Wnon-modular-include-in-framework-module -Werror\=non-modular-include-in-framework-module -Wno-trigraphs -Wno-missing-field-initializers -Wno-missing-prototypes -Wno-return-type -Wno-missing-braces -Wparentheses -Wswitch -Wno-unused-function -Wno-unused-label -Wno-unused-parameter -Wno-unused-variable -Wunused-value -Wno-empty-body -Wno-uninitialized -Wno-unknown-pragmas -w -Wno-shadow -Wno-four-char-constants -Wno-conversion -Wno-constant-conversion -Wno-int-conversion -Wno-bool-conversion -Wno-enum-conversion -Wno-float-conversion -Wno-non-literal-null-conversion -Wno-objc-literal-conversion -Wno-shorten-64-to-32 -Wpointer-sign -Wno-newline-eof -Wno-implicit-fallthrough -isysroot /Applications/Xcode-27.0.0-Release.Candidate.app/Contents/Developer/Platforms/WatchOS.platform/Developer/SDKs/WatchOS27.0.sdk -fstrict-aliasing -Wdeprecated-declarations -Wno-sign-conversion -Wno-infinite-recursion -Wno-comma -Wno-block-capture-autoreleasing -Wno-strict-prototypes -Wno-semicolon-before-method-body -index-store-path /Users/admin/builder/spi-builder-workspace/.derivedData/Index.noindex/DataStore @/Users/admin/builder/spi-builder-workspace/.derivedData/Build/Intermediates.noindex/swift-nio.build/Debug-watchos/CNIOWindows-t.build/Objects-normal/arm64_32/7187679823f38a2a940e0043cdf9d637-common-args.resp -MMD -MT dependencies -MF /Users/admin/builder/spi-builder-workspace/.derivedData/Build/Intermediates.noindex/swift-nio.build/Debug-watchos/CNIOWindows-t.build/Objects-normal/arm64_32/shim.d --serialize-diagnostics /Users/admin/builder/spi-builder-workspace/.derivedData/Build/Intermediates.noindex/swift-nio.build/Debug-watchos/CNIOWindows-t.build/Objects-normal/arm64_32/shim.dia -c /Users/admin/builder/spi-builder-workspace/.dependencies/checkouts/swift-nio/Sources/CNIOWindows/shim.c -o /Users/admin/builder/spi-builder-workspace/.derivedData/Build/Intermediates.noindex/swift-nio.build/Debug-watchos/CNIOWindows-t.build/Objects-normal/arm64_32/shim.o -index-unit-output-path /swift-nio.build/Debug-watchos/CNIOWindows-t.build/Objects-normal/arm64_32/shim.o
SwiftEmitModule normal arm64_32 Emitting\ module\ for\ InternalCollectionsUtilities (in target 'InternalCollectionsUtilities' from project 'swift-collections')
SwiftCompile normal arm64_32 (in target 'InternalCollectionsUtilities' from project 'swift-collections')
cd /Users/admin/builder/spi-builder-workspace/.swiftpm/xcode
SwiftEmitModule normal arm64 Emitting\ module\ for\ InternalCollectionsUtilities (in target 'InternalCollectionsUtilities' from project 'swift-collections')
SwiftCompile normal arm64 (in target 'InternalCollectionsUtilities' from project 'swift-collections')
cd /Users/admin/builder/spi-builder-workspace/.swiftpm/xcode
SwiftEmitModule normal arm64_32 Emitting\ module\ for\ ArgumentParserToolInfo (in target 'ArgumentParserToolInfo' from project 'swift-argument-parser')
SwiftCompile normal arm64_32 (in target 'ArgumentParserToolInfo' from project 'swift-argument-parser')
cd /Users/admin/builder/spi-builder-workspace/.swiftpm/xcode
SwiftExplicitDependencyGeneratePcm arm64 /Users/admin/builder/spi-builder-workspace/.derivedData/SDKExplicitPrecompiledModules/Foundation-DLBKUSGXN8QHAT8W0OARR9S8A.pcm
SwiftEmitModule normal arm64_32 Emitting\ module\ for\ CartonCore (in target 'CartonCore' from project 'carton')
/Users/admin/builder/spi-builder-workspace/Sources/CartonCore/FoundationProcessEx.swift:3:22: error: no type named 'Process' in module 'Foundation'
1 | import Foundation
2 |
3 | extension Foundation.Process {
| `- error: no type named 'Process' in module 'Foundation'
4 | // Monitor termination/interrruption signals to forward them to child process
5 | public func setSignalForwarding(_ signalNo: Int32) {
Failed frontend command:
/Applications/Xcode-27.0.0-Release.Candidate.app/Contents/Developer/Toolchains/XcodeDefault.xctoolchain/usr/bin/swift-frontend -frontend -emit-module -experimental-skip-non-inlinable-function-bodies-without-types /Users/admin/builder/spi-builder-workspace/Sources/CartonCore/Environment.swift /Users/admin/builder/spi-builder-workspace/Sources/CartonCore/FileSystem+traverseRecursively.swift /Users/admin/builder/spi-builder-workspace/Sources/CartonCore/FoundationProcessEx.swift /Users/admin/builder/spi-builder-workspace/Sources/CartonCore/InteractiveWriter.swift /Users/admin/builder/spi-builder-workspace/Sources/CartonCore/Misc.swift /Users/admin/builder/spi-builder-workspace/Sources/CartonCore/TerminalController.swift -target arm64_32-apple-watchos9.0 -disable-cross-import-overlay-search -load-resolved-plugin /Applications/Xcode-27.0.0-Release.Candidate.app/Contents/Developer/Platforms/WatchOS.platform/Developer/usr/lib/swift/host/plugins/libFoundationMacros.dylib\#/Applications/Xcode-27.0.0-Release.Candidate.app/Contents/Developer/Platforms/WatchOS.platform/Developer/usr/bin/swift-plugin-server\#FoundationMacros -load-resolved-plugin /Applications/Xcode-27.0.0-Release.Candidate.app/Contents/Developer/Platforms/WatchOS.platform/Developer/usr/lib/swift/host/plugins/libObservationMacros.dylib\#/Applications/Xcode-27.0.0-Release.Candidate.app/Contents/Developer/Platforms/WatchOS.platform/Developer/usr/bin/swift-plugin-server\#ObservationMacros -load-resolved-plugin /Applications/Xcode-27.0.0-Release.Candidate.app/Contents/Developer/Platforms/WatchOS.platform/Developer/usr/lib/swift/host/plugins/libSwiftMacros.dylib\#/Applications/Xcode-27.0.0-Release.Candidate.app/Contents/Developer/Platforms/WatchOS.platform/Developer/usr/bin/swift-plugin-server\#SwiftMacros -disable-implicit-swift-modules -Xcc -fno-implicit-modules -Xcc -fno-implicit-module-maps -explicit-swift-module-map-file /Users/admin/builder/spi-builder-workspace/.derivedData/Build/Intermediates.noindex/carton.build/Debug-watchos/CartonCore-t.build/Objects-normal/arm64_32/CartonCore-dependencies-2.json -enable-objc-interop -sdk /Applications/Xcode-27.0.0-Release.Candidate.app/Contents/Developer/Platforms/WatchOS.platform/Developer/SDKs/WatchOS27.0.sdk -I /Users/admin/builder/spi-builder-workspace/.derivedData/Build/Products/Debug-watchos -Isystem /Applications/Xcode-27.0.0-Release.Candidate.app/Contents/Developer/Platforms/WatchOS.platform/Developer/usr/lib -F /Users/admin/builder/spi-builder-workspace/.derivedData/Build/Products/Debug-watchos -F /Applications/Xcode-27.0.0-Release.Candidate.app/Contents/Developer/Platforms/WatchOS.platform/Developer/Library/Frameworks -F /Applications/Xcode-27.0.0-Release.Candidate.app/Contents/Developer/Platforms/WatchOS.platform/Developer/SDKs/WatchOS27.0.sdk/Developer/Library/Frameworks -module-cache-path /Users/admin/builder/spi-builder-workspace/.derivedData/Build/Intermediates.noindex/SwiftExplicitPrecompiledModules -no-color-diagnostics -Xcc -fno-color-diagnostics -enable-testing -g -debug-info-format\=dwarf -dwarf-version\=4 -profile-generate -profile-coverage-mapping -swift-version 5 -Onone -D SWIFT_PACKAGE -D DEBUG -D SWIFT_MODULE_RESOURCE_BUNDLE_UNAVAILABLE -D Xcode -serialize-debugging-options -enable-experimental-feature DebugDescriptionMacro -empty-abi-descriptor -validate-clang-modules-once -clang-build-session-file /Users/admin/builder/spi-builder-workspace/.derivedData/ModuleCache.noindex/Session.modulevalidation -Xcc -working-directory -Xcc /Users/admin/builder/spi-builder-workspace/.swiftpm/xcode -enable-anonymous-context-mangled-names -file-compilation-dir /Users/admin/builder/spi-builder-workspace/.swiftpm/xcode -Xcc -D_LIBCPP_HARDENING_MODE\=_LIBCPP_HARDENING_MODE_DEBUG -Xcc -ivfsstatcache -Xcc /Users/admin/builder/spi-builder-workspace/.derivedData/SDKStatCaches.noindex/watchos27.0-24R360-e829b21a6f8c9b70876ba0858053c04477534ef55a1706bf4c1112bbb242f0a2.sdkstatcache -Xcc -fmodules-prune-interval\=86400 -Xcc -fmodules-prune-after\=345600 -Xcc -I/Users/admin/builder/spi-builder-workspace/.derivedData/Build/Products/Debug-watchos/include -Xcc -I/Users/admin/builder/spi-builder-workspace/.derivedData/Build/Intermediates.noindex/carton.build/Debug-watchos/CartonCore-t.build/DerivedSources-normal/arm64_32 -Xcc -I/Users/admin/builder/spi-builder-workspace/.derivedData/Build/Intermediates.noindex/carton.build/Debug-watchos/CartonCore-t.build/DerivedSources/arm64_32 -Xcc -I/Users/admin/builder/spi-builder-workspace/.derivedData/Build/Intermediates.noindex/carton.build/Debug-watchos/CartonCore-t.build/DerivedSources -Xcc -DSWIFT_PACKAGE -Xcc -DDEBUG\=1 -no-auto-bridging-header-chaining -module-name CartonCore -const-gather-protocols-file /Users/admin/builder/spi-builder-workspace/.derivedData/Build/Intermediates.noindex/carton.build/Debug-watchos/CartonCore-t.build/Objects-normal/arm64_32/CartonCore_const_extract_protocols.json -disable-clang-spi -clang-target arm64_32-apple-watchos27.0 -target-sdk-version 27.0 -target-sdk-name watchos27.0 -in-process-plugin-server-path /Applications/Xcode-27.0.0-Release.Candidate.app/Contents/Developer/Toolchains/XcodeDefault.xctoolchain/usr/lib/swift/host/libSwiftInProcPluginServer.dylib -emit-module-doc-path /Users/admin/builder/spi-builder-workspace/.derivedData/Build/Intermediates.noindex/carton.build/Debug-watchos/CartonCore-t.build/Objects-normal/arm64_32/CartonCore.swiftdoc -emit-module-source-info-path /Users/admin/builder/spi-builder-workspace/.derivedData/Build/Intermediates.noindex/carton.build/Debug-watchos/CartonCore-t.build/Objects-normal/arm64_32/CartonCore.swiftsourceinfo -emit-objc-header-path /Users/admin/builder/spi-builder-workspace/.derivedData/Build/Intermediates.noindex/carton.build/Debug-watchos/CartonCore-t.build/Objects-normal/arm64_32/CartonCore-Swift.h -serialize-diagnostics-path /Users/admin/builder/spi-builder-workspace/.derivedData/Build/Intermediates.noindex/carton.build/Debug-watchos/CartonCore-t.build/Objects-normal/arm64_32/CartonCore-primary-emit-module.dia -emit-dependencies-path /Users/admin/builder/spi-builder-workspace/.derivedData/Build/Intermediates.noindex/carton.build/Debug-watchos/CartonCore-t.build/Objects-normal/arm64_32/CartonCore-primary-emit-module.d -parse-as-library -o /Users/admin/builder/spi-builder-workspace/.derivedData/Build/Intermediates.noindex/carton.build/Debug-watchos/CartonCore-t.build/Objects-normal/arm64_32/CartonCore.swiftmodule -emit-abi-descriptor-path /Users/admin/builder/spi-builder-workspace/.derivedData/Build/Intermediates.noindex/carton.build/Debug-watchos/CartonCore-t.build/Objects-normal/arm64_32/CartonCore.abi.json
SwiftCompile normal arm64_32 (in target 'CartonCore' from project 'carton')
cd /Users/admin/builder/spi-builder-workspace/.swiftpm/xcode
SwiftEmitModule normal arm64 Emitting\ module\ for\ ArgumentParserToolInfo (in target 'ArgumentParserToolInfo' from project 'swift-argument-parser')
SwiftCompile normal arm64 (in target 'ArgumentParserToolInfo' from project 'swift-argument-parser')
cd /Users/admin/builder/spi-builder-workspace/.swiftpm/xcode
CompileC /Users/admin/builder/spi-builder-workspace/.derivedData/Build/Intermediates.noindex/swift-nio.build/Debug-watchos/CNIOWindows-t.build/Objects-normal/arm64_32/WSAStartup.o /Users/admin/builder/spi-builder-workspace/.dependencies/checkouts/swift-nio/Sources/CNIOWindows/WSAStartup.c normal arm64_32 c com.apple.compilers.llvm.clang.1_0.compiler (in target 'CNIOWindows' from project 'swift-nio')
cd /Users/admin/builder/spi-builder-workspace/.swiftpm/xcode
Using response file: /Users/admin/builder/spi-builder-workspace/.derivedData/Build/Intermediates.noindex/swift-nio.build/Debug-watchos/CNIOWindows-t.build/Objects-normal/arm64_32/7187679823f38a2a940e0043cdf9d637-common-args.resp
/Applications/Xcode-27.0.0-Release.Candidate.app/Contents/Developer/Toolchains/XcodeDefault.xctoolchain/usr/bin/clang -x c -ivfsstatcache /Users/admin/builder/spi-builder-workspace/.derivedData/SDKStatCaches.noindex/watchos27.0-24R360-e829b21a6f8c9b70876ba0858053c04477534ef55a1706bf4c1112bbb242f0a2.sdkstatcache -target arm64_32-apple-watchos9.0 -fmessage-length\=0 -fdiagnostics-show-note-include-stack -fmacro-backtrace-limit\=0 -fno-color-diagnostics -fmodules-prune-interval\=86400 -fmodules-prune-after\=345600 -fbuild-session-file\=/Users/admin/builder/spi-builder-workspace/.derivedData/ModuleCache.noindex/Session.modulevalidation -fmodules-validate-once-per-build-session -Wnon-modular-include-in-framework-module -Werror\=non-modular-include-in-framework-module -Wno-trigraphs -Wno-missing-field-initializers -Wno-missing-prototypes -Wno-return-type -Wno-missing-braces -Wparentheses -Wswitch -Wno-unused-function -Wno-unused-label -Wno-unused-parameter -Wno-unused-variable -Wunused-value -Wno-empty-body -Wno-uninitialized -Wno-unknown-pragmas -w -Wno-shadow -Wno-four-char-constants -Wno-conversion -Wno-constant-conversion -Wno-int-conversion -Wno-bool-conversion -Wno-enum-conversion -Wno-float-conversion -Wno-non-literal-null-conversion -Wno-objc-literal-conversion -Wno-shorten-64-to-32 -Wpointer-sign -Wno-newline-eof -Wno-implicit-fallthrough -isysroot /Applications/Xcode-27.0.0-Release.Candidate.app/Contents/Developer/Platforms/WatchOS.platform/Developer/SDKs/WatchOS27.0.sdk -fstrict-aliasing -Wdeprecated-declarations -Wno-sign-conversion -Wno-infinite-recursion -Wno-comma -Wno-block-capture-autoreleasing -Wno-strict-prototypes -Wno-semicolon-before-method-body -index-store-path /Users/admin/builder/spi-builder-workspace/.derivedData/Index.noindex/DataStore @/Users/admin/builder/spi-builder-workspace/.derivedData/Build/Intermediates.noindex/swift-nio.build/Debug-watchos/CNIOWindows-t.build/Objects-normal/arm64_32/7187679823f38a2a940e0043cdf9d637-common-args.resp -MMD -MT dependencies -MF /Users/admin/builder/spi-builder-workspace/.derivedData/Build/Intermediates.noindex/swift-nio.build/Debug-watchos/CNIOWindows-t.build/Objects-normal/arm64_32/WSAStartup.d --serialize-diagnostics /Users/admin/builder/spi-builder-workspace/.derivedData/Build/Intermediates.noindex/swift-nio.build/Debug-watchos/CNIOWindows-t.build/Objects-normal/arm64_32/WSAStartup.dia -c /Users/admin/builder/spi-builder-workspace/.dependencies/checkouts/swift-nio/Sources/CNIOWindows/WSAStartup.c -o /Users/admin/builder/spi-builder-workspace/.derivedData/Build/Intermediates.noindex/swift-nio.build/Debug-watchos/CNIOWindows-t.build/Objects-normal/arm64_32/WSAStartup.o -index-unit-output-path /swift-nio.build/Debug-watchos/CNIOWindows-t.build/Objects-normal/arm64_32/WSAStartup.o
SwiftEmitModule normal arm64_32 Emitting\ module\ for\ Atomics (in target 'Atomics' from project 'swift-atomics')
SwiftCompile normal arm64_32 (in target 'Atomics' from project 'swift-atomics')
cd /Users/admin/builder/spi-builder-workspace/.swiftpm/xcode
Ld /Users/admin/builder/spi-builder-workspace/.derivedData/Build/Intermediates.noindex/swift-nio.build/Debug-watchos/CNIOWindows-t.build/Objects-normal/arm64_32/Binary/CNIOWindows.o normal arm64_32 (in target 'CNIOWindows' from project 'swift-nio')
cd /Users/admin/builder/spi-builder-workspace/.dependencies/checkouts/swift-nio
/Applications/Xcode-27.0.0-Release.Candidate.app/Contents/Developer/Toolchains/XcodeDefault.xctoolchain/usr/bin/clang -Xlinker -reproducible -target arm64_32-apple-watchos9.0 -r -isysroot /Applications/Xcode-27.0.0-Release.Candidate.app/Contents/Developer/Platforms/WatchOS.platform/Developer/SDKs/WatchOS27.0.sdk -O0 -w -Xlinker -no_warn_duplicate_libraries -F/Users/admin/builder/spi-builder-workspace/.derivedData/Build/Intermediates.noindex/EagerLinkingTBDs/Debug-watchos -F/Users/admin/builder/spi-builder-workspace/.derivedData/Build/Products/Debug-watchos -iframework /Applications/Xcode-27.0.0-Release.Candidate.app/Contents/Developer/Platforms/WatchOS.platform/Developer/Library/Frameworks -iframework /Applications/Xcode-27.0.0-Release.Candidate.app/Contents/Developer/Platforms/WatchOS.platform/Developer/SDKs/WatchOS27.0.sdk/Developer/Library/Frameworks -filelist /Users/admin/builder/spi-builder-workspace/.derivedData/Build/Intermediates.noindex/swift-nio.build/Debug-watchos/CNIOWindows-t.build/Objects-normal/arm64_32/CNIOWindows.LinkFileList -nostdlib -Xlinker -object_path_lto -Xlinker /Users/admin/builder/spi-builder-workspace/.derivedData/Build/Intermediates.noindex/swift-nio.build/Debug-watchos/CNIOWindows-t.build/Objects-normal/arm64_32/CNIOWindows_lto.o -Xlinker -no_deduplicate -Xlinker -debug_variant -Xlinker -dependency_info -Xlinker /Users/admin/builder/spi-builder-workspace/.derivedData/Build/Intermediates.noindex/swift-nio.build/Debug-watchos/CNIOWindows-t.build/Objects-normal/arm64_32/CNIOWindows_dependency_info.dat -o /Users/admin/builder/spi-builder-workspace/.derivedData/Build/Intermediates.noindex/swift-nio.build/Debug-watchos/CNIOWindows-t.build/Objects-normal/arm64_32/Binary/CNIOWindows.o
SwiftEmitModule normal arm64 Emitting\ module\ for\ Atomics (in target 'Atomics' from project 'swift-atomics')
SwiftCompile normal arm64 (in target 'Atomics' from project 'swift-atomics')
cd /Users/admin/builder/spi-builder-workspace/.swiftpm/xcode
CompileC /Users/admin/builder/spi-builder-workspace/.derivedData/Build/Intermediates.noindex/swift-nio.build/Debug-watchos/CNIOWindows-t.build/Objects-normal/arm64/shim.o /Users/admin/builder/spi-builder-workspace/.dependencies/checkouts/swift-nio/Sources/CNIOWindows/shim.c normal arm64 c com.apple.compilers.llvm.clang.1_0.compiler (in target 'CNIOWindows' from project 'swift-nio')
cd /Users/admin/builder/spi-builder-workspace/.swiftpm/xcode
Using response file: /Users/admin/builder/spi-builder-workspace/.derivedData/Build/Intermediates.noindex/swift-nio.build/Debug-watchos/CNIOWindows-t.build/Objects-normal/arm64/7187679823f38a2a940e0043cdf9d637-common-args.resp
/Applications/Xcode-27.0.0-Release.Candidate.app/Contents/Developer/Toolchains/XcodeDefault.xctoolchain/usr/bin/clang -x c -ivfsstatcache /Users/admin/builder/spi-builder-workspace/.derivedData/SDKStatCaches.noindex/watchos27.0-24R360-e829b21a6f8c9b70876ba0858053c04477534ef55a1706bf4c1112bbb242f0a2.sdkstatcache -target arm64-apple-watchos9.0 -fmessage-length\=0 -fdiagnostics-show-note-include-stack -fmacro-backtrace-limit\=0 -fno-color-diagnostics -fmodules-prune-interval\=86400 -fmodules-prune-after\=345600 -fbuild-session-file\=/Users/admin/builder/spi-builder-workspace/.derivedData/ModuleCache.noindex/Session.modulevalidation -fmodules-validate-once-per-build-session -Wnon-modular-include-in-framework-module -Werror\=non-modular-include-in-framework-module -Wno-trigraphs -Wno-missing-field-initializers -Wno-missing-prototypes -Wno-return-type -Wno-missing-braces -Wparentheses -Wswitch -Wno-unused-function -Wno-unused-label -Wno-unused-parameter -Wno-unused-variable -Wunused-value -Wno-empty-body -Wno-uninitialized -Wno-unknown-pragmas -w -Wno-shadow -Wno-four-char-constants -Wno-conversion -Wno-constant-conversion -Wno-int-conversion -Wno-bool-conversion -Wno-enum-conversion -Wno-float-conversion -Wno-non-literal-null-conversion -Wno-objc-literal-conversion -Wshorten-64-to-32 -Wpointer-sign -Wno-newline-eof -Wno-implicit-fallthrough -isysroot /Applications/Xcode-27.0.0-Release.Candidate.app/Contents/Developer/Platforms/WatchOS.platform/Developer/SDKs/WatchOS27.0.sdk -fstrict-aliasing -Wdeprecated-declarations -Wno-sign-conversion -Wno-infinite-recursion -Wno-comma -Wno-block-capture-autoreleasing -Wno-strict-prototypes -Wno-semicolon-before-method-body -index-store-path /Users/admin/builder/spi-builder-workspace/.derivedData/Index.noindex/DataStore @/Users/admin/builder/spi-builder-workspace/.derivedData/Build/Intermediates.noindex/swift-nio.build/Debug-watchos/CNIOWindows-t.build/Objects-normal/arm64/7187679823f38a2a940e0043cdf9d637-common-args.resp -MMD -MT dependencies -MF /Users/admin/builder/spi-builder-workspace/.derivedData/Build/Intermediates.noindex/swift-nio.build/Debug-watchos/CNIOWindows-t.build/Objects-normal/arm64/shim.d --serialize-diagnostics /Users/admin/builder/spi-builder-workspace/.derivedData/Build/Intermediates.noindex/swift-nio.build/Debug-watchos/CNIOWindows-t.build/Objects-normal/arm64/shim.dia -c /Users/admin/builder/spi-builder-workspace/.dependencies/checkouts/swift-nio/Sources/CNIOWindows/shim.c -o /Users/admin/builder/spi-builder-workspace/.derivedData/Build/Intermediates.noindex/swift-nio.build/Debug-watchos/CNIOWindows-t.build/Objects-normal/arm64/shim.o -index-unit-output-path /swift-nio.build/Debug-watchos/CNIOWindows-t.build/Objects-normal/arm64/shim.o
Failed frontend command:
/Applications/Xcode-27.0.0-Release.Candidate.app/Contents/Developer/Toolchains/XcodeDefault.xctoolchain/usr/bin/clang -cc1 -Wundef-prefix\=TARGET_OS_ -fdiagnostics-show-note-include-stack -fmacro-backtrace-limit\=0 -w -ferror-limit 19 -serialize-diagnostic-file /Users/admin/builder/spi-builder-workspace/.derivedData/Build/Intermediates.noindex/swift-nio.build/Debug-watchos/CNIOWindows-t.build/Objects-normal/arm64/shim.dia -Wdeprecated-objc-isa-usage -Werror\=deprecated-objc-isa-usage -Werror\=implicit-function-declaration -Wnon-modular-include-in-framework-module -Werror\=non-modular-include-in-framework-module -Wno-trigraphs -Wno-missing-field-initializers -Wno-missing-prototypes -Wno-return-type -Wno-missing-braces -Wparentheses -Wswitch -Wno-unused-function -Wno-unused-label -Wno-unused-parameter -Wno-unused-variable -Wunused-value -Wno-empty-body -Wno-uninitialized -Wno-unknown-pragmas -Wno-shadow -Wno-four-char-constants -Wno-conversion -Wno-constant-conversion -Wno-int-conversion -Wno-bool-conversion -Wno-enum-conversion -Wno-float-conversion -Wno-non-literal-null-conversion -Wno-objc-literal-conversion -Wshorten-64-to-32 -Wpointer-sign -Wno-newline-eof -Wno-implicit-fallthrough -Wdeprecated-declarations -Wno-sign-conversion -Wno-infinite-recursion -Wno-comma -Wno-block-capture-autoreleasing -Wno-strict-prototypes -Wno-semicolon-before-method-body -Wno-elaborated-enum-base -Wno-error\=allocator-wrappers -index-store-path /Users/admin/builder/spi-builder-workspace/.derivedData/Index.noindex/DataStore -index-unit-output-path /swift-nio.build/Debug-watchos/CNIOWindows-t.build/Objects-normal/arm64/shim.o -fmodule-map-file\=/Users/admin/builder/spi-builder-workspace/.dependencies/checkouts/swift-nio/Sources/CNIOWindows/include/module.modulemap -o /Users/admin/builder/spi-builder-workspace/.derivedData/Build/Intermediates.noindex/swift-nio.build/Debug-watchos/CNIOWindows-t.build/Objects-normal/arm64/shim.o -disable-free -emit-obj -x c /Users/admin/builder/spi-builder-workspace/.dependencies/checkouts/swift-nio/Sources/CNIOWindows/shim.c -target-abi darwinpcs -target-cpu apple-s9 -target-feature +v8.6a -target-feature +aes -target-feature +bf16 -target-feature +complxnum -target-feature +crc -target-feature +dotprod -target-feature +fp-armv8 -target-feature +fp16fml -target-feature +fpac -target-feature +fullfp16 -target-feature +hcx -target-feature +i8mm -target-feature +jsconv -target-feature +lse -target-feature +neon -target-feature +pauth -target-feature +perfmon -target-feature +ras -target-feature +rcpc -target-feature +rdm -target-feature +sha2 -target-feature +sha3 -target-feature +ssbs -triple arm64-apple-watchos9.0.0 -target-linker-version 1166.2 -target-sdk-version\=27.0 -fmodules-validate-system-headers -fno-modulemap-allow-subdirectory-search -isysroot /Applications/Xcode-27.0.0-Release.Candidate.app/Contents/Developer/Platforms/WatchOS.platform/Developer/SDKs/WatchOS27.0.sdk -resource-dir /Applications/Xcode-27.0.0-Release.Candidate.app/Contents/Developer/Toolchains/XcodeDefault.xctoolchain/usr/lib/clang/21 -fmodule-format\=obj -I /Users/admin/builder/spi-builder-workspace/.derivedData/Build/Products/Debug-watchos/include -I /Users/admin/builder/spi-builder-workspace/.dependencies/checkouts/swift-nio/Sources/CNIOWindows/include -I /Users/admin/builder/spi-builder-workspace/.derivedData/Build/Intermediates.noindex/swift-nio.build/Debug-watchos/CNIOWindows-t.build/DerivedSources-normal/arm64 -I /Users/admin/builder/spi-builder-workspace/.derivedData/Build/Intermediates.noindex/swift-nio.build/Debug-watchos/CNIOWindows-t.build/DerivedSources/arm64 -I /Users/admin/builder/spi-builder-workspace/.derivedData/Build/Intermediates.noindex/swift-nio.build/Debug-watchos/CNIOWindows-t.build/DerivedSources -F /Users/admin/builder/spi-builder-workspace/.derivedData/Build/Products/Debug-watchos -iframework /Applications/Xcode-27.0.0-Release.Candidate.app/Contents/Developer/Platforms/WatchOS.platform/Developer/Library/Frameworks -iframework /Applications/Xcode-27.0.0-Release.Candidate.app/Contents/Developer/Platforms/WatchOS.platform/Developer/SDKs/WatchOS27.0.sdk/Developer/Library/Frameworks -internal-isystem /Applications/Xcode-27.0.0-Release.Candidate.app/Contents/Developer/Platforms/WatchOS.platform/Developer/SDKs/WatchOS27.0.sdk/usr/local/include -internal-isystem /Applications/Xcode-27.0.0-Release.Candidate.app/Contents/Developer/Toolchains/XcodeDefault.xctoolchain/usr/lib/clang/21/include -internal-externc-isystem /Applications/Xcode-27.0.0-Release.Candidate.app/Contents/Developer/Platforms/WatchOS.platform/Developer/SDKs/WatchOS27.0.sdk/usr/include -internal-externc-isystem /Applications/Xcode-27.0.0-Release.Candidate.app/Contents/Developer/Toolchains/XcodeDefault.xctoolchain/usr/include -internal-iframework /Applications/Xcode-27.0.0-Release.Candidate.app/Contents/Developer/Platforms/WatchOS.platform/Developer/SDKs/WatchOS27.0.sdk/System/Library/Frameworks -internal-iframework /Applications/Xcode-27.0.0-Release.Candidate.app/Contents/Developer/Platforms/WatchOS.platform/Developer/SDKs/WatchOS27.0.sdk/System/Library/SubFrameworks -internal-iframework /Applications/Xcode-27.0.0-Release.Candidate.app/Contents/Developer/Platforms/WatchOS.platform/Developer/SDKs/WatchOS27.0.sdk/Library/Frameworks -ivfsstatcache /Users/admin/builder/spi-builder-workspace/.derivedData/SDKStatCaches.noindex/watchos27.0-24R360-e829b21a6f8c9b70876ba0858053c04477534ef55a1706bf4c1112bbb242f0a2.sdkstatcache -std\=gnu17 -fskip-odr-check-in-gmf -fmodules -fmodule-name\=CNIOWindows -fno-implicit-modules -fmax-type-align\=16 -fpascal-strings -fstack-check -fvisibility-inlines-hidden-static-local-var -mdarwin-stkchk-strong-link -fno-odr-hash-protocols -pic-level 2 -fencode-extended-block-signature -stack-protector 1 -fgnuc-version\=4.2.1 -fblocks -fno-convergent-functions -ffp-contract\=on -fclang-abi-compat\=4.0 -fno-experimental-relative-c++-abi-vtables -fno-file-reproducible -clang-vendor-feature\=+disableNonDependentMemberExprInCurrentInstantiation -clang-vendor-feature\=+enableAggressiveVLAFolding -clang-vendor-feature\=+revert09abecef7bbf -clang-vendor-feature\=+thisNoAlignAttr -clang-vendor-feature\=+thisNoNullAttr -clang-vendor-feature\=+disableAtImportPrivateFrameworkInImplementationError -O0 -fno-assume-unique-vtables -fdebug-compilation-dir\=/Users/admin/builder/spi-builder-workspace/.swiftpm/xcode -fcoverage-compilation-dir\=/Users/admin/builder/spi-builder-workspace/.swiftpm/xcode -fcoverage-mapping -fcommon -fdwarf2-cfi-asm -fobjc-msgsend-selector-stubs -fregister-global-dtors-with-atexit -fno-strict-return -dwarf-version\=4 -debugger-tuning\=lldb -disable-llvm-verifier -dwarf-ext-refs -funwind-tables\=1 -fprofile-instrument\=clang -enable-tlsdesc -clear-ast-before-backend -discard-value-names -main-file-name shim.c -mframe-pointer\=non-leaf -debug-info-kind\=standalone -fno-loop-interchange -fdiagnostics-hotness-threshold\=0 -fdiagnostics-misexpect-tolerance\=0 -D DEBUG\=1 -D SWIFT_PACKAGE -D Xcode -fdefine-target-os-macros -MT dependencies -dependency-file /Users/admin/builder/spi-builder-workspace/.derivedData/Build/Intermediates.noindex/swift-nio.build/Debug-watchos/CNIOWindows-t.build/Objects-normal/arm64/shim.d -skip-unused-modulemap-deps -module-file-deps\=direct -fdepfile-entry\=/Applications/Xcode-27.0.0-Release.Candidate.app/Contents/Developer/Platforms/WatchOS.platform/Developer/SDKs/WatchOS27.0.sdk/SDKSettings.json
CompileC /Users/admin/builder/spi-builder-workspace/.derivedData/Build/Intermediates.noindex/swift-nio.build/Debug-watchos/CNIOWindows-t.build/Objects-normal/arm64/WSAStartup.o /Users/admin/builder/spi-builder-workspace/.dependencies/checkouts/swift-nio/Sources/CNIOWindows/WSAStartup.c normal arm64 c com.apple.compilers.llvm.clang.1_0.compiler (in target 'CNIOWindows' from project 'swift-nio')
cd /Users/admin/builder/spi-builder-workspace/.swiftpm/xcode
Using response file: /Users/admin/builder/spi-builder-workspace/.derivedData/Build/Intermediates.noindex/swift-nio.build/Debug-watchos/CNIOWindows-t.build/Objects-normal/arm64/7187679823f38a2a940e0043cdf9d637-common-args.resp
/Applications/Xcode-27.0.0-Release.Candidate.app/Contents/Developer/Toolchains/XcodeDefault.xctoolchain/usr/bin/clang -x c -ivfsstatcache /Users/admin/builder/spi-builder-workspace/.derivedData/SDKStatCaches.noindex/watchos27.0-24R360-e829b21a6f8c9b70876ba0858053c04477534ef55a1706bf4c1112bbb242f0a2.sdkstatcache -target arm64-apple-watchos9.0 -fmessage-length\=0 -fdiagnostics-show-note-include-stack -fmacro-backtrace-limit\=0 -fno-color-diagnostics -fmodules-prune-interval\=86400 -fmodules-prune-after\=345600 -fbuild-session-file\=/Users/admin/builder/spi-builder-workspace/.derivedData/ModuleCache.noindex/Session.modulevalidation -fmodules-validate-once-per-build-session -Wnon-modular-include-in-framework-module -Werror\=non-modular-include-in-framework-module -Wno-trigraphs -Wno-missing-field-initializers -Wno-missing-prototypes -Wno-return-type -Wno-missing-braces -Wparentheses -Wswitch -Wno-unused-function -Wno-unused-label -Wno-unused-parameter -Wno-unused-variable -Wunused-value -Wno-empty-body -Wno-uninitialized -Wno-unknown-pragmas -w -Wno-shadow -Wno-four-char-constants -Wno-conversion -Wno-constant-conversion -Wno-int-conversion -Wno-bool-conversion -Wno-enum-conversion -Wno-float-conversion -Wno-non-literal-null-conversion -Wno-objc-literal-conversion -Wshorten-64-to-32 -Wpointer-sign -Wno-newline-eof -Wno-implicit-fallthrough -isysroot /Applications/Xcode-27.0.0-Release.Candidate.app/Contents/Developer/Platforms/WatchOS.platform/Developer/SDKs/WatchOS27.0.sdk -fstrict-aliasing -Wdeprecated-declarations -Wno-sign-conversion -Wno-infinite-recursion -Wno-comma -Wno-block-capture-autoreleasing -Wno-strict-prototypes -Wno-semicolon-before-method-body -index-store-path /Users/admin/builder/spi-builder-workspace/.derivedData/Index.noindex/DataStore @/Users/admin/builder/spi-builder-workspace/.derivedData/Build/Intermediates.noindex/swift-nio.build/Debug-watchos/CNIOWindows-t.build/Objects-normal/arm64/7187679823f38a2a940e0043cdf9d637-common-args.resp -MMD -MT dependencies -MF /Users/admin/builder/spi-builder-workspace/.derivedData/Build/Intermediates.noindex/swift-nio.build/Debug-watchos/CNIOWindows-t.build/Objects-normal/arm64/WSAStartup.d --serialize-diagnostics /Users/admin/builder/spi-builder-workspace/.derivedData/Build/Intermediates.noindex/swift-nio.build/Debug-watchos/CNIOWindows-t.build/Objects-normal/arm64/WSAStartup.dia -c /Users/admin/builder/spi-builder-workspace/.dependencies/checkouts/swift-nio/Sources/CNIOWindows/WSAStartup.c -o /Users/admin/builder/spi-builder-workspace/.derivedData/Build/Intermediates.noindex/swift-nio.build/Debug-watchos/CNIOWindows-t.build/Objects-normal/arm64/WSAStartup.o -index-unit-output-path /swift-nio.build/Debug-watchos/CNIOWindows-t.build/Objects-normal/arm64/WSAStartup.o
Failed frontend command:
/Applications/Xcode-27.0.0-Release.Candidate.app/Contents/Developer/Toolchains/XcodeDefault.xctoolchain/usr/bin/clang -cc1 -Wundef-prefix\=TARGET_OS_ -fdiagnostics-show-note-include-stack -fmacro-backtrace-limit\=0 -w -ferror-limit 19 -serialize-diagnostic-file /Users/admin/builder/spi-builder-workspace/.derivedData/Build/Intermediates.noindex/swift-nio.build/Debug-watchos/CNIOWindows-t.build/Objects-normal/arm64/WSAStartup.dia -Wdeprecated-objc-isa-usage -Werror\=deprecated-objc-isa-usage -Werror\=implicit-function-declaration -Wnon-modular-include-in-framework-module -Werror\=non-modular-include-in-framework-module -Wno-trigraphs -Wno-missing-field-initializers -Wno-missing-prototypes -Wno-return-type -Wno-missing-braces -Wparentheses -Wswitch -Wno-unused-function -Wno-unused-label -Wno-unused-parameter -Wno-unused-variable -Wunused-value -Wno-empty-body -Wno-uninitialized -Wno-unknown-pragmas -Wno-shadow -Wno-four-char-constants -Wno-conversion -Wno-constant-conversion -Wno-int-conversion -Wno-bool-conversion -Wno-enum-conversion -Wno-float-conversion -Wno-non-literal-null-conversion -Wno-objc-literal-conversion -Wshorten-64-to-32 -Wpointer-sign -Wno-newline-eof -Wno-implicit-fallthrough -Wdeprecated-declarations -Wno-sign-conversion -Wno-infinite-recursion -Wno-comma -Wno-block-capture-autoreleasing -Wno-strict-prototypes -Wno-semicolon-before-method-body -Wno-elaborated-enum-base -Wno-error\=allocator-wrappers -index-store-path /Users/admin/builder/spi-builder-workspace/.derivedData/Index.noindex/DataStore -index-unit-output-path /swift-nio.build/Debug-watchos/CNIOWindows-t.build/Objects-normal/arm64/WSAStartup.o -fmodule-map-file\=/Users/admin/builder/spi-builder-workspace/.dependencies/checkouts/swift-nio/Sources/CNIOWindows/include/module.modulemap -o /Users/admin/builder/spi-builder-workspace/.derivedData/Build/Intermediates.noindex/swift-nio.build/Debug-watchos/CNIOWindows-t.build/Objects-normal/arm64/WSAStartup.o -disable-free -emit-obj -x c /Users/admin/builder/spi-builder-workspace/.dependencies/checkouts/swift-nio/Sources/CNIOWindows/WSAStartup.c -target-abi darwinpcs -target-cpu apple-s9 -target-feature +v8.6a -target-feature +aes -target-feature +bf16 -target-feature +complxnum -target-feature +crc -target-feature +dotprod -target-feature +fp-armv8 -target-feature +fp16fml -target-feature +fpac -target-feature +fullfp16 -target-feature +hcx -target-feature +i8mm -target-feature +jsconv -target-feature +lse -target-feature +neon -target-feature +pauth -target-feature +perfmon -target-feature +ras -target-feature +rcpc -target-feature +rdm -target-feature +sha2 -target-feature +sha3 -target-feature +ssbs -triple arm64-apple-watchos9.0.0 -target-linker-version 1166.2 -target-sdk-version\=27.0 -fmodules-validate-system-headers -fno-modulemap-allow-subdirectory-search -isysroot /Applications/Xcode-27.0.0-Release.Candidate.app/Contents/Developer/Platforms/WatchOS.platform/Developer/SDKs/WatchOS27.0.sdk -resource-dir /Applications/Xcode-27.0.0-Release.Candidate.app/Contents/Developer/Toolchains/XcodeDefault.xctoolchain/usr/lib/clang/21 -fmodule-format\=obj -I /Users/admin/builder/spi-builder-workspace/.derivedData/Build/Products/Debug-watchos/include -I /Users/admin/builder/spi-builder-workspace/.dependencies/checkouts/swift-nio/Sources/CNIOWindows/include -I /Users/admin/builder/spi-builder-workspace/.derivedData/Build/Intermediates.noindex/swift-nio.build/Debug-watchos/CNIOWindows-t.build/DerivedSources-normal/arm64 -I /Users/admin/builder/spi-builder-workspace/.derivedData/Build/Intermediates.noindex/swift-nio.build/Debug-watchos/CNIOWindows-t.build/DerivedSources/arm64 -I /Users/admin/builder/spi-builder-workspace/.derivedData/Build/Intermediates.noindex/swift-nio.build/Debug-watchos/CNIOWindows-t.build/DerivedSources -F /Users/admin/builder/spi-builder-workspace/.derivedData/Build/Products/Debug-watchos -iframework /Applications/Xcode-27.0.0-Release.Candidate.app/Contents/Developer/Platforms/WatchOS.platform/Developer/Library/Frameworks -iframework /Applications/Xcode-27.0.0-Release.Candidate.app/Contents/Developer/Platforms/WatchOS.platform/Developer/SDKs/WatchOS27.0.sdk/Developer/Library/Frameworks -internal-isystem /Applications/Xcode-27.0.0-Release.Candidate.app/Contents/Developer/Platforms/WatchOS.platform/Developer/SDKs/WatchOS27.0.sdk/usr/local/include -internal-isystem /Applications/Xcode-27.0.0-Release.Candidate.app/Contents/Developer/Toolchains/XcodeDefault.xctoolchain/usr/lib/clang/21/include -internal-externc-isystem /Applications/Xcode-27.0.0-Release.Candidate.app/Contents/Developer/Platforms/WatchOS.platform/Developer/SDKs/WatchOS27.0.sdk/usr/include -internal-externc-isystem /Applications/Xcode-27.0.0-Release.Candidate.app/Contents/Developer/Toolchains/XcodeDefault.xctoolchain/usr/include -internal-iframework /Applications/Xcode-27.0.0-Release.Candidate.app/Contents/Developer/Platforms/WatchOS.platform/Developer/SDKs/WatchOS27.0.sdk/System/Library/Frameworks -internal-iframework /Applications/Xcode-27.0.0-Release.Candidate.app/Contents/Developer/Platforms/WatchOS.platform/Developer/SDKs/WatchOS27.0.sdk/System/Library/SubFrameworks -internal-iframework /Applications/Xcode-27.0.0-Release.Candidate.app/Contents/Developer/Platforms/WatchOS.platform/Developer/SDKs/WatchOS27.0.sdk/Library/Frameworks -ivfsstatcache /Users/admin/builder/spi-builder-workspace/.derivedData/SDKStatCaches.noindex/watchos27.0-24R360-e829b21a6f8c9b70876ba0858053c04477534ef55a1706bf4c1112bbb242f0a2.sdkstatcache -std\=gnu17 -fskip-odr-check-in-gmf -fmodules -fmodule-name\=CNIOWindows -fno-implicit-modules -fmax-type-align\=16 -fpascal-strings -fstack-check -fvisibility-inlines-hidden-static-local-var -mdarwin-stkchk-strong-link -fno-odr-hash-protocols -pic-level 2 -fencode-extended-block-signature -stack-protector 1 -fgnuc-version\=4.2.1 -fblocks -fno-convergent-functions -ffp-contract\=on -fclang-abi-compat\=4.0 -fno-experimental-relative-c++-abi-vtables -fno-file-reproducible -clang-vendor-feature\=+disableNonDependentMemberExprInCurrentInstantiation -clang-vendor-feature\=+enableAggressiveVLAFolding -clang-vendor-feature\=+revert09abecef7bbf -clang-vendor-feature\=+thisNoAlignAttr -clang-vendor-feature\=+thisNoNullAttr -clang-vendor-feature\=+disableAtImportPrivateFrameworkInImplementationError -O0 -fno-assume-unique-vtables -fdebug-compilation-dir\=/Users/admin/builder/spi-builder-workspace/.swiftpm/xcode -fcoverage-compilation-dir\=/Users/admin/builder/spi-builder-workspace/.swiftpm/xcode -fcoverage-mapping -fcommon -fdwarf2-cfi-asm -fobjc-msgsend-selector-stubs -fregister-global-dtors-with-atexit -fno-strict-return -dwarf-version\=4 -debugger-tuning\=lldb -disable-llvm-verifier -dwarf-ext-refs -funwind-tables\=1 -fprofile-instrument\=clang -enable-tlsdesc -clear-ast-before-backend -discard-value-names -main-file-name WSAStartup.c -mframe-pointer\=non-leaf -debug-info-kind\=standalone -fno-loop-interchange -fdiagnostics-hotness-threshold\=0 -fdiagnostics-misexpect-tolerance\=0 -D DEBUG\=1 -D SWIFT_PACKAGE -D Xcode -fdefine-target-os-macros -MT dependencies -dependency-file /Users/admin/builder/spi-builder-workspace/.derivedData/Build/Intermediates.noindex/swift-nio.build/Debug-watchos/CNIOWindows-t.build/Objects-normal/arm64/WSAStartup.d -skip-unused-modulemap-deps -module-file-deps\=direct -fdepfile-entry\=/Applications/Xcode-27.0.0-Release.Candidate.app/Contents/Developer/Platforms/WatchOS.platform/Developer/SDKs/WatchOS27.0.sdk/SDKSettings.json
PruneExplicitPrecompiledModules /Users/admin/builder/spi-builder-workspace/.derivedData/Build/Intermediates.noindex/ExplicitPrecompiledModules
PruneExplicitPrecompiledModules /Users/admin/builder/spi-builder-workspace/.derivedData/Build/Intermediates.noindex/SwiftExplicitPrecompiledModules
PruneExplicitPrecompiledModules /Users/admin/builder/spi-builder-workspace/.derivedData/SDKExplicitPrecompiledModules
2026-09-21 10:56:01.953 xcodebuild[1420:8005] [MT] IDERunDestination: Supported platforms for the buildables in the current scheme is empty.
** BUILD FAILED **
The following build commands failed:
SwiftEmitModule normal arm64_32 Emitting\ module\ for\ CartonCore (in target 'CartonCore' from project 'carton')
SwiftCompile normal arm64_32 (in target 'CartonCore' from project 'carton')
Building workspace carton with scheme carton-Package
(3 failures)
BUILD FAILURE 6.4 watchOS