The Swift Package Index logo.Swift Package Index

Build Information

Failed to build Predicate, reference main (24842a), with Swift 6.4 for Android on 21 Sep 2026 07:12:13 UTC.

Build Command

bash -c docker run --pull=always --rm -v "checkouts-54344845-0":/host -w "$PWD" -e JAVA_HOME="/root/.sdkman/candidates/java/current" -e SPI_BUILD="1" -e SPI_PROCESSING="1" registry.gitlab.com/saguaro1/spi-images:android-6.4-latest swift build --swift-sdk aarch64-unknown-linux-android28 2>&1

Build Log

========================================
RunAll
========================================
Builder version: 5.1.0
Interrupt handler set up.
========================================
Checkout
========================================
Clone URL: https://github.com/yockow/swiftpredicate.git
Reference: main
Initialized empty Git repository in /host/spi-builder-workspace/.git/
hint: Using 'master' as the name for the initial branch. This default branch name
hint: is subject to change. To configure the initial branch name to use in all
hint: of your new repositories, which will suppress this warning, call:
hint:
hint: 	git config --global init.defaultBranch <name>
hint:
hint: Names commonly chosen instead of 'master' are 'main', 'trunk' and
hint: 'development'. The just-created branch can be renamed via this command:
hint:
hint: 	git branch -m <name>
From https://github.com/yockow/swiftpredicate
 * branch            main       -> FETCH_HEAD
 * [new branch]      main       -> origin/main
HEAD is now at 24842ad Merge pull request #9 from YOCKOW/development
Cloned https://github.com/yockow/swiftpredicate.git
Revision (git rev-parse @):
24842ad4386598882890cc369f5580ef165ed634
SUCCESS checkout https://github.com/yockow/swiftpredicate.git at main
========================================
Build
========================================
Selected platform:         android
Swift version:             6.4
Building package at path:  $PWD
https://github.com/yockow/swiftpredicate.git
Running build ...
bash -c docker run --pull=always --rm -v "checkouts-54344845-0":/host -w "$PWD" -e JAVA_HOME="/root/.sdkman/candidates/java/current" -e SPI_BUILD="1" -e SPI_PROCESSING="1" registry.gitlab.com/saguaro1/spi-images:android-6.4-latest swift build --swift-sdk aarch64-unknown-linux-android28 2>&1
android-6.4-latest: Pulling from saguaro1/spi-images
Digest: sha256:abadcff584c273feba50641b454858d377ba30b35ea7287a94f45ebd8afd0ea0
Status: Image is up to date for registry.gitlab.com/saguaro1/spi-images:android-6.4-latest
Fetching https://github.com/YOCKOW/SwiftRanges.git
[1/1767] Fetching swiftranges
Fetched https://github.com/YOCKOW/SwiftRanges.git (0.45s)
Computing version for https://github.com/YOCKOW/SwiftRanges.git
Computed https://github.com/YOCKOW/SwiftRanges.git at 3.2.2 (0.63s)
Creating working copy for https://github.com/YOCKOW/SwiftRanges.git
Working copy of https://github.com/YOCKOW/SwiftRanges.git resolved at 3.2.2
Building for debugging...
[Pre-planning 1 / 153]
[41 / 64] Ranges
[51 / 74] Predicate
[52 / 74] Predicate
[54 / 74] Predicate
[60 / 74] Predicate
[61 / 74] SwiftPredicate-product
[65 / 79] PredicateTestSupporters
[71 / 79] PredicateTestSupporters
[73 / 80] Ranges
error: SwiftCompile normal aarch64 /host/spi-builder-workspace/Sources/Predicate/NSPredicate+PredicateProtocol.swift failed with a nonzero exit code. Command line:     cd /host
    builtin-SwiftPerFileCompile NSPredicate+PredicateProtocol.swift
/host/spi-builder-workspace/Sources/Predicate/NSPredicate+PredicateProtocol.swift:31:26: error: constructing an object of class type 'Self' with a metatype value must use a 'required' initializer
29 |     self = self._convert(NSCompoundPredicate(notPredicateWithSubpredicate:copied))
30 |     #else
31 |     self = type(of:self).init(notPredicateWithSubpredicate:copied)
   |                          `- error: constructing an object of class type 'Self' with a metatype value must use a 'required' initializer
32 |     #endif
33 |   }
Foundation.NSCompoundPredicate.init:2:20: note: selected non-required initializer 'init(notPredicateWithSubpredicate:)'
1 | class NSCompoundPredicate {
2 | public convenience init(notPredicateWithSubpredicate predicate: NSPredicate)}
  |                    `- note: selected non-required initializer 'init(notPredicateWithSubpredicate:)'
3 |
/host/spi-builder-workspace/Sources/Predicate/NSPredicate+PredicateProtocol.swift:53:17: error: instance method 'isEqual(to:)' requires that 'Any?' conform to 'EquatablePredicate'
47 |
48 | extension NSCompoundPredicate: ConsolidatablePredicate {
49 |   public func isEqual<P>(to other:P) -> Bool where P: EquatablePredicate {
   |               `- note: where 'P' = 'Any?'
50 |     #if os(Linux)
51 |     return self.isEqual(other as Any?)
52 |     #else
53 |     return self.isEqual(to:other as Any?)
   |                 `- error: instance method 'isEqual(to:)' requires that 'Any?' conform to 'EquatablePredicate'
54 |     #endif
55 |   }
/host/spi-builder-workspace/Sources/Predicate/NSPredicate+PredicateProtocol.swift:64:26: error: constructing an object of class type 'Self' with a metatype value must use a 'required' initializer
62 |   #if !os(Linux)
63 |   public func and(_ other:NSCompoundPredicate) -> Self {
64 |     return type(of:self).init(andPredicateWithSubpredicates:[self, other])
   |                          `- error: constructing an object of class type 'Self' with a metatype value must use a 'required' initializer
65 |   }
66 |
Foundation.NSCompoundPredicate.init:2:20: note: selected non-required initializer 'init(andPredicateWithSubpredicates:)'
1 | class NSCompoundPredicate {
2 | public convenience init(andPredicateWithSubpredicates subpredicates: [NSPredicate])}
  |                    `- note: selected non-required initializer 'init(andPredicateWithSubpredicates:)'
3 |
/host/spi-builder-workspace/Sources/Predicate/NSPredicate+PredicateProtocol.swift:68:26: error: constructing an object of class type 'Self' with a metatype value must use a 'required' initializer
66 |
67 |   public func or(_ other: NSCompoundPredicate) -> Self {
68 |     return type(of:self).init(orPredicateWithSubpredicates:[self, other])
   |                          `- error: constructing an object of class type 'Self' with a metatype value must use a 'required' initializer
69 |   }
70 |   #endif
Foundation.NSCompoundPredicate.init:2:20: note: selected non-required initializer 'init(orPredicateWithSubpredicates:)'
1 | class NSCompoundPredicate {
2 | public convenience init(orPredicateWithSubpredicates subpredicates: [NSPredicate])}
  |                    `- note: selected non-required initializer 'init(orPredicateWithSubpredicates:)'
3 |
Failed frontend command:
/root/.local/share/swiftly/toolchains/6.4.x-snapshot-2026-09-04/usr/bin/swift-frontend -frontend -c /host/spi-builder-workspace/Sources/Predicate/AnyEquatablePredicate.swift /host/spi-builder-workspace/Sources/Predicate/AnyEquatablePredicateBox.swift /host/spi-builder-workspace/Sources/Predicate/AnyPredicate.swift /host/spi-builder-workspace/Sources/Predicate/BidirectionalCollection+PredicateProtocol.swift /host/spi-builder-workspace/Sources/Predicate/Collection+PredicateProtocol.swift /host/spi-builder-workspace/Sources/Predicate/Dictionary+PredicateProtocol.swift /host/spi-builder-workspace/Sources/Predicate/LazyCollectionProtocol+PredicateProtocol.swift -primary-file /host/spi-builder-workspace/Sources/Predicate/MutableCollection+PredicateProtocol.swift -primary-file /host/spi-builder-workspace/Sources/Predicate/NSPredicate+PredicateProtocol.swift -primary-file /host/spi-builder-workspace/Sources/Predicate/NegatedPredicate+ConsolidatablePredicate.swift /host/spi-builder-workspace/Sources/Predicate/NegatedPredicate+EquatablePredicate.swift /host/spi-builder-workspace/Sources/Predicate/NegatedPredicate+NegatablePredicate.swift /host/spi-builder-workspace/Sources/Predicate/NegatedPredicate.swift /host/spi-builder-workspace/Sources/Predicate/PredicateBinaryOperation+EquatablePredicate.swift /host/spi-builder-workspace/Sources/Predicate/PredicateBinaryOperation+NegatablePredicate.swift /host/spi-builder-workspace/Sources/Predicate/PredicateBinaryOperation.swift /host/spi-builder-workspace/Sources/Predicate/Protocols/ConsolidatablePredicate.swift /host/spi-builder-workspace/Sources/Predicate/Protocols/EquatablePredicate.swift /host/spi-builder-workspace/Sources/Predicate/Protocols/IntensionalSet.swift /host/spi-builder-workspace/Sources/Predicate/Protocols/NegatablePredicate.swift /host/spi-builder-workspace/Sources/Predicate/Protocols/PredicateProtocol.swift /host/spi-builder-workspace/Sources/Predicate/RangeReplaceableCollection+PredicateProtocol.swift /host/spi-builder-workspace/Sources/Predicate/Sequence+PredicateProtocol.swift /host/spi-builder-workspace/Sources/Predicate/String+PredicateProtocol.swift /host/spi-builder-workspace/Sources/Predicate/TotallyOrderedSet.swift -supplementary-output-file-map /host/spi-builder-workspace/.build/out/Intermediates.noindex/Predicate.build/Debug-android-aarch64/Predicate-t.build/Objects-normal/aarch64/supplementaryOutputs-11 -target aarch64-unknown-linux-android28 -Xllvm -aarch64-use-tbi -disable-objc-interop -sdk /android-ndk/android-ndk-r27d/toolchains/llvm/prebuilt/linux-x86_64/sysroot -sysroot /android-ndk/android-ndk-r27d/toolchains/llvm/prebuilt/linux-x86_64/sysroot -I /host/spi-builder-workspace/.build/out/Products/Debug-android-aarch64 -module-cache-path /host/spi-builder-workspace/.build/out/ModuleCache.noindex -color-diagnostics -Xcc -fcolor-diagnostics -enable-testing -g -debug-info-format\=dwarf -dwarf-version\=4 -swift-version 6 -Onone -D SWIFT_PACKAGE -D DEBUG -D SWIFT_MODULE_RESOURCE_BUNDLE_UNAVAILABLE -D Xcode -serialize-debugging-options -enable-experimental-feature DebugDescriptionMacro -empty-abi-descriptor -external-plugin-path /root/.local/share/swiftly/toolchains/6.4.x-snapshot-2026-09-04/usr/lib/swift/host/plugins/testing\#/root/.local/share/swiftly/toolchains/6.4.x-snapshot-2026-09-04/usr/bin/swift-plugin-server -validate-clang-modules-once -clang-build-session-file /host/spi-builder-workspace/.build/out/ModuleCache.noindex/Session.modulevalidation -Xcc -working-directory -Xcc /host -resource-dir /root/.swiftpm/swift-sdks/swift-6.4.x-DEVELOPMENT-SNAPSHOT-2026-09-04-a_android.artifactbundle/swift-android/swift-resources/usr/lib/swift-aarch64 -enable-anonymous-context-mangled-names -file-compilation-dir /host -Xcc -resource-dir -Xcc /android-ndk/android-ndk-r27d/toolchains/llvm/prebuilt/linux-x86_64/lib/clang/18 -Xcc -fno-omit-frame-pointer -Xcc -D_LIBCPP_HARDENING_MODE\=_LIBCPP_HARDENING_MODE_DEBUG -Xcc -fmodules-prune-interval\=86400 -Xcc -fmodules-prune-after\=345600 -Xcc -I/host/spi-builder-workspace/.build/out/Products/Debug-android-aarch64/include -Xcc -I/host/spi-builder-workspace/.build/out/Intermediates.noindex/Predicate.build/Debug-android-aarch64/Predicate-t.build/DerivedSources-normal/aarch64 -Xcc -I/host/spi-builder-workspace/.build/out/Intermediates.noindex/Predicate.build/Debug-android-aarch64/Predicate-t.build/DerivedSources/aarch64 -Xcc -I/host/spi-builder-workspace/.build/out/Intermediates.noindex/Predicate.build/Debug-android-aarch64/Predicate-t.build/DerivedSources -Xcc -DSWIFT_PACKAGE -Xcc -DDEBUG\=1 -no-auto-bridging-header-chaining -module-name Predicate -const-gather-protocols-file /host/spi-builder-workspace/.build/out/Intermediates.noindex/Predicate.build/Debug-android-aarch64/Predicate-t.build/Objects-normal/aarch64/Predicate_const_extract_protocols.json -in-process-plugin-server-path /root/.local/share/swiftly/toolchains/6.4.x-snapshot-2026-09-04/usr/lib/swift/host/libSwiftInProcPluginServer.so -plugin-path /root/.local/share/swiftly/toolchains/6.4.x-snapshot-2026-09-04/usr/lib/swift/host/plugins -plugin-path /root/.local/share/swiftly/toolchains/6.4.x-snapshot-2026-09-04/usr/local/lib/swift/host/plugins -parse-as-library -o /host/spi-builder-workspace/.build/out/Intermediates.noindex/Predicate.build/Debug-android-aarch64/Predicate-t.build/Objects-normal/aarch64/MutableCollection+PredicateProtocol.o -o /host/spi-builder-workspace/.build/out/Intermediates.noindex/Predicate.build/Debug-android-aarch64/Predicate-t.build/Objects-normal/aarch64/NSPredicate+PredicateProtocol.o -o /host/spi-builder-workspace/.build/out/Intermediates.noindex/Predicate.build/Debug-android-aarch64/Predicate-t.build/Objects-normal/aarch64/NegatedPredicate+ConsolidatablePredicate.o -index-unit-output-path /Predicate.build/Debug-android-aarch64/Predicate-t.build/Objects-normal/aarch64/MutableCollection+PredicateProtocol.o -index-unit-output-path /Predicate.build/Debug-android-aarch64/Predicate-t.build/Objects-normal/aarch64/NSPredicate+PredicateProtocol.o -index-unit-output-path /Predicate.build/Debug-android-aarch64/Predicate-t.build/Objects-normal/aarch64/NegatedPredicate+ConsolidatablePredicate.o -index-store-path /host/spi-builder-workspace/.build/out -index-system-modules
error: Build failed
BUILD FAILURE 6.4 android