Build Information
Failed to build couchdb-swift, reference master (9f2bdd), with Swift 6.1 for Wasm on 21 Aug 2026 19:30:28 UTC.
Build Command
bash -c docker run --pull=always --rm -v "checkouts-54344844-1":/host -w "$PWD" -e JAVA_HOME="/root/.sdkman/candidates/java/current" -e SPI_BUILD="1" -e SPI_PROCESSING="1" registry.gitlab.com/saguaro1/spi-images:wasm-6.1-latest swift build --swift-sdk wasm32-unknown-wasi 2>&1Build Log
========================================
RunAll
========================================
Builder version: 5.0.2
Interrupt handler set up.
========================================
Checkout
========================================
Clone URL: https://github.com/makoni/couchdb-swift.git
Reference: master
Initialized empty Git repository in /host/spi-builder-workspace/.git/
hint: Using 'master' as the name for the initial branch. This default branch name
hint: is subject to change. To configure the initial branch name to use in all
hint: of your new repositories, which will suppress this warning, call:
hint:
hint: git config --global init.defaultBranch <name>
hint:
hint: Names commonly chosen instead of 'master' are 'main', 'trunk' and
hint: 'development'. The just-created branch can be renamed via this command:
hint:
hint: git branch -m <name>
From https://github.com/makoni/couchdb-swift
* branch master -> FETCH_HEAD
* [new branch] master -> origin/master
HEAD is now at 9f2bddc Merge pull request #48 from makoni/develop
Cloned https://github.com/makoni/couchdb-swift.git
Revision (git rev-parse @):
9f2bddce9b1a19adbd8181b38314cfef0516e9aa
SPI manifest file found: $PWD/.spi.yml
SUCCESS checkout https://github.com/makoni/couchdb-swift.git at master
========================================
Build
========================================
Selected platform: wasm
Swift version: 6.1
Building package at path: $PWD
https://github.com/makoni/couchdb-swift.git
https://github.com/makoni/couchdb-swift.git
WARNING: environment variable SUPPRESS_SWIFT_6_FLAGS is not set
Running build ...
bash -c docker run --pull=always --rm -v "checkouts-54344844-1":/host -w "$PWD" -e JAVA_HOME="/root/.sdkman/candidates/java/current" -e SPI_BUILD="1" -e SPI_PROCESSING="1" registry.gitlab.com/saguaro1/spi-images:wasm-6.1-latest swift build --swift-sdk wasm32-unknown-wasi -Xswiftc -Xfrontend -Xswiftc -stats-output-dir -Xswiftc -Xfrontend -Xswiftc .stats -Xswiftc -strict-concurrency=complete -Xswiftc -enable-upcoming-feature -Xswiftc StrictConcurrency -Xswiftc -enable-upcoming-feature -Xswiftc DisableOutwardActorInference -Xswiftc -enable-upcoming-feature -Xswiftc GlobalActorIsolatedTypesUsability -Xswiftc -enable-upcoming-feature -Xswiftc InferSendableFromCaptures 2>&1
wasm-6.1-latest: Pulling from saguaro1/spi-images
Digest: sha256:290f441d1f5b7bf0dbbe61e8b7514208804cdcb507d57b3c762463ad036298f7
Status: Image is up to date for registry.gitlab.com/saguaro1/spi-images:wasm-6.1-latest
Fetching https://github.com/swiftlang/swift-docc-plugin.git
Fetching https://github.com/swiftlang/swift-testing.git
Fetching https://github.com/swift-server/async-http-client.git
[1/2345] Fetching swift-docc-plugin
[2346/43161] Fetching swift-docc-plugin, swift-testing
[5204/59302] Fetching swift-docc-plugin, swift-testing, async-http-client
Fetched https://github.com/swiftlang/swift-docc-plugin.git from cache (1.26s)
Fetched https://github.com/swift-server/async-http-client.git from cache (1.27s)
Fetched https://github.com/swiftlang/swift-testing.git from cache (1.27s)
Computing version for https://github.com/swiftlang/swift-testing.git
Computed https://github.com/swiftlang/swift-testing.git at 6.1.3 (1.56s)
Fetching https://github.com/swiftlang/swift-syntax.git
[1/76527] Fetching swift-syntax
Fetched https://github.com/swiftlang/swift-syntax.git from cache (3.25s)
Computing version for https://github.com/swift-server/async-http-client.git
Computed https://github.com/swift-server/async-http-client.git at 1.36.0 (3.52s)
Fetching https://github.com/apple/swift-nio-transport-services.git
Fetching https://github.com/apple/swift-algorithms.git
Fetching https://github.com/apple/swift-distributed-tracing.git
Fetching https://github.com/apple/swift-nio-extras.git
Fetching https://github.com/apple/swift-atomics.git
Fetching https://github.com/apple/swift-log.git
[1/2860] Fetching swift-nio-transport-services
[2861/10814] Fetching swift-nio-transport-services, swift-log
[2862/16801] Fetching swift-nio-transport-services, swift-log, swift-distributed-tracing
[2863/18676] Fetching swift-nio-transport-services, swift-log, swift-distributed-tracing, swift-atomics
[6379/24774] Fetching swift-nio-transport-services, swift-log, swift-distributed-tracing, swift-atomics, swift-algorithms
[6459/31420] Fetching swift-nio-transport-services, swift-log, swift-distributed-tracing, swift-atomics, swift-algorithms, swift-nio-extras
Fetched https://github.com/apple/swift-nio-transport-services.git from cache (0.66s)
Fetching https://github.com/apple/swift-nio-http2.git
Fetched https://github.com/apple/swift-algorithms.git from cache (0.68s)
Fetching https://github.com/apple/swift-nio-ssl.git
Fetched https://github.com/apple/swift-log.git from cache (0.68s)
Fetching https://github.com/apple/swift-nio.git
Fetched https://github.com/apple/swift-atomics.git from cache (0.69s)
Fetched https://github.com/apple/swift-nio-extras.git from cache (0.69s)
Fetched https://github.com/apple/swift-distributed-tracing.git from cache (0.69s)
[1/12229] Fetching swift-nio-http2
[2570/28199] Fetching swift-nio-http2, swift-nio-ssl
[23090/113699] Fetching swift-nio-http2, swift-nio-ssl, swift-nio
Fetched https://github.com/apple/swift-nio-http2.git from cache (1.00s)
[14919/101470] Fetching swift-nio-ssl, swift-nio
Fetched https://github.com/apple/swift-nio-ssl.git from cache (1.41s)
[41040/85500] Fetching swift-nio
Fetched https://github.com/apple/swift-nio.git from cache (3.70s)
Computing version for https://github.com/apple/swift-distributed-tracing.git
Computed https://github.com/apple/swift-distributed-tracing.git at 1.4.1 (4.62s)
Fetching https://github.com/apple/swift-service-context.git
[1/1311] Fetching swift-service-context
Fetched https://github.com/apple/swift-service-context.git from cache (0.95s)
Computing version for https://github.com/apple/swift-algorithms.git
Computed https://github.com/apple/swift-algorithms.git at 1.2.1 (1.89s)
Fetching https://github.com/apple/swift-numerics.git
[1/6553] Fetching swift-numerics
Fetched https://github.com/apple/swift-numerics.git from cache (0.68s)
Computing version for https://github.com/apple/swift-service-context.git
Computed https://github.com/apple/swift-service-context.git at 1.3.0 (0.90s)
Computing version for https://github.com/apple/swift-nio.git
Computed https://github.com/apple/swift-nio.git at 2.101.3 (0.46s)
Fetching https://github.com/apple/swift-collections.git
Fetching https://github.com/apple/swift-system.git
[1/6851] Fetching swift-system
[6852/33639] Fetching swift-system, swift-collections
Fetched https://github.com/apple/swift-system.git from cache (0.62s)
[804/26788] Fetching swift-collections
Fetched https://github.com/apple/swift-collections.git from cache (1.14s)
Computing version for https://github.com/apple/swift-atomics.git
Computed https://github.com/apple/swift-atomics.git at 1.3.1 (1.37s)
Computing version for https://github.com/apple/swift-numerics.git
Computed https://github.com/apple/swift-numerics.git at 1.1.1 (0.22s)
Computing version for https://github.com/apple/swift-nio-transport-services.git
Computed https://github.com/apple/swift-nio-transport-services.git at 1.28.0 (0.23s)
Computing version for https://github.com/swiftlang/swift-docc-plugin.git
Computed https://github.com/swiftlang/swift-docc-plugin.git at 1.5.0 (0.25s)
Fetching https://github.com/swiftlang/swift-docc-symbolkit
[1/3809] Fetching swift-docc-symbolkit
Fetched https://github.com/swiftlang/swift-docc-symbolkit from cache (0.61s)
Computing version for https://github.com/swiftlang/swift-docc-symbolkit
Computed https://github.com/swiftlang/swift-docc-symbolkit at 1.0.0 (0.89s)
Computing version for https://github.com/apple/swift-nio-http2.git
Computed https://github.com/apple/swift-nio-http2.git at 1.45.0 (0.25s)
Computing version for https://github.com/apple/swift-nio-ssl.git
Computed https://github.com/apple/swift-nio-ssl.git at 2.37.2 (0.26s)
Computing version for https://github.com/apple/swift-log.git
Computed https://github.com/apple/swift-log.git at 1.15.0 (0.23s)
Computing version for https://github.com/apple/swift-collections.git
Computed https://github.com/apple/swift-collections.git at 1.6.0 (0.33s)
Computing version for https://github.com/apple/swift-nio-extras.git
Computed https://github.com/apple/swift-nio-extras.git at 1.34.3 (1.04s)
Fetching https://github.com/apple/swift-certificates.git
Fetching https://github.com/apple/swift-asn1.git
Fetching https://github.com/swift-server/swift-service-lifecycle.git
Fetching https://github.com/apple/swift-async-algorithms.git
Fetching https://github.com/apple/swift-http-structured-headers.git
Fetching https://github.com/apple/swift-http-types.git
[1/1939] Fetching swift-asn1
[1940/3192] Fetching swift-asn1, swift-http-structured-headers
[1953/4774] Fetching swift-asn1, swift-http-structured-headers, swift-http-types
[2177/12275] Fetching swift-asn1, swift-http-structured-headers, swift-http-types, swift-certificates
Fetched https://github.com/apple/swift-http-structured-headers.git from cache (0.54s)
[7122/11022] Fetching swift-asn1, swift-http-types, swift-certificates
Fetched https://github.com/apple/swift-http-types.git from cache (0.54s)
[6065/9440] Fetching swift-asn1, swift-certificates
[7191/12251] Fetching swift-asn1, swift-certificates, swift-service-lifecycle
Fetched https://github.com/apple/swift-certificates.git from cache (0.61s)
[1/6659] Fetching swift-async-algorithms
Fetched https://github.com/apple/swift-asn1.git from cache (1.06s)
Fetched https://github.com/swift-server/swift-service-lifecycle.git from cache (1.06s)
Fetched https://github.com/apple/swift-async-algorithms.git from cache (1.06s)
Computing version for https://github.com/apple/swift-http-types.git
Computed https://github.com/apple/swift-http-types.git at 1.6.0 (1.30s)
Computing version for https://github.com/swift-server/swift-service-lifecycle.git
Computed https://github.com/swift-server/swift-service-lifecycle.git at 2.12.0 (0.27s)
Computing version for https://github.com/apple/swift-async-algorithms.git
Computed https://github.com/apple/swift-async-algorithms.git at 1.1.5 (0.27s)
Computing version for https://github.com/apple/swift-asn1.git
Computed https://github.com/apple/swift-asn1.git at 1.7.1 (0.25s)
Computing version for https://github.com/apple/swift-http-structured-headers.git
Computed https://github.com/apple/swift-http-structured-headers.git at 1.7.0 (0.24s)
Computing version for https://github.com/apple/swift-certificates.git
Computed https://github.com/apple/swift-certificates.git at 1.19.4 (0.29s)
Fetching https://github.com/apple/swift-crypto.git
[1/18325] Fetching swift-crypto
Fetched https://github.com/apple/swift-crypto.git from cache (1.22s)
Computing version for https://github.com/apple/swift-crypto.git
Computed https://github.com/apple/swift-crypto.git at 4.5.1 (2.10s)
Computing version for https://github.com/apple/swift-system.git
Computed https://github.com/apple/swift-system.git at 1.8.1 (0.29s)
Computing version for https://github.com/swiftlang/swift-syntax.git
Computed https://github.com/swiftlang/swift-syntax.git at 601.0.1 (0.33s)
Creating working copy for https://github.com/swiftlang/swift-syntax.git
Working copy of https://github.com/swiftlang/swift-syntax.git resolved at 601.0.1
Creating working copy for https://github.com/swiftlang/swift-docc-symbolkit
Working copy of https://github.com/swiftlang/swift-docc-symbolkit resolved at 1.0.0
Creating working copy for https://github.com/apple/swift-atomics.git
Working copy of https://github.com/apple/swift-atomics.git resolved at 1.3.1
Creating working copy for https://github.com/swiftlang/swift-docc-plugin.git
Working copy of https://github.com/swiftlang/swift-docc-plugin.git resolved at 1.5.0
Creating working copy for https://github.com/apple/swift-http-structured-headers.git
Working copy of https://github.com/apple/swift-http-structured-headers.git resolved at 1.7.0
Creating working copy for https://github.com/apple/swift-service-context.git
Working copy of https://github.com/apple/swift-service-context.git resolved at 1.3.0
Creating working copy for https://github.com/apple/swift-async-algorithms.git
Working copy of https://github.com/apple/swift-async-algorithms.git resolved at 1.1.5
Creating working copy for https://github.com/apple/swift-algorithms.git
Working copy of https://github.com/apple/swift-algorithms.git resolved at 1.2.1
Creating working copy for https://github.com/apple/swift-collections.git
Working copy of https://github.com/apple/swift-collections.git resolved at 1.6.0
Creating working copy for https://github.com/apple/swift-crypto.git
Working copy of https://github.com/apple/swift-crypto.git resolved at 4.5.1
Creating working copy for https://github.com/apple/swift-numerics.git
Working copy of https://github.com/apple/swift-numerics.git resolved at 1.1.1
Creating working copy for https://github.com/apple/swift-nio.git
Working copy of https://github.com/apple/swift-nio.git resolved at 2.101.3
Creating working copy for https://github.com/apple/swift-certificates.git
Working copy of https://github.com/apple/swift-certificates.git resolved at 1.19.4
Creating working copy for https://github.com/apple/swift-asn1.git
Working copy of https://github.com/apple/swift-asn1.git resolved at 1.7.1
Creating working copy for https://github.com/apple/swift-http-types.git
Working copy of https://github.com/apple/swift-http-types.git resolved at 1.6.0
Creating working copy for https://github.com/swift-server/swift-service-lifecycle.git
Working copy of https://github.com/swift-server/swift-service-lifecycle.git resolved at 2.12.0
Creating working copy for https://github.com/swiftlang/swift-testing.git
Working copy of https://github.com/swiftlang/swift-testing.git resolved at 6.1.3
Creating working copy for https://github.com/apple/swift-nio-extras.git
Working copy of https://github.com/apple/swift-nio-extras.git resolved at 1.34.3
Creating working copy for https://github.com/apple/swift-log.git
Working copy of https://github.com/apple/swift-log.git resolved at 1.15.0
Creating working copy for https://github.com/swift-server/async-http-client.git
Working copy of https://github.com/swift-server/async-http-client.git resolved at 1.36.0
Creating working copy for https://github.com/apple/swift-distributed-tracing.git
Working copy of https://github.com/apple/swift-distributed-tracing.git resolved at 1.4.1
Creating working copy for https://github.com/apple/swift-nio-ssl.git
Working copy of https://github.com/apple/swift-nio-ssl.git resolved at 2.37.2
Creating working copy for https://github.com/apple/swift-nio-transport-services.git
Working copy of https://github.com/apple/swift-nio-transport-services.git resolved at 1.28.0
Creating working copy for https://github.com/apple/swift-system.git
Working copy of https://github.com/apple/swift-system.git resolved at 1.8.1
Creating working copy for https://github.com/apple/swift-nio-http2.git
Working copy of https://github.com/apple/swift-nio-http2.git resolved at 1.45.0
[1/1] Compiling plugin Swift-DocC Preview
[2/2] Compiling plugin Swift-DocC
Building for debugging...
[2/458] Write sources
[2/458] Copying Info.plist
[2/458] Write sources
[2/458] Copying Localizable.xcstrings
[2/458] Write sources
[28/458] Compiling _CWASI _CWASI.c
[28/458] Compiling CNIOWindows WSAStartup.c
[30/458] Compiling CNIOWindows shim.c
[31/458] Compiling CNIOWASI CNIOWASI.c
[32/458] Compiling _AtomicsShims.c
[33/458] Compiling CNIOOpenBSD shim.c
[34/458] Compiling _NumericsShims _NumericsShims.c
[34/458] Compiling CNIOLinux shim.c
[36/458] Compiling CNIOPosix event_loop_id.c
[37/458] Compiling CNIOLinux liburing_shims.c
[38/458] Compiling CNIOFreeBSD shim.c
[39/458] Compiling CNIOLLHTTP c_nio_http.c
[40/458] Compiling CNIOExtrasZlib zutil.c
[41/458] Compiling CNIOExtrasZlib trees.c
[42/458] Compiling CNIOExtrasZlib inffast.c
[43/458] Compiling CNIOExtrasZlib inftrees.c
[44/458] Compiling CNIOLLHTTP c_nio_api.c
[45/458] Compiling CNIODarwin shim.c
[46/458] Compiling CNIOExtrasZlib adler32.c
[47/458] Compiling CNIOExtrasZlib crc32.c
[48/458] Compiling CNIOExtrasZlib inflate.c
[49/458] Compiling fiat_p256_adx_sqr.S
[50/458] Compiling fiat_p256_adx_mul.S
[51/458] Compiling fiat_curve25519_adx_square.S
[52/458] Compiling fiat_curve25519_adx_mul.S
[53/458] Compiling CNIOExtrasZlib deflate.c
[54/458] Write swift-version-24593BA9C3E375BF.txt
[55/458] Compiling CNIOBoringSSLShims shims.c
[56/462] Compiling CNIOLLHTTP c_nio_llhttp.c
In file included from /host/spi-builder-workspace/.build/checkouts/swift-nio-ssl/Sources/CNIOBoringSSL/ssl/tls_record.cc:19:
/host/spi-builder-workspace/.build/checkouts/swift-nio-ssl/Sources/CNIOBoringSSL/ssl/../crypto/internal.h:32:10: fatal error: 'pthread.h' file not found
32 | #include <pthread.h>
| ^~~~~~~~~~~
1 error generated.
[57/462] Compiling tls_record.cc
In file included from /host/spi-builder-workspace/.build/checkouts/swift-nio-ssl/Sources/CNIOBoringSSL/ssl/tls13_enc.cc:34:
/host/spi-builder-workspace/.build/checkouts/swift-nio-ssl/Sources/CNIOBoringSSL/ssl/../crypto/internal.h:32:10: fatal error: 'pthread.h' file not found
32 | #include <pthread.h>
| ^~~~~~~~~~~
1 error generated.
[57/462] Compiling tls13_enc.cc
In file included from /host/spi-builder-workspace/.build/checkouts/swift-nio-ssl/Sources/CNIOBoringSSL/ssl/tls_method.cc:17:
/host/spi-builder-workspace/.build/checkouts/swift-nio-ssl/Sources/CNIOBoringSSL/ssl/../crypto/internal.h:32:10: fatal error: 'pthread.h' file not found
32 | #include <pthread.h>
| ^~~~~~~~~~~
1 error generated.
[57/462] Compiling tls13_both.cc
[57/462] Compiling tls_method.cc
In file included from /host/spi-builder-workspace/.build/checkouts/swift-nio-ssl/Sources/CNIOBoringSSL/ssl/tls13_server.cc:32:
/host/spi-builder-workspace/.build/checkouts/swift-nio-ssl/Sources/CNIOBoringSSL/ssl/../crypto/internal.h:32:10: fatal error: 'pthread.h' file not found
32 | #include <pthread.h>
| ^~~~~~~~~~~
[57/462] Compiling tls13_server.cc
<unknown>:0: warning: upcoming feature 'InferSendableFromCaptures' is already enabled as of Swift version 6
<unknown>:0: warning: upcoming feature 'GlobalActorIsolatedTypesUsability' is already enabled as of Swift version 6
<unknown>:0: warning: upcoming feature 'DisableOutwardActorInference' is already enabled as of Swift version 6
In file included from /host/spi-builder-workspace/.build/checkouts/swift-nio-ssl/Sources/CNIOBoringSSL/ssl/tls13_client.cc:30:
/host/spi-builder-workspace/.build/checkouts/swift-nio-ssl/Sources/CNIOBoringSSL/ssl/../crypto/internal.h:32:10: fatal error: 'pthread.h' file not found
32 | #include <pthread.h>
| ^~~~~~~~~~~
[57/462] Compiling tls13_client.cc
Running build ...
bash -c docker run --pull=always --rm -v "checkouts-54344844-1":/host -w "$PWD" -e JAVA_HOME="/root/.sdkman/candidates/java/current" -e SPI_BUILD="1" -e SPI_PROCESSING="1" registry.gitlab.com/saguaro1/spi-images:wasm-6.1-latest swift build --swift-sdk wasm32-unknown-wasi 2>&1
wasm-6.1-latest: Pulling from saguaro1/spi-images
Digest: sha256:290f441d1f5b7bf0dbbe61e8b7514208804cdcb507d57b3c762463ad036298f7
Status: Image is up to date for registry.gitlab.com/saguaro1/spi-images:wasm-6.1-latest
[0/1] Planning build
[1/1] Compiling plugin Swift-DocC Preview
[2/2] Compiling plugin Swift-DocC
Building for debugging...
In file included from /host/spi-builder-workspace/.build/checkouts/swift-nio-ssl/Sources/CNIOBoringSSL/ssl/ssl_x509.cc:23:
/host/spi-builder-workspace/.build/checkouts/swift-nio-ssl/Sources/CNIOBoringSSL/ssl/../crypto/internal.h:32:10: fatal error: 'pthread.h' file not found
32 | #include <pthread.h>
| ^~~~~~~~~~~
1 error generated.
[2/404] Compiling ssl_x509.cc
In file included from /host/spi-builder-workspace/.build/checkouts/swift-nio-ssl/Sources/CNIOBoringSSL/ssl/tls_method.cc:17:
/host/spi-builder-workspace/.build/checkouts/swift-nio-ssl/Sources/CNIOBoringSSL/ssl/../crypto/internal.h:32:10: fatal error: 'pthread.h' file not found
32 | #include <pthread.h>
| ^~~~~~~~~~~
[2/404] Compiling tls_method.cc
In file included from /host/spi-builder-workspace/.build/checkouts/swift-nio-ssl/Sources/CNIOBoringSSL/ssl/tls13_client.cc:30:
/host/spi-builder-workspace/.build/checkouts/swift-nio-ssl/Sources/CNIOBoringSSL/ssl/../crypto/internal.h:32:10: fatal error: 'pthread.h' file not found
32 | #include <pthread.h>
| ^~~~~~~~~~~
[2/404] Compiling tls13_client.cc
In file included from /host/spi-builder-workspace/.build/checkouts/swift-nio-ssl/Sources/CNIOBoringSSL/ssl/tls_record.cc:19:
/host/spi-builder-workspace/.build/checkouts/swift-nio-ssl/Sources/CNIOBoringSSL/ssl/../crypto/internal.h:32:10: fatal error: 'pthread.h' file not found
32 | #include <pthread.h>
| ^~~~~~~~~~~
[2/404] Compiling tls_record.cc
In file included from /host/spi-builder-workspace/.build/checkouts/swift-nio-ssl/Sources/CNIOBoringSSL/ssl/tls13_server.cc:32:
/host/spi-builder-workspace/.build/checkouts/swift-nio-ssl/Sources/CNIOBoringSSL/ssl/../crypto/internal.h:32:10: fatal error: 'pthread.h' file not found
32 | #include <pthread.h>
| ^~~~~~~~~~~
[2/404] Compiling tls13_server.cc
In file included from /host/spi-builder-workspace/.build/checkouts/swift-nio-ssl/Sources/CNIOBoringSSL/ssl/tls13_enc.cc:34:
/host/spi-builder-workspace/.build/checkouts/swift-nio-ssl/Sources/CNIOBoringSSL/ssl/../crypto/internal.h:32:10: fatal error: 'pthread.h' file not found
32 | #include <pthread.h>
| ^~~~~~~~~~~
[2/404] Compiling tls13_enc.cc
In file included from /host/spi-builder-workspace/.build/checkouts/swift-nio-ssl/Sources/CNIOBoringSSL/ssl/t1_enc.cc:28:
/host/spi-builder-workspace/.build/checkouts/swift-nio-ssl/Sources/CNIOBoringSSL/ssl/../crypto/internal.h:32:10: fatal error: 'pthread.h' file not found
32 | #include <pthread.h>
| ^~~~~~~~~~~
[2/404] Compiling t1_enc.cc
In file included from /host/spi-builder-workspace/.build/checkouts/swift-nio-ssl/Sources/CNIOBoringSSL/ssl/tls13_both.cc:29:
/host/spi-builder-workspace/.build/checkouts/swift-nio-ssl/Sources/CNIOBoringSSL/ssl/../crypto/internal.h:32:10: fatal error: 'pthread.h' file not found
32 | #include <pthread.h>
| ^~~~~~~~~~~
[2/404] Compiling tls13_both.cc
BUILD FAILURE 6.1 wasm