Build Information
Failed to build TextViewPlus, reference 1.0.5 (dcd2e3), with Swift 6.4 for macOS (Xcode) using Xcode 27.0 on 18 Sep 2026 00:29:57 UTC.
Build Command
env DEVELOPER_DIR=/Applications/Xcode-27.0.0-Release.Candidate.app xcrun xcodebuild -IDEClonedSourcePackagesDirPathOverride=$PWD/.dependencies -skipMacroValidation -skipPackagePluginValidation -derivedDataPath $PWD/.derivedData build -scheme TextViewPlus -destination platform=macOS,arch=arm64Build Log
========================================
RunAll
========================================
Builder version: 5.1.0
Interrupt handler set up.
========================================
Checkout
========================================
Clone URL: https://github.com/ChimeHQ/TextViewPlus.git
Reference: 1.0.5
Initialized empty Git repository in /Users/admin/builder/spi-builder-workspace/.git/
From https://github.com/ChimeHQ/TextViewPlus
* tag 1.0.5 -> FETCH_HEAD
HEAD is now at dcd2e33 update CI, some new docs
Cloned https://github.com/ChimeHQ/TextViewPlus.git
Revision (git rev-parse @):
dcd2e33c3d0a8305bbf9728716633d7f97fbe748
SUCCESS checkout https://github.com/ChimeHQ/TextViewPlus.git at 1.0.5
========================================
Build
========================================
Selected platform: macosXcodebuild
Swift version: 6.4
Building package at path: $PWD
https://github.com/ChimeHQ/TextViewPlus.git
Command line invocation:
/Applications/Xcode-27.0.0-Release.Candidate.app/Contents/Developer/usr/bin/xcodebuild -IDEClonedSourcePackagesDirPathOverride=/Users/admin/builder/spi-builder-workspace/.dependencies -resolvePackageDependencies
resolved source packages:
{
"dependencies" : [
],
"manifest_display_name" : "TextViewPlus",
"name" : "TextViewPlus",
"path" : "/Users/admin/builder/spi-builder-workspace",
"platforms" : [
{
"name" : "macos",
"version" : "10.12"
}
],
"products" : [
{
"name" : "TextViewPlus",
"targets" : [
"TextViewPlus"
],
"type" : {
"library" : [
"automatic"
]
}
}
],
"targets" : [
{
"c99name" : "TextViewPlusTests",
"module_type" : "SwiftTarget",
"name" : "TextViewPlusTests",
"path" : "TextViewPlusTests",
"sources" : [
"TestableTextView.swift",
"TextViewPlusTests.swift"
],
"target_dependencies" : [
"TextViewPlus"
],
"type" : "test"
},
{
"c99name" : "TextViewPlus",
"module_type" : "SwiftTarget",
"name" : "TextViewPlus",
"path" : "TextViewPlus",
"product_memberships" : [
"TextViewPlus"
],
"sources" : [
"NSLayoutManager+Geometry.swift",
"NSTextView+AttributedString.swift",
"NSTextView+Behavior.swift",
"NSTextView+Bounding.swift",
"NSTextView+Geometry.swift",
"NSTextView+Ranges.swift",
"NSTextView+Selection.swift",
"NSTextView+Style.swift",
"NSTextView+Workarounds.swift"
],
"type" : "library"
}
],
"tools_version" : "5.0"
}
{
"project" : {
"configurations" : [
"Debug",
"Release"
],
"name" : "TextViewPlus",
"schemes" : [
"TextViewPlus"
],
"targets" : [
"TextViewPlus",
"TextViewPlusTests"
]
}
}
Running build ...
env DEVELOPER_DIR=/Applications/Xcode-27.0.0-Release.Candidate.app xcrun xcodebuild -IDEClonedSourcePackagesDirPathOverride=$PWD/.dependencies -skipMacroValidation -skipPackagePluginValidation -derivedDataPath $PWD/.derivedData build -scheme TextViewPlus -destination platform=macOS,arch=arm64
Command line invocation:
/Applications/Xcode-27.0.0-Release.Candidate.app/Contents/Developer/usr/bin/xcodebuild -IDEClonedSourcePackagesDirPathOverride=/Users/admin/builder/spi-builder-workspace/.dependencies -skipMacroValidation -skipPackagePluginValidation -derivedDataPath /Users/admin/builder/spi-builder-workspace/.derivedData build -scheme TextViewPlus -destination platform=macOS,arch=arm64
ComputePackagePrebuildTargetDependencyGraph
Prepare packages
CreateBuildRequest
SendProjectDescription
CreateBuildOperation
ComputeTargetDependencyGraph
note: Building targets in dependency order
note: Target dependency graph (1 target)
Target 'TextViewPlus' in project 'TextViewPlus' (no dependencies)
GatherProvisioningInputs
CreateBuildDescription
ExecuteExternalTool /Applications/Xcode-27.0.0-Release.Candidate.app/Contents/Developer/Toolchains/XcodeDefault.xctoolchain/usr/bin/clang -v -E -dM -isysroot /Applications/Xcode-27.0.0-Release.Candidate.app/Contents/Developer/Platforms/MacOSX.platform/Developer/SDKs/MacOSX27.0.sdk -x c -c /dev/null
ExecuteExternalTool /Applications/Xcode-27.0.0-Release.Candidate.app/Contents/Developer/Toolchains/XcodeDefault.xctoolchain/usr/bin/clang -v -E -dM -arch arm64 -isysroot /Applications/Xcode-27.0.0-Release.Candidate.app/Contents/Developer/Platforms/MacOSX.platform/Developer/SDKs/MacOSX27.0.sdk -x c -c /dev/null
ExecuteExternalTool /Applications/Xcode-27.0.0-Release.Candidate.app/Contents/Developer/Toolchains/XcodeDefault.xctoolchain/usr/bin/swiftc --version
ExecuteExternalTool /Applications/Xcode-27.0.0-Release.Candidate.app/Contents/Developer/Toolchains/XcodeDefault.xctoolchain/usr/bin/libtool -V
Build description signature: b058d0a9eef946ec9ee9af3ae9ea3c35
Build description path: /Users/admin/builder/spi-builder-workspace/.derivedData/Build/Intermediates.noindex/XCBuildData/b058d0a9eef946ec9ee9af3ae9ea3c35.xcbuilddata
/Users/admin/builder/spi-builder-workspace/TextViewPlus.xcodeproj: error: The macOS deployment target 'MACOSX_DEPLOYMENT_TARGET' is set to 10.12, but the range of supported deployment target versions is 12.0 to 27.0.x. (in target 'TextViewPlus' from project 'TextViewPlus')
/Users/admin/builder/spi-builder-workspace/TextViewPlus.xcodeproj: warning: tasks in 'Copy Headers' are delayed by unsandboxed script phases; set ENABLE_USER_SCRIPT_SANDBOXING=YES to enable sandboxing (in target 'TextViewPlus' from project 'TextViewPlus')
warning: Run script build phase 'SwiftLint' will be run during every build because it does not specify any outputs. To address this issue, either add output dependencies to the script phase, or configure it to run in every build by unchecking "Based on dependency analysis" in the script phase. (in target 'TextViewPlus' from project 'TextViewPlus')
** BUILD FAILED **
The following build commands failed:
Building project TextViewPlus with scheme TextViewPlus
(1 failure)
Command line invocation:
/Applications/Xcode-27.0.0-Release.Candidate.app/Contents/Developer/usr/bin/xcodebuild -IDEClonedSourcePackagesDirPathOverride=/Users/admin/builder/spi-builder-workspace/.dependencies -resolvePackageDependencies
resolved source packages:
{
"dependencies" : [
],
"manifest_display_name" : "TextViewPlus",
"name" : "TextViewPlus",
"path" : "/Users/admin/builder/spi-builder-workspace",
"platforms" : [
{
"name" : "macos",
"version" : "10.12"
}
],
"products" : [
{
"name" : "TextViewPlus",
"targets" : [
"TextViewPlus"
],
"type" : {
"library" : [
"automatic"
]
}
}
],
"targets" : [
{
"c99name" : "TextViewPlusTests",
"module_type" : "SwiftTarget",
"name" : "TextViewPlusTests",
"path" : "TextViewPlusTests",
"sources" : [
"TestableTextView.swift",
"TextViewPlusTests.swift"
],
"target_dependencies" : [
"TextViewPlus"
],
"type" : "test"
},
{
"c99name" : "TextViewPlus",
"module_type" : "SwiftTarget",
"name" : "TextViewPlus",
"path" : "TextViewPlus",
"product_memberships" : [
"TextViewPlus"
],
"sources" : [
"NSLayoutManager+Geometry.swift",
"NSTextView+AttributedString.swift",
"NSTextView+Behavior.swift",
"NSTextView+Bounding.swift",
"NSTextView+Geometry.swift",
"NSTextView+Ranges.swift",
"NSTextView+Selection.swift",
"NSTextView+Style.swift",
"NSTextView+Workarounds.swift"
],
"type" : "library"
}
],
"tools_version" : "5.0"
}
{
"project" : {
"configurations" : [
"Debug",
"Release"
],
"name" : "TextViewPlus",
"schemes" : [
"TextViewPlus"
],
"targets" : [
"TextViewPlus",
"TextViewPlusTests"
]
}
}
Running build ...
env DEVELOPER_DIR=/Applications/Xcode-27.0.0-Release.Candidate.app xcrun xcodebuild -IDEClonedSourcePackagesDirPathOverride=$PWD/.dependencies -skipMacroValidation -skipPackagePluginValidation -derivedDataPath $PWD/.derivedData build -scheme TextViewPlus -destination platform=macOS,arch=arm64
Command line invocation:
/Applications/Xcode-27.0.0-Release.Candidate.app/Contents/Developer/usr/bin/xcodebuild -IDEClonedSourcePackagesDirPathOverride=/Users/admin/builder/spi-builder-workspace/.dependencies -skipMacroValidation -skipPackagePluginValidation -derivedDataPath /Users/admin/builder/spi-builder-workspace/.derivedData build -scheme TextViewPlus -destination platform=macOS,arch=arm64
ComputePackagePrebuildTargetDependencyGraph
Prepare packages
CreateBuildRequest
SendProjectDescription
CreateBuildOperation
ComputeTargetDependencyGraph
note: Building targets in dependency order
note: Target dependency graph (1 target)
Target 'TextViewPlus' in project 'TextViewPlus' (no dependencies)
GatherProvisioningInputs
CreateBuildDescription
/Users/admin/builder/spi-builder-workspace/TextViewPlus.xcodeproj: error: The macOS deployment target 'MACOSX_DEPLOYMENT_TARGET' is set to 10.12, but the range of supported deployment target versions is 12.0 to 27.0.x. (in target 'TextViewPlus' from project 'TextViewPlus')
warning: Run script build phase 'SwiftLint' will be run during every build because it does not specify any outputs. To address this issue, either add output dependencies to the script phase, or configure it to run in every build by unchecking "Based on dependency analysis" in the script phase. (in target 'TextViewPlus' from project 'TextViewPlus')
/Users/admin/builder/spi-builder-workspace/TextViewPlus.xcodeproj: warning: tasks in 'Copy Headers' are delayed by unsandboxed script phases; set ENABLE_USER_SCRIPT_SANDBOXING=YES to enable sandboxing (in target 'TextViewPlus' from project 'TextViewPlus')
** BUILD FAILED **
The following build commands failed:
Building project TextViewPlus with scheme TextViewPlus
(1 failure)
BUILD FAILURE 6.4 macosXcodebuild