The Swift Package Index logo.Swift Package Index

Build Information

Failed to build swift-json, reference 3.5.2 (7395b3), with Swift 6.2 for Android on 25 Oct 2026 10:57:45 UTC.

Build Command

bash -c docker run --pull=always --rm -v "checkouts-54344849-0":/host -w "$PWD" -e JAVA_HOME="/root/.sdkman/candidates/java/current" -e SPI_BUILD="1" -e SPI_PROCESSING="1" registry.gitlab.com/saguaro1/spi-images:android-6.2-latest swift build --swift-sdk aarch64-unknown-linux-android28 2>&1

Build Log

========================================
RunAll
========================================
Builder version: 5.1.3
Interrupt handler set up.
========================================
Checkout
========================================
Clone URL: https://github.com/rarestype/swift-json.git
Reference: 3.5.2
Initialized empty Git repository in /host/spi-builder-workspace/.git/
hint: Using 'master' as the name for the initial branch. This default branch name
hint: is subject to change. To configure the initial branch name to use in all
hint: of your new repositories, which will suppress this warning, call:
hint:
hint: 	git config --global init.defaultBranch <name>
hint:
hint: Names commonly chosen instead of 'master' are 'main', 'trunk' and
hint: 'development'. The just-created branch can be renamed via this command:
hint:
hint: 	git branch -m <name>
From https://github.com/rarestype/swift-json
 * tag               3.5.2      -> FETCH_HEAD
HEAD is now at 7395b3e [release]: 3.5.2
Cloned https://github.com/rarestype/swift-json.git
Revision (git rev-parse @):
7395b3ea644a513cd3d7a05105238531f806fd84
SUCCESS checkout https://github.com/rarestype/swift-json.git at 3.5.2
========================================
Build
========================================
Selected platform:         android
Swift version:             6.2
Building package at path:  $PWD
https://github.com/rarestype/swift-json.git
Running build ...
bash -c docker run --pull=always --rm -v "checkouts-54344849-0":/host -w "$PWD" -e JAVA_HOME="/root/.sdkman/candidates/java/current" -e SPI_BUILD="1" -e SPI_PROCESSING="1" registry.gitlab.com/saguaro1/spi-images:android-6.2-latest swift build --swift-sdk aarch64-unknown-linux-android28 2>&1
android-6.2-latest: Pulling from saguaro1/spi-images
Digest: sha256:9e4b64e17859f153444a8085b41803f96a8252f8f76139cd5e69e2540803aa5a
Status: Image is up to date for registry.gitlab.com/saguaro1/spi-images:android-6.2-latest
Fetching https://github.com/ordo-one/dollup
Fetching https://github.com/rarestype/gram
[1/1361] Fetching gram
[29/1417] Fetching gram, dollup
Fetched https://github.com/ordo-one/dollup from cache (0.31s)
[409/1361] Fetching gram
Fetched https://github.com/rarestype/gram from cache (0.35s)
Computing version for https://github.com/rarestype/gram
Computed https://github.com/rarestype/gram at 2.1.0 (0.50s)
Computing version for https://github.com/ordo-one/dollup
Computed https://github.com/ordo-one/dollup at 1.3.0 (0.13s)
Creating working copy for https://github.com/ordo-one/dollup
Working copy of https://github.com/ordo-one/dollup resolved at 1.3.0
Creating working copy for https://github.com/rarestype/gram
Working copy of https://github.com/rarestype/gram resolved at 2.1.0
Downloading binary artifact https://get.rarestype.com/dollup/1.3.0/Linux-x86_64/dollup.artifactbundle.zip
[9565/17456637] Downloading https://get.rarestype.com/dollup/1.3.0/Linux-x86_64/dollup.artifactbundle.zip
Downloaded https://get.rarestype.com/dollup/1.3.0/Linux-x86_64/dollup.artifactbundle.zip (0.98s)
[1/1] Compiling plugin DollupPlugin
Building for debugging...
[1/58] Write sources
[21/58] Write swift-version--11D90AFD9DD3AB2.txt
[23/74] Emitting module TestableErrors
[24/74] Compiling TestableErrors Error (ext).swift
[25/75] Wrapping AST for TestableErrors for debugging
[27/80] Compiling JSONAST JSON.swift
/host/spi-builder-workspace/Sources/JSONAST/JSON.swift:15:6: error: unknown option 'always' for attribute 'inline'
13 | }
14 | extension JSON {
15 |     @inline(always) @inlinable static func hex(_ remainder: UInt8) -> UInt8 {
   |      `- error: unknown option 'always' for attribute 'inline'
16 |         remainder < 10 ? remainder + 0x30 : remainder + 0x37
17 |     }
[28/80] Compiling JSONAST JSON.IntegerOverflowError.swift
/host/spi-builder-workspace/Sources/JSONAST/JSON.swift:15:6: error: unknown option 'always' for attribute 'inline'
13 | }
14 | extension JSON {
15 |     @inline(always) @inlinable static func hex(_ remainder: UInt8) -> UInt8 {
   |      `- error: unknown option 'always' for attribute 'inline'
16 |         remainder < 10 ? remainder + 0x30 : remainder + 0x37
17 |     }
[29/80] Compiling JSONAST JSON.Key.swift
/host/spi-builder-workspace/Sources/JSONAST/JSON.swift:15:6: error: unknown option 'always' for attribute 'inline'
13 | }
14 | extension JSON {
15 |     @inline(always) @inlinable static func hex(_ remainder: UInt8) -> UInt8 {
   |      `- error: unknown option 'always' for attribute 'inline'
16 |         remainder < 10 ? remainder + 0x30 : remainder + 0x37
17 |     }
error: emit-module command failed with exit code 1 (use -v to see invocation)
[30/81] Compiling JSONAST JSON.Object.swift
/host/spi-builder-workspace/Sources/JSONAST/JSON.swift:15:6: error: unknown option 'always' for attribute 'inline'
13 | }
14 | extension JSON {
15 |     @inline(always) @inlinable static func hex(_ remainder: UInt8) -> UInt8 {
   |      `- error: unknown option 'always' for attribute 'inline'
16 |         remainder < 10 ? remainder + 0x30 : remainder + 0x37
17 |     }
[31/81] Compiling JSONAST JSON.TypecastError.swift
/host/spi-builder-workspace/Sources/JSONAST/JSON.swift:15:6: error: unknown option 'always' for attribute 'inline'
13 | }
14 | extension JSON {
15 |     @inline(always) @inlinable static func hex(_ remainder: UInt8) -> UInt8 {
   |      `- error: unknown option 'always' for attribute 'inline'
16 |         remainder < 10 ? remainder + 0x30 : remainder + 0x37
17 |     }
[32/81] Compiling JSONAST JSON.Literal.swift
/host/spi-builder-workspace/Sources/JSONAST/JSON.swift:15:6: error: unknown option 'always' for attribute 'inline'
13 | }
14 | extension JSON {
15 |     @inline(always) @inlinable static func hex(_ remainder: UInt8) -> UInt8 {
   |      `- error: unknown option 'always' for attribute 'inline'
16 |         remainder < 10 ? remainder + 0x30 : remainder + 0x37
17 |     }
[33/81] Compiling JSONAST JSON.Node.swift
/host/spi-builder-workspace/Sources/JSONAST/JSON.swift:15:6: error: unknown option 'always' for attribute 'inline'
13 | }
14 | extension JSON {
15 |     @inline(always) @inlinable static func hex(_ remainder: UInt8) -> UInt8 {
   |      `- error: unknown option 'always' for attribute 'inline'
16 |         remainder < 10 ? remainder + 0x30 : remainder + 0x37
17 |     }
[34/81] Compiling JSONAST JSON.Number.Base10.swift
/host/spi-builder-workspace/Sources/JSONAST/JSON.swift:15:6: error: unknown option 'always' for attribute 'inline'
13 | }
14 | extension JSON {
15 |     @inline(always) @inlinable static func hex(_ remainder: UInt8) -> UInt8 {
   |      `- error: unknown option 'always' for attribute 'inline'
16 |         remainder < 10 ? remainder + 0x30 : remainder + 0x37
17 |     }
[35/81] Compiling JSONAST JSON.Number.Inline.swift
/host/spi-builder-workspace/Sources/JSONAST/JSON.swift:15:6: error: unknown option 'always' for attribute 'inline'
13 | }
14 | extension JSON {
15 |     @inline(always) @inlinable static func hex(_ remainder: UInt8) -> UInt8 {
   |      `- error: unknown option 'always' for attribute 'inline'
16 |         remainder < 10 ? remainder + 0x30 : remainder + 0x37
17 |     }
[36/81] Compiling JSONAST JSON.Number.swift
/host/spi-builder-workspace/Sources/JSONAST/JSON.swift:15:6: error: unknown option 'always' for attribute 'inline'
13 | }
14 | extension JSON {
15 |     @inline(always) @inlinable static func hex(_ remainder: UInt8) -> UInt8 {
   |      `- error: unknown option 'always' for attribute 'inline'
16 |         remainder < 10 ? remainder + 0x30 : remainder + 0x37
17 |     }
[37/81] Compiling JSONAST JSON.NumericOverflowError.swift
/host/spi-builder-workspace/Sources/JSONAST/JSON.swift:15:6: error: unknown option 'always' for attribute 'inline'
13 | }
14 | extension JSON {
15 |     @inline(always) @inlinable static func hex(_ remainder: UInt8) -> UInt8 {
   |      `- error: unknown option 'always' for attribute 'inline'
16 |         remainder < 10 ? remainder + 0x30 : remainder + 0x37
17 |     }
[38/81] Emitting module JSONAST
/host/spi-builder-workspace/Sources/JSONAST/JSON.swift:15:6: error: unknown option 'always' for attribute 'inline'
13 | }
14 | extension JSON {
15 |     @inline(always) @inlinable static func hex(_ remainder: UInt8) -> UInt8 {
   |      `- error: unknown option 'always' for attribute 'inline'
16 |         remainder < 10 ? remainder + 0x30 : remainder + 0x37
17 |     }
[39/81] Compiling JSONAST JSON.Array.swift
/host/spi-builder-workspace/Sources/JSONAST/JSON.swift:15:6: error: unknown option 'always' for attribute 'inline'
13 | }
14 | extension JSON {
15 |     @inline(always) @inlinable static func hex(_ remainder: UInt8) -> UInt8 {
   |      `- error: unknown option 'always' for attribute 'inline'
16 |         remainder < 10 ? remainder + 0x30 : remainder + 0x37
17 |     }
[40/81] Compiling JSONAST JSON.EscapeCode.swift
/host/spi-builder-workspace/Sources/JSONAST/JSON.swift:15:6: error: unknown option 'always' for attribute 'inline'
13 | }
14 | extension JSON {
15 |     @inline(always) @inlinable static func hex(_ remainder: UInt8) -> UInt8 {
   |      `- error: unknown option 'always' for attribute 'inline'
16 |         remainder < 10 ? remainder + 0x30 : remainder + 0x37
17 |     }
[41/81] Compiling TraceableErrors TraceableError.swift
[42/81] Compiling TraceableErrors exports.swift
[43/81] Compiling TraceableErrors NamedError.swift
[44/81] Compiling JSONAST String (ext).swift
/host/spi-builder-workspace/Sources/JSONAST/JSON.swift:15:6: error: unknown option 'always' for attribute 'inline'
13 | }
14 | extension JSON {
15 |     @inline(always) @inlinable static func hex(_ remainder: UInt8) -> UInt8 {
   |      `- error: unknown option 'always' for attribute 'inline'
16 |         remainder < 10 ? remainder + 0x30 : remainder + 0x37
17 |     }
[45/81] Emitting module TraceableErrors
BUILD FAILURE 6.2 android