The Swift Package Index logo.Swift Package Index

Build Information

Failed to build ResearchKitOnFHIR, reference 3.0.0-beta.2 (e4c36e), with Swift 6.4 for watchOS using Xcode 27.0 on 24 Sep 2026 20:17:02 UTC.

Build Command

env DEVELOPER_DIR=/Applications/Xcode-27.0.0-Release.Candidate.app xcrun xcodebuild -IDEClonedSourcePackagesDirPathOverride=$PWD/.dependencies -skipMacroValidation -skipPackagePluginValidation -derivedDataPath $PWD/.derivedData build -scheme ResearchKitOnFHIR -destination generic/platform=watchOS

Build Log

========================================
RunAll
========================================
Builder version: 5.1.0
Interrupt handler set up.
========================================
Checkout
========================================
Clone URL: https://github.com/StanfordBDHG/ResearchKitOnFHIR.git
Reference: 3.0.0-beta.2
Initialized empty Git repository in /Users/admin/builder/spi-builder-workspace/.git/
From https://github.com/StanfordBDHG/ResearchKitOnFHIR
 * tag               3.0.0-beta.2 -> FETCH_HEAD
HEAD is now at e4c36e7 limit FHIRModels dependency (#102)
Cloned https://github.com/StanfordBDHG/ResearchKitOnFHIR.git
Revision (git rev-parse @):
e4c36e742a3fd310b11f7185c4fc766a9e394bd1
SPI manifest file found: $PWD/.spi.yml
SUCCESS checkout https://github.com/StanfordBDHG/ResearchKitOnFHIR.git at 3.0.0-beta.2
========================================
Build
========================================
Selected platform:         watchOS
Swift version:             6.4
Building package at path:  $PWD
https://github.com/StanfordBDHG/ResearchKitOnFHIR.git
Command line invocation:
    /Applications/Xcode-27.0.0-Release.Candidate.app/Contents/Developer/usr/bin/xcodebuild -IDEClonedSourcePackagesDirPathOverride=/Users/admin/builder/spi-builder-workspace/.dependencies -resolvePackageDependencies
Resolve Package Graph
Fetching from https://github.com/StanfordBDHG/ResearchKit.git
Fetching from https://github.com/StanfordBDHG/FHIRModelsExtensions.git
Fetching from https://github.com/apple/FHIRModels.git
Fetching from https://github.com/antlr/antlr4.git
Creating working copy of package ‘antlr4’
Checking out 4.13.2 of package ‘antlr4’
Creating working copy of package ‘FHIRModels’
Checking out 0.8.0 of package ‘FHIRModels’
Creating working copy of package ‘ResearchKit’
Checking out 3.1.4 of package ‘ResearchKit’
Creating working copy of package ‘FHIRModelsExtensions’
Checking out 0.1.2 of package ‘FHIRModelsExtensions’
Resolve Package Graph
Resolved source packages:
  ResearchKit: https://github.com/StanfordBDHG/ResearchKit.git @ 3.1.4
  FHIRModels: https://github.com/apple/FHIRModels.git @ 0.8.0
  Antlr4: https://github.com/antlr/antlr4.git @ 4.13.2
  ResearchKitOnFHIR: /Users/admin/builder/spi-builder-workspace
  FHIRModelsExtensions: https://github.com/StanfordBDHG/FHIRModelsExtensions.git @ 0.1.2
resolved source packages: ResearchKit, FHIRModels, Antlr4, ResearchKitOnFHIR, FHIRModelsExtensions
2026-09-24 16:16:03.992 xcodebuild[528:3024] [MT] IDERunDestination: Supported platforms for the buildables in the current scheme is empty.
{
  "dependencies" : [
    {
      "identity" : "researchkit",
      "requirement" : {
        "range" : [
          {
            "lower_bound" : "3.1.1",
            "upper_bound" : "3.2.0"
          }
        ]
      },
      "type" : "sourceControl",
      "url" : "https://github.com/StanfordBDHG/ResearchKit.git"
    },
    {
      "identity" : "fhirmodels",
      "requirement" : {
        "range" : [
          {
            "lower_bound" : "0.8.0",
            "upper_bound" : "0.9.0"
          }
        ]
      },
      "type" : "sourceControl",
      "url" : "https://github.com/apple/FHIRModels.git"
    },
    {
      "identity" : "fhirmodelsextensions",
      "requirement" : {
        "range" : [
          {
            "lower_bound" : "0.1.0",
            "upper_bound" : "1.0.0"
          }
        ]
      },
      "type" : "sourceControl",
      "url" : "https://github.com/StanfordBDHG/FHIRModelsExtensions.git"
    }
  ],
  "manifest_display_name" : "ResearchKitOnFHIR",
  "name" : "ResearchKitOnFHIR",
  "path" : "/Users/admin/builder/spi-builder-workspace",
  "platforms" : [
    {
      "name" : "ios",
      "version" : "17.0"
    },
    {
      "name" : "watchos",
      "version" : "10.0"
    },
    {
      "name" : "visionos",
      "version" : "1.0"
    },
    {
      "name" : "macos",
      "version" : "14.0"
    }
  ],
  "products" : [
    {
      "name" : "ResearchKitOnFHIR",
      "targets" : [
        "ResearchKitOnFHIR"
      ],
      "type" : {
        "library" : [
          "automatic"
        ]
      }
    }
  ],
  "targets" : [
    {
      "c99name" : "ResearchKitOnFHIRTests",
      "module_type" : "SwiftTarget",
      "name" : "ResearchKitOnFHIRTests",
      "path" : "Tests/ResearchKitOnFHIRTests",
      "product_dependencies" : [
        "FHIRQuestionnaires"
      ],
      "sources" : [
        "FHIRToResearchKitTests.swift",
        "NavigationRulesTests.swift",
        "ResearchKitToFHIRTests.swift"
      ],
      "target_dependencies" : [
        "ResearchKitOnFHIR"
      ],
      "type" : "test"
    },
    {
      "c99name" : "ResearchKitOnFHIR",
      "module_type" : "SwiftTarget",
      "name" : "ResearchKitOnFHIR",
      "path" : "Sources/ResearchKitOnFHIR",
      "product_dependencies" : [
        "ResearchKit",
        "ResearchKitSwiftUI",
        "ModelsR4",
        "FHIRModelsExtensions",
        "FHIRPathParser"
      ],
      "product_memberships" : [
        "ResearchKitOnFHIR"
      ],
      "sources" : [
        "FHIRToResearchKit/FHIRToResearchKitConversionError.swift",
        "FHIRToResearchKit/NavigationRules.swift",
        "FHIRToResearchKit/ORKNavigableOrderedTask+FHIR.swift",
        "FHIRToResearchKit/Questionnaire+ValueSets.swift",
        "FHIRToResearchKit/QuestionnaireItem+ResearchKit.swift",
        "ResearchKitToFHIR/ORKTaskResult+FHIR.swift",
        "ValueCoding/ValueCoding.swift"
      ],
      "type" : "library"
    }
  ],
  "tools_version" : "6.0"
}
{
  "workspace" : {
    "name" : "ResearchKitOnFHIR",
    "schemes" : [
      "ResearchKitOnFHIR"
    ]
  }
}
2026-09-24 16:16:46.583 xcodebuild[798:4940] [MT] IDERunDestination: Supported platforms for the buildables in the current scheme is empty.
Running build ...
env DEVELOPER_DIR=/Applications/Xcode-27.0.0-Release.Candidate.app xcrun xcodebuild -IDEClonedSourcePackagesDirPathOverride=$PWD/.dependencies -skipMacroValidation -skipPackagePluginValidation -derivedDataPath $PWD/.derivedData build -scheme ResearchKitOnFHIR -destination generic/platform=watchOS
Command line invocation:
    /Applications/Xcode-27.0.0-Release.Candidate.app/Contents/Developer/usr/bin/xcodebuild -IDEClonedSourcePackagesDirPathOverride=/Users/admin/builder/spi-builder-workspace/.dependencies -skipMacroValidation -skipPackagePluginValidation -derivedDataPath /Users/admin/builder/spi-builder-workspace/.derivedData build -scheme ResearchKitOnFHIR -destination generic/platform=watchOS
Resolve Package Graph
Resolve Package Graph
Resolved source packages:
  ResearchKitOnFHIR: /Users/admin/builder/spi-builder-workspace
  FHIRModelsExtensions: https://github.com/StanfordBDHG/FHIRModelsExtensions.git @ 0.1.2
  ResearchKit: https://github.com/StanfordBDHG/ResearchKit.git @ 3.1.4
  Antlr4: https://github.com/antlr/antlr4.git @ 4.13.2
  FHIRModels: https://github.com/apple/FHIRModels.git @ 0.8.0
ComputePackagePrebuildTargetDependencyGraph
Prepare packages
CreateBuildRequest
SendProjectDescription
CreateBuildOperation
ComputeTargetDependencyGraph
note: Building targets in dependency order
note: Target dependency graph (14 targets)
    Target 'ResearchKitOnFHIR-product' in project 'ResearchKitOnFHIR'
        ➜ Explicit dependency on target 'ResearchKitOnFHIR' in project 'ResearchKitOnFHIR'
        ➜ Explicit dependency on target 'ResearchKit-product' in project 'ResearchKit'
        ➜ Explicit dependency on target 'ResearchKitSwiftUI-product' in project 'ResearchKit'
        ➜ Explicit dependency on target 'ModelsR4-product' in project 'FHIRModels'
        ➜ Explicit dependency on target 'FHIRModelsExtensions-product' in project 'FHIRModelsExtensions'
        ➜ Explicit dependency on target 'FHIRPathParser-product' in project 'FHIRModelsExtensions'
    Target 'ResearchKitOnFHIR' in project 'ResearchKitOnFHIR'
        ➜ Explicit dependency on target 'ResearchKit-product' in project 'ResearchKit'
        ➜ Explicit dependency on target 'ResearchKitSwiftUI-product' in project 'ResearchKit'
        ➜ Explicit dependency on target 'ModelsR4-product' in project 'FHIRModels'
        ➜ Explicit dependency on target 'FHIRModelsExtensions-product' in project 'FHIRModelsExtensions'
        ➜ Explicit dependency on target 'FHIRPathParser-product' in project 'FHIRModelsExtensions'
    Target 'FHIRPathParser-product' in project 'FHIRModelsExtensions'
        ➜ Explicit dependency on target 'FHIRPathParser' in project 'FHIRModelsExtensions'
        ➜ Explicit dependency on target 'Antlr4-product' in project 'Antlr4'
    Target 'FHIRModelsExtensions-product' in project 'FHIRModelsExtensions'
        ➜ Explicit dependency on target 'FHIRModelsExtensions' in project 'FHIRModelsExtensions'
        ➜ Explicit dependency on target 'FHIRPathParser' in project 'FHIRModelsExtensions'
        ➜ Explicit dependency on target 'Antlr4-product' in project 'Antlr4'
        ➜ Explicit dependency on target 'ModelsR4-product' in project 'FHIRModels'
    Target 'FHIRModelsExtensions' in project 'FHIRModelsExtensions'
        ➜ Explicit dependency on target 'FHIRPathParser' in project 'FHIRModelsExtensions'
        ➜ Explicit dependency on target 'Antlr4-product' in project 'Antlr4'
        ➜ Explicit dependency on target 'ModelsR4-product' in project 'FHIRModels'
    Target 'FHIRPathParser' in project 'FHIRModelsExtensions'
        ➜ Explicit dependency on target 'Antlr4-product' in project 'Antlr4'
    Target 'Antlr4-product' in project 'Antlr4'
        ➜ Explicit dependency on target 'Antlr4' in project 'Antlr4'
    Target 'Antlr4' in project 'Antlr4' (no dependencies)
    Target 'ModelsR4-product' in project 'FHIRModels'
        ➜ Explicit dependency on target 'ModelsR4' in project 'FHIRModels'
        ➜ Explicit dependency on target 'FMCore' in project 'FHIRModels'
    Target 'ModelsR4' in project 'FHIRModels'
        ➜ Explicit dependency on target 'FMCore' in project 'FHIRModels'
    Target 'FMCore' in project 'FHIRModels' (no dependencies)
    Target 'ResearchKitSwiftUI-product' in project 'ResearchKit'
        ➜ Explicit dependency on target 'ResearchKitSwiftUI' in project 'ResearchKit'
    Target 'ResearchKitSwiftUI' in project 'ResearchKit' (no dependencies)
    Target 'ResearchKit-product' in project 'ResearchKit' (no dependencies)
GatherProvisioningInputs
CreateBuildDescription
ExecuteExternalTool /Applications/Xcode-27.0.0-Release.Candidate.app/Contents/Developer/Toolchains/XcodeDefault.xctoolchain/usr/bin/swiftc --version
ExecuteExternalTool /Applications/Xcode-27.0.0-Release.Candidate.app/Contents/Developer/Toolchains/XcodeDefault.xctoolchain/usr/bin/clang -v -E -dM -isysroot /Applications/Xcode-27.0.0-Release.Candidate.app/Contents/Developer/Platforms/WatchOS.platform/Developer/SDKs/WatchOS27.0.sdk -x c -c /dev/null
ExecuteExternalTool /Applications/Xcode-27.0.0-Release.Candidate.app/Contents/Developer/Toolchains/XcodeDefault.xctoolchain/usr/bin/ld -version_details
ReadFileContents /Applications/Xcode-27.0.0-Release.Candidate.app/Contents/Developer/Toolchains/XcodeDefault.xctoolchain/usr/share/docc/features.json
Build description signature: 217ae1b50ffa2e3bc06386213bfcf95f
Build description path: /Users/admin/builder/spi-builder-workspace/.derivedData/Build/Intermediates.noindex/XCBuildData/217ae1b50ffa2e3bc06386213bfcf95f.xcbuilddata
/Users/admin/builder/spi-builder-workspace/.dependencies/checkouts/ResearchKit/Sources/ResearchKit.xcframework:1:1: error: While building for watchOS, no library for this platform was found in '/Users/admin/builder/spi-builder-workspace/.dependencies/checkouts/ResearchKit/Sources/ResearchKit.xcframework'. (in target 'ResearchKitSwiftUI-product' from project 'ResearchKit')
/Users/admin/builder/spi-builder-workspace/.dependencies/checkouts/ResearchKit/Sources/ResearchKitUI.xcframework:1:1: error: While building for watchOS, no library for this platform was found in '/Users/admin/builder/spi-builder-workspace/.dependencies/checkouts/ResearchKit/Sources/ResearchKitUI.xcframework'. (in target 'ResearchKitSwiftUI-product' from project 'ResearchKit')
/Users/admin/builder/spi-builder-workspace/.dependencies/checkouts/ResearchKit/Sources/ResearchKit.xcframework:1:1: error: While building for watchOS, no library for this platform was found in '/Users/admin/builder/spi-builder-workspace/.dependencies/checkouts/ResearchKit/Sources/ResearchKit.xcframework'. (in target 'ResearchKitOnFHIR' from project 'ResearchKitOnFHIR')
/Users/admin/builder/spi-builder-workspace/.dependencies/checkouts/ResearchKit/Sources/ResearchKit.xcframework:1:1: error: While building for watchOS, no library for this platform was found in '/Users/admin/builder/spi-builder-workspace/.dependencies/checkouts/ResearchKit/Sources/ResearchKit.xcframework'. (in target 'ResearchKit-product' from project 'ResearchKit')
/Users/admin/builder/spi-builder-workspace/.dependencies/checkouts/ResearchKit/Sources/ResearchKit.xcframework:1:1: error: While building for watchOS, no library for this platform was found in '/Users/admin/builder/spi-builder-workspace/.dependencies/checkouts/ResearchKit/Sources/ResearchKit.xcframework'. (in target 'ResearchKitSwiftUI' from project 'ResearchKit')
/Users/admin/builder/spi-builder-workspace/.dependencies/checkouts/ResearchKit/Sources/ResearchKitUI.xcframework:1:1: error: While building for watchOS, no library for this platform was found in '/Users/admin/builder/spi-builder-workspace/.dependencies/checkouts/ResearchKit/Sources/ResearchKitUI.xcframework'. (in target 'ResearchKitSwiftUI' from project 'ResearchKit')
/Users/admin/builder/spi-builder-workspace/.dependencies/checkouts/ResearchKit/Sources/ResearchKit.xcframework:1:1: error: While building for watchOS, no library for this platform was found in '/Users/admin/builder/spi-builder-workspace/.dependencies/checkouts/ResearchKit/Sources/ResearchKit.xcframework'. (in target 'ResearchKitOnFHIR-product' from project 'ResearchKitOnFHIR')
/Users/admin/builder/spi-builder-workspace/.dependencies/checkouts/ResearchKit/Sources/ResearchKit.xcframework:1:1: error: While building for watchOS, no library for this platform was found in '/Users/admin/builder/spi-builder-workspace/.dependencies/checkouts/ResearchKit/Sources/ResearchKit.xcframework'. (in target 'ResearchKitOnFHIR-product' from project 'ResearchKitOnFHIR')
/Users/admin/builder/spi-builder-workspace/.dependencies/checkouts/ResearchKit/Sources/ResearchKit.xcframework:1:1: error: While building for watchOS, no library for this platform was found in '/Users/admin/builder/spi-builder-workspace/.dependencies/checkouts/ResearchKit/Sources/ResearchKit.xcframework'. (in target 'ResearchKitOnFHIR-product' from project 'ResearchKitOnFHIR')
/Users/admin/builder/spi-builder-workspace/.dependencies/checkouts/ResearchKit/Sources/ResearchKitUI.xcframework:1:1: error: While building for watchOS, no library for this platform was found in '/Users/admin/builder/spi-builder-workspace/.dependencies/checkouts/ResearchKit/Sources/ResearchKitUI.xcframework'. (in target 'ResearchKitOnFHIR-product' from project 'ResearchKitOnFHIR')
2026-09-24 16:16:51.134 xcodebuild[799:4987] [MT] IDERunDestination: Supported platforms for the buildables in the current scheme is empty.
** BUILD FAILED **
The following build commands failed:
	Building workspace ResearchKitOnFHIR with scheme ResearchKitOnFHIR
(1 failure)
Command line invocation:
    /Applications/Xcode-27.0.0-Release.Candidate.app/Contents/Developer/usr/bin/xcodebuild -IDEClonedSourcePackagesDirPathOverride=/Users/admin/builder/spi-builder-workspace/.dependencies -resolvePackageDependencies
Resolve Package Graph
Resolved source packages:
  FHIRModelsExtensions: https://github.com/StanfordBDHG/FHIRModelsExtensions.git @ 0.1.2
  ResearchKitOnFHIR: /Users/admin/builder/spi-builder-workspace
  FHIRModels: https://github.com/apple/FHIRModels.git @ 0.8.0
  ResearchKit: https://github.com/StanfordBDHG/ResearchKit.git @ 3.1.4
  Antlr4: https://github.com/antlr/antlr4.git @ 4.13.2
resolved source packages: FHIRModelsExtensions, ResearchKitOnFHIR, FHIRModels, ResearchKit, Antlr4
2026-09-24 16:16:55.698 xcodebuild[845:5286] [MT] IDERunDestination: Supported platforms for the buildables in the current scheme is empty.
{
  "dependencies" : [
    {
      "identity" : "researchkit",
      "requirement" : {
        "range" : [
          {
            "lower_bound" : "3.1.1",
            "upper_bound" : "3.2.0"
          }
        ]
      },
      "type" : "sourceControl",
      "url" : "https://github.com/StanfordBDHG/ResearchKit.git"
    },
    {
      "identity" : "fhirmodels",
      "requirement" : {
        "range" : [
          {
            "lower_bound" : "0.8.0",
            "upper_bound" : "0.9.0"
          }
        ]
      },
      "type" : "sourceControl",
      "url" : "https://github.com/apple/FHIRModels.git"
    },
    {
      "identity" : "fhirmodelsextensions",
      "requirement" : {
        "range" : [
          {
            "lower_bound" : "0.1.0",
            "upper_bound" : "1.0.0"
          }
        ]
      },
      "type" : "sourceControl",
      "url" : "https://github.com/StanfordBDHG/FHIRModelsExtensions.git"
    }
  ],
  "manifest_display_name" : "ResearchKitOnFHIR",
  "name" : "ResearchKitOnFHIR",
  "path" : "/Users/admin/builder/spi-builder-workspace",
  "platforms" : [
    {
      "name" : "ios",
      "version" : "17.0"
    },
    {
      "name" : "watchos",
      "version" : "10.0"
    },
    {
      "name" : "visionos",
      "version" : "1.0"
    },
    {
      "name" : "macos",
      "version" : "14.0"
    }
  ],
  "products" : [
    {
      "name" : "ResearchKitOnFHIR",
      "targets" : [
        "ResearchKitOnFHIR"
      ],
      "type" : {
        "library" : [
          "automatic"
        ]
      }
    }
  ],
  "targets" : [
    {
      "c99name" : "ResearchKitOnFHIRTests",
      "module_type" : "SwiftTarget",
      "name" : "ResearchKitOnFHIRTests",
      "path" : "Tests/ResearchKitOnFHIRTests",
      "product_dependencies" : [
        "FHIRQuestionnaires"
      ],
      "sources" : [
        "FHIRToResearchKitTests.swift",
        "NavigationRulesTests.swift",
        "ResearchKitToFHIRTests.swift"
      ],
      "target_dependencies" : [
        "ResearchKitOnFHIR"
      ],
      "type" : "test"
    },
    {
      "c99name" : "ResearchKitOnFHIR",
      "module_type" : "SwiftTarget",
      "name" : "ResearchKitOnFHIR",
      "path" : "Sources/ResearchKitOnFHIR",
      "product_dependencies" : [
        "ResearchKit",
        "ResearchKitSwiftUI",
        "ModelsR4",
        "FHIRModelsExtensions",
        "FHIRPathParser"
      ],
      "product_memberships" : [
        "ResearchKitOnFHIR"
      ],
      "sources" : [
        "FHIRToResearchKit/FHIRToResearchKitConversionError.swift",
        "FHIRToResearchKit/NavigationRules.swift",
        "FHIRToResearchKit/ORKNavigableOrderedTask+FHIR.swift",
        "FHIRToResearchKit/Questionnaire+ValueSets.swift",
        "FHIRToResearchKit/QuestionnaireItem+ResearchKit.swift",
        "ResearchKitToFHIR/ORKTaskResult+FHIR.swift",
        "ValueCoding/ValueCoding.swift"
      ],
      "type" : "library"
    }
  ],
  "tools_version" : "6.0"
}
{
  "workspace" : {
    "name" : "ResearchKitOnFHIR",
    "schemes" : [
      "ResearchKitOnFHIR"
    ]
  }
}
2026-09-24 16:16:58.032 xcodebuild[853:5352] [MT] IDERunDestination: Supported platforms for the buildables in the current scheme is empty.
Running build ...
env DEVELOPER_DIR=/Applications/Xcode-27.0.0-Release.Candidate.app xcrun xcodebuild -IDEClonedSourcePackagesDirPathOverride=$PWD/.dependencies -skipMacroValidation -skipPackagePluginValidation -derivedDataPath $PWD/.derivedData build -scheme ResearchKitOnFHIR -destination generic/platform=watchOS
Command line invocation:
    /Applications/Xcode-27.0.0-Release.Candidate.app/Contents/Developer/usr/bin/xcodebuild -IDEClonedSourcePackagesDirPathOverride=/Users/admin/builder/spi-builder-workspace/.dependencies -skipMacroValidation -skipPackagePluginValidation -derivedDataPath /Users/admin/builder/spi-builder-workspace/.derivedData build -scheme ResearchKitOnFHIR -destination generic/platform=watchOS
Resolve Package Graph
Resolved source packages:
  ResearchKitOnFHIR: /Users/admin/builder/spi-builder-workspace
  FHIRModels: https://github.com/apple/FHIRModels.git @ 0.8.0
  Antlr4: https://github.com/antlr/antlr4.git @ 4.13.2
  ResearchKit: https://github.com/StanfordBDHG/ResearchKit.git @ 3.1.4
  FHIRModelsExtensions: https://github.com/StanfordBDHG/FHIRModelsExtensions.git @ 0.1.2
ComputePackagePrebuildTargetDependencyGraph
Prepare packages
CreateBuildRequest
SendProjectDescription
CreateBuildOperation
ComputeTargetDependencyGraph
note: Building targets in dependency order
note: Target dependency graph (14 targets)
    Target 'ResearchKitOnFHIR-product' in project 'ResearchKitOnFHIR'
        ➜ Explicit dependency on target 'ResearchKitOnFHIR' in project 'ResearchKitOnFHIR'
        ➜ Explicit dependency on target 'ResearchKit-product' in project 'ResearchKit'
        ➜ Explicit dependency on target 'ResearchKitSwiftUI-product' in project 'ResearchKit'
        ➜ Explicit dependency on target 'ModelsR4-product' in project 'FHIRModels'
        ➜ Explicit dependency on target 'FHIRModelsExtensions-product' in project 'FHIRModelsExtensions'
        ➜ Explicit dependency on target 'FHIRPathParser-product' in project 'FHIRModelsExtensions'
    Target 'ResearchKitOnFHIR' in project 'ResearchKitOnFHIR'
        ➜ Explicit dependency on target 'ResearchKit-product' in project 'ResearchKit'
        ➜ Explicit dependency on target 'ResearchKitSwiftUI-product' in project 'ResearchKit'
        ➜ Explicit dependency on target 'ModelsR4-product' in project 'FHIRModels'
        ➜ Explicit dependency on target 'FHIRModelsExtensions-product' in project 'FHIRModelsExtensions'
        ➜ Explicit dependency on target 'FHIRPathParser-product' in project 'FHIRModelsExtensions'
    Target 'FHIRPathParser-product' in project 'FHIRModelsExtensions'
        ➜ Explicit dependency on target 'FHIRPathParser' in project 'FHIRModelsExtensions'
        ➜ Explicit dependency on target 'Antlr4-product' in project 'Antlr4'
    Target 'FHIRModelsExtensions-product' in project 'FHIRModelsExtensions'
        ➜ Explicit dependency on target 'FHIRModelsExtensions' in project 'FHIRModelsExtensions'
        ➜ Explicit dependency on target 'FHIRPathParser' in project 'FHIRModelsExtensions'
        ➜ Explicit dependency on target 'Antlr4-product' in project 'Antlr4'
        ➜ Explicit dependency on target 'ModelsR4-product' in project 'FHIRModels'
    Target 'FHIRModelsExtensions' in project 'FHIRModelsExtensions'
        ➜ Explicit dependency on target 'FHIRPathParser' in project 'FHIRModelsExtensions'
        ➜ Explicit dependency on target 'Antlr4-product' in project 'Antlr4'
        ➜ Explicit dependency on target 'ModelsR4-product' in project 'FHIRModels'
    Target 'FHIRPathParser' in project 'FHIRModelsExtensions'
        ➜ Explicit dependency on target 'Antlr4-product' in project 'Antlr4'
    Target 'Antlr4-product' in project 'Antlr4'
        ➜ Explicit dependency on target 'Antlr4' in project 'Antlr4'
    Target 'Antlr4' in project 'Antlr4' (no dependencies)
    Target 'ModelsR4-product' in project 'FHIRModels'
        ➜ Explicit dependency on target 'ModelsR4' in project 'FHIRModels'
        ➜ Explicit dependency on target 'FMCore' in project 'FHIRModels'
    Target 'ModelsR4' in project 'FHIRModels'
        ➜ Explicit dependency on target 'FMCore' in project 'FHIRModels'
    Target 'FMCore' in project 'FHIRModels' (no dependencies)
    Target 'ResearchKitSwiftUI-product' in project 'ResearchKit'
        ➜ Explicit dependency on target 'ResearchKitSwiftUI' in project 'ResearchKit'
    Target 'ResearchKitSwiftUI' in project 'ResearchKit' (no dependencies)
    Target 'ResearchKit-product' in project 'ResearchKit' (no dependencies)
GatherProvisioningInputs
CreateBuildDescription
/Users/admin/builder/spi-builder-workspace/.dependencies/checkouts/ResearchKit/Sources/ResearchKit.xcframework:1:1: error: While building for watchOS, no library for this platform was found in '/Users/admin/builder/spi-builder-workspace/.dependencies/checkouts/ResearchKit/Sources/ResearchKit.xcframework'. (in target 'ResearchKitOnFHIR' from project 'ResearchKitOnFHIR')
/Users/admin/builder/spi-builder-workspace/.dependencies/checkouts/ResearchKit/Sources/ResearchKit.xcframework:1:1: error: While building for watchOS, no library for this platform was found in '/Users/admin/builder/spi-builder-workspace/.dependencies/checkouts/ResearchKit/Sources/ResearchKit.xcframework'. (in target 'ResearchKit-product' from project 'ResearchKit')
/Users/admin/builder/spi-builder-workspace/.dependencies/checkouts/ResearchKit/Sources/ResearchKit.xcframework:1:1: error: While building for watchOS, no library for this platform was found in '/Users/admin/builder/spi-builder-workspace/.dependencies/checkouts/ResearchKit/Sources/ResearchKit.xcframework'. (in target 'ResearchKitOnFHIR-product' from project 'ResearchKitOnFHIR')
/Users/admin/builder/spi-builder-workspace/.dependencies/checkouts/ResearchKit/Sources/ResearchKit.xcframework:1:1: error: While building for watchOS, no library for this platform was found in '/Users/admin/builder/spi-builder-workspace/.dependencies/checkouts/ResearchKit/Sources/ResearchKit.xcframework'. (in target 'ResearchKitOnFHIR-product' from project 'ResearchKitOnFHIR')
/Users/admin/builder/spi-builder-workspace/.dependencies/checkouts/ResearchKit/Sources/ResearchKit.xcframework:1:1: error: While building for watchOS, no library for this platform was found in '/Users/admin/builder/spi-builder-workspace/.dependencies/checkouts/ResearchKit/Sources/ResearchKit.xcframework'. (in target 'ResearchKitOnFHIR-product' from project 'ResearchKitOnFHIR')
/Users/admin/builder/spi-builder-workspace/.dependencies/checkouts/ResearchKit/Sources/ResearchKitUI.xcframework:1:1: error: While building for watchOS, no library for this platform was found in '/Users/admin/builder/spi-builder-workspace/.dependencies/checkouts/ResearchKit/Sources/ResearchKitUI.xcframework'. (in target 'ResearchKitOnFHIR-product' from project 'ResearchKitOnFHIR')
/Users/admin/builder/spi-builder-workspace/.dependencies/checkouts/ResearchKit/Sources/ResearchKit.xcframework:1:1: error: While building for watchOS, no library for this platform was found in '/Users/admin/builder/spi-builder-workspace/.dependencies/checkouts/ResearchKit/Sources/ResearchKit.xcframework'. (in target 'ResearchKitSwiftUI-product' from project 'ResearchKit')
/Users/admin/builder/spi-builder-workspace/.dependencies/checkouts/ResearchKit/Sources/ResearchKitUI.xcframework:1:1: error: While building for watchOS, no library for this platform was found in '/Users/admin/builder/spi-builder-workspace/.dependencies/checkouts/ResearchKit/Sources/ResearchKitUI.xcframework'. (in target 'ResearchKitSwiftUI-product' from project 'ResearchKit')
/Users/admin/builder/spi-builder-workspace/.dependencies/checkouts/ResearchKit/Sources/ResearchKit.xcframework:1:1: error: While building for watchOS, no library for this platform was found in '/Users/admin/builder/spi-builder-workspace/.dependencies/checkouts/ResearchKit/Sources/ResearchKit.xcframework'. (in target 'ResearchKitSwiftUI' from project 'ResearchKit')
/Users/admin/builder/spi-builder-workspace/.dependencies/checkouts/ResearchKit/Sources/ResearchKitUI.xcframework:1:1: error: While building for watchOS, no library for this platform was found in '/Users/admin/builder/spi-builder-workspace/.dependencies/checkouts/ResearchKit/Sources/ResearchKitUI.xcframework'. (in target 'ResearchKitSwiftUI' from project 'ResearchKit')
2026-09-24 16:17:00.117 xcodebuild[854:5376] [MT] IDERunDestination: Supported platforms for the buildables in the current scheme is empty.
** BUILD FAILED **
The following build commands failed:
	Building workspace ResearchKitOnFHIR with scheme ResearchKitOnFHIR
(1 failure)
BUILD FAILURE 6.4 watchOS