The Swift Package Index logo.Swift Package Index

Build Information

Failed to build SwiftWhisper, reference 1.2.0 (a19200), with Swift 6.4 for Wasm on 19 Sep 2026 11:04:24 UTC.

Build Command

bash -c docker run --pull=always --rm -v "checkouts-54344845-0":/host -w "$PWD" -e JAVA_HOME="/root/.sdkman/candidates/java/current" -e SPI_BUILD="1" -e SPI_PROCESSING="1" registry.gitlab.com/saguaro1/spi-images:wasm-6.4-latest swift build --swift-sdk swift-6.4.x-DEVELOPMENT-SNAPSHOT-2026-09-04-a_wasm 2>&1

Build Log

========================================
RunAll
========================================
Builder version: 5.1.0
Interrupt handler set up.
========================================
Checkout
========================================
Clone URL: https://github.com/exPHAT/SwiftWhisper.git
Reference: 1.2.0
Initialized empty Git repository in /host/spi-builder-workspace/.git/
hint: Using 'master' as the name for the initial branch. This default branch name
hint: is subject to change. To configure the initial branch name to use in all
hint: of your new repositories, which will suppress this warning, call:
hint:
hint: 	git config --global init.defaultBranch <name>
hint:
hint: Names commonly chosen instead of 'master' are 'main', 'trunk' and
hint: 'development'. The just-created branch can be renamed via this command:
hint:
hint: 	git branch -m <name>
From https://github.com/exPHAT/SwiftWhisper
 * tag               1.2.0      -> FETCH_HEAD
HEAD is now at a192004 Merge pull request #25 from exPHAT/enhanced_platform_support
Submodule path 'whisper.cpp': checked out '95b02d76b04d18e4ce37ed8353a1f0797f1717ea'
Submodule path 'whisper.cpp/bindings/ios': checked out 'de46d9e7817fe851c109d66080239d415812d32a'
Submodule 'whisper.cpp' (https://github.com/ggerganov/whisper.cpp.git) registered for path 'whisper.cpp'
Cloning into '/host/spi-builder-workspace/whisper.cpp'...
Submodule 'bindings/ios' (https://github.com/ggerganov/whisper.spm) registered for path 'whisper.cpp/bindings/ios'
Cloning into '/host/spi-builder-workspace/whisper.cpp/bindings/ios'...
Cloned https://github.com/exPHAT/SwiftWhisper.git
Revision (git rev-parse @):
a192004db08de7c6eaa169eede77f1625e7d23fb
SPI manifest file found: $PWD/.spi.yml
SUCCESS checkout https://github.com/exPHAT/SwiftWhisper.git at 1.2.0
========================================
Build
========================================
Selected platform:         wasm
Swift version:             6.4
Building package at path:  $PWD
https://github.com/exPHAT/SwiftWhisper.git
Running build ...
bash -c docker run --pull=always --rm -v "checkouts-54344845-0":/host -w "$PWD" -e JAVA_HOME="/root/.sdkman/candidates/java/current" -e SPI_BUILD="1" -e SPI_PROCESSING="1" registry.gitlab.com/saguaro1/spi-images:wasm-6.4-latest swift build --swift-sdk swift-6.4.x-DEVELOPMENT-SNAPSHOT-2026-09-04-a_wasm 2>&1
wasm-6.4-latest: Pulling from saguaro1/spi-images
Digest: sha256:4328fdb43c680d205c1d6761b1e3267aa38277eefdda9ddfb17b6a0f1a77857a
Status: Image is up to date for registry.gitlab.com/saguaro1/spi-images:wasm-6.4-latest
Building for debugging...
[Pre-planning 1 / 125]
[28 / 38]
In file included from /host/spi-builder-workspace/Sources/whisper_cpp/ggml.c:189:
/usr/lib/clang/21/include/immintrin.h:14:2: error: "This header is only meant to be used on x86 and x64 architecture"
   14 | #error "This header is only meant to be used on x86 and x64 architecture"
      |  ^
In file included from /host/spi-builder-workspace/Sources/whisper_cpp/ggml.c:189:
In file included from /usr/lib/clang/21/include/immintrin.h:17:
In file included from /usr/lib/clang/21/include/x86gprintrin.h:13:
/usr/lib/clang/21/include/hresetintrin.h:42:27: error: invalid input constraint 'a' in asm
   42 |   __asm__ ("hreset $0" :: "a"(__eax));
      |                           ^
In file included from /host/spi-builder-workspace/Sources/whisper_cpp/ggml.c:189:
In file included from /usr/lib/clang/21/include/immintrin.h:19:
/usr/lib/clang/21/include/mmintrin.h:14:2: error: "This header is only meant to be used on x86 and x64 architecture"
   14 | #error "This header is only meant to be used on x86 and x64 architecture"
      |  ^
/usr/lib/clang/21/include/mmintrin.h:165:12: error: invalid conversion between vector type '__v2di' (vector of 2 'long long' values) and integer type 'int' of different size
  165 |     return __trunc64(__builtin_ia32_packsswb128(
      |            ^~~~~~~~~~~~~~~~~~~~~~~~~~~~~~~~~~~~~
  166 |         (__v8hi)__builtin_shufflevector(__m1, __m2, 0, 1), (__v8hi){}));
      |         ~~~~~~~~~~~~~~~~~~~~~~~~~~~~~~~~~~~~~~~~~~~~~~~~~~~~~~~~~~~~~~~
/usr/lib/clang/21/include/mmintrin.h:59:35: note: expanded from macro '__trunc64'
   59 |   (__m64) __builtin_shufflevector((__v2di)(x), __extension__(__v2di){}, 0)
      |                                   ^~~~~~~~~~~
/usr/lib/clang/21/include/mmintrin.h:191:12: error: invalid conversion between vector type '__v2di' (vector of 2 'long long' values) and integer type 'int' of different size
  191 |     return __trunc64(__builtin_ia32_packssdw128(
      |            ^~~~~~~~~~~~~~~~~~~~~~~~~~~~~~~~~~~~~
  192 |         (__v4si)__builtin_shufflevector(__m1, __m2, 0, 1), (__v4si){}));
      |         ~~~~~~~~~~~~~~~~~~~~~~~~~~~~~~~~~~~~~~~~~~~~~~~~~~~~~~~~~~~~~~~
/usr/lib/clang/21/include/mmintrin.h:59:35: note: expanded from macro '__trunc64'
   59 |   (__m64) __builtin_shufflevector((__v2di)(x), __extension__(__v2di){}, 0)
      |                                   ^~~~~~~~~~~
/usr/lib/clang/21/include/mmintrin.h:217:12: error: invalid conversion between vector type '__v2di' (vector of 2 'long long' values) and integer type 'int' of different size
  217 |     return __trunc64(__builtin_ia32_packuswb128(
      |            ^~~~~~~~~~~~~~~~~~~~~~~~~~~~~~~~~~~~~
  218 |         (__v8hi)__builtin_shufflevector(__m1, __m2, 0, 1), (__v8hi){}));
      |         ~~~~~~~~~~~~~~~~~~~~~~~~~~~~~~~~~~~~~~~~~~~~~~~~~~~~~~~~~~~~~~~
/usr/lib/clang/21/include/mmintrin.h:59:35: note: expanded from macro '__trunc64'
   59 |   (__m64) __builtin_shufflevector((__v2di)(x), __extension__(__v2di){}, 0)
      |                                   ^~~~~~~~~~~
/usr/lib/clang/21/include/mmintrin.h:707:12: error: invalid conversion between vector type '__v2di' (vector of 2 'long long' values) and integer type 'int' of different size
  707 |     return __trunc64(__builtin_ia32_pmaddwd128((__v8hi)__anyext128(__m1),
      |            ^~~~~~~~~~~~~~~~~~~~~~~~~~~~~~~~~~~~~~~~~~~~~~~~~~~~~~~~~~~~~~
  708 |                                                (__v8hi)__anyext128(__m2)));
      |                                                ~~~~~~~~~~~~~~~~~~~~~~~~~~~
/usr/lib/clang/21/include/mmintrin.h:59:35: note: expanded from macro '__trunc64'
   59 |   (__m64) __builtin_shufflevector((__v2di)(x), __extension__(__v2di){}, 0)
      |                                   ^~~~~~~~~~~
/usr/lib/clang/21/include/mmintrin.h:729:12: error: invalid conversion between vector type '__v2di' (vector of 2 'long long' values) and integer type 'int' of different size
  729 |     return __trunc64(__builtin_ia32_pmulhw128((__v8hi)__anyext128(__m1),
      |            ^~~~~~~~~~~~~~~~~~~~~~~~~~~~~~~~~~~~~~~~~~~~~~~~~~~~~~~~~~~~~
  730 |                                               (__v8hi)__anyext128(__m2)));
      |                                               ~~~~~~~~~~~~~~~~~~~~~~~~~~~
/usr/lib/clang/21/include/mmintrin.h:59:35: note: expanded from macro '__trunc64'
   59 |   (__m64) __builtin_shufflevector((__v2di)(x), __extension__(__v2di){}, 0)
      |                                   ^~~~~~~~~~~
/usr/lib/clang/21/include/mmintrin.h:774:12: error: invalid conversion between vector type '__v2di' (vector of 2 'long long' values) and integer type 'int' of different size
  774 |     return __trunc64(__builtin_ia32_psllw128((__v8hi)__anyext128(__m),
      |            ^~~~~~~~~~~~~~~~~~~~~~~~~~~~~~~~~~~~~~~~~~~~~~~~~~~~~~~~~~~
  775 |                                              (__v8hi)__anyext128(__count)));
      |                                              ~~~~~~~~~~~~~~~~~~~~~~~~~~~~~~
/usr/lib/clang/21/include/mmintrin.h:59:35: note: expanded from macro '__trunc64'
   59 |   (__m64) __builtin_shufflevector((__v2di)(x), __extension__(__v2di){}, 0)
      |                                   ^~~~~~~~~~~
/usr/lib/clang/21/include/mmintrin.h:797:12: error: invalid conversion between vector type '__v2di' (vector of 2 'long long' values) and integer type 'int' of different size
  797 |     return __trunc64(__builtin_ia32_psllwi128((__v8hi)__anyext128(__m),
      |            ^~~~~~~~~~~~~~~~~~~~~~~~~~~~~~~~~~~~~~~~~~~~~~~~~~~~~~~~~~~~
  798 |                                               __count));
      |                                               ~~~~~~~~~
/usr/lib/clang/21/include/mmintrin.h:59:35: note: expanded from macro '__trunc64'
   59 |   (__m64) __builtin_shufflevector((__v2di)(x), __extension__(__v2di){}, 0)
      |                                   ^~~~~~~~~~~
/usr/lib/clang/21/include/mmintrin.h:821:12: error: invalid conversion between vector type '__v2di' (vector of 2 'long long' values) and integer type 'int' of different size
  821 |     return __trunc64(__builtin_ia32_pslld128((__v4si)__anyext128(__m),
      |            ^~~~~~~~~~~~~~~~~~~~~~~~~~~~~~~~~~~~~~~~~~~~~~~~~~~~~~~~~~~
  822 |                                              (__v4si)__anyext128(__count)));
      |                                              ~~~~~~~~~~~~~~~~~~~~~~~~~~~~~~
/usr/lib/clang/21/include/mmintrin.h:59:35: note: expanded from macro '__trunc64'
   59 |   (__m64) __builtin_shufflevector((__v2di)(x), __extension__(__v2di){}, 0)
      |                                   ^~~~~~~~~~~
/usr/lib/clang/21/include/mmintrin.h:844:12: error: invalid conversion between vector type '__v2di' (vector of 2 'long long' values) and integer type 'int' of different size
  844 |     return __trunc64(__builtin_ia32_pslldi128((__v4si)__anyext128(__m),
      |            ^~~~~~~~~~~~~~~~~~~~~~~~~~~~~~~~~~~~~~~~~~~~~~~~~~~~~~~~~~~~
  845 |                                               __count));
      |                                               ~~~~~~~~~
/usr/lib/clang/21/include/mmintrin.h:59:35: note: expanded from macro '__trunc64'
   59 |   (__m64) __builtin_shufflevector((__v2di)(x), __extension__(__v2di){}, 0)
      |                                   ^~~~~~~~~~~
/usr/lib/clang/21/include/mmintrin.h:865:12: error: invalid conversion between vector type '__v2di' (vector of 2 'long long' values) and integer type 'int' of different size
  865 |     return __trunc64(__builtin_ia32_psllq128((__v2di)__anyext128(__m),
      |            ^~~~~~~~~~~~~~~~~~~~~~~~~~~~~~~~~~~~~~~~~~~~~~~~~~~~~~~~~~~
  866 |                                              (__v2di)__anyext128(__count)));
      |                                              ~~~~~~~~~~~~~~~~~~~~~~~~~~~~~~
/usr/lib/clang/21/include/mmintrin.h:59:35: note: expanded from macro '__trunc64'
   59 |   (__m64) __builtin_shufflevector((__v2di)(x), __extension__(__v2di){}, 0)
      |                                   ^~~~~~~~~~~
/usr/lib/clang/21/include/mmintrin.h:886:12: error: invalid conversion between vector type '__v2di' (vector of 2 'long long' values) and integer type 'int' of different size
  886 |     return __trunc64(__builtin_ia32_psllqi128((__v2di)__anyext128(__m),
      |            ^~~~~~~~~~~~~~~~~~~~~~~~~~~~~~~~~~~~~~~~~~~~~~~~~~~~~~~~~~~~
  887 |                                               __count));
      |                                               ~~~~~~~~~
/usr/lib/clang/21/include/mmintrin.h:59:35: note: expanded from macro '__trunc64'
   59 |   (__m64) __builtin_shufflevector((__v2di)(x), __extension__(__v2di){}, 0)
      |                                   ^~~~~~~~~~~
/usr/lib/clang/21/include/mmintrin.h:911:12: error: invalid conversion between vector type '__v2di' (vector of 2 'long long' values) and integer type 'int' of different size
  911 |     return __trunc64(__builtin_ia32_psraw128((__v8hi)__anyext128(__m),
      |            ^~~~~~~~~~~~~~~~~~~~~~~~~~~~~~~~~~~~~~~~~~~~~~~~~~~~~~~~~~~
  912 |                                              (__v8hi)__anyext128(__count)));
      |                                              ~~~~~~~~~~~~~~~~~~~~~~~~~~~~~~
/usr/lib/clang/21/include/mmintrin.h:59:35: note: expanded from macro '__trunc64'
   59 |   (__m64) __builtin_shufflevector((__v2di)(x), __extension__(__v2di){}, 0)
      |                                   ^~~~~~~~~~~
/usr/lib/clang/21/include/mmintrin.h:935:12: error: invalid conversion between vector type '__v2di' (vector of 2 'long long' values) and integer type 'int' of different size
  935 |     return __trunc64(__builtin_ia32_psrawi128((__v8hi)__anyext128(__m),
      |            ^~~~~~~~~~~~~~~~~~~~~~~~~~~~~~~~~~~~~~~~~~~~~~~~~~~~~~~~~~~~
  936 |                                               __count));
      |                                               ~~~~~~~~~
/usr/lib/clang/21/include/mmintrin.h:59:35: note: expanded from macro '__trunc64'
   59 |   (__m64) __builtin_shufflevector((__v2di)(x), __extension__(__v2di){}, 0)
      |                                   ^~~~~~~~~~~
/usr/lib/clang/21/include/mmintrin.h:960:12: error: invalid conversion between vector type '__v2di' (vector of 2 'long long' values) and integer type 'int' of different size
  960 |     return __trunc64(__builtin_ia32_psrad128((__v4si)__anyext128(__m),
      |            ^~~~~~~~~~~~~~~~~~~~~~~~~~~~~~~~~~~~~~~~~~~~~~~~~~~~~~~~~~~
  961 |                                              (__v4si)__anyext128(__count)));
      |                                              ~~~~~~~~~~~~~~~~~~~~~~~~~~~~~~
/usr/lib/clang/21/include/mmintrin.h:59:35: note: expanded from macro '__trunc64'
   59 |   (__m64) __builtin_shufflevector((__v2di)(x), __extension__(__v2di){}, 0)
      |                                   ^~~~~~~~~~~
/usr/lib/clang/21/include/mmintrin.h:984:12: error: invalid conversion between vector type '__v2di' (vector of 2 'long long' values) and integer type 'int' of different size
  984 |     return __trunc64(__builtin_ia32_psradi128((__v4si)__anyext128(__m),
      |            ^~~~~~~~~~~~~~~~~~~~~~~~~~~~~~~~~~~~~~~~~~~~~~~~~~~~~~~~~~~~
  985 |                                               __count));
      |                                               ~~~~~~~~~
/usr/lib/clang/21/include/mmintrin.h:59:35: note: expanded from macro '__trunc64'
   59 |   (__m64) __builtin_shufflevector((__v2di)(x), __extension__(__v2di){}, 0)
      |                                   ^~~~~~~~~~~
/usr/lib/clang/21/include/mmintrin.h:1008:12: error: invalid conversion between vector type '__v2di' (vector of 2 'long long' values) and integer type 'int' of different size
 1008 |     return __trunc64(__builtin_ia32_psrlw128((__v8hi)__anyext128(__m),
      |            ^~~~~~~~~~~~~~~~~~~~~~~~~~~~~~~~~~~~~~~~~~~~~~~~~~~~~~~~~~~
 1009 |                                              (__v8hi)__anyext128(__count)));
      |                                              ~~~~~~~~~~~~~~~~~~~~~~~~~~~~~~
/usr/lib/clang/21/include/mmintrin.h:59:35: note: expanded from macro '__trunc64'
   59 |   (__m64) __builtin_shufflevector((__v2di)(x), __extension__(__v2di){}, 0)
      |                                   ^~~~~~~~~~~
fatal error: too many errors emitted, stopping now [-ferror-limit=]
20 errors generated.
error: CompileC /host/spi-builder-workspace/.build/out/Intermediates.noindex/SwiftWhisper.build/Debug-webassembly-wasm32/whisper_cpp-t.build/Objects-normal/wasm32/ggml.o /host/spi-builder-workspace/Sources/whisper_cpp/ggml.c normal wasm32 c com.apple.compilers.llvm.clang.1_0.compiler failed with a nonzero exit code. Command line:     cd /host

    Using response file: /host/spi-builder-workspace/.build/out/Intermediates.noindex/SwiftWhisper.build/Debug-webassembly-wasm32/whisper_cpp-t.build/Objects-normal/wasm32/9f65232cb83f8421e3a495a5062eba382369c975104ee97bafc405ab795bfc5e-common-args.resp

    /usr/bin/clang -x c -target wasm32-unknown-wasip1 -fmessage-length\=0 -fdiagnostics-show-note-include-stack -fmacro-backtrace-limit\=0 -fcolor-diagnostics -Wno-trigraphs -Wno-missing-field-initializers -Wno-missing-prototypes -Wno-return-type -Wno-missing-braces -Wparentheses -Wswitch -Wno-unused-function -Wno-unused-label -Wno-unused-parameter -Wno-unused-variable -Wunused-value -Wno-empty-body -Wno-uninitialized -Wno-unknown-pragmas -Wno-shadow -Wno-four-char-constants -Wno-conversion -Wno-constant-conversion -Wno-int-conversion -Wno-bool-conversion -Wno-enum-conversion -Wno-float-conversion -Wno-non-literal-null-conversion -Wno-objc-literal-conversion -Wno-shorten-64-to-32 -Wpointer-sign -Wno-newline-eof -Wno-implicit-fallthrough -fstrict-aliasing -Wdeprecated-declarations -Wno-sign-conversion -Wno-infinite-recursion -Wno-comma -Wno-block-capture-autoreleasing -Wno-strict-prototypes -Wno-semicolon-before-method-body --sysroot /root/.swiftpm/swift-sdks/swift-6.4.x-DEVELOPMENT-SNAPSHOT-2026-09-04-a_wasm.artifactbundle/swift-6.4.x-DEVELOPMENT-SNAPSHOT-2026-09-04-a_wasm/wasm32-unknown-wasip1/WASI.sdk @/host/spi-builder-workspace/.build/out/Intermediates.noindex/SwiftWhisper.build/Debug-webassembly-wasm32/whisper_cpp-t.build/Objects-normal/wasm32/9f65232cb83f8421e3a495a5062eba382369c975104ee97bafc405ab795bfc5e-common-args.resp -MMD -MT dependencies -MF /host/spi-builder-workspace/.build/out/Intermediates.noindex/SwiftWhisper.build/Debug-webassembly-wasm32/whisper_cpp-t.build/Objects-normal/wasm32/ggml.d --serialize-diagnostics /host/spi-builder-workspace/.build/out/Intermediates.noindex/SwiftWhisper.build/Debug-webassembly-wasm32/whisper_cpp-t.build/Objects-normal/wasm32/ggml.dia -c /host/spi-builder-workspace/Sources/whisper_cpp/ggml.c -o /host/spi-builder-workspace/.build/out/Intermediates.noindex/SwiftWhisper.build/Debug-webassembly-wasm32/whisper_cpp-t.build/Objects-normal/wasm32/ggml.o
error: Build failed
BUILD FAILURE 6.4 wasm