The Swift Package Index logo.Swift Package Index

Build Information

Failed to build Parsimonious, reference 3.1.0 (eac4b8), with Swift 6.4 for tvOS using Xcode 27.0 on 28 Oct 2026 09:10:01 UTC.

Build Command

env DEVELOPER_DIR=/Applications/Xcode-27.0.0.app xcrun xcodebuild -IDEClonedSourcePackagesDirPathOverride=$PWD/.dependencies -skipMacroValidation -skipPackagePluginValidation -derivedDataPath $PWD/.derivedData build -scheme Parsimonious -destination generic/platform=tvOS

Build Log

========================================
RunAll
========================================
Builder version: 5.1.3
Interrupt handler set up.
========================================
Checkout
========================================
Clone URL: https://github.com/Prosumma/Parsimonious.git
Reference: 3.1.0
Initialized empty Git repository in /Users/admin/builder/spi-builder-workspace/.git/
From https://github.com/Prosumma/Parsimonious
 * tag               3.1.0      -> FETCH_HEAD
HEAD is now at eac4b80 Squashed commit of the following:
Cloned https://github.com/Prosumma/Parsimonious.git
Revision (git rev-parse @):
eac4b80c4543d3289367e9c518be9977cd8d320b
SUCCESS checkout https://github.com/Prosumma/Parsimonious.git at 3.1.0
========================================
Build
========================================
Selected platform:         tvOS
Swift version:             6.4
Building package at path:  $PWD
https://github.com/Prosumma/Parsimonious.git
Command line invocation:
    /Applications/Xcode-27.0.0.app/Contents/Developer/usr/bin/xcodebuild -IDEClonedSourcePackagesDirPathOverride=/Users/admin/builder/spi-builder-workspace/.dependencies -resolvePackageDependencies
Resolve Package Graph
Resolve Package Graph
Resolved source packages:
  Parsimonious: /Users/admin/builder/spi-builder-workspace
resolved source packages: Parsimonious
2026-10-28 05:09:17.651 xcodebuild[530:3059] [MT] IDERunDestination: Supported platforms for the buildables in the current scheme is empty.
{
  "dependencies" : [
  ],
  "manifest_display_name" : "Parsimonious",
  "name" : "Parsimonious",
  "path" : "/Users/admin/builder/spi-builder-workspace",
  "platforms" : [
    {
      "name" : "macos",
      "version" : "13.0"
    }
  ],
  "products" : [
    {
      "name" : "Parsimonious",
      "targets" : [
        "Parsimonious"
      ],
      "type" : {
        "library" : [
          "automatic"
        ]
      }
    }
  ],
  "targets" : [
    {
      "c99name" : "ParsimoniousTests",
      "module_type" : "SwiftTarget",
      "name" : "ParsimoniousTests",
      "path" : "Tests/ParsimoniousTests",
      "sources" : [
        "CharTests.swift",
        "DelimiterTests.swift",
        "FailTests.swift",
        "FlatMapTests.swift",
        "JSONTests.swift",
        "KeywordTests.swift",
        "LocationTests.swift",
        "LookaheadTests.swift",
        "ParseErrorTests.swift",
        "RepetitionTests.swift",
        "ScalarTests.swift",
        "StringTests.swift",
        "WhitespaceTests.swift"
      ],
      "target_dependencies" : [
        "Parsimonious"
      ],
      "type" : "test"
    },
    {
      "c99name" : "Parsimonious",
      "module_type" : "SwiftTarget",
      "name" : "Parsimonious",
      "path" : "Sources/Parsimonious",
      "product_memberships" : [
        "Parsimonious"
      ],
      "sources" : [
        "Combinators.swift",
        "Location.swift",
        "OperatorDeclarations.swift",
        "ParseError.swift",
        "ParseOutput.swift",
        "Parser.swift",
        "Parsers.swift",
        "Parsing.swift",
        "Scalars.swift",
        "Strings.swift"
      ],
      "type" : "library"
    }
  ],
  "tools_version" : "6.4"
}
{
  "workspace" : {
    "name" : "Parsimonious",
    "schemes" : [
      "Parsimonious"
    ]
  }
}
2026-10-28 05:09:51.612 xcodebuild[627:3855] [MT] IDERunDestination: Supported platforms for the buildables in the current scheme is empty.
Running build ...
env DEVELOPER_DIR=/Applications/Xcode-27.0.0.app xcrun xcodebuild -IDEClonedSourcePackagesDirPathOverride=$PWD/.dependencies -skipMacroValidation -skipPackagePluginValidation -derivedDataPath $PWD/.derivedData build -scheme Parsimonious -destination generic/platform=tvOS
Command line invocation:
    /Applications/Xcode-27.0.0.app/Contents/Developer/usr/bin/xcodebuild -IDEClonedSourcePackagesDirPathOverride=/Users/admin/builder/spi-builder-workspace/.dependencies -skipMacroValidation -skipPackagePluginValidation -derivedDataPath /Users/admin/builder/spi-builder-workspace/.derivedData build -scheme Parsimonious -destination generic/platform=tvOS
Resolve Package Graph
Resolved source packages:
  Parsimonious: /Users/admin/builder/spi-builder-workspace
ComputePackagePrebuildTargetDependencyGraph
Prepare packages
CreateBuildRequest
SendProjectDescription
CreateBuildOperation
ComputeTargetDependencyGraph
note: Building targets in dependency order
note: Target dependency graph (2 targets)
    Target 'Parsimonious-product' in project 'Parsimonious'
        ➜ Explicit dependency on target 'Parsimonious' in project 'Parsimonious'
    Target 'Parsimonious' in project 'Parsimonious' (no dependencies)
GatherProvisioningInputs
CreateBuildDescription
ExecuteExternalTool /Applications/Xcode-27.0.0.app/Contents/Developer/Toolchains/XcodeDefault.xctoolchain/usr/bin/clang -v -E -dM -isysroot /Applications/Xcode-27.0.0.app/Contents/Developer/Platforms/AppleTVOS.platform/Developer/SDKs/AppleTVOS27.0.sdk -x c -c /dev/null
ExecuteExternalTool /Applications/Xcode-27.0.0.app/Contents/Developer/Toolchains/XcodeDefault.xctoolchain/usr/bin/swiftc --version
ExecuteExternalTool /Applications/Xcode-27.0.0.app/Contents/Developer/Toolchains/XcodeDefault.xctoolchain/usr/bin/ld -version_details
Build description signature: f803a046433329805d441c4e33371a31
Build description path: /Users/admin/builder/spi-builder-workspace/.derivedData/Build/Intermediates.noindex/XCBuildData/f803a046433329805d441c4e33371a31.xcbuilddata
CreateBuildDirectory /Users/admin/builder/spi-builder-workspace/.derivedData/SDKExplicitPrecompiledModules
    cd /Users/admin/builder/spi-builder-workspace/.swiftpm/xcode
    builtin-create-build-directory /Users/admin/builder/spi-builder-workspace/.derivedData/SDKExplicitPrecompiledModules
CreateBuildDirectory /Users/admin/builder/spi-builder-workspace/.derivedData/CompilationCache.noindex
    cd /Users/admin/builder/spi-builder-workspace/.swiftpm/xcode
    builtin-create-build-directory /Users/admin/builder/spi-builder-workspace/.derivedData/CompilationCache.noindex
CreateBuildDirectory /Users/admin/builder/spi-builder-workspace/.derivedData/ModuleCache.noindex
    cd /Users/admin/builder/spi-builder-workspace/.swiftpm/xcode
    builtin-create-build-directory /Users/admin/builder/spi-builder-workspace/.derivedData/ModuleCache.noindex
CreateBuildDirectory /Users/admin/builder/spi-builder-workspace/.derivedData/Build/Products
    cd /Users/admin/builder/spi-builder-workspace/.swiftpm/xcode
    builtin-create-build-directory /Users/admin/builder/spi-builder-workspace/.derivedData/Build/Products
ClangStatCache /Applications/Xcode-27.0.0.app/Contents/Developer/Toolchains/XcodeDefault.xctoolchain/usr/bin/clang-stat-cache /Applications/Xcode-27.0.0.app/Contents/Developer/Platforms/AppleTVOS.platform/Developer/SDKs/AppleTVOS27.0.sdk /Users/admin/builder/spi-builder-workspace/.derivedData/SDKStatCaches.noindex/appletvos27.0-24J360-e829b21a6f8c9b70876ba0858053c044509235ffd515576fb835ffc8f67461e5.sdkstatcache
    cd /Users/admin/builder/spi-builder-workspace/.swiftpm/xcode
    /Applications/Xcode-27.0.0.app/Contents/Developer/Toolchains/XcodeDefault.xctoolchain/usr/bin/clang-stat-cache /Applications/Xcode-27.0.0.app/Contents/Developer/Platforms/AppleTVOS.platform/Developer/SDKs/AppleTVOS27.0.sdk -o /Users/admin/builder/spi-builder-workspace/.derivedData/SDKStatCaches.noindex/appletvos27.0-24J360-e829b21a6f8c9b70876ba0858053c044509235ffd515576fb835ffc8f67461e5.sdkstatcache
CreateBuildDirectory /Users/admin/builder/spi-builder-workspace/.derivedData/Build/Intermediates.noindex
    cd /Users/admin/builder/spi-builder-workspace/.swiftpm/xcode
    builtin-create-build-directory /Users/admin/builder/spi-builder-workspace/.derivedData/Build/Intermediates.noindex
CreateBuildDirectory /Users/admin/builder/spi-builder-workspace/.derivedData/Build/Intermediates.noindex/PrecompiledHeaders
    cd /Users/admin/builder/spi-builder-workspace/.swiftpm/xcode
    builtin-create-build-directory /Users/admin/builder/spi-builder-workspace/.derivedData/Build/Intermediates.noindex/PrecompiledHeaders
CreateBuildDirectory /Users/admin/builder/spi-builder-workspace/.derivedData/Build/Intermediates.noindex/ExplicitPrecompiledModules
    cd /Users/admin/builder/spi-builder-workspace/.swiftpm/xcode
    builtin-create-build-directory /Users/admin/builder/spi-builder-workspace/.derivedData/Build/Intermediates.noindex/ExplicitPrecompiledModules
CreateBuildDirectory /Users/admin/builder/spi-builder-workspace/.derivedData/Build/Intermediates.noindex/SwiftExplicitPrecompiledModules
    cd /Users/admin/builder/spi-builder-workspace/.swiftpm/xcode
    builtin-create-build-directory /Users/admin/builder/spi-builder-workspace/.derivedData/Build/Intermediates.noindex/SwiftExplicitPrecompiledModules
CreateBuildDirectory /Users/admin/builder/spi-builder-workspace/.derivedData/Build/Intermediates.noindex/EagerLinkingTBDs/Debug-appletvos
    cd /Users/admin/builder/spi-builder-workspace/.swiftpm/xcode
    builtin-create-build-directory /Users/admin/builder/spi-builder-workspace/.derivedData/Build/Intermediates.noindex/EagerLinkingTBDs/Debug-appletvos
CreateBuildDirectory /Users/admin/builder/spi-builder-workspace/.derivedData/Build/Products/Debug-appletvos
    cd /Users/admin/builder/spi-builder-workspace/.swiftpm/xcode
    builtin-create-build-directory /Users/admin/builder/spi-builder-workspace/.derivedData/Build/Products/Debug-appletvos
CreateBuildDirectory /Users/admin/builder/spi-builder-workspace/.derivedData/Build/Products/Debug-appletvos/PackageFrameworks
    cd /Users/admin/builder/spi-builder-workspace/.swiftpm/xcode
    builtin-create-build-directory /Users/admin/builder/spi-builder-workspace/.derivedData/Build/Products/Debug-appletvos/PackageFrameworks
WriteAuxiliaryFile /Users/admin/builder/spi-builder-workspace/.derivedData/Build/Intermediates.noindex/Parsimonious.build/Debug-appletvos/Parsimonious-t.build/Parsimonious.DependencyMetadataFileList (in target 'Parsimonious' from project 'Parsimonious')
    cd /Users/admin/builder/spi-builder-workspace
    write-file /Users/admin/builder/spi-builder-workspace/.derivedData/Build/Intermediates.noindex/Parsimonious.build/Debug-appletvos/Parsimonious-t.build/Parsimonious.DependencyMetadataFileList
WriteAuxiliaryFile /Users/admin/builder/spi-builder-workspace/.derivedData/Build/Intermediates.noindex/Parsimonious.build/Debug-appletvos/Parsimonious-t.build/Parsimonious.modulemap (in target 'Parsimonious' from project 'Parsimonious')
    cd /Users/admin/builder/spi-builder-workspace
    write-file /Users/admin/builder/spi-builder-workspace/.derivedData/Build/Intermediates.noindex/Parsimonious.build/Debug-appletvos/Parsimonious-t.build/Parsimonious.modulemap
WriteAuxiliaryFile /Users/admin/builder/spi-builder-workspace/.derivedData/Build/Intermediates.noindex/Parsimonious.build/Debug-appletvos/Parsimonious-t.build/Parsimonious.DependencyStaticMetadataFileList (in target 'Parsimonious' from project 'Parsimonious')
    cd /Users/admin/builder/spi-builder-workspace
    write-file /Users/admin/builder/spi-builder-workspace/.derivedData/Build/Intermediates.noindex/Parsimonious.build/Debug-appletvos/Parsimonious-t.build/Parsimonious.DependencyStaticMetadataFileList
WriteAuxiliaryFile /Users/admin/builder/spi-builder-workspace/.derivedData/Build/Intermediates.noindex/Parsimonious.build/Debug-appletvos/Parsimonious-t.build/Objects-normal/arm64/Parsimonious.SwiftFileList (in target 'Parsimonious' from project 'Parsimonious')
    cd /Users/admin/builder/spi-builder-workspace
    write-file /Users/admin/builder/spi-builder-workspace/.derivedData/Build/Intermediates.noindex/Parsimonious.build/Debug-appletvos/Parsimonious-t.build/Objects-normal/arm64/Parsimonious.SwiftFileList
WriteAuxiliaryFile /Users/admin/builder/spi-builder-workspace/.derivedData/Build/Intermediates.noindex/Parsimonious.build/Debug-appletvos/Parsimonious-t.build/Objects-normal/arm64/Parsimonious.SwiftConstValuesFileList (in target 'Parsimonious' from project 'Parsimonious')
    cd /Users/admin/builder/spi-builder-workspace
    write-file /Users/admin/builder/spi-builder-workspace/.derivedData/Build/Intermediates.noindex/Parsimonious.build/Debug-appletvos/Parsimonious-t.build/Objects-normal/arm64/Parsimonious.SwiftConstValuesFileList
WriteAuxiliaryFile /Users/admin/builder/spi-builder-workspace/.derivedData/Build/Intermediates.noindex/Parsimonious.build/Debug-appletvos/Parsimonious-t.build/Objects-normal/arm64/Parsimonious.LinkFileList (in target 'Parsimonious' from project 'Parsimonious')
    cd /Users/admin/builder/spi-builder-workspace
    write-file /Users/admin/builder/spi-builder-workspace/.derivedData/Build/Intermediates.noindex/Parsimonious.build/Debug-appletvos/Parsimonious-t.build/Objects-normal/arm64/Parsimonious.LinkFileList
WriteAuxiliaryFile /Users/admin/builder/spi-builder-workspace/.derivedData/Build/Intermediates.noindex/Parsimonious.build/Debug-appletvos/Parsimonious-t.build/Objects-normal/arm64/Parsimonious_const_extract_protocols.json (in target 'Parsimonious' from project 'Parsimonious')
    cd /Users/admin/builder/spi-builder-workspace
    write-file /Users/admin/builder/spi-builder-workspace/.derivedData/Build/Intermediates.noindex/Parsimonious.build/Debug-appletvos/Parsimonious-t.build/Objects-normal/arm64/Parsimonious_const_extract_protocols.json
WriteAuxiliaryFile /Users/admin/builder/spi-builder-workspace/.derivedData/Build/Intermediates.noindex/Parsimonious.build/Debug-appletvos/Parsimonious-t.build/Objects-normal/arm64/Parsimonious-OutputFileMap.json (in target 'Parsimonious' from project 'Parsimonious')
    cd /Users/admin/builder/spi-builder-workspace
    write-file /Users/admin/builder/spi-builder-workspace/.derivedData/Build/Intermediates.noindex/Parsimonious.build/Debug-appletvos/Parsimonious-t.build/Objects-normal/arm64/Parsimonious-OutputFileMap.json
Copy /Users/admin/builder/spi-builder-workspace/.derivedData/Build/Intermediates.noindex/GeneratedModuleMaps-appletvos/Parsimonious.modulemap /Users/admin/builder/spi-builder-workspace/.derivedData/Build/Intermediates.noindex/Parsimonious.build/Debug-appletvos/Parsimonious-t.build/Parsimonious.modulemap (in target 'Parsimonious' from project 'Parsimonious')
    cd /Users/admin/builder/spi-builder-workspace
    builtin-copy -exclude .DS_Store -exclude CVS -exclude .svn -exclude .git -exclude .hg -resolve-src-symlinks /Users/admin/builder/spi-builder-workspace/.derivedData/Build/Intermediates.noindex/Parsimonious.build/Debug-appletvos/Parsimonious-t.build/Parsimonious.modulemap /Users/admin/builder/spi-builder-workspace/.derivedData/Build/Intermediates.noindex/GeneratedModuleMaps-appletvos
SwiftDriver Parsimonious normal arm64 com.apple.xcode.tools.swift.compiler (in target 'Parsimonious' from project 'Parsimonious')
    cd /Users/admin/builder/spi-builder-workspace/.swiftpm/xcode
    builtin-SwiftDriver -- /Applications/Xcode-27.0.0.app/Contents/Developer/Toolchains/XcodeDefault.xctoolchain/usr/bin/swiftc -parse-as-library -module-name Parsimonious -Onone @/Users/admin/builder/spi-builder-workspace/.derivedData/Build/Intermediates.noindex/Parsimonious.build/Debug-appletvos/Parsimonious-t.build/Objects-normal/arm64/Parsimonious.SwiftFileList -DSWIFT_PACKAGE -DDEBUG -DSWIFT_MODULE_RESOURCE_BUNDLE_UNAVAILABLE -DXcode -plugin-path /Applications/Xcode-27.0.0.app/Contents/Developer/Toolchains/XcodeDefault.xctoolchain/usr/lib/swift/host/plugins/testing -enable-experimental-feature DebugDescriptionMacro -sdk /Applications/Xcode-27.0.0.app/Contents/Developer/Platforms/AppleTVOS.platform/Developer/SDKs/AppleTVOS27.0.sdk -target arm64-apple-tvos15.0 -g -module-cache-path /Users/admin/builder/spi-builder-workspace/.derivedData/ModuleCache.noindex -Xfrontend -serialize-debugging-options -profile-coverage-mapping -profile-generate -enable-testing -index-store-path /Users/admin/builder/spi-builder-workspace/.derivedData/Index.noindex/DataStore -Xcc -D_LIBCPP_HARDENING_MODE\=_LIBCPP_HARDENING_MODE_DEBUG -swift-version 6 -I /Users/admin/builder/spi-builder-workspace/.derivedData/Build/Products/Debug-appletvos -Isystem /Applications/Xcode-27.0.0.app/Contents/Developer/Platforms/AppleTVOS.platform/Developer/usr/lib -F /Users/admin/builder/spi-builder-workspace/.derivedData/Build/Products/Debug-appletvos -F /Applications/Xcode-27.0.0.app/Contents/Developer/Platforms/AppleTVOS.platform/Developer/Library/Frameworks -F /Applications/Xcode-27.0.0.app/Contents/Developer/Platforms/AppleTVOS.platform/Developer/SDKs/AppleTVOS27.0.sdk/Developer/Library/Frameworks -c -j10 -enable-batch-mode -incremental -Xcc -ivfsstatcache -Xcc /Users/admin/builder/spi-builder-workspace/.derivedData/SDKStatCaches.noindex/appletvos27.0-24J360-e829b21a6f8c9b70876ba0858053c044509235ffd515576fb835ffc8f67461e5.sdkstatcache -output-file-map /Users/admin/builder/spi-builder-workspace/.derivedData/Build/Intermediates.noindex/Parsimonious.build/Debug-appletvos/Parsimonious-t.build/Objects-normal/arm64/Parsimonious-OutputFileMap.json -save-temps -no-color-diagnostics -explicit-module-build -module-cache-path /Users/admin/builder/spi-builder-workspace/.derivedData/Build/Intermediates.noindex/SwiftExplicitPrecompiledModules -clang-scanner-module-cache-path /Users/admin/builder/spi-builder-workspace/.derivedData/ModuleCache.noindex -sdk-module-cache-path /Users/admin/builder/spi-builder-workspace/.derivedData/SDKExplicitPrecompiledModules -emit-dependencies -emit-module -emit-module-path /Users/admin/builder/spi-builder-workspace/.derivedData/Build/Intermediates.noindex/Parsimonious.build/Debug-appletvos/Parsimonious-t.build/Objects-normal/arm64/Parsimonious.swiftmodule -serialize-diagnostics -dependency-scan-serialize-diagnostics-path /Users/admin/builder/spi-builder-workspace/.derivedData/Build/Intermediates.noindex/Parsimonious.build/Debug-appletvos/Parsimonious-t.build/Objects-normal/arm64/Parsimonious-dependency-scan.dia -validate-clang-modules-once -clang-build-session-file /Users/admin/builder/spi-builder-workspace/.derivedData/ModuleCache.noindex/Session.modulevalidation -Xcc -fmodules-prune-interval\=86400 -Xcc -fmodules-prune-after\=345600 -package-name spi_builder_workspace -emit-const-values -const-gather-protocols-list /Users/admin/builder/spi-builder-workspace/.derivedData/Build/Intermediates.noindex/Parsimonious.build/Debug-appletvos/Parsimonious-t.build/Objects-normal/arm64/Parsimonious_const_extract_protocols.json -Xcc -I/Users/admin/builder/spi-builder-workspace/.derivedData/Build/Products/Debug-appletvos/include -Xcc -I/Users/admin/builder/spi-builder-workspace/.derivedData/Build/Intermediates.noindex/Parsimonious.build/Debug-appletvos/Parsimonious-t.build/DerivedSources-normal/arm64 -Xcc -I/Users/admin/builder/spi-builder-workspace/.derivedData/Build/Intermediates.noindex/Parsimonious.build/Debug-appletvos/Parsimonious-t.build/DerivedSources/arm64 -Xcc -I/Users/admin/builder/spi-builder-workspace/.derivedData/Build/Intermediates.noindex/Parsimonious.build/Debug-appletvos/Parsimonious-t.build/DerivedSources -Xcc -DSWIFT_PACKAGE -Xcc -DDEBUG\=1 -emit-objc-header -emit-objc-header-path /Users/admin/builder/spi-builder-workspace/.derivedData/Build/Intermediates.noindex/Parsimonious.build/Debug-appletvos/Parsimonious-t.build/Objects-normal/arm64/Parsimonious-Swift.h -working-directory /Users/admin/builder/spi-builder-workspace/.swiftpm/xcode -experimental-emit-module-separately -disable-cmo
SwiftExplicitDependencyGeneratePcm arm64 /Users/admin/builder/spi-builder-workspace/.derivedData/SDKExplicitPrecompiledModules/SwiftShims-GR3DA8HUMUCCHUHVU4G7HH3N.pcm
SwiftExplicitDependencyGeneratePcm arm64 /Users/admin/builder/spi-builder-workspace/.derivedData/SDKExplicitPrecompiledModules/_Builtin_stdbool-CXITTUPASWKJF6QA1QJ6RRYNO.pcm
SwiftExplicitDependencyGeneratePcm arm64 /Users/admin/builder/spi-builder-workspace/.derivedData/SDKExplicitPrecompiledModules/ptrauth-A7BHCTR3SRLUN41XL3XEGKKZ4.pcm
SwiftExplicitDependencyGeneratePcm arm64 /Users/admin/builder/spi-builder-workspace/.derivedData/SDKExplicitPrecompiledModules/_Builtin_float-E1APTILEGQZ3IPT936PJDNU6H.pcm
SwiftExplicitDependencyGeneratePcm arm64 /Users/admin/builder/spi-builder-workspace/.derivedData/SDKExplicitPrecompiledModules/_Builtin_stdarg-6XVK45WHUOCLZB7D2ATYQEO5U.pcm
SwiftExplicitDependencyGeneratePcm arm64 /Users/admin/builder/spi-builder-workspace/.derivedData/SDKExplicitPrecompiledModules/_SwiftConcurrencyShims-F2FQZLPEQUN2JITA5Q5IA90PN.pcm
SwiftExplicitDependencyGeneratePcm arm64 /Users/admin/builder/spi-builder-workspace/.derivedData/SDKExplicitPrecompiledModules/_Builtin_stddef-25X1IMH81L4ZJ3HSO85QL4XZL.pcm
SwiftExplicitDependencyGeneratePcm arm64 /Users/admin/builder/spi-builder-workspace/.derivedData/SDKExplicitPrecompiledModules/_AvailabilityInternal-5OPK5HD06FOMOCW6B1PQ16ZYI.pcm
SwiftExplicitDependencyGeneratePcm arm64 /Users/admin/builder/spi-builder-workspace/.derivedData/SDKExplicitPrecompiledModules/ptrcheck-2F7ZU8EYLWX1LOP6FC47SWUDQ.pcm
SwiftExplicitDependencyGeneratePcm arm64 /Users/admin/builder/spi-builder-workspace/.derivedData/SDKExplicitPrecompiledModules/_DarwinFoundation1-2L5MHIC1X1D82LC9IO9MI0M5A.pcm
SwiftExplicitDependencyGeneratePcm arm64 /Users/admin/builder/spi-builder-workspace/.derivedData/SDKExplicitPrecompiledModules/_Builtin_limits-49XV5IO6LU8Q2TAZFRVK3499Y.pcm
SwiftExplicitDependencyGeneratePcm arm64 /Users/admin/builder/spi-builder-workspace/.derivedData/SDKExplicitPrecompiledModules/_DarwinFoundation2-1J5JB1SY1IG00YVFUY27AR0SK.pcm
SwiftExplicitDependencyGeneratePcm arm64 /Users/admin/builder/spi-builder-workspace/.derivedData/SDKExplicitPrecompiledModules/sys_types-8KWV5CE768ASK36OHJO3IUUKA.pcm
SwiftExplicitDependencyGeneratePcm arm64 /Users/admin/builder/spi-builder-workspace/.derivedData/SDKExplicitPrecompiledModules/string_h-BZ770UUUOT438SJ5LUAQZ245X.pcm
SwiftExplicitDependencyGeneratePcm arm64 /Users/admin/builder/spi-builder-workspace/.derivedData/SDKExplicitPrecompiledModules/_Builtin_stdint-9CQANL2V5ROY9F0YIYXO669HM.pcm
SwiftExplicitDependencyGeneratePcm arm64 /Users/admin/builder/spi-builder-workspace/.derivedData/SDKExplicitPrecompiledModules/_DarwinFoundation3-A8VA0RRTKVV9KNQF6B90UHJZE.pcm
SwiftExplicitDependencyGeneratePcm arm64 /Users/admin/builder/spi-builder-workspace/.derivedData/SDKExplicitPrecompiledModules/_Builtin_inttypes-EHDD7CXO489VQJ7T37RL4G1XE.pcm
SwiftExplicitDependencyGeneratePcm arm64 /Users/admin/builder/spi-builder-workspace/.derivedData/SDKExplicitPrecompiledModules/Darwin-11CH7JFBGKUPS1MXR2RVW14Q2.pcm
SwiftExplicitDependencyGeneratePcm arm64 /Users/admin/builder/spi-builder-workspace/.derivedData/SDKExplicitPrecompiledModules/ObjectiveC-5D71DK7PWJ27IUP8DIMIW151Z.pcm
SwiftExplicitDependencyGeneratePcm arm64 /Users/admin/builder/spi-builder-workspace/.derivedData/SDKExplicitPrecompiledModules/os_object-C98U4BR5TV7J4CF3J9RD29471.pcm
SwiftExplicitDependencyGeneratePcm arm64 /Users/admin/builder/spi-builder-workspace/.derivedData/SDKExplicitPrecompiledModules/os_workgroup-EW7YHGH6W1I5GWQ7A493HTH5X.pcm
SwiftExplicitDependencyGeneratePcm arm64 /Users/admin/builder/spi-builder-workspace/.derivedData/SDKExplicitPrecompiledModules/Dispatch-1YYSG48OHXPH80J9IKEFL84WE.pcm
SwiftExplicitDependencyGeneratePcm arm64 /Users/admin/builder/spi-builder-workspace/.derivedData/SDKExplicitPrecompiledModules/XPC-21W07170Y19SE5HXTUV60V15F.pcm
SwiftExplicitDependencyGeneratePcm arm64 /Users/admin/builder/spi-builder-workspace/.derivedData/SDKExplicitPrecompiledModules/CoreFoundation-C9QVSEMIZP54ITMK51750XYN.pcm
SwiftExplicitDependencyGeneratePcm arm64 /Users/admin/builder/spi-builder-workspace/.derivedData/SDKExplicitPrecompiledModules/Security-DSXL4AJGN9GNBH9ZCJN3KX5BC.pcm
SwiftExplicitDependencyGeneratePcm arm64 /Users/admin/builder/spi-builder-workspace/.derivedData/SDKExplicitPrecompiledModules/CFNetwork-BWU016C19DXG7T7EFFKR20579.pcm
SwiftExplicitDependencyGeneratePcm arm64 /Users/admin/builder/spi-builder-workspace/.derivedData/SDKExplicitPrecompiledModules/Foundation-D162KW3CIOH7EGJPLDEE6UO79.pcm
SwiftEmitModule normal arm64 Emitting\ module\ for\ Parsimonious (in target 'Parsimonious' from project 'Parsimonious')
SwiftCompile normal arm64 (in target 'Parsimonious' from project 'Parsimonious')
    cd /Users/admin/builder/spi-builder-workspace/.swiftpm/xcode

/Users/admin/builder/spi-builder-workspace/Sources/Parsimonious/Combinators.swift:314:13: error: runtime support for parameterized protocol types is only available in tvOS 16.0.0 or newer
312 | }
313 |
314 | public func or<Input: Collection & Sendable, Output>(_ parsers: [any Parsing<Input, Output>])
    |             |- error: runtime support for parameterized protocol types is only available in tvOS 16.0.0 or newer
    |             `- note: add '@available' attribute to enclosing global function
315 |   -> Parser<Input, Output>
316 | {
/Users/admin/builder/spi-builder-workspace/Sources/Parsimonious/Combinators.swift:331:13: error: runtime support for parameterized protocol types is only available in tvOS 16.0.0 or newer
329 | }
330 |
331 | public func or<Input: Collection & Sendable, Output>(_ parsers: any Parsing<Input, Output>...)
    |             |- error: runtime support for parameterized protocol types is only available in tvOS 16.0.0 or newer
    |             `- note: add '@available' attribute to enclosing global function
332 |   -> Parser<Input, Output>
333 | {
/Users/admin/builder/spi-builder-workspace/Sources/Parsimonious/Combinators.swift:382:13: error: runtime support for parameterized protocol types is only available in tvOS 16.0.0 or newer
380 | }
381 |
382 | public func chain<Input: Collection & Sendable, Output>(_ parsers: any Parsing<Input, Output>...)
    |             |- error: runtime support for parameterized protocol types is only available in tvOS 16.0.0 or newer
    |             `- note: add '@available' attribute to enclosing global function
383 |   -> Parser<Input, [Output]>
384 | {
/Users/admin/builder/spi-builder-workspace/Sources/Parsimonious/Combinators.swift:397:13: error: runtime support for parameterized protocol types is only available in tvOS 16.0.0 or newer
395 | }
396 |
397 | public func join<Input: Collection & Sendable, Output>(_ parsers: any Parsing<Input, [Output]>...)
    |             |- error: runtime support for parameterized protocol types is only available in tvOS 16.0.0 or newer
    |             `- note: add '@available' attribute to enclosing global function
398 |   -> Parser<Input, [Output]>
399 | {
Failed frontend command:
/Applications/Xcode-27.0.0.app/Contents/Developer/Toolchains/XcodeDefault.xctoolchain/usr/bin/swift-frontend -frontend -emit-module -experimental-skip-non-inlinable-function-bodies-without-types /Users/admin/builder/spi-builder-workspace/Sources/Parsimonious/Combinators.swift /Users/admin/builder/spi-builder-workspace/Sources/Parsimonious/Location.swift /Users/admin/builder/spi-builder-workspace/Sources/Parsimonious/OperatorDeclarations.swift /Users/admin/builder/spi-builder-workspace/Sources/Parsimonious/ParseError.swift /Users/admin/builder/spi-builder-workspace/Sources/Parsimonious/ParseOutput.swift /Users/admin/builder/spi-builder-workspace/Sources/Parsimonious/Parser.swift /Users/admin/builder/spi-builder-workspace/Sources/Parsimonious/Parsers.swift /Users/admin/builder/spi-builder-workspace/Sources/Parsimonious/Parsing.swift /Users/admin/builder/spi-builder-workspace/Sources/Parsimonious/Scalars.swift /Users/admin/builder/spi-builder-workspace/Sources/Parsimonious/Strings.swift -target arm64-apple-tvos15.0 -disable-cross-import-overlay-search -load-resolved-plugin /Applications/Xcode-27.0.0.app/Contents/Developer/Platforms/AppleTVOS.platform/Developer/usr/lib/swift/host/plugins/libFoundationMacros.dylib\#/Applications/Xcode-27.0.0.app/Contents/Developer/Platforms/AppleTVOS.platform/Developer/usr/bin/swift-plugin-server\#FoundationMacros -load-resolved-plugin /Applications/Xcode-27.0.0.app/Contents/Developer/Platforms/AppleTVOS.platform/Developer/usr/lib/swift/host/plugins/libObservationMacros.dylib\#/Applications/Xcode-27.0.0.app/Contents/Developer/Platforms/AppleTVOS.platform/Developer/usr/bin/swift-plugin-server\#ObservationMacros -load-resolved-plugin /Applications/Xcode-27.0.0.app/Contents/Developer/Platforms/AppleTVOS.platform/Developer/usr/lib/swift/host/plugins/libSwiftMacros.dylib\#/Applications/Xcode-27.0.0.app/Contents/Developer/Platforms/AppleTVOS.platform/Developer/usr/bin/swift-plugin-server\#SwiftMacros -disable-implicit-swift-modules -Xcc -fno-implicit-modules -Xcc -fno-implicit-module-maps -explicit-swift-module-map-file /Users/admin/builder/spi-builder-workspace/.derivedData/Build/Intermediates.noindex/Parsimonious.build/Debug-appletvos/Parsimonious-t.build/Objects-normal/arm64/Parsimonious-dependencies-1.json -Xllvm -aarch64-use-tbi -enable-objc-interop -stack-check -sdk /Applications/Xcode-27.0.0.app/Contents/Developer/Platforms/AppleTVOS.platform/Developer/SDKs/AppleTVOS27.0.sdk -I /Users/admin/builder/spi-builder-workspace/.derivedData/Build/Products/Debug-appletvos -Isystem /Applications/Xcode-27.0.0.app/Contents/Developer/Platforms/AppleTVOS.platform/Developer/usr/lib -F /Users/admin/builder/spi-builder-workspace/.derivedData/Build/Products/Debug-appletvos -F /Applications/Xcode-27.0.0.app/Contents/Developer/Platforms/AppleTVOS.platform/Developer/Library/Frameworks -F /Applications/Xcode-27.0.0.app/Contents/Developer/Platforms/AppleTVOS.platform/Developer/SDKs/AppleTVOS27.0.sdk/Developer/Library/Frameworks -module-cache-path /Users/admin/builder/spi-builder-workspace/.derivedData/Build/Intermediates.noindex/SwiftExplicitPrecompiledModules -no-color-diagnostics -Xcc -fno-color-diagnostics -enable-testing -g -debug-info-format\=dwarf -dwarf-version\=4 -profile-generate -profile-coverage-mapping -swift-version 6 -Onone -D SWIFT_PACKAGE -D DEBUG -D SWIFT_MODULE_RESOURCE_BUNDLE_UNAVAILABLE -D Xcode -serialize-debugging-options -enable-experimental-feature DebugDescriptionMacro -empty-abi-descriptor -validate-clang-modules-once -clang-build-session-file /Users/admin/builder/spi-builder-workspace/.derivedData/ModuleCache.noindex/Session.modulevalidation -Xcc -working-directory -Xcc /Users/admin/builder/spi-builder-workspace/.swiftpm/xcode -enable-anonymous-context-mangled-names -file-compilation-dir /Users/admin/builder/spi-builder-workspace/.swiftpm/xcode -Xcc -D_LIBCPP_HARDENING_MODE\=_LIBCPP_HARDENING_MODE_DEBUG -Xcc -ivfsstatcache -Xcc /Users/admin/builder/spi-builder-workspace/.derivedData/SDKStatCaches.noindex/appletvos27.0-24J360-e829b21a6f8c9b70876ba0858053c044509235ffd515576fb835ffc8f67461e5.sdkstatcache -Xcc -fmodules-prune-interval\=86400 -Xcc -fmodules-prune-after\=345600 -Xcc -I/Users/admin/builder/spi-builder-workspace/.derivedData/Build/Products/Debug-appletvos/include -Xcc -I/Users/admin/builder/spi-builder-workspace/.derivedData/Build/Intermediates.noindex/Parsimonious.build/Debug-appletvos/Parsimonious-t.build/DerivedSources-normal/arm64 -Xcc -I/Users/admin/builder/spi-builder-workspace/.derivedData/Build/Intermediates.noindex/Parsimonious.build/Debug-appletvos/Parsimonious-t.build/DerivedSources/arm64 -Xcc -I/Users/admin/builder/spi-builder-workspace/.derivedData/Build/Intermediates.noindex/Parsimonious.build/Debug-appletvos/Parsimonious-t.build/DerivedSources -Xcc -DSWIFT_PACKAGE -Xcc -DDEBUG\=1 -no-auto-bridging-header-chaining -module-name Parsimonious -package-name spi_builder_workspace -const-gather-protocols-file /Users/admin/builder/spi-builder-workspace/.derivedData/Build/Intermediates.noindex/Parsimonious.build/Debug-appletvos/Parsimonious-t.build/Objects-normal/arm64/Parsimonious_const_extract_protocols.json -disable-clang-spi -clang-target arm64-apple-tvos27.0 -target-sdk-version 27.0 -target-sdk-name appletvos27.0 -in-process-plugin-server-path /Applications/Xcode-27.0.0.app/Contents/Developer/Toolchains/XcodeDefault.xctoolchain/usr/lib/swift/host/libSwiftInProcPluginServer.dylib -emit-module-doc-path /Users/admin/builder/spi-builder-workspace/.derivedData/Build/Intermediates.noindex/Parsimonious.build/Debug-appletvos/Parsimonious-t.build/Objects-normal/arm64/Parsimonious.swiftdoc -emit-module-source-info-path /Users/admin/builder/spi-builder-workspace/.derivedData/Build/Intermediates.noindex/Parsimonious.build/Debug-appletvos/Parsimonious-t.build/Objects-normal/arm64/Parsimonious.swiftsourceinfo -emit-objc-header-path /Users/admin/builder/spi-builder-workspace/.derivedData/Build/Intermediates.noindex/Parsimonious.build/Debug-appletvos/Parsimonious-t.build/Objects-normal/arm64/Parsimonious-Swift.h -serialize-diagnostics-path /Users/admin/builder/spi-builder-workspace/.derivedData/Build/Intermediates.noindex/Parsimonious.build/Debug-appletvos/Parsimonious-t.build/Objects-normal/arm64/Parsimonious-primary-emit-module.dia -emit-dependencies-path /Users/admin/builder/spi-builder-workspace/.derivedData/Build/Intermediates.noindex/Parsimonious.build/Debug-appletvos/Parsimonious-t.build/Objects-normal/arm64/Parsimonious-primary-emit-module.d -parse-as-library -o /Users/admin/builder/spi-builder-workspace/.derivedData/Build/Intermediates.noindex/Parsimonious.build/Debug-appletvos/Parsimonious-t.build/Objects-normal/arm64/Parsimonious.swiftmodule -emit-abi-descriptor-path /Users/admin/builder/spi-builder-workspace/.derivedData/Build/Intermediates.noindex/Parsimonious.build/Debug-appletvos/Parsimonious-t.build/Objects-normal/arm64/Parsimonious.abi.json
SwiftCompile normal arm64 Compiling\ Strings.swift /Users/admin/builder/spi-builder-workspace/Sources/Parsimonious/Strings.swift (in target 'Parsimonious' from project 'Parsimonious')
SwiftCompile normal arm64 /Users/admin/builder/spi-builder-workspace/Sources/Parsimonious/Strings.swift (in target 'Parsimonious' from project 'Parsimonious')
    cd /Users/admin/builder/spi-builder-workspace/.swiftpm/xcode
    builtin-SwiftPerFileCompile Strings.swift
SwiftCompile normal arm64 Compiling\ Scalars.swift /Users/admin/builder/spi-builder-workspace/Sources/Parsimonious/Scalars.swift (in target 'Parsimonious' from project 'Parsimonious')
SwiftCompile normal arm64 /Users/admin/builder/spi-builder-workspace/Sources/Parsimonious/Scalars.swift (in target 'Parsimonious' from project 'Parsimonious')
    cd /Users/admin/builder/spi-builder-workspace/.swiftpm/xcode
    builtin-SwiftPerFileCompile Scalars.swift
SwiftCompile normal arm64 Compiling\ Parser.swift /Users/admin/builder/spi-builder-workspace/Sources/Parsimonious/Parser.swift (in target 'Parsimonious' from project 'Parsimonious')
SwiftCompile normal arm64 /Users/admin/builder/spi-builder-workspace/Sources/Parsimonious/Parser.swift (in target 'Parsimonious' from project 'Parsimonious')
    cd /Users/admin/builder/spi-builder-workspace/.swiftpm/xcode
    builtin-SwiftPerFileCompile Parser.swift
SwiftCompile normal arm64 Compiling\ ParseOutput.swift /Users/admin/builder/spi-builder-workspace/Sources/Parsimonious/ParseOutput.swift (in target 'Parsimonious' from project 'Parsimonious')
SwiftCompile normal arm64 /Users/admin/builder/spi-builder-workspace/Sources/Parsimonious/ParseOutput.swift (in target 'Parsimonious' from project 'Parsimonious')
    cd /Users/admin/builder/spi-builder-workspace/.swiftpm/xcode
    builtin-SwiftPerFileCompile ParseOutput.swift
SwiftCompile normal arm64 Compiling\ Location.swift /Users/admin/builder/spi-builder-workspace/Sources/Parsimonious/Location.swift (in target 'Parsimonious' from project 'Parsimonious')
SwiftCompile normal arm64 /Users/admin/builder/spi-builder-workspace/Sources/Parsimonious/Location.swift (in target 'Parsimonious' from project 'Parsimonious')
    cd /Users/admin/builder/spi-builder-workspace/.swiftpm/xcode
    builtin-SwiftPerFileCompile Location.swift
SwiftCompile normal arm64 Compiling\ ParseError.swift /Users/admin/builder/spi-builder-workspace/Sources/Parsimonious/ParseError.swift (in target 'Parsimonious' from project 'Parsimonious')
SwiftCompile normal arm64 /Users/admin/builder/spi-builder-workspace/Sources/Parsimonious/ParseError.swift (in target 'Parsimonious' from project 'Parsimonious')
    cd /Users/admin/builder/spi-builder-workspace/.swiftpm/xcode
    builtin-SwiftPerFileCompile ParseError.swift
SwiftCompile normal arm64 Compiling\ OperatorDeclarations.swift /Users/admin/builder/spi-builder-workspace/Sources/Parsimonious/OperatorDeclarations.swift (in target 'Parsimonious' from project 'Parsimonious')
SwiftCompile normal arm64 /Users/admin/builder/spi-builder-workspace/Sources/Parsimonious/OperatorDeclarations.swift (in target 'Parsimonious' from project 'Parsimonious')
    cd /Users/admin/builder/spi-builder-workspace/.swiftpm/xcode
    builtin-SwiftPerFileCompile OperatorDeclarations.swift
SwiftCompile normal arm64 Compiling\ Parsers.swift /Users/admin/builder/spi-builder-workspace/Sources/Parsimonious/Parsers.swift (in target 'Parsimonious' from project 'Parsimonious')
SwiftCompile normal arm64 /Users/admin/builder/spi-builder-workspace/Sources/Parsimonious/Parsers.swift (in target 'Parsimonious' from project 'Parsimonious')
    cd /Users/admin/builder/spi-builder-workspace/.swiftpm/xcode
    builtin-SwiftPerFileCompile Parsers.swift
SwiftCompile normal arm64 Compiling\ Parsing.swift /Users/admin/builder/spi-builder-workspace/Sources/Parsimonious/Parsing.swift (in target 'Parsimonious' from project 'Parsimonious')
SwiftCompile normal arm64 /Users/admin/builder/spi-builder-workspace/Sources/Parsimonious/Parsing.swift (in target 'Parsimonious' from project 'Parsimonious')
    cd /Users/admin/builder/spi-builder-workspace/.swiftpm/xcode
    builtin-SwiftPerFileCompile Parsing.swift
SwiftCompile normal arm64 Compiling\ Combinators.swift /Users/admin/builder/spi-builder-workspace/Sources/Parsimonious/Combinators.swift (in target 'Parsimonious' from project 'Parsimonious')
SwiftCompile normal arm64 /Users/admin/builder/spi-builder-workspace/Sources/Parsimonious/Combinators.swift (in target 'Parsimonious' from project 'Parsimonious')
    cd /Users/admin/builder/spi-builder-workspace/.swiftpm/xcode
    builtin-SwiftPerFileCompile Combinators.swift
PruneExplicitPrecompiledModules /Users/admin/builder/spi-builder-workspace/.derivedData/Build/Intermediates.noindex/ExplicitPrecompiledModules
PruneExplicitPrecompiledModules /Users/admin/builder/spi-builder-workspace/.derivedData/Build/Intermediates.noindex/SwiftExplicitPrecompiledModules
PruneExplicitPrecompiledModules /Users/admin/builder/spi-builder-workspace/.derivedData/SDKExplicitPrecompiledModules
2026-10-28 05:09:53.281 xcodebuild[629:3920] [MT] IDERunDestination: Supported platforms for the buildables in the current scheme is empty.
** BUILD FAILED **
The following build commands failed:
	SwiftCompile normal arm64 (in target 'Parsimonious' from project 'Parsimonious')
	SwiftEmitModule normal arm64 Emitting\ module\ for\ Parsimonious (in target 'Parsimonious' from project 'Parsimonious')
	Building workspace Parsimonious with scheme Parsimonious
(3 failures)
Command line invocation:
    /Applications/Xcode-27.0.0.app/Contents/Developer/usr/bin/xcodebuild -IDEClonedSourcePackagesDirPathOverride=/Users/admin/builder/spi-builder-workspace/.dependencies -resolvePackageDependencies
Resolve Package Graph
Resolved source packages:
  Parsimonious: /Users/admin/builder/spi-builder-workspace
resolved source packages: Parsimonious
2026-10-28 05:09:57.805 xcodebuild[701:4321] [MT] IDERunDestination: Supported platforms for the buildables in the current scheme is empty.
{
  "dependencies" : [
  ],
  "manifest_display_name" : "Parsimonious",
  "name" : "Parsimonious",
  "path" : "/Users/admin/builder/spi-builder-workspace",
  "platforms" : [
    {
      "name" : "macos",
      "version" : "13.0"
    }
  ],
  "products" : [
    {
      "name" : "Parsimonious",
      "targets" : [
        "Parsimonious"
      ],
      "type" : {
        "library" : [
          "automatic"
        ]
      }
    }
  ],
  "targets" : [
    {
      "c99name" : "ParsimoniousTests",
      "module_type" : "SwiftTarget",
      "name" : "ParsimoniousTests",
      "path" : "Tests/ParsimoniousTests",
      "sources" : [
        "CharTests.swift",
        "DelimiterTests.swift",
        "FailTests.swift",
        "FlatMapTests.swift",
        "JSONTests.swift",
        "KeywordTests.swift",
        "LocationTests.swift",
        "LookaheadTests.swift",
        "ParseErrorTests.swift",
        "RepetitionTests.swift",
        "ScalarTests.swift",
        "StringTests.swift",
        "WhitespaceTests.swift"
      ],
      "target_dependencies" : [
        "Parsimonious"
      ],
      "type" : "test"
    },
    {
      "c99name" : "Parsimonious",
      "module_type" : "SwiftTarget",
      "name" : "Parsimonious",
      "path" : "Sources/Parsimonious",
      "product_memberships" : [
        "Parsimonious"
      ],
      "sources" : [
        "Combinators.swift",
        "Location.swift",
        "OperatorDeclarations.swift",
        "ParseError.swift",
        "ParseOutput.swift",
        "Parser.swift",
        "Parsers.swift",
        "Parsing.swift",
        "Scalars.swift",
        "Strings.swift"
      ],
      "type" : "library"
    }
  ],
  "tools_version" : "6.4"
}
{
  "workspace" : {
    "name" : "Parsimonious",
    "schemes" : [
      "Parsimonious"
    ]
  }
}
2026-10-28 05:09:59.026 xcodebuild[709:4389] [MT] IDERunDestination: Supported platforms for the buildables in the current scheme is empty.
Running build ...
env DEVELOPER_DIR=/Applications/Xcode-27.0.0.app xcrun xcodebuild -IDEClonedSourcePackagesDirPathOverride=$PWD/.dependencies -skipMacroValidation -skipPackagePluginValidation -derivedDataPath $PWD/.derivedData build -scheme Parsimonious -destination generic/platform=tvOS
Command line invocation:
    /Applications/Xcode-27.0.0.app/Contents/Developer/usr/bin/xcodebuild -IDEClonedSourcePackagesDirPathOverride=/Users/admin/builder/spi-builder-workspace/.dependencies -skipMacroValidation -skipPackagePluginValidation -derivedDataPath /Users/admin/builder/spi-builder-workspace/.derivedData build -scheme Parsimonious -destination generic/platform=tvOS
Resolve Package Graph
Resolved source packages:
  Parsimonious: /Users/admin/builder/spi-builder-workspace
ComputePackagePrebuildTargetDependencyGraph
Prepare packages
CreateBuildRequest
SendProjectDescription
CreateBuildOperation
ComputeTargetDependencyGraph
note: Building targets in dependency order
note: Target dependency graph (2 targets)
    Target 'Parsimonious-product' in project 'Parsimonious'
        ➜ Explicit dependency on target 'Parsimonious' in project 'Parsimonious'
    Target 'Parsimonious' in project 'Parsimonious' (no dependencies)
GatherProvisioningInputs
CreateBuildDescription
ClangStatCache /Applications/Xcode-27.0.0.app/Contents/Developer/Toolchains/XcodeDefault.xctoolchain/usr/bin/clang-stat-cache /Applications/Xcode-27.0.0.app/Contents/Developer/Platforms/AppleTVOS.platform/Developer/SDKs/AppleTVOS27.0.sdk /Users/admin/builder/spi-builder-workspace/.derivedData/SDKStatCaches.noindex/appletvos27.0-24J360-e829b21a6f8c9b70876ba0858053c044509235ffd515576fb835ffc8f67461e5.sdkstatcache
    cd /Users/admin/builder/spi-builder-workspace/.swiftpm/xcode
    /Applications/Xcode-27.0.0.app/Contents/Developer/Toolchains/XcodeDefault.xctoolchain/usr/bin/clang-stat-cache /Applications/Xcode-27.0.0.app/Contents/Developer/Platforms/AppleTVOS.platform/Developer/SDKs/AppleTVOS27.0.sdk -o /Users/admin/builder/spi-builder-workspace/.derivedData/SDKStatCaches.noindex/appletvos27.0-24J360-e829b21a6f8c9b70876ba0858053c044509235ffd515576fb835ffc8f67461e5.sdkstatcache
SwiftDriver Parsimonious normal arm64 com.apple.xcode.tools.swift.compiler (in target 'Parsimonious' from project 'Parsimonious')
    cd /Users/admin/builder/spi-builder-workspace/.swiftpm/xcode
    builtin-SwiftDriver -- /Applications/Xcode-27.0.0.app/Contents/Developer/Toolchains/XcodeDefault.xctoolchain/usr/bin/swiftc -parse-as-library -module-name Parsimonious -Onone @/Users/admin/builder/spi-builder-workspace/.derivedData/Build/Intermediates.noindex/Parsimonious.build/Debug-appletvos/Parsimonious-t.build/Objects-normal/arm64/Parsimonious.SwiftFileList -DSWIFT_PACKAGE -DDEBUG -DSWIFT_MODULE_RESOURCE_BUNDLE_UNAVAILABLE -DXcode -plugin-path /Applications/Xcode-27.0.0.app/Contents/Developer/Toolchains/XcodeDefault.xctoolchain/usr/lib/swift/host/plugins/testing -enable-experimental-feature DebugDescriptionMacro -sdk /Applications/Xcode-27.0.0.app/Contents/Developer/Platforms/AppleTVOS.platform/Developer/SDKs/AppleTVOS27.0.sdk -target arm64-apple-tvos15.0 -g -module-cache-path /Users/admin/builder/spi-builder-workspace/.derivedData/ModuleCache.noindex -Xfrontend -serialize-debugging-options -profile-coverage-mapping -profile-generate -enable-testing -index-store-path /Users/admin/builder/spi-builder-workspace/.derivedData/Index.noindex/DataStore -Xcc -D_LIBCPP_HARDENING_MODE\=_LIBCPP_HARDENING_MODE_DEBUG -swift-version 6 -I /Users/admin/builder/spi-builder-workspace/.derivedData/Build/Products/Debug-appletvos -Isystem /Applications/Xcode-27.0.0.app/Contents/Developer/Platforms/AppleTVOS.platform/Developer/usr/lib -F /Users/admin/builder/spi-builder-workspace/.derivedData/Build/Products/Debug-appletvos -F /Applications/Xcode-27.0.0.app/Contents/Developer/Platforms/AppleTVOS.platform/Developer/Library/Frameworks -F /Applications/Xcode-27.0.0.app/Contents/Developer/Platforms/AppleTVOS.platform/Developer/SDKs/AppleTVOS27.0.sdk/Developer/Library/Frameworks -c -j10 -enable-batch-mode -incremental -Xcc -ivfsstatcache -Xcc /Users/admin/builder/spi-builder-workspace/.derivedData/SDKStatCaches.noindex/appletvos27.0-24J360-e829b21a6f8c9b70876ba0858053c044509235ffd515576fb835ffc8f67461e5.sdkstatcache -output-file-map /Users/admin/builder/spi-builder-workspace/.derivedData/Build/Intermediates.noindex/Parsimonious.build/Debug-appletvos/Parsimonious-t.build/Objects-normal/arm64/Parsimonious-OutputFileMap.json -save-temps -no-color-diagnostics -explicit-module-build -module-cache-path /Users/admin/builder/spi-builder-workspace/.derivedData/Build/Intermediates.noindex/SwiftExplicitPrecompiledModules -clang-scanner-module-cache-path /Users/admin/builder/spi-builder-workspace/.derivedData/ModuleCache.noindex -sdk-module-cache-path /Users/admin/builder/spi-builder-workspace/.derivedData/SDKExplicitPrecompiledModules -emit-dependencies -emit-module -emit-module-path /Users/admin/builder/spi-builder-workspace/.derivedData/Build/Intermediates.noindex/Parsimonious.build/Debug-appletvos/Parsimonious-t.build/Objects-normal/arm64/Parsimonious.swiftmodule -serialize-diagnostics -dependency-scan-serialize-diagnostics-path /Users/admin/builder/spi-builder-workspace/.derivedData/Build/Intermediates.noindex/Parsimonious.build/Debug-appletvos/Parsimonious-t.build/Objects-normal/arm64/Parsimonious-dependency-scan.dia -validate-clang-modules-once -clang-build-session-file /Users/admin/builder/spi-builder-workspace/.derivedData/ModuleCache.noindex/Session.modulevalidation -Xcc -fmodules-prune-interval\=86400 -Xcc -fmodules-prune-after\=345600 -package-name spi_builder_workspace -emit-const-values -const-gather-protocols-list /Users/admin/builder/spi-builder-workspace/.derivedData/Build/Intermediates.noindex/Parsimonious.build/Debug-appletvos/Parsimonious-t.build/Objects-normal/arm64/Parsimonious_const_extract_protocols.json -Xcc -I/Users/admin/builder/spi-builder-workspace/.derivedData/Build/Products/Debug-appletvos/include -Xcc -I/Users/admin/builder/spi-builder-workspace/.derivedData/Build/Intermediates.noindex/Parsimonious.build/Debug-appletvos/Parsimonious-t.build/DerivedSources-normal/arm64 -Xcc -I/Users/admin/builder/spi-builder-workspace/.derivedData/Build/Intermediates.noindex/Parsimonious.build/Debug-appletvos/Parsimonious-t.build/DerivedSources/arm64 -Xcc -I/Users/admin/builder/spi-builder-workspace/.derivedData/Build/Intermediates.noindex/Parsimonious.build/Debug-appletvos/Parsimonious-t.build/DerivedSources -Xcc -DSWIFT_PACKAGE -Xcc -DDEBUG\=1 -emit-objc-header -emit-objc-header-path /Users/admin/builder/spi-builder-workspace/.derivedData/Build/Intermediates.noindex/Parsimonious.build/Debug-appletvos/Parsimonious-t.build/Objects-normal/arm64/Parsimonious-Swift.h -working-directory /Users/admin/builder/spi-builder-workspace/.swiftpm/xcode -experimental-emit-module-separately -disable-cmo
SwiftCompile normal arm64 Compiling\ Location.swift /Users/admin/builder/spi-builder-workspace/Sources/Parsimonious/Location.swift (in target 'Parsimonious' from project 'Parsimonious')
SwiftCompile normal arm64 /Users/admin/builder/spi-builder-workspace/Sources/Parsimonious/Location.swift (in target 'Parsimonious' from project 'Parsimonious')
    cd /Users/admin/builder/spi-builder-workspace/.swiftpm/xcode
    builtin-SwiftPerFileCompile Location.swift
SwiftCompile normal arm64 Compiling\ OperatorDeclarations.swift /Users/admin/builder/spi-builder-workspace/Sources/Parsimonious/OperatorDeclarations.swift (in target 'Parsimonious' from project 'Parsimonious')
SwiftCompile normal arm64 /Users/admin/builder/spi-builder-workspace/Sources/Parsimonious/OperatorDeclarations.swift (in target 'Parsimonious' from project 'Parsimonious')
    cd /Users/admin/builder/spi-builder-workspace/.swiftpm/xcode
    builtin-SwiftPerFileCompile OperatorDeclarations.swift
SwiftCompile normal arm64 Compiling\ ParseError.swift /Users/admin/builder/spi-builder-workspace/Sources/Parsimonious/ParseError.swift (in target 'Parsimonious' from project 'Parsimonious')
SwiftCompile normal arm64 /Users/admin/builder/spi-builder-workspace/Sources/Parsimonious/ParseError.swift (in target 'Parsimonious' from project 'Parsimonious')
    cd /Users/admin/builder/spi-builder-workspace/.swiftpm/xcode
    builtin-SwiftPerFileCompile ParseError.swift
SwiftCompile normal arm64 Compiling\ ParseOutput.swift /Users/admin/builder/spi-builder-workspace/Sources/Parsimonious/ParseOutput.swift (in target 'Parsimonious' from project 'Parsimonious')
SwiftCompile normal arm64 /Users/admin/builder/spi-builder-workspace/Sources/Parsimonious/ParseOutput.swift (in target 'Parsimonious' from project 'Parsimonious')
    cd /Users/admin/builder/spi-builder-workspace/.swiftpm/xcode
    builtin-SwiftPerFileCompile ParseOutput.swift
SwiftCompile normal arm64 Compiling\ Parser.swift /Users/admin/builder/spi-builder-workspace/Sources/Parsimonious/Parser.swift (in target 'Parsimonious' from project 'Parsimonious')
SwiftCompile normal arm64 /Users/admin/builder/spi-builder-workspace/Sources/Parsimonious/Parser.swift (in target 'Parsimonious' from project 'Parsimonious')
    cd /Users/admin/builder/spi-builder-workspace/.swiftpm/xcode
    builtin-SwiftPerFileCompile Parser.swift
SwiftCompile normal arm64 Compiling\ Parsers.swift /Users/admin/builder/spi-builder-workspace/Sources/Parsimonious/Parsers.swift (in target 'Parsimonious' from project 'Parsimonious')
SwiftCompile normal arm64 /Users/admin/builder/spi-builder-workspace/Sources/Parsimonious/Parsers.swift (in target 'Parsimonious' from project 'Parsimonious')
    cd /Users/admin/builder/spi-builder-workspace/.swiftpm/xcode
    builtin-SwiftPerFileCompile Parsers.swift
SwiftCompile normal arm64 Compiling\ Parsing.swift /Users/admin/builder/spi-builder-workspace/Sources/Parsimonious/Parsing.swift (in target 'Parsimonious' from project 'Parsimonious')
SwiftCompile normal arm64 /Users/admin/builder/spi-builder-workspace/Sources/Parsimonious/Parsing.swift (in target 'Parsimonious' from project 'Parsimonious')
    cd /Users/admin/builder/spi-builder-workspace/.swiftpm/xcode
    builtin-SwiftPerFileCompile Parsing.swift
SwiftCompile normal arm64 Compiling\ Scalars.swift /Users/admin/builder/spi-builder-workspace/Sources/Parsimonious/Scalars.swift (in target 'Parsimonious' from project 'Parsimonious')
SwiftCompile normal arm64 /Users/admin/builder/spi-builder-workspace/Sources/Parsimonious/Scalars.swift (in target 'Parsimonious' from project 'Parsimonious')
    cd /Users/admin/builder/spi-builder-workspace/.swiftpm/xcode
    builtin-SwiftPerFileCompile Scalars.swift
SwiftCompile normal arm64 Compiling\ Combinators.swift /Users/admin/builder/spi-builder-workspace/Sources/Parsimonious/Combinators.swift (in target 'Parsimonious' from project 'Parsimonious')
/Users/admin/builder/spi-builder-workspace/Sources/Parsimonious/Combinators.swift:314:13: error: runtime support for parameterized protocol types is only available in tvOS 16.0.0 or newer
312 | }
313 |
314 | public func or<Input: Collection & Sendable, Output>(_ parsers: [any Parsing<Input, Output>])
    |             |- error: runtime support for parameterized protocol types is only available in tvOS 16.0.0 or newer
    |             `- note: add '@available' attribute to enclosing global function
315 |   -> Parser<Input, Output>
316 | {
/Users/admin/builder/spi-builder-workspace/Sources/Parsimonious/Combinators.swift:331:13: error: runtime support for parameterized protocol types is only available in tvOS 16.0.0 or newer
329 | }
330 |
331 | public func or<Input: Collection & Sendable, Output>(_ parsers: any Parsing<Input, Output>...)
    |             |- error: runtime support for parameterized protocol types is only available in tvOS 16.0.0 or newer
    |             `- note: add '@available' attribute to enclosing global function
332 |   -> Parser<Input, Output>
333 | {
/Users/admin/builder/spi-builder-workspace/Sources/Parsimonious/Combinators.swift:382:13: error: runtime support for parameterized protocol types is only available in tvOS 16.0.0 or newer
380 | }
381 |
382 | public func chain<Input: Collection & Sendable, Output>(_ parsers: any Parsing<Input, Output>...)
    |             |- error: runtime support for parameterized protocol types is only available in tvOS 16.0.0 or newer
    |             `- note: add '@available' attribute to enclosing global function
383 |   -> Parser<Input, [Output]>
384 | {
/Users/admin/builder/spi-builder-workspace/Sources/Parsimonious/Combinators.swift:397:13: error: runtime support for parameterized protocol types is only available in tvOS 16.0.0 or newer
395 | }
396 |
397 | public func join<Input: Collection & Sendable, Output>(_ parsers: any Parsing<Input, [Output]>...)
    |             |- error: runtime support for parameterized protocol types is only available in tvOS 16.0.0 or newer
    |             `- note: add '@available' attribute to enclosing global function
398 |   -> Parser<Input, [Output]>
399 | {
/Users/admin/builder/spi-builder-workspace/Sources/Parsimonious/Combinators.swift:318:5: error: runtime support for parameterized protocol types is only available in tvOS 16.0.0 or newer
312 | }
313 |
314 | public func or<Input: Collection & Sendable, Output>(_ parsers: [any Parsing<Input, Output>])
    |             `- note: add '@available' attribute to enclosing global function
315 |   -> Parser<Input, Output>
316 | {
317 |   Parser { (input) throws(ParseError<Input>) in
318 |     for parser in parsers {
    |     |- error: runtime support for parameterized protocol types is only available in tvOS 16.0.0 or newer
    |     `- note: add 'if #available' version check
319 |       do throws(ParseError<Input>) {
320 |         return try parser.parse(input)
/Users/admin/builder/spi-builder-workspace/Sources/Parsimonious/Combinators.swift:318:5: error: runtime support for parameterized protocol types is only available in tvOS 16.0.0 or newer
312 | }
313 |
314 | public func or<Input: Collection & Sendable, Output>(_ parsers: [any Parsing<Input, Output>])
    |             `- note: add '@available' attribute to enclosing global function
315 |   -> Parser<Input, Output>
316 | {
317 |   Parser { (input) throws(ParseError<Input>) in
318 |     for parser in parsers {
    |     |- error: runtime support for parameterized protocol types is only available in tvOS 16.0.0 or newer
    |     `- note: add 'if #available' version check
319 |       do throws(ParseError<Input>) {
320 |         return try parser.parse(input)
/Users/admin/builder/spi-builder-workspace/Sources/Parsimonious/Combinators.swift:318:5: error: runtime support for parameterized protocol types is only available in tvOS 16.0.0 or newer
312 | }
313 |
314 | public func or<Input: Collection & Sendable, Output>(_ parsers: [any Parsing<Input, Output>])
    |             `- note: add '@available' attribute to enclosing global function
315 |   -> Parser<Input, Output>
316 | {
317 |   Parser { (input) throws(ParseError<Input>) in
318 |     for parser in parsers {
    |     |- error: runtime support for parameterized protocol types is only available in tvOS 16.0.0 or newer
    |     `- note: add 'if #available' version check
319 |       do throws(ParseError<Input>) {
320 |         return try parser.parse(input)
/Users/admin/builder/spi-builder-workspace/Sources/Parsimonious/Combinators.swift:318:5: error: runtime support for parameterized protocol types is only available in tvOS 16.0.0 or newer
312 | }
313 |
314 | public func or<Input: Collection & Sendable, Output>(_ parsers: [any Parsing<Input, Output>])
    |             `- note: add '@available' attribute to enclosing global function
315 |   -> Parser<Input, Output>
316 | {
317 |   Parser { (input) throws(ParseError<Input>) in
318 |     for parser in parsers {
    |     |- error: runtime support for parameterized protocol types is only available in tvOS 16.0.0 or newer
    |     `- note: add 'if #available' version check
319 |       do throws(ParseError<Input>) {
320 |         return try parser.parse(input)
/Users/admin/builder/spi-builder-workspace/Sources/Parsimonious/Combinators.swift:388:5: error: runtime support for parameterized protocol types is only available in tvOS 16.0.0 or newer
380 | }
381 |
382 | public func chain<Input: Collection & Sendable, Output>(_ parsers: any Parsing<Input, Output>...)
    |             `- note: add '@available' attribute to enclosing global function
383 |   -> Parser<Input, [Output]>
384 | {
    :
386 |     var outputs: [Output] = []
387 |     var nextInput = input
388 |     for parser in parsers {
    |     |- error: runtime support for parameterized protocol types is only available in tvOS 16.0.0 or newer
    |     `- note: add 'if #available' version check
389 |       let output = try parser.parse(nextInput)
390 |       outputs.append(output.output)
/Users/admin/builder/spi-builder-workspace/Sources/Parsimonious/Combinators.swift:388:5: error: runtime support for parameterized protocol types is only available in tvOS 16.0.0 or newer
380 | }
381 |
382 | public func chain<Input: Collection & Sendable, Output>(_ parsers: any Parsing<Input, Output>...)
    |             `- note: add '@available' attribute to enclosing global function
383 |   -> Parser<Input, [Output]>
384 | {
    :
386 |     var outputs: [Output] = []
387 |     var nextInput = input
388 |     for parser in parsers {
    |     |- error: runtime support for parameterized protocol types is only available in tvOS 16.0.0 or newer
    |     `- note: add 'if #available' version check
389 |       let output = try parser.parse(nextInput)
390 |       outputs.append(output.output)
/Users/admin/builder/spi-builder-workspace/Sources/Parsimonious/Combinators.swift:388:5: error: runtime support for parameterized protocol types is only available in tvOS 16.0.0 or newer
380 | }
381 |
382 | public func chain<Input: Collection & Sendable, Output>(_ parsers: any Parsing<Input, Output>...)
    |             `- note: add '@available' attribute to enclosing global function
383 |   -> Parser<Input, [Output]>
384 | {
    :
386 |     var outputs: [Output] = []
387 |     var nextInput = input
388 |     for parser in parsers {
    |     |- error: runtime support for parameterized protocol types is only available in tvOS 16.0.0 or newer
    |     `- note: add 'if #available' version check
389 |       let output = try parser.parse(nextInput)
390 |       outputs.append(output.output)
/Users/admin/builder/spi-builder-workspace/Sources/Parsimonious/Combinators.swift:388:5: error: runtime support for parameterized protocol types is only available in tvOS 16.0.0 or newer
380 | }
381 |
382 | public func chain<Input: Collection & Sendable, Output>(_ parsers: any Parsing<Input, Output>...)
    |             `- note: add '@available' attribute to enclosing global function
383 |   -> Parser<Input, [Output]>
384 | {
    :
386 |     var outputs: [Output] = []
387 |     var nextInput = input
388 |     for parser in parsers {
    |     |- error: runtime support for parameterized protocol types is only available in tvOS 16.0.0 or newer
    |     `- note: add 'if #available' version check
389 |       let output = try parser.parse(nextInput)
390 |       outputs.append(output.output)
/Users/admin/builder/spi-builder-workspace/Sources/Parsimonious/Combinators.swift:403:5: error: runtime support for parameterized protocol types is only available in tvOS 16.0.0 or newer
395 | }
396 |
397 | public func join<Input: Collection & Sendable, Output>(_ parsers: any Parsing<Input, [Output]>...)
    |             `- note: add '@available' attribute to enclosing global function
398 |   -> Parser<Input, [Output]>
399 | {
    :
401 |     var outputs: [Output] = []
402 |     var nextInput = input
403 |     for parser in parsers {
    |     |- error: runtime support for parameterized protocol types is only available in tvOS 16.0.0 or newer
    |     `- note: add 'if #available' version check
404 |       let output = try parser.parse(nextInput)
405 |       outputs.append(contentsOf: output.output)
/Users/admin/builder/spi-builder-workspace/Sources/Parsimonious/Combinators.swift:403:5: error: runtime support for parameterized protocol types is only available in tvOS 16.0.0 or newer
395 | }
396 |
397 | public func join<Input: Collection & Sendable, Output>(_ parsers: any Parsing<Input, [Output]>...)
    |             `- note: add '@available' attribute to enclosing global function
398 |   -> Parser<Input, [Output]>
399 | {
    :
401 |     var outputs: [Output] = []
402 |     var nextInput = input
403 |     for parser in parsers {
    |     |- error: runtime support for parameterized protocol types is only available in tvOS 16.0.0 or newer
    |     `- note: add 'if #available' version check
404 |       let output = try parser.parse(nextInput)
405 |       outputs.append(contentsOf: output.output)
/Users/admin/builder/spi-builder-workspace/Sources/Parsimonious/Combinators.swift:403:5: error: runtime support for parameterized protocol types is only available in tvOS 16.0.0 or newer
395 | }
396 |
397 | public func join<Input: Collection & Sendable, Output>(_ parsers: any Parsing<Input, [Output]>...)
    |             `- note: add '@available' attribute to enclosing global function
398 |   -> Parser<Input, [Output]>
399 | {
    :
401 |     var outputs: [Output] = []
402 |     var nextInput = input
403 |     for parser in parsers {
    |     |- error: runtime support for parameterized protocol types is only available in tvOS 16.0.0 or newer
    |     `- note: add 'if #available' version check
404 |       let output = try parser.parse(nextInput)
405 |       outputs.append(contentsOf: output.output)
SwiftCompile normal arm64 /Users/admin/builder/spi-builder-workspace/Sources/Parsimonious/Combinators.swift (in target 'Parsimonious' from project 'Parsimonious')
    cd /Users/admin/builder/spi-builder-workspace/.swiftpm/xcode
    builtin-SwiftPerFileCompile Combinators.swift
SwiftEmitModule normal arm64 Emitting\ module\ for\ Parsimonious (in target 'Parsimonious' from project 'Parsimonious')
/Users/admin/builder/spi-builder-workspace/Sources/Parsimonious/Combinators.swift:314:13: error: runtime support for parameterized protocol types is only available in tvOS 16.0.0 or newer
312 | }
313 |
314 | public func or<Input: Collection & Sendable, Output>(_ parsers: [any Parsing<Input, Output>])
    |             |- error: runtime support for parameterized protocol types is only available in tvOS 16.0.0 or newer
    |             `- note: add '@available' attribute to enclosing global function
315 |   -> Parser<Input, Output>
316 | {
/Users/admin/builder/spi-builder-workspace/Sources/Parsimonious/Combinators.swift:331:13: error: runtime support for parameterized protocol types is only available in tvOS 16.0.0 or newer
329 | }
330 |
331 | public func or<Input: Collection & Sendable, Output>(_ parsers: any Parsing<Input, Output>...)
    |             |- error: runtime support for parameterized protocol types is only available in tvOS 16.0.0 or newer
    |             `- note: add '@available' attribute to enclosing global function
332 |   -> Parser<Input, Output>
333 | {
/Users/admin/builder/spi-builder-workspace/Sources/Parsimonious/Combinators.swift:382:13: error: runtime support for parameterized protocol types is only available in tvOS 16.0.0 or newer
380 | }
381 |
382 | public func chain<Input: Collection & Sendable, Output>(_ parsers: any Parsing<Input, Output>...)
    |             |- error: runtime support for parameterized protocol types is only available in tvOS 16.0.0 or newer
    |             `- note: add '@available' attribute to enclosing global function
383 |   -> Parser<Input, [Output]>
384 | {
/Users/admin/builder/spi-builder-workspace/Sources/Parsimonious/Combinators.swift:397:13: error: runtime support for parameterized protocol types is only available in tvOS 16.0.0 or newer
395 | }
396 |
397 | public func join<Input: Collection & Sendable, Output>(_ parsers: any Parsing<Input, [Output]>...)
    |             |- error: runtime support for parameterized protocol types is only available in tvOS 16.0.0 or newer
    |             `- note: add '@available' attribute to enclosing global function
398 |   -> Parser<Input, [Output]>
399 | {
Failed frontend command:
/Applications/Xcode-27.0.0.app/Contents/Developer/Toolchains/XcodeDefault.xctoolchain/usr/bin/swift-frontend -frontend -emit-module -experimental-skip-non-inlinable-function-bodies-without-types /Users/admin/builder/spi-builder-workspace/Sources/Parsimonious/Combinators.swift /Users/admin/builder/spi-builder-workspace/Sources/Parsimonious/Location.swift /Users/admin/builder/spi-builder-workspace/Sources/Parsimonious/OperatorDeclarations.swift /Users/admin/builder/spi-builder-workspace/Sources/Parsimonious/ParseError.swift /Users/admin/builder/spi-builder-workspace/Sources/Parsimonious/ParseOutput.swift /Users/admin/builder/spi-builder-workspace/Sources/Parsimonious/Parser.swift /Users/admin/builder/spi-builder-workspace/Sources/Parsimonious/Parsers.swift /Users/admin/builder/spi-builder-workspace/Sources/Parsimonious/Parsing.swift /Users/admin/builder/spi-builder-workspace/Sources/Parsimonious/Scalars.swift /Users/admin/builder/spi-builder-workspace/Sources/Parsimonious/Strings.swift -target arm64-apple-tvos15.0 -disable-cross-import-overlay-search -load-resolved-plugin /Applications/Xcode-27.0.0.app/Contents/Developer/Platforms/AppleTVOS.platform/Developer/usr/lib/swift/host/plugins/libFoundationMacros.dylib\#/Applications/Xcode-27.0.0.app/Contents/Developer/Platforms/AppleTVOS.platform/Developer/usr/bin/swift-plugin-server\#FoundationMacros -load-resolved-plugin /Applications/Xcode-27.0.0.app/Contents/Developer/Platforms/AppleTVOS.platform/Developer/usr/lib/swift/host/plugins/libObservationMacros.dylib\#/Applications/Xcode-27.0.0.app/Contents/Developer/Platforms/AppleTVOS.platform/Developer/usr/bin/swift-plugin-server\#ObservationMacros -load-resolved-plugin /Applications/Xcode-27.0.0.app/Contents/Developer/Platforms/AppleTVOS.platform/Developer/usr/lib/swift/host/plugins/libSwiftMacros.dylib\#/Applications/Xcode-27.0.0.app/Contents/Developer/Platforms/AppleTVOS.platform/Developer/usr/bin/swift-plugin-server\#SwiftMacros -disable-implicit-swift-modules -Xcc -fno-implicit-modules -Xcc -fno-implicit-module-maps -explicit-swift-module-map-file /Users/admin/builder/spi-builder-workspace/.derivedData/Build/Intermediates.noindex/Parsimonious.build/Debug-appletvos/Parsimonious-t.build/Objects-normal/arm64/Parsimonious-dependencies-1.json -Xllvm -aarch64-use-tbi -enable-objc-interop -stack-check -sdk /Applications/Xcode-27.0.0.app/Contents/Developer/Platforms/AppleTVOS.platform/Developer/SDKs/AppleTVOS27.0.sdk -I /Users/admin/builder/spi-builder-workspace/.derivedData/Build/Products/Debug-appletvos -Isystem /Applications/Xcode-27.0.0.app/Contents/Developer/Platforms/AppleTVOS.platform/Developer/usr/lib -F /Users/admin/builder/spi-builder-workspace/.derivedData/Build/Products/Debug-appletvos -F /Applications/Xcode-27.0.0.app/Contents/Developer/Platforms/AppleTVOS.platform/Developer/Library/Frameworks -F /Applications/Xcode-27.0.0.app/Contents/Developer/Platforms/AppleTVOS.platform/Developer/SDKs/AppleTVOS27.0.sdk/Developer/Library/Frameworks -module-cache-path /Users/admin/builder/spi-builder-workspace/.derivedData/Build/Intermediates.noindex/SwiftExplicitPrecompiledModules -no-color-diagnostics -Xcc -fno-color-diagnostics -enable-testing -g -debug-info-format\=dwarf -dwarf-version\=4 -profile-generate -profile-coverage-mapping -swift-version 6 -Onone -D SWIFT_PACKAGE -D DEBUG -D SWIFT_MODULE_RESOURCE_BUNDLE_UNAVAILABLE -D Xcode -serialize-debugging-options -enable-experimental-feature DebugDescriptionMacro -empty-abi-descriptor -validate-clang-modules-once -clang-build-session-file /Users/admin/builder/spi-builder-workspace/.derivedData/ModuleCache.noindex/Session.modulevalidation -Xcc -working-directory -Xcc /Users/admin/builder/spi-builder-workspace/.swiftpm/xcode -enable-anonymous-context-mangled-names -file-compilation-dir /Users/admin/builder/spi-builder-workspace/.swiftpm/xcode -Xcc -D_LIBCPP_HARDENING_MODE\=_LIBCPP_HARDENING_MODE_DEBUG -Xcc -ivfsstatcache -Xcc /Users/admin/builder/spi-builder-workspace/.derivedData/SDKStatCaches.noindex/appletvos27.0-24J360-e829b21a6f8c9b70876ba0858053c044509235ffd515576fb835ffc8f67461e5.sdkstatcache -Xcc -fmodules-prune-interval\=86400 -Xcc -fmodules-prune-after\=345600 -Xcc -I/Users/admin/builder/spi-builder-workspace/.derivedData/Build/Products/Debug-appletvos/include -Xcc -I/Users/admin/builder/spi-builder-workspace/.derivedData/Build/Intermediates.noindex/Parsimonious.build/Debug-appletvos/Parsimonious-t.build/DerivedSources-normal/arm64 -Xcc -I/Users/admin/builder/spi-builder-workspace/.derivedData/Build/Intermediates.noindex/Parsimonious.build/Debug-appletvos/Parsimonious-t.build/DerivedSources/arm64 -Xcc -I/Users/admin/builder/spi-builder-workspace/.derivedData/Build/Intermediates.noindex/Parsimonious.build/Debug-appletvos/Parsimonious-t.build/DerivedSources -Xcc -DSWIFT_PACKAGE -Xcc -DDEBUG\=1 -no-auto-bridging-header-chaining -module-name Parsimonious -package-name spi_builder_workspace -const-gather-protocols-file /Users/admin/builder/spi-builder-workspace/.derivedData/Build/Intermediates.noindex/Parsimonious.build/Debug-appletvos/Parsimonious-t.build/Objects-normal/arm64/Parsimonious_const_extract_protocols.json -disable-clang-spi -clang-target arm64-apple-tvos27.0 -target-sdk-version 27.0 -target-sdk-name appletvos27.0 -in-process-plugin-server-path /Applications/Xcode-27.0.0.app/Contents/Developer/Toolchains/XcodeDefault.xctoolchain/usr/lib/swift/host/libSwiftInProcPluginServer.dylib -emit-module-doc-path /Users/admin/builder/spi-builder-workspace/.derivedData/Build/Intermediates.noindex/Parsimonious.build/Debug-appletvos/Parsimonious-t.build/Objects-normal/arm64/Parsimonious.swiftdoc -emit-module-source-info-path /Users/admin/builder/spi-builder-workspace/.derivedData/Build/Intermediates.noindex/Parsimonious.build/Debug-appletvos/Parsimonious-t.build/Objects-normal/arm64/Parsimonious.swiftsourceinfo -emit-objc-header-path /Users/admin/builder/spi-builder-workspace/.derivedData/Build/Intermediates.noindex/Parsimonious.build/Debug-appletvos/Parsimonious-t.build/Objects-normal/arm64/Parsimonious-Swift.h -serialize-diagnostics-path /Users/admin/builder/spi-builder-workspace/.derivedData/Build/Intermediates.noindex/Parsimonious.build/Debug-appletvos/Parsimonious-t.build/Objects-normal/arm64/Parsimonious-primary-emit-module.dia -emit-dependencies-path /Users/admin/builder/spi-builder-workspace/.derivedData/Build/Intermediates.noindex/Parsimonious.build/Debug-appletvos/Parsimonious-t.build/Objects-normal/arm64/Parsimonious-primary-emit-module.d -parse-as-library -o /Users/admin/builder/spi-builder-workspace/.derivedData/Build/Intermediates.noindex/Parsimonious.build/Debug-appletvos/Parsimonious-t.build/Objects-normal/arm64/Parsimonious.swiftmodule -emit-abi-descriptor-path /Users/admin/builder/spi-builder-workspace/.derivedData/Build/Intermediates.noindex/Parsimonious.build/Debug-appletvos/Parsimonious-t.build/Objects-normal/arm64/Parsimonious.abi.json
SwiftCompile normal arm64 (in target 'Parsimonious' from project 'Parsimonious')
    cd /Users/admin/builder/spi-builder-workspace/.swiftpm/xcode

SwiftCompile normal arm64 Compiling\ Strings.swift /Users/admin/builder/spi-builder-workspace/Sources/Parsimonious/Strings.swift (in target 'Parsimonious' from project 'Parsimonious')
SwiftCompile normal arm64 /Users/admin/builder/spi-builder-workspace/Sources/Parsimonious/Strings.swift (in target 'Parsimonious' from project 'Parsimonious')
    cd /Users/admin/builder/spi-builder-workspace/.swiftpm/xcode
    builtin-SwiftPerFileCompile Strings.swift
PruneExplicitPrecompiledModules /Users/admin/builder/spi-builder-workspace/.derivedData/Build/Intermediates.noindex/ExplicitPrecompiledModules
PruneExplicitPrecompiledModules /Users/admin/builder/spi-builder-workspace/.derivedData/SDKExplicitPrecompiledModules
PruneExplicitPrecompiledModules /Users/admin/builder/spi-builder-workspace/.derivedData/Build/Intermediates.noindex/SwiftExplicitPrecompiledModules
2026-10-28 05:10:00.017 xcodebuild[710:4413] [MT] IDERunDestination: Supported platforms for the buildables in the current scheme is empty.
** BUILD FAILED **
The following build commands failed:
	SwiftEmitModule normal arm64 Emitting\ module\ for\ Parsimonious (in target 'Parsimonious' from project 'Parsimonious')
	SwiftCompile normal arm64 (in target 'Parsimonious' from project 'Parsimonious')
	Building workspace Parsimonious with scheme Parsimonious
(3 failures)
BUILD FAILURE 6.4 tvOS