The Swift Package Index logo.Swift Package Index

Build Information

Failed to build AdaptiveTabView, reference 0.5.1 (29db79), with Swift 6.4 for watchOS using Xcode 27.0 on 19 Sep 2026 06:29:07 UTC.

Build Command

env DEVELOPER_DIR=/Applications/Xcode-27.0.0-Release.Candidate.app xcrun xcodebuild -IDEClonedSourcePackagesDirPathOverride=$PWD/.dependencies -skipMacroValidation -skipPackagePluginValidation -derivedDataPath $PWD/.derivedData build -scheme AdaptiveTabView -destination generic/platform=watchOS

Build Log

========================================
RunAll
========================================
Builder version: 5.1.0
Interrupt handler set up.
========================================
Checkout
========================================
Clone URL: https://github.com/mpdifran/AdaptiveTabView.git
Reference: 0.5.1
Initialized empty Git repository in /Users/admin/builder/spi-builder-workspace/.git/
From https://github.com/mpdifran/AdaptiveTabView
 * tag               0.5.1      -> FETCH_HEAD
HEAD is now at 29db798 Add support for specifying a @State to control column visibility
Cloned https://github.com/mpdifran/AdaptiveTabView.git
Revision (git rev-parse @):
29db79831c4e2bbeeb50d56f9681a6be1bd8a5ad
SPI manifest file found: $PWD/.spi.yml
SUCCESS checkout https://github.com/mpdifran/AdaptiveTabView.git at 0.5.1
========================================
Build
========================================
Selected platform:         watchOS
Swift version:             6.4
Building package at path:  $PWD
https://github.com/mpdifran/AdaptiveTabView.git
Command line invocation:
    /Applications/Xcode-27.0.0-Release.Candidate.app/Contents/Developer/usr/bin/xcodebuild -IDEClonedSourcePackagesDirPathOverride=/Users/admin/builder/spi-builder-workspace/.dependencies -resolvePackageDependencies
Resolve Package Graph
Fetching from https://github.com/andtie/SequenceBuilder.git
Creating working copy of package ‘SequenceBuilder’
Checking out 0.0.7 of package ‘SequenceBuilder’
Resolve Package Graph
Resolved source packages:
  SequenceBuilder: https://github.com/andtie/SequenceBuilder.git @ 0.0.7
  AdaptiveTabView: /Users/admin/builder/spi-builder-workspace
resolved source packages: SequenceBuilder, AdaptiveTabView
2026-09-19 02:28:07.526 xcodebuild[529:3037] [MT] IDERunDestination: Supported platforms for the buildables in the current scheme is empty.
{
  "dependencies" : [
    {
      "identity" : "sequencebuilder",
      "requirement" : {
        "range" : [
          {
            "lower_bound" : "0.0.7",
            "upper_bound" : "1.0.0"
          }
        ]
      },
      "type" : "sourceControl",
      "url" : "https://github.com/andtie/SequenceBuilder.git"
    }
  ],
  "manifest_display_name" : "AdaptiveTabView",
  "name" : "AdaptiveTabView",
  "path" : "/Users/admin/builder/spi-builder-workspace",
  "platforms" : [
    {
      "name" : "macos",
      "version" : "13.0"
    },
    {
      "name" : "ios",
      "version" : "16.0"
    },
    {
      "name" : "tvos",
      "version" : "16.0"
    }
  ],
  "products" : [
    {
      "name" : "AdaptiveTabView",
      "targets" : [
        "AdaptiveTabView"
      ],
      "type" : {
        "library" : [
          "automatic"
        ]
      }
    }
  ],
  "targets" : [
    {
      "c99name" : "AdaptiveTabView",
      "module_type" : "SwiftTarget",
      "name" : "AdaptiveTabView",
      "path" : "Sources/AdaptiveTabView",
      "product_dependencies" : [
        "SequenceBuilder"
      ],
      "product_memberships" : [
        "AdaptiveTabView"
      ],
      "sources" : [
        "AdaptiveTabView.swift",
        "Environment/SelectedTabTransformer.swift",
        "Extensions/Either+SwiftUI.swift",
        "Identifiers/TabIdentifier.swift",
        "PreviewContent/PreviewTitleImageProvidingView.swift",
        "Protocols/TitleImageProviding.swift",
        "SidebarLayout/SidebarItemNavigationLink.swift",
        "SidebarLayout/SidebarLayoutView.swift",
        "SidebarLayout/SidebarView.swift",
        "TabLayout/TabLayoutView.swift",
        "TabLayout/TabNavigationView.swift",
        "Typealiases/TabContentView.swift"
      ],
      "type" : "library"
    }
  ],
  "tools_version" : "5.7"
}
{
  "workspace" : {
    "name" : "AdaptiveTabView",
    "schemes" : [
      "AdaptiveTabView"
    ]
  }
}
2026-09-19 02:28:48.805 xcodebuild[690:4341] [MT] IDERunDestination: Supported platforms for the buildables in the current scheme is empty.
Running build ...
env DEVELOPER_DIR=/Applications/Xcode-27.0.0-Release.Candidate.app xcrun xcodebuild -IDEClonedSourcePackagesDirPathOverride=$PWD/.dependencies -skipMacroValidation -skipPackagePluginValidation -derivedDataPath $PWD/.derivedData build -scheme AdaptiveTabView -destination generic/platform=watchOS
Command line invocation:
    /Applications/Xcode-27.0.0-Release.Candidate.app/Contents/Developer/usr/bin/xcodebuild -IDEClonedSourcePackagesDirPathOverride=/Users/admin/builder/spi-builder-workspace/.dependencies -skipMacroValidation -skipPackagePluginValidation -derivedDataPath /Users/admin/builder/spi-builder-workspace/.derivedData build -scheme AdaptiveTabView -destination generic/platform=watchOS
Resolve Package Graph
Resolve Package Graph
Resolved source packages:
  AdaptiveTabView: /Users/admin/builder/spi-builder-workspace
  SequenceBuilder: https://github.com/andtie/SequenceBuilder.git @ 0.0.7
ComputePackagePrebuildTargetDependencyGraph
Prepare packages
CreateBuildRequest
SendProjectDescription
CreateBuildOperation
ComputeTargetDependencyGraph
note: Building targets in dependency order
note: Target dependency graph (4 targets)
    Target 'AdaptiveTabView-product' in project 'AdaptiveTabView'
        ➜ Explicit dependency on target 'AdaptiveTabView' in project 'AdaptiveTabView'
        ➜ Explicit dependency on target 'SequenceBuilder-product' in project 'SequenceBuilder'
    Target 'AdaptiveTabView' in project 'AdaptiveTabView'
        ➜ Explicit dependency on target 'SequenceBuilder-product' in project 'SequenceBuilder'
    Target 'SequenceBuilder-product' in project 'SequenceBuilder'
        ➜ Explicit dependency on target 'SequenceBuilder' in project 'SequenceBuilder'
    Target 'SequenceBuilder' in project 'SequenceBuilder' (no dependencies)
GatherProvisioningInputs
CreateBuildDescription
ExecuteExternalTool /Applications/Xcode-27.0.0-Release.Candidate.app/Contents/Developer/Toolchains/XcodeDefault.xctoolchain/usr/bin/clang -v -E -dM -isysroot /Applications/Xcode-27.0.0-Release.Candidate.app/Contents/Developer/Platforms/WatchOS.platform/Developer/SDKs/WatchOS27.0.sdk -x c -c /dev/null
ExecuteExternalTool /Applications/Xcode-27.0.0-Release.Candidate.app/Contents/Developer/Toolchains/XcodeDefault.xctoolchain/usr/bin/swiftc --version
ExecuteExternalTool /Applications/Xcode-27.0.0-Release.Candidate.app/Contents/Developer/Toolchains/XcodeDefault.xctoolchain/usr/bin/ld -version_details
Build description signature: 8a719a25b9f74cb2fc19f899b6a7e1e1
Build description path: /Users/admin/builder/spi-builder-workspace/.derivedData/Build/Intermediates.noindex/XCBuildData/8a719a25b9f74cb2fc19f899b6a7e1e1.xcbuilddata
CreateBuildDirectory /Users/admin/builder/spi-builder-workspace/.derivedData/SDKExplicitPrecompiledModules
    cd /Users/admin/builder/spi-builder-workspace/.swiftpm/xcode
    builtin-create-build-directory /Users/admin/builder/spi-builder-workspace/.derivedData/SDKExplicitPrecompiledModules
CreateBuildDirectory /Users/admin/builder/spi-builder-workspace/.derivedData/ModuleCache.noindex
    cd /Users/admin/builder/spi-builder-workspace/.swiftpm/xcode
    builtin-create-build-directory /Users/admin/builder/spi-builder-workspace/.derivedData/ModuleCache.noindex
CreateBuildDirectory /Users/admin/builder/spi-builder-workspace/.derivedData/Build/Intermediates.noindex
    cd /Users/admin/builder/spi-builder-workspace/.swiftpm/xcode
    builtin-create-build-directory /Users/admin/builder/spi-builder-workspace/.derivedData/Build/Intermediates.noindex
CreateBuildDirectory /Users/admin/builder/spi-builder-workspace/.derivedData/CompilationCache.noindex
    cd /Users/admin/builder/spi-builder-workspace/.swiftpm/xcode
    builtin-create-build-directory /Users/admin/builder/spi-builder-workspace/.derivedData/CompilationCache.noindex
CreateBuildDirectory /Users/admin/builder/spi-builder-workspace/.derivedData/Build/Products
    cd /Users/admin/builder/spi-builder-workspace/.swiftpm/xcode
    builtin-create-build-directory /Users/admin/builder/spi-builder-workspace/.derivedData/Build/Products
ClangStatCache /Applications/Xcode-27.0.0-Release.Candidate.app/Contents/Developer/Toolchains/XcodeDefault.xctoolchain/usr/bin/clang-stat-cache /Applications/Xcode-27.0.0-Release.Candidate.app/Contents/Developer/Platforms/WatchOS.platform/Developer/SDKs/WatchOS27.0.sdk /Users/admin/builder/spi-builder-workspace/.derivedData/SDKStatCaches.noindex/watchos27.0-24R360-e829b21a6f8c9b70876ba0858053c04477534ef55a1706bf4c1112bbb242f0a2.sdkstatcache
    cd /Users/admin/builder/spi-builder-workspace/.swiftpm/xcode
    /Applications/Xcode-27.0.0-Release.Candidate.app/Contents/Developer/Toolchains/XcodeDefault.xctoolchain/usr/bin/clang-stat-cache /Applications/Xcode-27.0.0-Release.Candidate.app/Contents/Developer/Platforms/WatchOS.platform/Developer/SDKs/WatchOS27.0.sdk -o /Users/admin/builder/spi-builder-workspace/.derivedData/SDKStatCaches.noindex/watchos27.0-24R360-e829b21a6f8c9b70876ba0858053c04477534ef55a1706bf4c1112bbb242f0a2.sdkstatcache
CreateBuildDirectory /Users/admin/builder/spi-builder-workspace/.derivedData/Build/Intermediates.noindex/SwiftExplicitPrecompiledModules
    cd /Users/admin/builder/spi-builder-workspace/.swiftpm/xcode
    builtin-create-build-directory /Users/admin/builder/spi-builder-workspace/.derivedData/Build/Intermediates.noindex/SwiftExplicitPrecompiledModules
CreateBuildDirectory /Users/admin/builder/spi-builder-workspace/.derivedData/Build/Intermediates.noindex/PrecompiledHeaders
    cd /Users/admin/builder/spi-builder-workspace/.swiftpm/xcode
    builtin-create-build-directory /Users/admin/builder/spi-builder-workspace/.derivedData/Build/Intermediates.noindex/PrecompiledHeaders
CreateBuildDirectory /Users/admin/builder/spi-builder-workspace/.derivedData/Build/Intermediates.noindex/ExplicitPrecompiledModules
    cd /Users/admin/builder/spi-builder-workspace/.swiftpm/xcode
    builtin-create-build-directory /Users/admin/builder/spi-builder-workspace/.derivedData/Build/Intermediates.noindex/ExplicitPrecompiledModules
CreateBuildDirectory /Users/admin/builder/spi-builder-workspace/.derivedData/Build/Products/Debug-watchos
    cd /Users/admin/builder/spi-builder-workspace/.swiftpm/xcode
    builtin-create-build-directory /Users/admin/builder/spi-builder-workspace/.derivedData/Build/Products/Debug-watchos
CreateBuildDirectory /Users/admin/builder/spi-builder-workspace/.derivedData/Build/Intermediates.noindex/EagerLinkingTBDs/Debug-watchos
    cd /Users/admin/builder/spi-builder-workspace/.swiftpm/xcode
    builtin-create-build-directory /Users/admin/builder/spi-builder-workspace/.derivedData/Build/Intermediates.noindex/EagerLinkingTBDs/Debug-watchos
CreateBuildDirectory /Users/admin/builder/spi-builder-workspace/.derivedData/Build/Products/Debug-watchos/PackageFrameworks
    cd /Users/admin/builder/spi-builder-workspace/.swiftpm/xcode
    builtin-create-build-directory /Users/admin/builder/spi-builder-workspace/.derivedData/Build/Products/Debug-watchos/PackageFrameworks
WriteAuxiliaryFile /Users/admin/builder/spi-builder-workspace/.derivedData/Build/Intermediates.noindex/SequenceBuilder.build/Debug-watchos/SequenceBuilder-t.build/SequenceBuilder.DependencyMetadataFileList (in target 'SequenceBuilder' from project 'SequenceBuilder')
    cd /Users/admin/builder/spi-builder-workspace/.dependencies/checkouts/SequenceBuilder
    write-file /Users/admin/builder/spi-builder-workspace/.derivedData/Build/Intermediates.noindex/SequenceBuilder.build/Debug-watchos/SequenceBuilder-t.build/SequenceBuilder.DependencyMetadataFileList
WriteAuxiliaryFile /Users/admin/builder/spi-builder-workspace/.derivedData/Build/Intermediates.noindex/SequenceBuilder.build/Debug-watchos/SequenceBuilder-t.build/SequenceBuilder.modulemap (in target 'SequenceBuilder' from project 'SequenceBuilder')
    cd /Users/admin/builder/spi-builder-workspace/.dependencies/checkouts/SequenceBuilder
    write-file /Users/admin/builder/spi-builder-workspace/.derivedData/Build/Intermediates.noindex/SequenceBuilder.build/Debug-watchos/SequenceBuilder-t.build/SequenceBuilder.modulemap
WriteAuxiliaryFile /Users/admin/builder/spi-builder-workspace/.derivedData/Build/Intermediates.noindex/SequenceBuilder.build/Debug-watchos/SequenceBuilder-t.build/SequenceBuilder.DependencyStaticMetadataFileList (in target 'SequenceBuilder' from project 'SequenceBuilder')
    cd /Users/admin/builder/spi-builder-workspace/.dependencies/checkouts/SequenceBuilder
    write-file /Users/admin/builder/spi-builder-workspace/.derivedData/Build/Intermediates.noindex/SequenceBuilder.build/Debug-watchos/SequenceBuilder-t.build/SequenceBuilder.DependencyStaticMetadataFileList
WriteAuxiliaryFile /Users/admin/builder/spi-builder-workspace/.derivedData/Build/Intermediates.noindex/SequenceBuilder.build/Debug-watchos/SequenceBuilder-t.build/Objects-normal/arm64_32/SequenceBuilder.SwiftConstValuesFileList (in target 'SequenceBuilder' from project 'SequenceBuilder')
    cd /Users/admin/builder/spi-builder-workspace/.dependencies/checkouts/SequenceBuilder
    write-file /Users/admin/builder/spi-builder-workspace/.derivedData/Build/Intermediates.noindex/SequenceBuilder.build/Debug-watchos/SequenceBuilder-t.build/Objects-normal/arm64_32/SequenceBuilder.SwiftConstValuesFileList
WriteAuxiliaryFile /Users/admin/builder/spi-builder-workspace/.derivedData/Build/Intermediates.noindex/SequenceBuilder.build/Debug-watchos/SequenceBuilder-t.build/Objects-normal/arm64_32/SequenceBuilder.SwiftFileList (in target 'SequenceBuilder' from project 'SequenceBuilder')
    cd /Users/admin/builder/spi-builder-workspace/.dependencies/checkouts/SequenceBuilder
    write-file /Users/admin/builder/spi-builder-workspace/.derivedData/Build/Intermediates.noindex/SequenceBuilder.build/Debug-watchos/SequenceBuilder-t.build/Objects-normal/arm64_32/SequenceBuilder.SwiftFileList
WriteAuxiliaryFile /Users/admin/builder/spi-builder-workspace/.derivedData/Build/Intermediates.noindex/SequenceBuilder.build/Debug-watchos/SequenceBuilder-t.build/Objects-normal/arm64_32/SequenceBuilder.LinkFileList (in target 'SequenceBuilder' from project 'SequenceBuilder')
    cd /Users/admin/builder/spi-builder-workspace/.dependencies/checkouts/SequenceBuilder
    write-file /Users/admin/builder/spi-builder-workspace/.derivedData/Build/Intermediates.noindex/SequenceBuilder.build/Debug-watchos/SequenceBuilder-t.build/Objects-normal/arm64_32/SequenceBuilder.LinkFileList
WriteAuxiliaryFile /Users/admin/builder/spi-builder-workspace/.derivedData/Build/Intermediates.noindex/SequenceBuilder.build/Debug-watchos/SequenceBuilder-t.build/Objects-normal/arm64_32/SequenceBuilder_const_extract_protocols.json (in target 'SequenceBuilder' from project 'SequenceBuilder')
    cd /Users/admin/builder/spi-builder-workspace/.dependencies/checkouts/SequenceBuilder
    write-file /Users/admin/builder/spi-builder-workspace/.derivedData/Build/Intermediates.noindex/SequenceBuilder.build/Debug-watchos/SequenceBuilder-t.build/Objects-normal/arm64_32/SequenceBuilder_const_extract_protocols.json
WriteAuxiliaryFile /Users/admin/builder/spi-builder-workspace/.derivedData/Build/Intermediates.noindex/SequenceBuilder.build/Debug-watchos/SequenceBuilder-t.build/Objects-normal/arm64_32/SequenceBuilder-OutputFileMap.json (in target 'SequenceBuilder' from project 'SequenceBuilder')
    cd /Users/admin/builder/spi-builder-workspace/.dependencies/checkouts/SequenceBuilder
    write-file /Users/admin/builder/spi-builder-workspace/.derivedData/Build/Intermediates.noindex/SequenceBuilder.build/Debug-watchos/SequenceBuilder-t.build/Objects-normal/arm64_32/SequenceBuilder-OutputFileMap.json
WriteAuxiliaryFile /Users/admin/builder/spi-builder-workspace/.derivedData/Build/Intermediates.noindex/SequenceBuilder.build/Debug-watchos/SequenceBuilder-t.build/Objects-normal/arm64/SequenceBuilder_const_extract_protocols.json (in target 'SequenceBuilder' from project 'SequenceBuilder')
    cd /Users/admin/builder/spi-builder-workspace/.dependencies/checkouts/SequenceBuilder
    write-file /Users/admin/builder/spi-builder-workspace/.derivedData/Build/Intermediates.noindex/SequenceBuilder.build/Debug-watchos/SequenceBuilder-t.build/Objects-normal/arm64/SequenceBuilder_const_extract_protocols.json
WriteAuxiliaryFile /Users/admin/builder/spi-builder-workspace/.derivedData/Build/Intermediates.noindex/SequenceBuilder.build/Debug-watchos/SequenceBuilder-t.build/Objects-normal/arm64/SequenceBuilder.SwiftConstValuesFileList (in target 'SequenceBuilder' from project 'SequenceBuilder')
    cd /Users/admin/builder/spi-builder-workspace/.dependencies/checkouts/SequenceBuilder
    write-file /Users/admin/builder/spi-builder-workspace/.derivedData/Build/Intermediates.noindex/SequenceBuilder.build/Debug-watchos/SequenceBuilder-t.build/Objects-normal/arm64/SequenceBuilder.SwiftConstValuesFileList
WriteAuxiliaryFile /Users/admin/builder/spi-builder-workspace/.derivedData/Build/Intermediates.noindex/SequenceBuilder.build/Debug-watchos/SequenceBuilder-t.build/Objects-normal/arm64/SequenceBuilder.SwiftFileList (in target 'SequenceBuilder' from project 'SequenceBuilder')
    cd /Users/admin/builder/spi-builder-workspace/.dependencies/checkouts/SequenceBuilder
    write-file /Users/admin/builder/spi-builder-workspace/.derivedData/Build/Intermediates.noindex/SequenceBuilder.build/Debug-watchos/SequenceBuilder-t.build/Objects-normal/arm64/SequenceBuilder.SwiftFileList
WriteAuxiliaryFile /Users/admin/builder/spi-builder-workspace/.derivedData/Build/Intermediates.noindex/SequenceBuilder.build/Debug-watchos/SequenceBuilder-t.build/Objects-normal/arm64/SequenceBuilder.LinkFileList (in target 'SequenceBuilder' from project 'SequenceBuilder')
    cd /Users/admin/builder/spi-builder-workspace/.dependencies/checkouts/SequenceBuilder
    write-file /Users/admin/builder/spi-builder-workspace/.derivedData/Build/Intermediates.noindex/SequenceBuilder.build/Debug-watchos/SequenceBuilder-t.build/Objects-normal/arm64/SequenceBuilder.LinkFileList
WriteAuxiliaryFile /Users/admin/builder/spi-builder-workspace/.derivedData/Build/Intermediates.noindex/SequenceBuilder.build/Debug-watchos/SequenceBuilder-t.build/Objects-normal/arm64/SequenceBuilder-OutputFileMap.json (in target 'SequenceBuilder' from project 'SequenceBuilder')
    cd /Users/admin/builder/spi-builder-workspace/.dependencies/checkouts/SequenceBuilder
    write-file /Users/admin/builder/spi-builder-workspace/.derivedData/Build/Intermediates.noindex/SequenceBuilder.build/Debug-watchos/SequenceBuilder-t.build/Objects-normal/arm64/SequenceBuilder-OutputFileMap.json
Copy /Users/admin/builder/spi-builder-workspace/.derivedData/Build/Intermediates.noindex/GeneratedModuleMaps-watchos/SequenceBuilder.modulemap /Users/admin/builder/spi-builder-workspace/.derivedData/Build/Intermediates.noindex/SequenceBuilder.build/Debug-watchos/SequenceBuilder-t.build/SequenceBuilder.modulemap (in target 'SequenceBuilder' from project 'SequenceBuilder')
    cd /Users/admin/builder/spi-builder-workspace/.dependencies/checkouts/SequenceBuilder
    builtin-copy -exclude .DS_Store -exclude CVS -exclude .svn -exclude .git -exclude .hg -resolve-src-symlinks /Users/admin/builder/spi-builder-workspace/.derivedData/Build/Intermediates.noindex/SequenceBuilder.build/Debug-watchos/SequenceBuilder-t.build/SequenceBuilder.modulemap /Users/admin/builder/spi-builder-workspace/.derivedData/Build/Intermediates.noindex/GeneratedModuleMaps-watchos
WriteAuxiliaryFile /Users/admin/builder/spi-builder-workspace/.derivedData/Build/Intermediates.noindex/AdaptiveTabView.build/Debug-watchos/AdaptiveTabView-t.build/Objects-normal/arm64_32/AdaptiveTabView.LinkFileList (in target 'AdaptiveTabView' from project 'AdaptiveTabView')
    cd /Users/admin/builder/spi-builder-workspace
    write-file /Users/admin/builder/spi-builder-workspace/.derivedData/Build/Intermediates.noindex/AdaptiveTabView.build/Debug-watchos/AdaptiveTabView-t.build/Objects-normal/arm64_32/AdaptiveTabView.LinkFileList
WriteAuxiliaryFile /Users/admin/builder/spi-builder-workspace/.derivedData/Build/Intermediates.noindex/AdaptiveTabView.build/Debug-watchos/AdaptiveTabView-t.build/Objects-normal/arm64_32/AdaptiveTabView.SwiftFileList (in target 'AdaptiveTabView' from project 'AdaptiveTabView')
    cd /Users/admin/builder/spi-builder-workspace
    write-file /Users/admin/builder/spi-builder-workspace/.derivedData/Build/Intermediates.noindex/AdaptiveTabView.build/Debug-watchos/AdaptiveTabView-t.build/Objects-normal/arm64_32/AdaptiveTabView.SwiftFileList
WriteAuxiliaryFile /Users/admin/builder/spi-builder-workspace/.derivedData/Build/Intermediates.noindex/AdaptiveTabView.build/Debug-watchos/AdaptiveTabView-t.build/Objects-normal/arm64_32/AdaptiveTabView.SwiftConstValuesFileList (in target 'AdaptiveTabView' from project 'AdaptiveTabView')
    cd /Users/admin/builder/spi-builder-workspace
    write-file /Users/admin/builder/spi-builder-workspace/.derivedData/Build/Intermediates.noindex/AdaptiveTabView.build/Debug-watchos/AdaptiveTabView-t.build/Objects-normal/arm64_32/AdaptiveTabView.SwiftConstValuesFileList
WriteAuxiliaryFile /Users/admin/builder/spi-builder-workspace/.derivedData/Build/Intermediates.noindex/AdaptiveTabView.build/Debug-watchos/AdaptiveTabView-t.build/Objects-normal/arm64_32/AdaptiveTabView_const_extract_protocols.json (in target 'AdaptiveTabView' from project 'AdaptiveTabView')
    cd /Users/admin/builder/spi-builder-workspace
    write-file /Users/admin/builder/spi-builder-workspace/.derivedData/Build/Intermediates.noindex/AdaptiveTabView.build/Debug-watchos/AdaptiveTabView-t.build/Objects-normal/arm64_32/AdaptiveTabView_const_extract_protocols.json
WriteAuxiliaryFile /Users/admin/builder/spi-builder-workspace/.derivedData/Build/Intermediates.noindex/AdaptiveTabView.build/Debug-watchos/AdaptiveTabView-t.build/Objects-normal/arm64_32/AdaptiveTabView-OutputFileMap.json (in target 'AdaptiveTabView' from project 'AdaptiveTabView')
    cd /Users/admin/builder/spi-builder-workspace
    write-file /Users/admin/builder/spi-builder-workspace/.derivedData/Build/Intermediates.noindex/AdaptiveTabView.build/Debug-watchos/AdaptiveTabView-t.build/Objects-normal/arm64_32/AdaptiveTabView-OutputFileMap.json
WriteAuxiliaryFile /Users/admin/builder/spi-builder-workspace/.derivedData/Build/Intermediates.noindex/AdaptiveTabView.build/Debug-watchos/AdaptiveTabView-t.build/Objects-normal/arm64/AdaptiveTabView.SwiftFileList (in target 'AdaptiveTabView' from project 'AdaptiveTabView')
    cd /Users/admin/builder/spi-builder-workspace
    write-file /Users/admin/builder/spi-builder-workspace/.derivedData/Build/Intermediates.noindex/AdaptiveTabView.build/Debug-watchos/AdaptiveTabView-t.build/Objects-normal/arm64/AdaptiveTabView.SwiftFileList
WriteAuxiliaryFile /Users/admin/builder/spi-builder-workspace/.derivedData/Build/Intermediates.noindex/AdaptiveTabView.build/Debug-watchos/AdaptiveTabView-t.build/Objects-normal/arm64/AdaptiveTabView_const_extract_protocols.json (in target 'AdaptiveTabView' from project 'AdaptiveTabView')
    cd /Users/admin/builder/spi-builder-workspace
    write-file /Users/admin/builder/spi-builder-workspace/.derivedData/Build/Intermediates.noindex/AdaptiveTabView.build/Debug-watchos/AdaptiveTabView-t.build/Objects-normal/arm64/AdaptiveTabView_const_extract_protocols.json
WriteAuxiliaryFile /Users/admin/builder/spi-builder-workspace/.derivedData/Build/Intermediates.noindex/AdaptiveTabView.build/Debug-watchos/AdaptiveTabView-t.build/Objects-normal/arm64/AdaptiveTabView.SwiftConstValuesFileList (in target 'AdaptiveTabView' from project 'AdaptiveTabView')
    cd /Users/admin/builder/spi-builder-workspace
    write-file /Users/admin/builder/spi-builder-workspace/.derivedData/Build/Intermediates.noindex/AdaptiveTabView.build/Debug-watchos/AdaptiveTabView-t.build/Objects-normal/arm64/AdaptiveTabView.SwiftConstValuesFileList
WriteAuxiliaryFile /Users/admin/builder/spi-builder-workspace/.derivedData/Build/Intermediates.noindex/AdaptiveTabView.build/Debug-watchos/AdaptiveTabView-t.build/Objects-normal/arm64/AdaptiveTabView-OutputFileMap.json (in target 'AdaptiveTabView' from project 'AdaptiveTabView')
    cd /Users/admin/builder/spi-builder-workspace
    write-file /Users/admin/builder/spi-builder-workspace/.derivedData/Build/Intermediates.noindex/AdaptiveTabView.build/Debug-watchos/AdaptiveTabView-t.build/Objects-normal/arm64/AdaptiveTabView-OutputFileMap.json
WriteAuxiliaryFile /Users/admin/builder/spi-builder-workspace/.derivedData/Build/Intermediates.noindex/AdaptiveTabView.build/Debug-watchos/AdaptiveTabView-t.build/Objects-normal/arm64/AdaptiveTabView.LinkFileList (in target 'AdaptiveTabView' from project 'AdaptiveTabView')
    cd /Users/admin/builder/spi-builder-workspace
    write-file /Users/admin/builder/spi-builder-workspace/.derivedData/Build/Intermediates.noindex/AdaptiveTabView.build/Debug-watchos/AdaptiveTabView-t.build/Objects-normal/arm64/AdaptiveTabView.LinkFileList
WriteAuxiliaryFile /Users/admin/builder/spi-builder-workspace/.derivedData/Build/Intermediates.noindex/AdaptiveTabView.build/Debug-watchos/AdaptiveTabView-t.build/AdaptiveTabView.modulemap (in target 'AdaptiveTabView' from project 'AdaptiveTabView')
    cd /Users/admin/builder/spi-builder-workspace
    write-file /Users/admin/builder/spi-builder-workspace/.derivedData/Build/Intermediates.noindex/AdaptiveTabView.build/Debug-watchos/AdaptiveTabView-t.build/AdaptiveTabView.modulemap
WriteAuxiliaryFile /Users/admin/builder/spi-builder-workspace/.derivedData/Build/Intermediates.noindex/AdaptiveTabView.build/Debug-watchos/AdaptiveTabView-t.build/AdaptiveTabView.DependencyStaticMetadataFileList (in target 'AdaptiveTabView' from project 'AdaptiveTabView')
    cd /Users/admin/builder/spi-builder-workspace
    write-file /Users/admin/builder/spi-builder-workspace/.derivedData/Build/Intermediates.noindex/AdaptiveTabView.build/Debug-watchos/AdaptiveTabView-t.build/AdaptiveTabView.DependencyStaticMetadataFileList
WriteAuxiliaryFile /Users/admin/builder/spi-builder-workspace/.derivedData/Build/Intermediates.noindex/AdaptiveTabView.build/Debug-watchos/AdaptiveTabView-t.build/AdaptiveTabView.DependencyMetadataFileList (in target 'AdaptiveTabView' from project 'AdaptiveTabView')
    cd /Users/admin/builder/spi-builder-workspace
    write-file /Users/admin/builder/spi-builder-workspace/.derivedData/Build/Intermediates.noindex/AdaptiveTabView.build/Debug-watchos/AdaptiveTabView-t.build/AdaptiveTabView.DependencyMetadataFileList
Copy /Users/admin/builder/spi-builder-workspace/.derivedData/Build/Intermediates.noindex/GeneratedModuleMaps-watchos/AdaptiveTabView.modulemap /Users/admin/builder/spi-builder-workspace/.derivedData/Build/Intermediates.noindex/AdaptiveTabView.build/Debug-watchos/AdaptiveTabView-t.build/AdaptiveTabView.modulemap (in target 'AdaptiveTabView' from project 'AdaptiveTabView')
    cd /Users/admin/builder/spi-builder-workspace
    builtin-copy -exclude .DS_Store -exclude CVS -exclude .svn -exclude .git -exclude .hg -resolve-src-symlinks /Users/admin/builder/spi-builder-workspace/.derivedData/Build/Intermediates.noindex/AdaptiveTabView.build/Debug-watchos/AdaptiveTabView-t.build/AdaptiveTabView.modulemap /Users/admin/builder/spi-builder-workspace/.derivedData/Build/Intermediates.noindex/GeneratedModuleMaps-watchos
SwiftDriver SequenceBuilder normal arm64_32 com.apple.xcode.tools.swift.compiler (in target 'SequenceBuilder' from project 'SequenceBuilder')
    cd /Users/admin/builder/spi-builder-workspace/.swiftpm/xcode
    builtin-SwiftDriver -- /Applications/Xcode-27.0.0-Release.Candidate.app/Contents/Developer/Toolchains/XcodeDefault.xctoolchain/usr/bin/swiftc -parse-as-library -module-name SequenceBuilder -Onone @/Users/admin/builder/spi-builder-workspace/.derivedData/Build/Intermediates.noindex/SequenceBuilder.build/Debug-watchos/SequenceBuilder-t.build/Objects-normal/arm64_32/SequenceBuilder.SwiftFileList -DSWIFT_PACKAGE -DDEBUG -DSWIFT_MODULE_RESOURCE_BUNDLE_UNAVAILABLE -DXcode -plugin-path /Applications/Xcode-27.0.0-Release.Candidate.app/Contents/Developer/Toolchains/XcodeDefault.xctoolchain/usr/lib/swift/host/plugins/testing -enable-experimental-feature DebugDescriptionMacro -sdk /Applications/Xcode-27.0.0-Release.Candidate.app/Contents/Developer/Platforms/WatchOS.platform/Developer/SDKs/WatchOS27.0.sdk -target arm64_32-apple-watchos9.0 -g -module-cache-path /Users/admin/builder/spi-builder-workspace/.derivedData/ModuleCache.noindex -Xfrontend -serialize-debugging-options -enable-testing -suppress-warnings -index-store-path /Users/admin/builder/spi-builder-workspace/.derivedData/Index.noindex/DataStore -Xcc -D_LIBCPP_HARDENING_MODE\=_LIBCPP_HARDENING_MODE_DEBUG -swift-version 5 -I /Users/admin/builder/spi-builder-workspace/.derivedData/Build/Products/Debug-watchos -Isystem /Applications/Xcode-27.0.0-Release.Candidate.app/Contents/Developer/Platforms/WatchOS.platform/Developer/usr/lib -F /Users/admin/builder/spi-builder-workspace/.derivedData/Build/Products/Debug-watchos -F /Applications/Xcode-27.0.0-Release.Candidate.app/Contents/Developer/Platforms/WatchOS.platform/Developer/Library/Frameworks -F /Applications/Xcode-27.0.0-Release.Candidate.app/Contents/Developer/Platforms/WatchOS.platform/Developer/SDKs/WatchOS27.0.sdk/Developer/Library/Frameworks -c -j10 -enable-batch-mode -incremental -Xcc -ivfsstatcache -Xcc /Users/admin/builder/spi-builder-workspace/.derivedData/SDKStatCaches.noindex/watchos27.0-24R360-e829b21a6f8c9b70876ba0858053c04477534ef55a1706bf4c1112bbb242f0a2.sdkstatcache -output-file-map /Users/admin/builder/spi-builder-workspace/.derivedData/Build/Intermediates.noindex/SequenceBuilder.build/Debug-watchos/SequenceBuilder-t.build/Objects-normal/arm64_32/SequenceBuilder-OutputFileMap.json -save-temps -no-color-diagnostics -explicit-module-build -module-cache-path /Users/admin/builder/spi-builder-workspace/.derivedData/Build/Intermediates.noindex/SwiftExplicitPrecompiledModules -clang-scanner-module-cache-path /Users/admin/builder/spi-builder-workspace/.derivedData/ModuleCache.noindex -sdk-module-cache-path /Users/admin/builder/spi-builder-workspace/.derivedData/SDKExplicitPrecompiledModules -emit-dependencies -emit-module -emit-module-path /Users/admin/builder/spi-builder-workspace/.derivedData/Build/Intermediates.noindex/SequenceBuilder.build/Debug-watchos/SequenceBuilder-t.build/Objects-normal/arm64_32/SequenceBuilder.swiftmodule -serialize-diagnostics -dependency-scan-serialize-diagnostics-path /Users/admin/builder/spi-builder-workspace/.derivedData/Build/Intermediates.noindex/SequenceBuilder.build/Debug-watchos/SequenceBuilder-t.build/Objects-normal/arm64_32/SequenceBuilder-dependency-scan.dia -validate-clang-modules-once -clang-build-session-file /Users/admin/builder/spi-builder-workspace/.derivedData/ModuleCache.noindex/Session.modulevalidation -Xcc -fmodules-prune-interval\=86400 -Xcc -fmodules-prune-after\=345600 -emit-const-values -const-gather-protocols-list /Users/admin/builder/spi-builder-workspace/.derivedData/Build/Intermediates.noindex/SequenceBuilder.build/Debug-watchos/SequenceBuilder-t.build/Objects-normal/arm64_32/SequenceBuilder_const_extract_protocols.json -Xcc -I/Users/admin/builder/spi-builder-workspace/.derivedData/Build/Products/Debug-watchos/include -Xcc -I/Users/admin/builder/spi-builder-workspace/.derivedData/Build/Intermediates.noindex/SequenceBuilder.build/Debug-watchos/SequenceBuilder-t.build/DerivedSources-normal/arm64_32 -Xcc -I/Users/admin/builder/spi-builder-workspace/.derivedData/Build/Intermediates.noindex/SequenceBuilder.build/Debug-watchos/SequenceBuilder-t.build/DerivedSources/arm64_32 -Xcc -I/Users/admin/builder/spi-builder-workspace/.derivedData/Build/Intermediates.noindex/SequenceBuilder.build/Debug-watchos/SequenceBuilder-t.build/DerivedSources -Xcc -DSWIFT_PACKAGE -Xcc -DDEBUG\=1 -emit-objc-header -emit-objc-header-path /Users/admin/builder/spi-builder-workspace/.derivedData/Build/Intermediates.noindex/SequenceBuilder.build/Debug-watchos/SequenceBuilder-t.build/Objects-normal/arm64_32/SequenceBuilder-Swift.h -working-directory /Users/admin/builder/spi-builder-workspace/.swiftpm/xcode -experimental-emit-module-separately -disable-cmo
SwiftDriver SequenceBuilder normal arm64 com.apple.xcode.tools.swift.compiler (in target 'SequenceBuilder' from project 'SequenceBuilder')
    cd /Users/admin/builder/spi-builder-workspace/.swiftpm/xcode
    builtin-SwiftDriver -- /Applications/Xcode-27.0.0-Release.Candidate.app/Contents/Developer/Toolchains/XcodeDefault.xctoolchain/usr/bin/swiftc -parse-as-library -module-name SequenceBuilder -Onone @/Users/admin/builder/spi-builder-workspace/.derivedData/Build/Intermediates.noindex/SequenceBuilder.build/Debug-watchos/SequenceBuilder-t.build/Objects-normal/arm64/SequenceBuilder.SwiftFileList -DSWIFT_PACKAGE -DDEBUG -DSWIFT_MODULE_RESOURCE_BUNDLE_UNAVAILABLE -DXcode -plugin-path /Applications/Xcode-27.0.0-Release.Candidate.app/Contents/Developer/Toolchains/XcodeDefault.xctoolchain/usr/lib/swift/host/plugins/testing -enable-experimental-feature DebugDescriptionMacro -sdk /Applications/Xcode-27.0.0-Release.Candidate.app/Contents/Developer/Platforms/WatchOS.platform/Developer/SDKs/WatchOS27.0.sdk -target arm64-apple-watchos9.0 -g -module-cache-path /Users/admin/builder/spi-builder-workspace/.derivedData/ModuleCache.noindex -Xfrontend -serialize-debugging-options -enable-testing -suppress-warnings -index-store-path /Users/admin/builder/spi-builder-workspace/.derivedData/Index.noindex/DataStore -Xcc -D_LIBCPP_HARDENING_MODE\=_LIBCPP_HARDENING_MODE_DEBUG -swift-version 5 -I /Users/admin/builder/spi-builder-workspace/.derivedData/Build/Products/Debug-watchos -Isystem /Applications/Xcode-27.0.0-Release.Candidate.app/Contents/Developer/Platforms/WatchOS.platform/Developer/usr/lib -F /Users/admin/builder/spi-builder-workspace/.derivedData/Build/Products/Debug-watchos -F /Applications/Xcode-27.0.0-Release.Candidate.app/Contents/Developer/Platforms/WatchOS.platform/Developer/Library/Frameworks -F /Applications/Xcode-27.0.0-Release.Candidate.app/Contents/Developer/Platforms/WatchOS.platform/Developer/SDKs/WatchOS27.0.sdk/Developer/Library/Frameworks -c -j10 -enable-batch-mode -incremental -Xcc -ivfsstatcache -Xcc /Users/admin/builder/spi-builder-workspace/.derivedData/SDKStatCaches.noindex/watchos27.0-24R360-e829b21a6f8c9b70876ba0858053c04477534ef55a1706bf4c1112bbb242f0a2.sdkstatcache -output-file-map /Users/admin/builder/spi-builder-workspace/.derivedData/Build/Intermediates.noindex/SequenceBuilder.build/Debug-watchos/SequenceBuilder-t.build/Objects-normal/arm64/SequenceBuilder-OutputFileMap.json -save-temps -no-color-diagnostics -explicit-module-build -module-cache-path /Users/admin/builder/spi-builder-workspace/.derivedData/Build/Intermediates.noindex/SwiftExplicitPrecompiledModules -clang-scanner-module-cache-path /Users/admin/builder/spi-builder-workspace/.derivedData/ModuleCache.noindex -sdk-module-cache-path /Users/admin/builder/spi-builder-workspace/.derivedData/SDKExplicitPrecompiledModules -emit-dependencies -emit-module -emit-module-path /Users/admin/builder/spi-builder-workspace/.derivedData/Build/Intermediates.noindex/SequenceBuilder.build/Debug-watchos/SequenceBuilder-t.build/Objects-normal/arm64/SequenceBuilder.swiftmodule -serialize-diagnostics -dependency-scan-serialize-diagnostics-path /Users/admin/builder/spi-builder-workspace/.derivedData/Build/Intermediates.noindex/SequenceBuilder.build/Debug-watchos/SequenceBuilder-t.build/Objects-normal/arm64/SequenceBuilder-dependency-scan.dia -validate-clang-modules-once -clang-build-session-file /Users/admin/builder/spi-builder-workspace/.derivedData/ModuleCache.noindex/Session.modulevalidation -Xcc -fmodules-prune-interval\=86400 -Xcc -fmodules-prune-after\=345600 -emit-const-values -const-gather-protocols-list /Users/admin/builder/spi-builder-workspace/.derivedData/Build/Intermediates.noindex/SequenceBuilder.build/Debug-watchos/SequenceBuilder-t.build/Objects-normal/arm64/SequenceBuilder_const_extract_protocols.json -Xcc -I/Users/admin/builder/spi-builder-workspace/.derivedData/Build/Products/Debug-watchos/include -Xcc -I/Users/admin/builder/spi-builder-workspace/.derivedData/Build/Intermediates.noindex/SequenceBuilder.build/Debug-watchos/SequenceBuilder-t.build/DerivedSources-normal/arm64 -Xcc -I/Users/admin/builder/spi-builder-workspace/.derivedData/Build/Intermediates.noindex/SequenceBuilder.build/Debug-watchos/SequenceBuilder-t.build/DerivedSources/arm64 -Xcc -I/Users/admin/builder/spi-builder-workspace/.derivedData/Build/Intermediates.noindex/SequenceBuilder.build/Debug-watchos/SequenceBuilder-t.build/DerivedSources -Xcc -DSWIFT_PACKAGE -Xcc -DDEBUG\=1 -emit-objc-header -emit-objc-header-path /Users/admin/builder/spi-builder-workspace/.derivedData/Build/Intermediates.noindex/SequenceBuilder.build/Debug-watchos/SequenceBuilder-t.build/Objects-normal/arm64/SequenceBuilder-Swift.h -working-directory /Users/admin/builder/spi-builder-workspace/.swiftpm/xcode -experimental-emit-module-separately -disable-cmo
SwiftExplicitDependencyGeneratePcm arm64 /Users/admin/builder/spi-builder-workspace/.derivedData/SDKExplicitPrecompiledModules/_Builtin_float-C0CW5Q4HGBQYKE77TC42IAFB5.pcm
SwiftExplicitDependencyGeneratePcm arm64 /Users/admin/builder/spi-builder-workspace/.derivedData/SDKExplicitPrecompiledModules/SwiftShims-4MXFZPV6FEB0XBYXCGPWAMQGL.pcm
SwiftExplicitDependencyGeneratePcm arm64 /Users/admin/builder/spi-builder-workspace/.derivedData/SDKExplicitPrecompiledModules/_SwiftConcurrencyShims-659N52XSKR5F0QSB880BH2FJR.pcm
SwiftExplicitDependencyGeneratePcm arm64 /Users/admin/builder/spi-builder-workspace/.derivedData/SDKExplicitPrecompiledModules/_Builtin_stdbool-83J96QSOFE9VX04AAS6310UAE.pcm
SwiftExplicitDependencyGeneratePcm arm64 /Users/admin/builder/spi-builder-workspace/.derivedData/SDKExplicitPrecompiledModules/ptrcheck-AIF0NDOYZ8ORBNHQAQR5NNB8M.pcm
SwiftExplicitDependencyGeneratePcm arm64 /Users/admin/builder/spi-builder-workspace/.derivedData/SDKExplicitPrecompiledModules/ptrauth-3TZ9WJCGLYD25HQPWH4968ONX.pcm
SwiftExplicitDependencyGeneratePcm arm64 /Users/admin/builder/spi-builder-workspace/.derivedData/SDKExplicitPrecompiledModules/_AvailabilityInternal-BUNV3UXM65NT37THI4W1AM0SF.pcm
SwiftExplicitDependencyGeneratePcm arm64_32 /Users/admin/builder/spi-builder-workspace/.derivedData/SDKExplicitPrecompiledModules/_Builtin_float-6KO8O3PEWRCA4WC6PPLOYO6WJ.pcm
SwiftExplicitDependencyGeneratePcm arm64_32 /Users/admin/builder/spi-builder-workspace/.derivedData/SDKExplicitPrecompiledModules/_Builtin_stdarg-D305JG44A2WPI6CJY37X3QJE8.pcm
SwiftExplicitDependencyGeneratePcm arm64_32 /Users/admin/builder/spi-builder-workspace/.derivedData/SDKExplicitPrecompiledModules/_Builtin_stddef-H44EFHQX6XSS5MZ7QP6YJZ76.pcm
SwiftExplicitDependencyGeneratePcm arm64_32 /Users/admin/builder/spi-builder-workspace/.derivedData/SDKExplicitPrecompiledModules/_Builtin_stdbool-A967K8W8YUYEC9SN52KJ7OO88.pcm
SwiftExplicitDependencyGeneratePcm arm64_32 /Users/admin/builder/spi-builder-workspace/.derivedData/SDKExplicitPrecompiledModules/SwiftShims-9CQQGWTSNTN9EB5NSHDWUJICH.pcm
SwiftExplicitDependencyGeneratePcm arm64_32 /Users/admin/builder/spi-builder-workspace/.derivedData/SDKExplicitPrecompiledModules/ptrcheck-7ELIH9BTIGVKX3UBITM9N72WD.pcm
SwiftExplicitDependencyGeneratePcm arm64_32 /Users/admin/builder/spi-builder-workspace/.derivedData/SDKExplicitPrecompiledModules/_AvailabilityInternal-244WAN3Z1QBT7PIA64EZEFY1R.pcm
SwiftExplicitDependencyGeneratePcm arm64_32 /Users/admin/builder/spi-builder-workspace/.derivedData/SDKExplicitPrecompiledModules/DeveloperToolsSupport-DZU5G1OCMNWU0AQRULIFHUJ1Z.pcm
SwiftExplicitDependencyGeneratePcm arm64_32 /Users/admin/builder/spi-builder-workspace/.derivedData/SDKExplicitPrecompiledModules/_SwiftConcurrencyShims-6RTBPQ03V7BM9SPRK8SUE055H.pcm
SwiftExplicitDependencyGeneratePcm arm64_32 /Users/admin/builder/spi-builder-workspace/.derivedData/SDKExplicitPrecompiledModules/ptrauth-BFXF358ME5AK535N5A9Z766WU.pcm
SwiftExplicitDependencyGeneratePcm arm64 /Users/admin/builder/spi-builder-workspace/.derivedData/SDKExplicitPrecompiledModules/_Builtin_stdarg-A7UU8LE6MP85SM26YO7PBZNUQ.pcm
SwiftExplicitDependencyGeneratePcm arm64 /Users/admin/builder/spi-builder-workspace/.derivedData/SDKExplicitPrecompiledModules/_Builtin_stddef-1FU30Y8SWFB7OUUHMJQH5J6FM.pcm
SwiftExplicitDependencyGeneratePcm arm64 /Users/admin/builder/spi-builder-workspace/.derivedData/SDKExplicitPrecompiledModules/_DarwinFoundation1-7SPX3MD0HMP55E4OLNCPNDQ53.pcm
SwiftExplicitDependencyGeneratePcm arm64 /Users/admin/builder/spi-builder-workspace/.derivedData/SDKExplicitPrecompiledModules/DeveloperToolsSupport-E7CNISCB36UE8XQ9IOHK9XDX1.pcm
SwiftExplicitDependencyGeneratePcm arm64_32 /Users/admin/builder/spi-builder-workspace/.derivedData/SDKExplicitPrecompiledModules/_DarwinFoundation1-2GWF9RFMPLQW4PDHS3NARVI3G.pcm
SwiftExplicitDependencyGeneratePcm arm64 /Users/admin/builder/spi-builder-workspace/.derivedData/SDKExplicitPrecompiledModules/_DarwinFoundation2-D0XAPJU49S5E9XMKYOFGSTB1Q.pcm
SwiftExplicitDependencyGeneratePcm arm64 /Users/admin/builder/spi-builder-workspace/.derivedData/SDKExplicitPrecompiledModules/_Builtin_limits-9GWPA2B0H20DYUNYHYCWKABJG.pcm
SwiftExplicitDependencyGeneratePcm arm64_32 /Users/admin/builder/spi-builder-workspace/.derivedData/SDKExplicitPrecompiledModules/_DarwinFoundation2-9MY8GOSYRO0M9MKNXF6D3MBNK.pcm
SwiftExplicitDependencyGeneratePcm arm64_32 /Users/admin/builder/spi-builder-workspace/.derivedData/SDKExplicitPrecompiledModules/_Builtin_limits-3VKBU2AFTD65PAJZ5CJ3LHFM2.pcm
SwiftExplicitDependencyGeneratePcm arm64 /Users/admin/builder/spi-builder-workspace/.derivedData/SDKExplicitPrecompiledModules/_Builtin_tgmath-8NQ96OZ0YHXEC24JI95P01UF8.pcm
SwiftExplicitDependencyGeneratePcm arm64 /Users/admin/builder/spi-builder-workspace/.derivedData/SDKExplicitPrecompiledModules/string_h-E6PRXK75PHIPCZFWOFCQ3QBMK.pcm
SwiftExplicitDependencyGeneratePcm arm64 /Users/admin/builder/spi-builder-workspace/.derivedData/SDKExplicitPrecompiledModules/sys_types-2KXQLI78OUCDP779AE68GZJ2.pcm
SwiftExplicitDependencyGeneratePcm arm64 /Users/admin/builder/spi-builder-workspace/.derivedData/SDKExplicitPrecompiledModules/_Builtin_stdint-8XMILLJZEGRN2XG7XZUXZ5RLX.pcm
SwiftExplicitDependencyGeneratePcm arm64_32 /Users/admin/builder/spi-builder-workspace/.derivedData/SDKExplicitPrecompiledModules/_Builtin_stdint-1HMXWI3V0V4TXHRWZOMZGZ80Y.pcm
SwiftExplicitDependencyGeneratePcm arm64_32 /Users/admin/builder/spi-builder-workspace/.derivedData/SDKExplicitPrecompiledModules/sys_types-8TLLMW08ZJWDGIIPKOYFGHHZW.pcm
SwiftExplicitDependencyGeneratePcm arm64_32 /Users/admin/builder/spi-builder-workspace/.derivedData/SDKExplicitPrecompiledModules/string_h-BFVLUQUSBZWYMLCU9QI7VZALW.pcm
SwiftExplicitDependencyGeneratePcm arm64_32 /Users/admin/builder/spi-builder-workspace/.derivedData/SDKExplicitPrecompiledModules/_Builtin_tgmath-23PGCKURCQILXMK0MYZRYDCOU.pcm
SwiftExplicitDependencyGeneratePcm arm64 /Users/admin/builder/spi-builder-workspace/.derivedData/SDKExplicitPrecompiledModules/_Builtin_intrinsics-75960HIPCIYA06IUW8FIIPQT.pcm
SwiftExplicitDependencyGeneratePcm arm64 /Users/admin/builder/spi-builder-workspace/.derivedData/SDKExplicitPrecompiledModules/_Builtin_stdatomic-7JEFA3KBJJJN6TKJWY3OG1VG5.pcm
SwiftExplicitDependencyGeneratePcm arm64 /Users/admin/builder/spi-builder-workspace/.derivedData/SDKExplicitPrecompiledModules/_DarwinFoundation3-B97LRG0E9GON2NUE65TVG81HU.pcm
SwiftExplicitDependencyGeneratePcm arm64_32 /Users/admin/builder/spi-builder-workspace/.derivedData/SDKExplicitPrecompiledModules/_DarwinFoundation3-3DUTYQDQSD9HUAAVY947NMWOI.pcm
SwiftExplicitDependencyGeneratePcm arm64_32 /Users/admin/builder/spi-builder-workspace/.derivedData/SDKExplicitPrecompiledModules/_Builtin_intrinsics-196IIAKDQVU42DLOZP9OQCV76.pcm
SwiftExplicitDependencyGeneratePcm arm64_32 /Users/admin/builder/spi-builder-workspace/.derivedData/SDKExplicitPrecompiledModules/_Builtin_stdatomic-1TY035TURL76BF2U98PZPPZRX.pcm
SwiftExplicitDependencyGeneratePcm arm64 /Users/admin/builder/spi-builder-workspace/.derivedData/SDKExplicitPrecompiledModules/_Builtin_inttypes-3UQSCM7WNM9EK4HZML8TY5J3D.pcm
SwiftExplicitDependencyGeneratePcm arm64_32 /Users/admin/builder/spi-builder-workspace/.derivedData/SDKExplicitPrecompiledModules/_Builtin_inttypes-D2KPCR4PEX9AQA33NGLUT5SBR.pcm
SwiftExplicitDependencyGeneratePcm arm64 /Users/admin/builder/spi-builder-workspace/.derivedData/SDKExplicitPrecompiledModules/Darwin-3984OXKFNSPE77NT743WK8SEX.pcm
SwiftExplicitDependencyGeneratePcm arm64_32 /Users/admin/builder/spi-builder-workspace/.derivedData/SDKExplicitPrecompiledModules/Darwin-3FVT1SKLN2ZQ5RVOABMTQBB34.pcm
SwiftExplicitDependencyGeneratePcm arm64 /Users/admin/builder/spi-builder-workspace/.derivedData/SDKExplicitPrecompiledModules/simd-EH08NODU6574T74ZKU61VP9BW.pcm
SwiftExplicitDependencyGeneratePcm arm64_32 /Users/admin/builder/spi-builder-workspace/.derivedData/SDKExplicitPrecompiledModules/simd-21UNWYOBUZI1LVSQ99S1XBLMO.pcm
SwiftExplicitDependencyGeneratePcm arm64 /Users/admin/builder/spi-builder-workspace/.derivedData/SDKExplicitPrecompiledModules/ObjectiveC-72IVD3VS2RS8Q28D9PIMY0KQP.pcm
SwiftExplicitDependencyGeneratePcm arm64 /Users/admin/builder/spi-builder-workspace/.derivedData/SDKExplicitPrecompiledModules/MachO-2U90NNSAQILBNBPS1SA4F8TYP.pcm
SwiftExplicitDependencyGeneratePcm arm64_32 /Users/admin/builder/spi-builder-workspace/.derivedData/SDKExplicitPrecompiledModules/ObjectiveC-6IJNELR2E80E7LUKESVCP2KET.pcm
SwiftExplicitDependencyGeneratePcm arm64_32 /Users/admin/builder/spi-builder-workspace/.derivedData/SDKExplicitPrecompiledModules/MachO-56838ZJ0NC1EBAJ0O6O8QMPDX.pcm
SwiftExplicitDependencyGeneratePcm arm64 /Users/admin/builder/spi-builder-workspace/.derivedData/SDKExplicitPrecompiledModules/os_object-3SDKD7F87FTZ26OON37DRYT6O.pcm
SwiftExplicitDependencyGeneratePcm arm64_32 /Users/admin/builder/spi-builder-workspace/.derivedData/SDKExplicitPrecompiledModules/os_object-5YWTC6L4756IWSTPGXS5NM0D0.pcm
SwiftExplicitDependencyGeneratePcm arm64 /Users/admin/builder/spi-builder-workspace/.derivedData/SDKExplicitPrecompiledModules/os_workgroup-89GG5G7YC2D0ZTK6AZXXQ20DH.pcm
SwiftExplicitDependencyGeneratePcm arm64 /Users/admin/builder/spi-builder-workspace/.derivedData/SDKExplicitPrecompiledModules/Spatial-44FJGYXFAT2AQAW9Z6T7YS02U.pcm
SwiftExplicitDependencyGeneratePcm arm64_32 /Users/admin/builder/spi-builder-workspace/.derivedData/SDKExplicitPrecompiledModules/os_workgroup-5JHTPDMNBUNHLJI8LPHKQK1JK.pcm
SwiftExplicitDependencyGeneratePcm arm64 /Users/admin/builder/spi-builder-workspace/.derivedData/SDKExplicitPrecompiledModules/Dispatch-1NLJOVAK60XP0DUB05XA59EIM.pcm
SwiftExplicitDependencyGeneratePcm arm64_32 /Users/admin/builder/spi-builder-workspace/.derivedData/SDKExplicitPrecompiledModules/Spatial-CWVWNML3T0NXVHZDKVLD3X1YZ.pcm
SwiftExplicitDependencyGeneratePcm arm64_32 /Users/admin/builder/spi-builder-workspace/.derivedData/SDKExplicitPrecompiledModules/Dispatch-2P62F1T4XV63S4P99TUDTOK2Q.pcm
SwiftExplicitDependencyGeneratePcm arm64 /Users/admin/builder/spi-builder-workspace/.derivedData/SDKExplicitPrecompiledModules/XPC-40DR0X1DHKGCV4J1IOLFS8MOU.pcm
SwiftExplicitDependencyGeneratePcm arm64 /Users/admin/builder/spi-builder-workspace/.derivedData/SDKExplicitPrecompiledModules/CoreFoundation-8T2L24YC5NU7WO6WQJWRY7W08.pcm
SwiftExplicitDependencyGeneratePcm arm64_32 /Users/admin/builder/spi-builder-workspace/.derivedData/SDKExplicitPrecompiledModules/XPC-81Y45QFY96XYYFCW2GT6FY8S4.pcm
SwiftExplicitDependencyGeneratePcm arm64_32 /Users/admin/builder/spi-builder-workspace/.derivedData/SDKExplicitPrecompiledModules/CoreFoundation-8E6Y4BA3EXYKUGJ24GT9LGV3N.pcm
SwiftExplicitDependencyGeneratePcm arm64 /Users/admin/builder/spi-builder-workspace/.derivedData/SDKExplicitPrecompiledModules/os-5DIL6Z9LFIGLMZAHM7X2T5435.pcm
SwiftExplicitDependencyGeneratePcm arm64_32 /Users/admin/builder/spi-builder-workspace/.derivedData/SDKExplicitPrecompiledModules/os-E5IGB442IA6SBB25TTCOLK2OC.pcm
SwiftExplicitDependencyGeneratePcm arm64 /Users/admin/builder/spi-builder-workspace/.derivedData/SDKExplicitPrecompiledModules/CoreAudioTypes-A9MF7N5LT63G21HNFVM6BT14B.pcm
SwiftExplicitDependencyGeneratePcm arm64 /Users/admin/builder/spi-builder-workspace/.derivedData/SDKExplicitPrecompiledModules/CoreGraphics-DWNZ73GEH98SBJXZ7DEXB420K.pcm
SwiftExplicitDependencyGeneratePcm arm64 /Users/admin/builder/spi-builder-workspace/.derivedData/SDKExplicitPrecompiledModules/Security-6RZ6YBRU8WCUHRFFRVUK5WKMM.pcm
SwiftExplicitDependencyGeneratePcm arm64_32 /Users/admin/builder/spi-builder-workspace/.derivedData/SDKExplicitPrecompiledModules/CoreAudioTypes-9GVB1DHA32M46R4A9NWSI3I2K.pcm
SwiftExplicitDependencyGeneratePcm arm64_32 /Users/admin/builder/spi-builder-workspace/.derivedData/SDKExplicitPrecompiledModules/Security-D7TOWF88VWF67TB9HAFP5UWB1.pcm
SwiftExplicitDependencyGeneratePcm arm64_32 /Users/admin/builder/spi-builder-workspace/.derivedData/SDKExplicitPrecompiledModules/CoreGraphics-9FDXYX6BKBUT6TJ2VF819E7T5.pcm
SwiftExplicitDependencyGeneratePcm arm64 /Users/admin/builder/spi-builder-workspace/.derivedData/SDKExplicitPrecompiledModules/CoreAudio-1B79RJJTP71GE6UY9WLESAN3C.pcm
SwiftExplicitDependencyGeneratePcm arm64 /Users/admin/builder/spi-builder-workspace/.derivedData/SDKExplicitPrecompiledModules/Foundation-DLBKUSGXN8QHAT8W0OARR9S8A.pcm
SwiftExplicitDependencyGeneratePcm arm64_32 /Users/admin/builder/spi-builder-workspace/.derivedData/SDKExplicitPrecompiledModules/CoreAudio-5W6MX6OUPWBMUR8VD5LHT1PZF.pcm
SwiftExplicitDependencyGeneratePcm arm64 /Users/admin/builder/spi-builder-workspace/.derivedData/SDKExplicitPrecompiledModules/CoreText-970YJN6NIYGK1316L35Z0O8QT.pcm
SwiftExplicitDependencyGeneratePcm arm64 /Users/admin/builder/spi-builder-workspace/.derivedData/SDKExplicitPrecompiledModules/CoreVideo-8MRR5MNWUOAW2DBPGUQ8FKK4.pcm
SwiftExplicitDependencyGeneratePcm arm64_32 /Users/admin/builder/spi-builder-workspace/.derivedData/SDKExplicitPrecompiledModules/Foundation-BJ2VQGI3OGR34500MEQ1VKHPH.pcm
SwiftExplicitDependencyGeneratePcm arm64_32 /Users/admin/builder/spi-builder-workspace/.derivedData/SDKExplicitPrecompiledModules/CoreText-C9X2REPZN2V5BSU4G80FCETDR.pcm
SwiftExplicitDependencyGeneratePcm arm64_32 /Users/admin/builder/spi-builder-workspace/.derivedData/SDKExplicitPrecompiledModules/CoreVideo-2P8HI0403J99LBDPKNFJ5D4DL.pcm
SwiftExplicitDependencyGeneratePcm arm64 /Users/admin/builder/spi-builder-workspace/.derivedData/SDKExplicitPrecompiledModules/CoreMedia-1AJVCUZNAO74KIKMFVFUUHWDI.pcm
SwiftExplicitDependencyGeneratePcm arm64_32 /Users/admin/builder/spi-builder-workspace/.derivedData/SDKExplicitPrecompiledModules/CoreMedia-AO387T8CHWTTZODD1DGT0UAFA.pcm
SwiftExplicitDependencyGeneratePcm arm64 /Users/admin/builder/spi-builder-workspace/.derivedData/SDKExplicitPrecompiledModules/Symbols-3EFABTJ9L5PQDJ7RQCYQWEJMM.pcm
SwiftExplicitDependencyGeneratePcm arm64 /Users/admin/builder/spi-builder-workspace/.derivedData/SDKExplicitPrecompiledModules/SceneKit-5HZKIL7XETTTD8TOHYPN8JKRJ.pcm
SwiftExplicitDependencyGeneratePcm arm64 /Users/admin/builder/spi-builder-workspace/.derivedData/SDKExplicitPrecompiledModules/OSLog-B7VGO357Y3GJG35TST7DKDSI3.pcm
SwiftExplicitDependencyGeneratePcm arm64 /Users/admin/builder/spi-builder-workspace/.derivedData/SDKExplicitPrecompiledModules/CoreTransferable-9PPG3SLJ55T4LITIFYX2M0NOZ.pcm
SwiftExplicitDependencyGeneratePcm arm64 /Users/admin/builder/spi-builder-workspace/.derivedData/SDKExplicitPrecompiledModules/_LocationEssentials-5ZZDGDXB6HLQUC72SJW7YJ7MK.pcm
SwiftExplicitDependencyGeneratePcm arm64 /Users/admin/builder/spi-builder-workspace/.derivedData/SDKExplicitPrecompiledModules/UIUtilities-IR7RNW23VAUKYI9MLCS9NL9A.pcm
SwiftExplicitDependencyGeneratePcm arm64 /Users/admin/builder/spi-builder-workspace/.derivedData/SDKExplicitPrecompiledModules/CoreData-9JFJC4UET8BAO5IPV2JU6W9V8.pcm
SwiftExplicitDependencyGeneratePcm arm64 /Users/admin/builder/spi-builder-workspace/.derivedData/SDKExplicitPrecompiledModules/Accessibility-27QMG6ZQ1NKYTNBYFPM1XKNFC.pcm
SwiftExplicitDependencyGeneratePcm arm64 /Users/admin/builder/spi-builder-workspace/.derivedData/SDKExplicitPrecompiledModules/UserNotifications-ARAH8MEQ0C2L0FBO39HITJMAO.pcm
SwiftExplicitDependencyGeneratePcm arm64 /Users/admin/builder/spi-builder-workspace/.derivedData/SDKExplicitPrecompiledModules/DataDetection-7BNVI1SZW5ISQL5SX4WL2X7I5.pcm
SwiftExplicitDependencyGeneratePcm arm64_32 /Users/admin/builder/spi-builder-workspace/.derivedData/SDKExplicitPrecompiledModules/OSLog-D9AVFY0KWO7RVBIQ73CBIJVCN.pcm
SwiftExplicitDependencyGeneratePcm arm64_32 /Users/admin/builder/spi-builder-workspace/.derivedData/SDKExplicitPrecompiledModules/Accessibility-F385OMZ5GYBUY5O4QAJB4NRII.pcm
SwiftExplicitDependencyGeneratePcm arm64 /Users/admin/builder/spi-builder-workspace/.derivedData/SDKExplicitPrecompiledModules/CoreLocation-ACKJ9K7ABI14F97Y46Y6SRR17.pcm
SwiftExplicitDependencyGeneratePcm arm64_32 /Users/admin/builder/spi-builder-workspace/.derivedData/SDKExplicitPrecompiledModules/CoreTransferable-5D4IR6X37682FPHJ5CBPTKQV6.pcm
SwiftExplicitDependencyGeneratePcm arm64_32 /Users/admin/builder/spi-builder-workspace/.derivedData/SDKExplicitPrecompiledModules/DataDetection-U9BF7WHFVA6BZGFXXXP272PS.pcm
SwiftExplicitDependencyGeneratePcm arm64_32 /Users/admin/builder/spi-builder-workspace/.derivedData/SDKExplicitPrecompiledModules/UniformTypeIdentifiers-CJZ3NTHPSBH4XWX5EVOG56UZS.pcm
SwiftExplicitDependencyGeneratePcm arm64_32 /Users/admin/builder/spi-builder-workspace/.derivedData/SDKExplicitPrecompiledModules/Symbols-1H97WMG76HU94F5VGJR19PXFY.pcm
SwiftExplicitDependencyGeneratePcm arm64_32 /Users/admin/builder/spi-builder-workspace/.derivedData/SDKExplicitPrecompiledModules/_LocationEssentials-AQ1OL9QKC3LQLY5CNSRM1HB53.pcm
SwiftExplicitDependencyGeneratePcm arm64_32 /Users/admin/builder/spi-builder-workspace/.derivedData/SDKExplicitPrecompiledModules/UserNotifications-6TBN8TEAKO014N1T2QD926XED.pcm
SwiftExplicitDependencyGeneratePcm arm64_32 /Users/admin/builder/spi-builder-workspace/.derivedData/SDKExplicitPrecompiledModules/QuartzCore-6375NPYACK5NYVHPMC1QQ8MC2.pcm
SwiftExplicitDependencyGeneratePcm arm64 /Users/admin/builder/spi-builder-workspace/.derivedData/SDKExplicitPrecompiledModules/QuartzCore-94KFMWNOU7ZLUZNB4T5DLZC9D.pcm
SwiftExplicitDependencyGeneratePcm arm64_32 /Users/admin/builder/spi-builder-workspace/.derivedData/SDKExplicitPrecompiledModules/UIUtilities-9YFVNIMRC5HRVOIARNWHP1E3H.pcm
SwiftExplicitDependencyGeneratePcm arm64 /Users/admin/builder/spi-builder-workspace/.derivedData/SDKExplicitPrecompiledModules/UniformTypeIdentifiers-8L08Q8DQJV8C4AW84YVGFGTRN.pcm
SwiftExplicitDependencyGeneratePcm arm64_32 /Users/admin/builder/spi-builder-workspace/.derivedData/SDKExplicitPrecompiledModules/CoreData-7AU1AFQWUH88EAPDKVMLJPKVD.pcm
SwiftExplicitDependencyGeneratePcm arm64_32 /Users/admin/builder/spi-builder-workspace/.derivedData/SDKExplicitPrecompiledModules/SceneKit-DKNLHKM5FJBQ79LSNMSSMBUBR.pcm
SwiftExplicitDependencyGeneratePcm arm64_32 /Users/admin/builder/spi-builder-workspace/.derivedData/SDKExplicitPrecompiledModules/CoreLocation-8XU5YMYM4P11RQMYCQAG65ITK.pcm
SwiftExplicitDependencyGeneratePcm arm64 /Users/admin/builder/spi-builder-workspace/.derivedData/SDKExplicitPrecompiledModules/CoreMotion-6RD5K48QT1F4L9CATNFD2O7YB.pcm
SwiftExplicitDependencyGeneratePcm arm64_32 /Users/admin/builder/spi-builder-workspace/.derivedData/SDKExplicitPrecompiledModules/SwiftUICore-3Q7WLRD8MR9R3NGIPUBQCP6F6.pcm
SwiftExplicitDependencyGeneratePcm arm64_32 /Users/admin/builder/spi-builder-workspace/.derivedData/SDKExplicitPrecompiledModules/CoreMotion-1XGTVTE5PP32UHME8AC63TL6.pcm
SwiftExplicitDependencyGeneratePcm arm64 /Users/admin/builder/spi-builder-workspace/.derivedData/SDKExplicitPrecompiledModules/SwiftUICore-C1DST1IX2Z0PTH5SJJZ1IULRB.pcm
SwiftExplicitDependencyGeneratePcm arm64 /Users/admin/builder/spi-builder-workspace/.derivedData/SDKExplicitPrecompiledModules/UIKit-27R3P1YMV4C6JLDT661G3MRIA.pcm
SwiftExplicitDependencyGeneratePcm arm64_32 /Users/admin/builder/spi-builder-workspace/.derivedData/SDKExplicitPrecompiledModules/UIKit-6PPV7YPZ89CZPHYAP072QH8B6.pcm
SwiftExplicitDependencyGeneratePcm arm64 /Users/admin/builder/spi-builder-workspace/.derivedData/SDKExplicitPrecompiledModules/MapKit-EJJWC7IL56MPLQMI93GJRE5OG.pcm
SwiftExplicitDependencyGeneratePcm arm64 /Users/admin/builder/spi-builder-workspace/.derivedData/SDKExplicitPrecompiledModules/HomeKit-DTS1N4AWILAL1URZ5IOXV5221.pcm
SwiftExplicitDependencyGeneratePcm arm64_32 /Users/admin/builder/spi-builder-workspace/.derivedData/SDKExplicitPrecompiledModules/HomeKit-DUDZOMSN3UK8GNTNBNMPIWJRN.pcm
SwiftExplicitDependencyGeneratePcm arm64_32 /Users/admin/builder/spi-builder-workspace/.derivedData/SDKExplicitPrecompiledModules/MapKit-CWGB4YMP1VX1NYQN5FULFD5DR.pcm
SwiftExplicitDependencyGeneratePcm arm64 /Users/admin/builder/spi-builder-workspace/.derivedData/SDKExplicitPrecompiledModules/WatchKit-3VT3K8YON6FJ6OWSUFJMFMP8J.pcm
SwiftExplicitDependencyGeneratePcm arm64_32 /Users/admin/builder/spi-builder-workspace/.derivedData/SDKExplicitPrecompiledModules/WatchKit-FHF6WTKLC2APGK3LA2XJ6516.pcm
SwiftExplicitDependencyGeneratePcm arm64 /Users/admin/builder/spi-builder-workspace/.derivedData/SDKExplicitPrecompiledModules/SwiftUI-APXDH8ULYLM6FD17YRA73TULO.pcm
SwiftCompile normal arm64 Compiling\ Either+SwiftUI.swift /Users/admin/builder/spi-builder-workspace/.dependencies/checkouts/SequenceBuilder/Sources/SequenceBuilder/Either+SwiftUI.swift (in target 'SequenceBuilder' from project 'SequenceBuilder')
SwiftCompile normal arm64 /Users/admin/builder/spi-builder-workspace/.dependencies/checkouts/SequenceBuilder/Sources/SequenceBuilder/Either+SwiftUI.swift (in target 'SequenceBuilder' from project 'SequenceBuilder')
    cd /Users/admin/builder/spi-builder-workspace/.swiftpm/xcode
    builtin-SwiftPerFileCompile Either+SwiftUI.swift
SwiftEmitModule normal arm64 Emitting\ module\ for\ SequenceBuilder (in target 'SequenceBuilder' from project 'SequenceBuilder')
SwiftCompile normal arm64 (in target 'SequenceBuilder' from project 'SequenceBuilder')
    cd /Users/admin/builder/spi-builder-workspace/.swiftpm/xcode

SwiftCompile normal arm64 Compiling\ Either.swift /Users/admin/builder/spi-builder-workspace/.dependencies/checkouts/SequenceBuilder/Sources/SequenceBuilder/Either.swift (in target 'SequenceBuilder' from project 'SequenceBuilder')
SwiftCompile normal arm64 /Users/admin/builder/spi-builder-workspace/.dependencies/checkouts/SequenceBuilder/Sources/SequenceBuilder/Either.swift (in target 'SequenceBuilder' from project 'SequenceBuilder')
    cd /Users/admin/builder/spi-builder-workspace/.swiftpm/xcode
    builtin-SwiftPerFileCompile Either.swift
SwiftCompile normal arm64 Compiling\ SequenceBuilder.swift /Users/admin/builder/spi-builder-workspace/.dependencies/checkouts/SequenceBuilder/Sources/SequenceBuilder/SequenceBuilder.swift (in target 'SequenceBuilder' from project 'SequenceBuilder')
SwiftCompile normal arm64 /Users/admin/builder/spi-builder-workspace/.dependencies/checkouts/SequenceBuilder/Sources/SequenceBuilder/SequenceBuilder.swift (in target 'SequenceBuilder' from project 'SequenceBuilder')
    cd /Users/admin/builder/spi-builder-workspace/.swiftpm/xcode
    builtin-SwiftPerFileCompile SequenceBuilder.swift
SwiftExplicitDependencyGeneratePcm arm64_32 /Users/admin/builder/spi-builder-workspace/.derivedData/SDKExplicitPrecompiledModules/SwiftUI-9AYG9OCT5VOJK7V4MX1WYR86T.pcm
SwiftCompile normal arm64_32 Compiling\ Either+SwiftUI.swift /Users/admin/builder/spi-builder-workspace/.dependencies/checkouts/SequenceBuilder/Sources/SequenceBuilder/Either+SwiftUI.swift (in target 'SequenceBuilder' from project 'SequenceBuilder')
SwiftCompile normal arm64_32 /Users/admin/builder/spi-builder-workspace/.dependencies/checkouts/SequenceBuilder/Sources/SequenceBuilder/Either+SwiftUI.swift (in target 'SequenceBuilder' from project 'SequenceBuilder')
    cd /Users/admin/builder/spi-builder-workspace/.swiftpm/xcode
    builtin-SwiftPerFileCompile Either+SwiftUI.swift
SwiftCompile normal arm64_32 Compiling\ Either.swift /Users/admin/builder/spi-builder-workspace/.dependencies/checkouts/SequenceBuilder/Sources/SequenceBuilder/Either.swift (in target 'SequenceBuilder' from project 'SequenceBuilder')
SwiftCompile normal arm64_32 /Users/admin/builder/spi-builder-workspace/.dependencies/checkouts/SequenceBuilder/Sources/SequenceBuilder/Either.swift (in target 'SequenceBuilder' from project 'SequenceBuilder')
    cd /Users/admin/builder/spi-builder-workspace/.swiftpm/xcode
    builtin-SwiftPerFileCompile Either.swift
SwiftCompile normal arm64_32 Compiling\ SequenceBuilder.swift /Users/admin/builder/spi-builder-workspace/.dependencies/checkouts/SequenceBuilder/Sources/SequenceBuilder/SequenceBuilder.swift (in target 'SequenceBuilder' from project 'SequenceBuilder')
SwiftCompile normal arm64_32 /Users/admin/builder/spi-builder-workspace/.dependencies/checkouts/SequenceBuilder/Sources/SequenceBuilder/SequenceBuilder.swift (in target 'SequenceBuilder' from project 'SequenceBuilder')
    cd /Users/admin/builder/spi-builder-workspace/.swiftpm/xcode
    builtin-SwiftPerFileCompile SequenceBuilder.swift
SwiftEmitModule normal arm64_32 Emitting\ module\ for\ SequenceBuilder (in target 'SequenceBuilder' from project 'SequenceBuilder')
SwiftCompile normal arm64_32 (in target 'SequenceBuilder' from project 'SequenceBuilder')
    cd /Users/admin/builder/spi-builder-workspace/.swiftpm/xcode

SwiftDriverJobDiscovery normal arm64 Emitting module for SequenceBuilder (in target 'SequenceBuilder' from project 'SequenceBuilder')
SwiftDriver\ Compilation\ Requirements SequenceBuilder normal arm64 com.apple.xcode.tools.swift.compiler (in target 'SequenceBuilder' from project 'SequenceBuilder')
    cd /Users/admin/builder/spi-builder-workspace/.swiftpm/xcode
    builtin-Swift-Compilation-Requirements -- /Applications/Xcode-27.0.0-Release.Candidate.app/Contents/Developer/Toolchains/XcodeDefault.xctoolchain/usr/bin/swiftc -parse-as-library -module-name SequenceBuilder -Onone @/Users/admin/builder/spi-builder-workspace/.derivedData/Build/Intermediates.noindex/SequenceBuilder.build/Debug-watchos/SequenceBuilder-t.build/Objects-normal/arm64/SequenceBuilder.SwiftFileList -DSWIFT_PACKAGE -DDEBUG -DSWIFT_MODULE_RESOURCE_BUNDLE_UNAVAILABLE -DXcode -plugin-path /Applications/Xcode-27.0.0-Release.Candidate.app/Contents/Developer/Toolchains/XcodeDefault.xctoolchain/usr/lib/swift/host/plugins/testing -enable-experimental-feature DebugDescriptionMacro -sdk /Applications/Xcode-27.0.0-Release.Candidate.app/Contents/Developer/Platforms/WatchOS.platform/Developer/SDKs/WatchOS27.0.sdk -target arm64-apple-watchos9.0 -g -module-cache-path /Users/admin/builder/spi-builder-workspace/.derivedData/ModuleCache.noindex -Xfrontend -serialize-debugging-options -enable-testing -suppress-warnings -index-store-path /Users/admin/builder/spi-builder-workspace/.derivedData/Index.noindex/DataStore -Xcc -D_LIBCPP_HARDENING_MODE\=_LIBCPP_HARDENING_MODE_DEBUG -swift-version 5 -I /Users/admin/builder/spi-builder-workspace/.derivedData/Build/Products/Debug-watchos -Isystem /Applications/Xcode-27.0.0-Release.Candidate.app/Contents/Developer/Platforms/WatchOS.platform/Developer/usr/lib -F /Users/admin/builder/spi-builder-workspace/.derivedData/Build/Products/Debug-watchos -F /Applications/Xcode-27.0.0-Release.Candidate.app/Contents/Developer/Platforms/WatchOS.platform/Developer/Library/Frameworks -F /Applications/Xcode-27.0.0-Release.Candidate.app/Contents/Developer/Platforms/WatchOS.platform/Developer/SDKs/WatchOS27.0.sdk/Developer/Library/Frameworks -c -j10 -enable-batch-mode -incremental -Xcc -ivfsstatcache -Xcc /Users/admin/builder/spi-builder-workspace/.derivedData/SDKStatCaches.noindex/watchos27.0-24R360-e829b21a6f8c9b70876ba0858053c04477534ef55a1706bf4c1112bbb242f0a2.sdkstatcache -output-file-map /Users/admin/builder/spi-builder-workspace/.derivedData/Build/Intermediates.noindex/SequenceBuilder.build/Debug-watchos/SequenceBuilder-t.build/Objects-normal/arm64/SequenceBuilder-OutputFileMap.json -save-temps -no-color-diagnostics -explicit-module-build -module-cache-path /Users/admin/builder/spi-builder-workspace/.derivedData/Build/Intermediates.noindex/SwiftExplicitPrecompiledModules -clang-scanner-module-cache-path /Users/admin/builder/spi-builder-workspace/.derivedData/ModuleCache.noindex -sdk-module-cache-path /Users/admin/builder/spi-builder-workspace/.derivedData/SDKExplicitPrecompiledModules -emit-dependencies -emit-module -emit-module-path /Users/admin/builder/spi-builder-workspace/.derivedData/Build/Intermediates.noindex/SequenceBuilder.build/Debug-watchos/SequenceBuilder-t.build/Objects-normal/arm64/SequenceBuilder.swiftmodule -serialize-diagnostics -dependency-scan-serialize-diagnostics-path /Users/admin/builder/spi-builder-workspace/.derivedData/Build/Intermediates.noindex/SequenceBuilder.build/Debug-watchos/SequenceBuilder-t.build/Objects-normal/arm64/SequenceBuilder-dependency-scan.dia -validate-clang-modules-once -clang-build-session-file /Users/admin/builder/spi-builder-workspace/.derivedData/ModuleCache.noindex/Session.modulevalidation -Xcc -fmodules-prune-interval\=86400 -Xcc -fmodules-prune-after\=345600 -emit-const-values -const-gather-protocols-list /Users/admin/builder/spi-builder-workspace/.derivedData/Build/Intermediates.noindex/SequenceBuilder.build/Debug-watchos/SequenceBuilder-t.build/Objects-normal/arm64/SequenceBuilder_const_extract_protocols.json -Xcc -I/Users/admin/builder/spi-builder-workspace/.derivedData/Build/Products/Debug-watchos/include -Xcc -I/Users/admin/builder/spi-builder-workspace/.derivedData/Build/Intermediates.noindex/SequenceBuilder.build/Debug-watchos/SequenceBuilder-t.build/DerivedSources-normal/arm64 -Xcc -I/Users/admin/builder/spi-builder-workspace/.derivedData/Build/Intermediates.noindex/SequenceBuilder.build/Debug-watchos/SequenceBuilder-t.build/DerivedSources/arm64 -Xcc -I/Users/admin/builder/spi-builder-workspace/.derivedData/Build/Intermediates.noindex/SequenceBuilder.build/Debug-watchos/SequenceBuilder-t.build/DerivedSources -Xcc -DSWIFT_PACKAGE -Xcc -DDEBUG\=1 -emit-objc-header -emit-objc-header-path /Users/admin/builder/spi-builder-workspace/.derivedData/Build/Intermediates.noindex/SequenceBuilder.build/Debug-watchos/SequenceBuilder-t.build/Objects-normal/arm64/SequenceBuilder-Swift.h -working-directory /Users/admin/builder/spi-builder-workspace/.swiftpm/xcode -experimental-emit-module-separately -disable-cmo
Copy /Users/admin/builder/spi-builder-workspace/.derivedData/Build/Products/Debug-watchos/SequenceBuilder.swiftmodule/arm64-apple-watchos.swiftmodule /Users/admin/builder/spi-builder-workspace/.derivedData/Build/Intermediates.noindex/SequenceBuilder.build/Debug-watchos/SequenceBuilder-t.build/Objects-normal/arm64/SequenceBuilder.swiftmodule (in target 'SequenceBuilder' from project 'SequenceBuilder')
    cd /Users/admin/builder/spi-builder-workspace/.dependencies/checkouts/SequenceBuilder
    builtin-copy -exclude .DS_Store -exclude CVS -exclude .svn -exclude .git -exclude .hg -resolve-src-symlinks -rename /Users/admin/builder/spi-builder-workspace/.derivedData/Build/Intermediates.noindex/SequenceBuilder.build/Debug-watchos/SequenceBuilder-t.build/Objects-normal/arm64/SequenceBuilder.swiftmodule /Users/admin/builder/spi-builder-workspace/.derivedData/Build/Products/Debug-watchos/SequenceBuilder.swiftmodule/arm64-apple-watchos.swiftmodule
Copy /Users/admin/builder/spi-builder-workspace/.derivedData/Build/Products/Debug-watchos/SequenceBuilder.swiftmodule/arm64-apple-watchos.swiftdoc /Users/admin/builder/spi-builder-workspace/.derivedData/Build/Intermediates.noindex/SequenceBuilder.build/Debug-watchos/SequenceBuilder-t.build/Objects-normal/arm64/SequenceBuilder.swiftdoc (in target 'SequenceBuilder' from project 'SequenceBuilder')
    cd /Users/admin/builder/spi-builder-workspace/.dependencies/checkouts/SequenceBuilder
    builtin-copy -exclude .DS_Store -exclude CVS -exclude .svn -exclude .git -exclude .hg -resolve-src-symlinks -rename /Users/admin/builder/spi-builder-workspace/.derivedData/Build/Intermediates.noindex/SequenceBuilder.build/Debug-watchos/SequenceBuilder-t.build/Objects-normal/arm64/SequenceBuilder.swiftdoc /Users/admin/builder/spi-builder-workspace/.derivedData/Build/Products/Debug-watchos/SequenceBuilder.swiftmodule/arm64-apple-watchos.swiftdoc
Copy /Users/admin/builder/spi-builder-workspace/.derivedData/Build/Products/Debug-watchos/SequenceBuilder.swiftmodule/arm64-apple-watchos.abi.json /Users/admin/builder/spi-builder-workspace/.derivedData/Build/Intermediates.noindex/SequenceBuilder.build/Debug-watchos/SequenceBuilder-t.build/Objects-normal/arm64/SequenceBuilder.abi.json (in target 'SequenceBuilder' from project 'SequenceBuilder')
    cd /Users/admin/builder/spi-builder-workspace/.dependencies/checkouts/SequenceBuilder
    builtin-copy -exclude .DS_Store -exclude CVS -exclude .svn -exclude .git -exclude .hg -resolve-src-symlinks -rename /Users/admin/builder/spi-builder-workspace/.derivedData/Build/Intermediates.noindex/SequenceBuilder.build/Debug-watchos/SequenceBuilder-t.build/Objects-normal/arm64/SequenceBuilder.abi.json /Users/admin/builder/spi-builder-workspace/.derivedData/Build/Products/Debug-watchos/SequenceBuilder.swiftmodule/arm64-apple-watchos.abi.json
Copy /Users/admin/builder/spi-builder-workspace/.derivedData/Build/Products/Debug-watchos/SequenceBuilder.swiftmodule/Project/arm64-apple-watchos.swiftsourceinfo /Users/admin/builder/spi-builder-workspace/.derivedData/Build/Intermediates.noindex/SequenceBuilder.build/Debug-watchos/SequenceBuilder-t.build/Objects-normal/arm64/SequenceBuilder.swiftsourceinfo (in target 'SequenceBuilder' from project 'SequenceBuilder')
    cd /Users/admin/builder/spi-builder-workspace/.dependencies/checkouts/SequenceBuilder
    builtin-copy -exclude .DS_Store -exclude CVS -exclude .svn -exclude .git -exclude .hg -resolve-src-symlinks -rename /Users/admin/builder/spi-builder-workspace/.derivedData/Build/Intermediates.noindex/SequenceBuilder.build/Debug-watchos/SequenceBuilder-t.build/Objects-normal/arm64/SequenceBuilder.swiftsourceinfo /Users/admin/builder/spi-builder-workspace/.derivedData/Build/Products/Debug-watchos/SequenceBuilder.swiftmodule/Project/arm64-apple-watchos.swiftsourceinfo
SwiftDriverJobDiscovery normal arm64_32 Emitting module for SequenceBuilder (in target 'SequenceBuilder' from project 'SequenceBuilder')
SwiftDriver\ Compilation\ Requirements SequenceBuilder normal arm64_32 com.apple.xcode.tools.swift.compiler (in target 'SequenceBuilder' from project 'SequenceBuilder')
    cd /Users/admin/builder/spi-builder-workspace/.swiftpm/xcode
    builtin-Swift-Compilation-Requirements -- /Applications/Xcode-27.0.0-Release.Candidate.app/Contents/Developer/Toolchains/XcodeDefault.xctoolchain/usr/bin/swiftc -parse-as-library -module-name SequenceBuilder -Onone @/Users/admin/builder/spi-builder-workspace/.derivedData/Build/Intermediates.noindex/SequenceBuilder.build/Debug-watchos/SequenceBuilder-t.build/Objects-normal/arm64_32/SequenceBuilder.SwiftFileList -DSWIFT_PACKAGE -DDEBUG -DSWIFT_MODULE_RESOURCE_BUNDLE_UNAVAILABLE -DXcode -plugin-path /Applications/Xcode-27.0.0-Release.Candidate.app/Contents/Developer/Toolchains/XcodeDefault.xctoolchain/usr/lib/swift/host/plugins/testing -enable-experimental-feature DebugDescriptionMacro -sdk /Applications/Xcode-27.0.0-Release.Candidate.app/Contents/Developer/Platforms/WatchOS.platform/Developer/SDKs/WatchOS27.0.sdk -target arm64_32-apple-watchos9.0 -g -module-cache-path /Users/admin/builder/spi-builder-workspace/.derivedData/ModuleCache.noindex -Xfrontend -serialize-debugging-options -enable-testing -suppress-warnings -index-store-path /Users/admin/builder/spi-builder-workspace/.derivedData/Index.noindex/DataStore -Xcc -D_LIBCPP_HARDENING_MODE\=_LIBCPP_HARDENING_MODE_DEBUG -swift-version 5 -I /Users/admin/builder/spi-builder-workspace/.derivedData/Build/Products/Debug-watchos -Isystem /Applications/Xcode-27.0.0-Release.Candidate.app/Contents/Developer/Platforms/WatchOS.platform/Developer/usr/lib -F /Users/admin/builder/spi-builder-workspace/.derivedData/Build/Products/Debug-watchos -F /Applications/Xcode-27.0.0-Release.Candidate.app/Contents/Developer/Platforms/WatchOS.platform/Developer/Library/Frameworks -F /Applications/Xcode-27.0.0-Release.Candidate.app/Contents/Developer/Platforms/WatchOS.platform/Developer/SDKs/WatchOS27.0.sdk/Developer/Library/Frameworks -c -j10 -enable-batch-mode -incremental -Xcc -ivfsstatcache -Xcc /Users/admin/builder/spi-builder-workspace/.derivedData/SDKStatCaches.noindex/watchos27.0-24R360-e829b21a6f8c9b70876ba0858053c04477534ef55a1706bf4c1112bbb242f0a2.sdkstatcache -output-file-map /Users/admin/builder/spi-builder-workspace/.derivedData/Build/Intermediates.noindex/SequenceBuilder.build/Debug-watchos/SequenceBuilder-t.build/Objects-normal/arm64_32/SequenceBuilder-OutputFileMap.json -save-temps -no-color-diagnostics -explicit-module-build -module-cache-path /Users/admin/builder/spi-builder-workspace/.derivedData/Build/Intermediates.noindex/SwiftExplicitPrecompiledModules -clang-scanner-module-cache-path /Users/admin/builder/spi-builder-workspace/.derivedData/ModuleCache.noindex -sdk-module-cache-path /Users/admin/builder/spi-builder-workspace/.derivedData/SDKExplicitPrecompiledModules -emit-dependencies -emit-module -emit-module-path /Users/admin/builder/spi-builder-workspace/.derivedData/Build/Intermediates.noindex/SequenceBuilder.build/Debug-watchos/SequenceBuilder-t.build/Objects-normal/arm64_32/SequenceBuilder.swiftmodule -serialize-diagnostics -dependency-scan-serialize-diagnostics-path /Users/admin/builder/spi-builder-workspace/.derivedData/Build/Intermediates.noindex/SequenceBuilder.build/Debug-watchos/SequenceBuilder-t.build/Objects-normal/arm64_32/SequenceBuilder-dependency-scan.dia -validate-clang-modules-once -clang-build-session-file /Users/admin/builder/spi-builder-workspace/.derivedData/ModuleCache.noindex/Session.modulevalidation -Xcc -fmodules-prune-interval\=86400 -Xcc -fmodules-prune-after\=345600 -emit-const-values -const-gather-protocols-list /Users/admin/builder/spi-builder-workspace/.derivedData/Build/Intermediates.noindex/SequenceBuilder.build/Debug-watchos/SequenceBuilder-t.build/Objects-normal/arm64_32/SequenceBuilder_const_extract_protocols.json -Xcc -I/Users/admin/builder/spi-builder-workspace/.derivedData/Build/Products/Debug-watchos/include -Xcc -I/Users/admin/builder/spi-builder-workspace/.derivedData/Build/Intermediates.noindex/SequenceBuilder.build/Debug-watchos/SequenceBuilder-t.build/DerivedSources-normal/arm64_32 -Xcc -I/Users/admin/builder/spi-builder-workspace/.derivedData/Build/Intermediates.noindex/SequenceBuilder.build/Debug-watchos/SequenceBuilder-t.build/DerivedSources/arm64_32 -Xcc -I/Users/admin/builder/spi-builder-workspace/.derivedData/Build/Intermediates.noindex/SequenceBuilder.build/Debug-watchos/SequenceBuilder-t.build/DerivedSources -Xcc -DSWIFT_PACKAGE -Xcc -DDEBUG\=1 -emit-objc-header -emit-objc-header-path /Users/admin/builder/spi-builder-workspace/.derivedData/Build/Intermediates.noindex/SequenceBuilder.build/Debug-watchos/SequenceBuilder-t.build/Objects-normal/arm64_32/SequenceBuilder-Swift.h -working-directory /Users/admin/builder/spi-builder-workspace/.swiftpm/xcode -experimental-emit-module-separately -disable-cmo
Copy /Users/admin/builder/spi-builder-workspace/.derivedData/Build/Products/Debug-watchos/SequenceBuilder.swiftmodule/arm64_32-apple-watchos.swiftmodule /Users/admin/builder/spi-builder-workspace/.derivedData/Build/Intermediates.noindex/SequenceBuilder.build/Debug-watchos/SequenceBuilder-t.build/Objects-normal/arm64_32/SequenceBuilder.swiftmodule (in target 'SequenceBuilder' from project 'SequenceBuilder')
    cd /Users/admin/builder/spi-builder-workspace/.dependencies/checkouts/SequenceBuilder
    builtin-copy -exclude .DS_Store -exclude CVS -exclude .svn -exclude .git -exclude .hg -resolve-src-symlinks -rename /Users/admin/builder/spi-builder-workspace/.derivedData/Build/Intermediates.noindex/SequenceBuilder.build/Debug-watchos/SequenceBuilder-t.build/Objects-normal/arm64_32/SequenceBuilder.swiftmodule /Users/admin/builder/spi-builder-workspace/.derivedData/Build/Products/Debug-watchos/SequenceBuilder.swiftmodule/arm64_32-apple-watchos.swiftmodule
Copy /Users/admin/builder/spi-builder-workspace/.derivedData/Build/Products/Debug-watchos/SequenceBuilder.swiftmodule/arm64_32-apple-watchos.swiftdoc /Users/admin/builder/spi-builder-workspace/.derivedData/Build/Intermediates.noindex/SequenceBuilder.build/Debug-watchos/SequenceBuilder-t.build/Objects-normal/arm64_32/SequenceBuilder.swiftdoc (in target 'SequenceBuilder' from project 'SequenceBuilder')
    cd /Users/admin/builder/spi-builder-workspace/.dependencies/checkouts/SequenceBuilder
    builtin-copy -exclude .DS_Store -exclude CVS -exclude .svn -exclude .git -exclude .hg -resolve-src-symlinks -rename /Users/admin/builder/spi-builder-workspace/.derivedData/Build/Intermediates.noindex/SequenceBuilder.build/Debug-watchos/SequenceBuilder-t.build/Objects-normal/arm64_32/SequenceBuilder.swiftdoc /Users/admin/builder/spi-builder-workspace/.derivedData/Build/Products/Debug-watchos/SequenceBuilder.swiftmodule/arm64_32-apple-watchos.swiftdoc
Copy /Users/admin/builder/spi-builder-workspace/.derivedData/Build/Products/Debug-watchos/SequenceBuilder.swiftmodule/arm64_32-apple-watchos.abi.json /Users/admin/builder/spi-builder-workspace/.derivedData/Build/Intermediates.noindex/SequenceBuilder.build/Debug-watchos/SequenceBuilder-t.build/Objects-normal/arm64_32/SequenceBuilder.abi.json (in target 'SequenceBuilder' from project 'SequenceBuilder')
    cd /Users/admin/builder/spi-builder-workspace/.dependencies/checkouts/SequenceBuilder
    builtin-copy -exclude .DS_Store -exclude CVS -exclude .svn -exclude .git -exclude .hg -resolve-src-symlinks -rename /Users/admin/builder/spi-builder-workspace/.derivedData/Build/Intermediates.noindex/SequenceBuilder.build/Debug-watchos/SequenceBuilder-t.build/Objects-normal/arm64_32/SequenceBuilder.abi.json /Users/admin/builder/spi-builder-workspace/.derivedData/Build/Products/Debug-watchos/SequenceBuilder.swiftmodule/arm64_32-apple-watchos.abi.json
SwiftMergeGeneratedHeaders /Users/admin/builder/spi-builder-workspace/.derivedData/Build/Intermediates.noindex/GeneratedModuleMaps-watchos/SequenceBuilder-Swift.h /Users/admin/builder/spi-builder-workspace/.derivedData/Build/Intermediates.noindex/SequenceBuilder.build/Debug-watchos/SequenceBuilder-t.build/Objects-normal/arm64/SequenceBuilder-Swift.h /Users/admin/builder/spi-builder-workspace/.derivedData/Build/Intermediates.noindex/SequenceBuilder.build/Debug-watchos/SequenceBuilder-t.build/Objects-normal/arm64_32/SequenceBuilder-Swift.h (in target 'SequenceBuilder' from project 'SequenceBuilder')
    cd /Users/admin/builder/spi-builder-workspace/.dependencies/checkouts/SequenceBuilder
    builtin-swiftHeaderTool -arch arm64 /Users/admin/builder/spi-builder-workspace/.derivedData/Build/Intermediates.noindex/SequenceBuilder.build/Debug-watchos/SequenceBuilder-t.build/Objects-normal/arm64/SequenceBuilder-Swift.h -arch arm64_32 /Users/admin/builder/spi-builder-workspace/.derivedData/Build/Intermediates.noindex/SequenceBuilder.build/Debug-watchos/SequenceBuilder-t.build/Objects-normal/arm64_32/SequenceBuilder-Swift.h -o /Users/admin/builder/spi-builder-workspace/.derivedData/Build/Intermediates.noindex/GeneratedModuleMaps-watchos/SequenceBuilder-Swift.h
Copy /Users/admin/builder/spi-builder-workspace/.derivedData/Build/Products/Debug-watchos/SequenceBuilder.swiftmodule/Project/arm64_32-apple-watchos.swiftsourceinfo /Users/admin/builder/spi-builder-workspace/.derivedData/Build/Intermediates.noindex/SequenceBuilder.build/Debug-watchos/SequenceBuilder-t.build/Objects-normal/arm64_32/SequenceBuilder.swiftsourceinfo (in target 'SequenceBuilder' from project 'SequenceBuilder')
    cd /Users/admin/builder/spi-builder-workspace/.dependencies/checkouts/SequenceBuilder
    builtin-copy -exclude .DS_Store -exclude CVS -exclude .svn -exclude .git -exclude .hg -resolve-src-symlinks -rename /Users/admin/builder/spi-builder-workspace/.derivedData/Build/Intermediates.noindex/SequenceBuilder.build/Debug-watchos/SequenceBuilder-t.build/Objects-normal/arm64_32/SequenceBuilder.swiftsourceinfo /Users/admin/builder/spi-builder-workspace/.derivedData/Build/Products/Debug-watchos/SequenceBuilder.swiftmodule/Project/arm64_32-apple-watchos.swiftsourceinfo
SwiftDriver AdaptiveTabView normal arm64 com.apple.xcode.tools.swift.compiler (in target 'AdaptiveTabView' from project 'AdaptiveTabView')
    cd /Users/admin/builder/spi-builder-workspace/.swiftpm/xcode
    builtin-SwiftDriver -- /Applications/Xcode-27.0.0-Release.Candidate.app/Contents/Developer/Toolchains/XcodeDefault.xctoolchain/usr/bin/swiftc -parse-as-library -module-name AdaptiveTabView -Onone @/Users/admin/builder/spi-builder-workspace/.derivedData/Build/Intermediates.noindex/AdaptiveTabView.build/Debug-watchos/AdaptiveTabView-t.build/Objects-normal/arm64/AdaptiveTabView.SwiftFileList -DSWIFT_PACKAGE -DDEBUG -DSWIFT_MODULE_RESOURCE_BUNDLE_UNAVAILABLE -DXcode -plugin-path /Applications/Xcode-27.0.0-Release.Candidate.app/Contents/Developer/Toolchains/XcodeDefault.xctoolchain/usr/lib/swift/host/plugins/testing -enable-experimental-feature DebugDescriptionMacro -sdk /Applications/Xcode-27.0.0-Release.Candidate.app/Contents/Developer/Platforms/WatchOS.platform/Developer/SDKs/WatchOS27.0.sdk -target arm64-apple-watchos9.0 -g -module-cache-path /Users/admin/builder/spi-builder-workspace/.derivedData/ModuleCache.noindex -Xfrontend -serialize-debugging-options -enable-testing -index-store-path /Users/admin/builder/spi-builder-workspace/.derivedData/Index.noindex/DataStore -Xcc -D_LIBCPP_HARDENING_MODE\=_LIBCPP_HARDENING_MODE_DEBUG -swift-version 5 -I /Users/admin/builder/spi-builder-workspace/.derivedData/Build/Products/Debug-watchos -Isystem /Applications/Xcode-27.0.0-Release.Candidate.app/Contents/Developer/Platforms/WatchOS.platform/Developer/usr/lib -F /Users/admin/builder/spi-builder-workspace/.derivedData/Build/Products/Debug-watchos/PackageFrameworks -F /Users/admin/builder/spi-builder-workspace/.derivedData/Build/Products/Debug-watchos -F /Applications/Xcode-27.0.0-Release.Candidate.app/Contents/Developer/Platforms/WatchOS.platform/Developer/Library/Frameworks -F /Applications/Xcode-27.0.0-Release.Candidate.app/Contents/Developer/Platforms/WatchOS.platform/Developer/SDKs/WatchOS27.0.sdk/Developer/Library/Frameworks -c -j10 -enable-batch-mode -incremental -Xcc -ivfsstatcache -Xcc /Users/admin/builder/spi-builder-workspace/.derivedData/SDKStatCaches.noindex/watchos27.0-24R360-e829b21a6f8c9b70876ba0858053c04477534ef55a1706bf4c1112bbb242f0a2.sdkstatcache -output-file-map /Users/admin/builder/spi-builder-workspace/.derivedData/Build/Intermediates.noindex/AdaptiveTabView.build/Debug-watchos/AdaptiveTabView-t.build/Objects-normal/arm64/AdaptiveTabView-OutputFileMap.json -save-temps -no-color-diagnostics -explicit-module-build -module-cache-path /Users/admin/builder/spi-builder-workspace/.derivedData/Build/Intermediates.noindex/SwiftExplicitPrecompiledModules -clang-scanner-module-cache-path /Users/admin/builder/spi-builder-workspace/.derivedData/ModuleCache.noindex -sdk-module-cache-path /Users/admin/builder/spi-builder-workspace/.derivedData/SDKExplicitPrecompiledModules -emit-dependencies -emit-module -emit-module-path /Users/admin/builder/spi-builder-workspace/.derivedData/Build/Intermediates.noindex/AdaptiveTabView.build/Debug-watchos/AdaptiveTabView-t.build/Objects-normal/arm64/AdaptiveTabView.swiftmodule -serialize-diagnostics -dependency-scan-serialize-diagnostics-path /Users/admin/builder/spi-builder-workspace/.derivedData/Build/Intermediates.noindex/AdaptiveTabView.build/Debug-watchos/AdaptiveTabView-t.build/Objects-normal/arm64/AdaptiveTabView-dependency-scan.dia -validate-clang-modules-once -clang-build-session-file /Users/admin/builder/spi-builder-workspace/.derivedData/ModuleCache.noindex/Session.modulevalidation -Xcc -fmodules-prune-interval\=86400 -Xcc -fmodules-prune-after\=345600 -emit-const-values -const-gather-protocols-list /Users/admin/builder/spi-builder-workspace/.derivedData/Build/Intermediates.noindex/AdaptiveTabView.build/Debug-watchos/AdaptiveTabView-t.build/Objects-normal/arm64/AdaptiveTabView_const_extract_protocols.json -Xcc -I/Users/admin/builder/spi-builder-workspace/.derivedData/Build/Products/Debug-watchos/include -Xcc -I/Users/admin/builder/spi-builder-workspace/.derivedData/Build/Intermediates.noindex/AdaptiveTabView.build/Debug-watchos/AdaptiveTabView-t.build/DerivedSources-normal/arm64 -Xcc -I/Users/admin/builder/spi-builder-workspace/.derivedData/Build/Intermediates.noindex/AdaptiveTabView.build/Debug-watchos/AdaptiveTabView-t.build/DerivedSources/arm64 -Xcc -I/Users/admin/builder/spi-builder-workspace/.derivedData/Build/Intermediates.noindex/AdaptiveTabView.build/Debug-watchos/AdaptiveTabView-t.build/DerivedSources -Xcc -DSWIFT_PACKAGE -Xcc -DDEBUG\=1 -emit-objc-header -emit-objc-header-path /Users/admin/builder/spi-builder-workspace/.derivedData/Build/Intermediates.noindex/AdaptiveTabView.build/Debug-watchos/AdaptiveTabView-t.build/Objects-normal/arm64/AdaptiveTabView-Swift.h -working-directory /Users/admin/builder/spi-builder-workspace/.swiftpm/xcode -experimental-emit-module-separately -disable-cmo
SwiftDriver AdaptiveTabView normal arm64_32 com.apple.xcode.tools.swift.compiler (in target 'AdaptiveTabView' from project 'AdaptiveTabView')
    cd /Users/admin/builder/spi-builder-workspace/.swiftpm/xcode
    builtin-SwiftDriver -- /Applications/Xcode-27.0.0-Release.Candidate.app/Contents/Developer/Toolchains/XcodeDefault.xctoolchain/usr/bin/swiftc -parse-as-library -module-name AdaptiveTabView -Onone @/Users/admin/builder/spi-builder-workspace/.derivedData/Build/Intermediates.noindex/AdaptiveTabView.build/Debug-watchos/AdaptiveTabView-t.build/Objects-normal/arm64_32/AdaptiveTabView.SwiftFileList -DSWIFT_PACKAGE -DDEBUG -DSWIFT_MODULE_RESOURCE_BUNDLE_UNAVAILABLE -DXcode -plugin-path /Applications/Xcode-27.0.0-Release.Candidate.app/Contents/Developer/Toolchains/XcodeDefault.xctoolchain/usr/lib/swift/host/plugins/testing -enable-experimental-feature DebugDescriptionMacro -sdk /Applications/Xcode-27.0.0-Release.Candidate.app/Contents/Developer/Platforms/WatchOS.platform/Developer/SDKs/WatchOS27.0.sdk -target arm64_32-apple-watchos9.0 -g -module-cache-path /Users/admin/builder/spi-builder-workspace/.derivedData/ModuleCache.noindex -Xfrontend -serialize-debugging-options -enable-testing -index-store-path /Users/admin/builder/spi-builder-workspace/.derivedData/Index.noindex/DataStore -Xcc -D_LIBCPP_HARDENING_MODE\=_LIBCPP_HARDENING_MODE_DEBUG -swift-version 5 -I /Users/admin/builder/spi-builder-workspace/.derivedData/Build/Products/Debug-watchos -Isystem /Applications/Xcode-27.0.0-Release.Candidate.app/Contents/Developer/Platforms/WatchOS.platform/Developer/usr/lib -F /Users/admin/builder/spi-builder-workspace/.derivedData/Build/Products/Debug-watchos/PackageFrameworks -F /Users/admin/builder/spi-builder-workspace/.derivedData/Build/Products/Debug-watchos -F /Applications/Xcode-27.0.0-Release.Candidate.app/Contents/Developer/Platforms/WatchOS.platform/Developer/Library/Frameworks -F /Applications/Xcode-27.0.0-Release.Candidate.app/Contents/Developer/Platforms/WatchOS.platform/Developer/SDKs/WatchOS27.0.sdk/Developer/Library/Frameworks -c -j10 -enable-batch-mode -incremental -Xcc -ivfsstatcache -Xcc /Users/admin/builder/spi-builder-workspace/.derivedData/SDKStatCaches.noindex/watchos27.0-24R360-e829b21a6f8c9b70876ba0858053c04477534ef55a1706bf4c1112bbb242f0a2.sdkstatcache -output-file-map /Users/admin/builder/spi-builder-workspace/.derivedData/Build/Intermediates.noindex/AdaptiveTabView.build/Debug-watchos/AdaptiveTabView-t.build/Objects-normal/arm64_32/AdaptiveTabView-OutputFileMap.json -save-temps -no-color-diagnostics -explicit-module-build -module-cache-path /Users/admin/builder/spi-builder-workspace/.derivedData/Build/Intermediates.noindex/SwiftExplicitPrecompiledModules -clang-scanner-module-cache-path /Users/admin/builder/spi-builder-workspace/.derivedData/ModuleCache.noindex -sdk-module-cache-path /Users/admin/builder/spi-builder-workspace/.derivedData/SDKExplicitPrecompiledModules -emit-dependencies -emit-module -emit-module-path /Users/admin/builder/spi-builder-workspace/.derivedData/Build/Intermediates.noindex/AdaptiveTabView.build/Debug-watchos/AdaptiveTabView-t.build/Objects-normal/arm64_32/AdaptiveTabView.swiftmodule -serialize-diagnostics -dependency-scan-serialize-diagnostics-path /Users/admin/builder/spi-builder-workspace/.derivedData/Build/Intermediates.noindex/AdaptiveTabView.build/Debug-watchos/AdaptiveTabView-t.build/Objects-normal/arm64_32/AdaptiveTabView-dependency-scan.dia -validate-clang-modules-once -clang-build-session-file /Users/admin/builder/spi-builder-workspace/.derivedData/ModuleCache.noindex/Session.modulevalidation -Xcc -fmodules-prune-interval\=86400 -Xcc -fmodules-prune-after\=345600 -emit-const-values -const-gather-protocols-list /Users/admin/builder/spi-builder-workspace/.derivedData/Build/Intermediates.noindex/AdaptiveTabView.build/Debug-watchos/AdaptiveTabView-t.build/Objects-normal/arm64_32/AdaptiveTabView_const_extract_protocols.json -Xcc -I/Users/admin/builder/spi-builder-workspace/.derivedData/Build/Products/Debug-watchos/include -Xcc -I/Users/admin/builder/spi-builder-workspace/.derivedData/Build/Intermediates.noindex/AdaptiveTabView.build/Debug-watchos/AdaptiveTabView-t.build/DerivedSources-normal/arm64_32 -Xcc -I/Users/admin/builder/spi-builder-workspace/.derivedData/Build/Intermediates.noindex/AdaptiveTabView.build/Debug-watchos/AdaptiveTabView-t.build/DerivedSources/arm64_32 -Xcc -I/Users/admin/builder/spi-builder-workspace/.derivedData/Build/Intermediates.noindex/AdaptiveTabView.build/Debug-watchos/AdaptiveTabView-t.build/DerivedSources -Xcc -DSWIFT_PACKAGE -Xcc -DDEBUG\=1 -emit-objc-header -emit-objc-header-path /Users/admin/builder/spi-builder-workspace/.derivedData/Build/Intermediates.noindex/AdaptiveTabView.build/Debug-watchos/AdaptiveTabView-t.build/Objects-normal/arm64_32/AdaptiveTabView-Swift.h -working-directory /Users/admin/builder/spi-builder-workspace/.swiftpm/xcode -experimental-emit-module-separately -disable-cmo
SwiftEmitModule normal arm64 Emitting\ module\ for\ AdaptiveTabView (in target 'AdaptiveTabView' from project 'AdaptiveTabView')
SwiftCompile normal arm64 (in target 'AdaptiveTabView' from project 'AdaptiveTabView')
    cd /Users/admin/builder/spi-builder-workspace/.swiftpm/xcode

SwiftCompile normal arm64 Compiling\ SidebarView.swift /Users/admin/builder/spi-builder-workspace/Sources/AdaptiveTabView/SidebarLayout/SidebarView.swift (in target 'AdaptiveTabView' from project 'AdaptiveTabView')
/Users/admin/builder/spi-builder-workspace/Sources/AdaptiveTabView/SidebarLayout/SidebarView.swift:42:9: error: 'init(selection:content:)' is only available in watchOS 10.0 or newer
11 | // MARK: - SidebarView
12 |
13 | struct SidebarView<TabContent: Sequence, SidebarExtraContent: View>: View where TabContent.Element: TabContentView {
   |        `- note: add '@available' attribute to enclosing generic struct
14 |
15 |     private let appName: String
   :
39 |     }
40 |
41 |     var body: some View {
   |         `- note: add '@available' attribute to enclosing property
42 |         List(selection: proxySelectedTab) {
   |         |- error: 'init(selection:content:)' is only available in watchOS 10.0 or newer
   |         `- note: add 'if #available' version check
43 |             ForEach(sequence: tabViewBuilder(.sidebarView)) { (index, tabView) in
44 |                 SidebarItemNavigationLink {
/Users/admin/builder/spi-builder-workspace/Sources/AdaptiveTabView/SidebarLayout/SidebarView.swift:52:21: error: 'sidebar' is unavailable in watchOS
50 |             sidebarExtraContent()
51 |         }
52 |         .listStyle(.sidebar)
   |                     `- error: 'sidebar' is unavailable in watchOS
53 |         .navigationTitle(appName)
54 |     }
SwiftUI.ListStyle.sidebar:2:43: note: 'sidebar' has been explicitly marked unavailable here
1 | protocol ListStyle {
2 | @export(implementation) public static var sidebar: SidebarListStyle { get }}
  |                                           `- note: 'sidebar' has been explicitly marked unavailable here
3 |
Failed frontend command:
/Applications/Xcode-27.0.0-Release.Candidate.app/Contents/Developer/Toolchains/XcodeDefault.xctoolchain/usr/bin/swift-frontend -frontend -c /Users/admin/builder/spi-builder-workspace/Sources/AdaptiveTabView/AdaptiveTabView.swift /Users/admin/builder/spi-builder-workspace/Sources/AdaptiveTabView/Environment/SelectedTabTransformer.swift /Users/admin/builder/spi-builder-workspace/Sources/AdaptiveTabView/Extensions/Either+SwiftUI.swift /Users/admin/builder/spi-builder-workspace/Sources/AdaptiveTabView/Identifiers/TabIdentifier.swift /Users/admin/builder/spi-builder-workspace/Sources/AdaptiveTabView/PreviewContent/PreviewTitleImageProvidingView.swift /Users/admin/builder/spi-builder-workspace/Sources/AdaptiveTabView/Protocols/TitleImageProviding.swift /Users/admin/builder/spi-builder-workspace/Sources/AdaptiveTabView/SidebarLayout/SidebarItemNavigationLink.swift /Users/admin/builder/spi-builder-workspace/Sources/AdaptiveTabView/SidebarLayout/SidebarLayoutView.swift -primary-file /Users/admin/builder/spi-builder-workspace/Sources/AdaptiveTabView/SidebarLayout/SidebarView.swift /Users/admin/builder/spi-builder-workspace/Sources/AdaptiveTabView/TabLayout/TabLayoutView.swift /Users/admin/builder/spi-builder-workspace/Sources/AdaptiveTabView/TabLayout/TabNavigationView.swift /Users/admin/builder/spi-builder-workspace/Sources/AdaptiveTabView/Typealiases/TabContentView.swift -emit-dependencies-path /Users/admin/builder/spi-builder-workspace/.derivedData/Build/Intermediates.noindex/AdaptiveTabView.build/Debug-watchos/AdaptiveTabView-t.build/Objects-normal/arm64/SidebarView.d -emit-const-values-path /Users/admin/builder/spi-builder-workspace/.derivedData/Build/Intermediates.noindex/AdaptiveTabView.build/Debug-watchos/AdaptiveTabView-t.build/Objects-normal/arm64/SidebarView.swiftconstvalues -emit-reference-dependencies-path /Users/admin/builder/spi-builder-workspace/.derivedData/Build/Intermediates.noindex/AdaptiveTabView.build/Debug-watchos/AdaptiveTabView-t.build/Objects-normal/arm64/SidebarView.swiftdeps -serialize-diagnostics-path /Users/admin/builder/spi-builder-workspace/.derivedData/Build/Intermediates.noindex/AdaptiveTabView.build/Debug-watchos/AdaptiveTabView-t.build/Objects-normal/arm64/SidebarView.dia -target arm64-apple-watchos9.0 -disable-cross-import-overlay-search -load-resolved-plugin /Applications/Xcode-27.0.0-Release.Candidate.app/Contents/Developer/Platforms/WatchOS.platform/Developer/usr/lib/swift/host/plugins/libFoundationMacros.dylib\#/Applications/Xcode-27.0.0-Release.Candidate.app/Contents/Developer/Platforms/WatchOS.platform/Developer/usr/bin/swift-plugin-server\#FoundationMacros -load-resolved-plugin /Applications/Xcode-27.0.0-Release.Candidate.app/Contents/Developer/Platforms/WatchOS.platform/Developer/usr/lib/swift/host/plugins/libObservationMacros.dylib\#/Applications/Xcode-27.0.0-Release.Candidate.app/Contents/Developer/Platforms/WatchOS.platform/Developer/usr/bin/swift-plugin-server\#ObservationMacros -load-resolved-plugin /Applications/Xcode-27.0.0-Release.Candidate.app/Contents/Developer/Platforms/WatchOS.platform/Developer/usr/lib/swift/host/plugins/libPreviewsMacros.dylib\#/Applications/Xcode-27.0.0-Release.Candidate.app/Contents/Developer/Platforms/WatchOS.platform/Developer/usr/bin/swift-plugin-server\#PreviewsMacros -load-resolved-plugin /Applications/Xcode-27.0.0-Release.Candidate.app/Contents/Developer/Platforms/WatchOS.platform/Developer/usr/lib/swift/host/plugins/libSwiftMacros.dylib\#/Applications/Xcode-27.0.0-Release.Candidate.app/Contents/Developer/Platforms/WatchOS.platform/Developer/usr/bin/swift-plugin-server\#SwiftMacros -load-resolved-plugin /Applications/Xcode-27.0.0-Release.Candidate.app/Contents/Developer/Platforms/WatchOS.platform/Developer/usr/lib/swift/host/plugins/libSwiftUIMacros.dylib\#/Applications/Xcode-27.0.0-Release.Candidate.app/Contents/Developer/Platforms/WatchOS.platform/Developer/usr/bin/swift-plugin-server\#SwiftUIMacros -disable-implicit-swift-modules -Xcc -fno-implicit-modules -Xcc -fno-implicit-module-maps -explicit-swift-module-map-file /Users/admin/builder/spi-builder-workspace/.derivedData/Build/Intermediates.noindex/AdaptiveTabView.build/Debug-watchos/AdaptiveTabView-t.build/Objects-normal/arm64/AdaptiveTabView-dependencies-1.json -Xllvm -aarch64-use-tbi -enable-objc-interop -stack-check -sdk /Applications/Xcode-27.0.0-Release.Candidate.app/Contents/Developer/Platforms/WatchOS.platform/Developer/SDKs/WatchOS27.0.sdk -I /Users/admin/builder/spi-builder-workspace/.derivedData/Build/Products/Debug-watchos -Isystem /Applications/Xcode-27.0.0-Release.Candidate.app/Contents/Developer/Platforms/WatchOS.platform/Developer/usr/lib -F /Users/admin/builder/spi-builder-workspace/.derivedData/Build/Products/Debug-watchos/PackageFrameworks -F /Users/admin/builder/spi-builder-workspace/.derivedData/Build/Products/Debug-watchos -F /Applications/Xcode-27.0.0-Release.Candidate.app/Contents/Developer/Platforms/WatchOS.platform/Developer/Library/Frameworks -F /Applications/Xcode-27.0.0-Release.Candidate.app/Contents/Developer/Platforms/WatchOS.platform/Developer/SDKs/WatchOS27.0.sdk/Developer/Library/Frameworks -module-cache-path /Users/admin/builder/spi-builder-workspace/.derivedData/Build/Intermediates.noindex/SwiftExplicitPrecompiledModules -no-color-diagnostics -Xcc -fno-color-diagnostics -enable-testing -g -debug-info-format\=dwarf -dwarf-version\=4 -swift-version 5 -Onone -D SWIFT_PACKAGE -D DEBUG -D SWIFT_MODULE_RESOURCE_BUNDLE_UNAVAILABLE -D Xcode -serialize-debugging-options -enable-experimental-feature DebugDescriptionMacro -empty-abi-descriptor -validate-clang-modules-once -clang-build-session-file /Users/admin/builder/spi-builder-workspace/.derivedData/ModuleCache.noindex/Session.modulevalidation -Xcc -working-directory -Xcc /Users/admin/builder/spi-builder-workspace/.swiftpm/xcode -enable-anonymous-context-mangled-names -file-compilation-dir /Users/admin/builder/spi-builder-workspace/.swiftpm/xcode -Xcc -D_LIBCPP_HARDENING_MODE\=_LIBCPP_HARDENING_MODE_DEBUG -Xcc -ivfsstatcache -Xcc /Users/admin/builder/spi-builder-workspace/.derivedData/SDKStatCaches.noindex/watchos27.0-24R360-e829b21a6f8c9b70876ba0858053c04477534ef55a1706bf4c1112bbb242f0a2.sdkstatcache -Xcc -fmodules-prune-interval\=86400 -Xcc -fmodules-prune-after\=345600 -Xcc -I/Users/admin/builder/spi-builder-workspace/.derivedData/Build/Products/Debug-watchos/include -Xcc -I/Users/admin/builder/spi-builder-workspace/.derivedData/Build/Intermediates.noindex/AdaptiveTabView.build/Debug-watchos/AdaptiveTabView-t.build/DerivedSources-normal/arm64 -Xcc -I/Users/admin/builder/spi-builder-workspace/.derivedData/Build/Intermediates.noindex/AdaptiveTabView.build/Debug-watchos/AdaptiveTabView-t.build/DerivedSources/arm64 -Xcc -I/Users/admin/builder/spi-builder-workspace/.derivedData/Build/Intermediates.noindex/AdaptiveTabView.build/Debug-watchos/AdaptiveTabView-t.build/DerivedSources -Xcc -DSWIFT_PACKAGE -Xcc -DDEBUG\=1 -no-auto-bridging-header-chaining -module-name AdaptiveTabView -const-gather-protocols-file /Users/admin/builder/spi-builder-workspace/.derivedData/Build/Intermediates.noindex/AdaptiveTabView.build/Debug-watchos/AdaptiveTabView-t.build/Objects-normal/arm64/AdaptiveTabView_const_extract_protocols.json -disable-clang-spi -clang-target arm64-apple-watchos27.0 -target-sdk-version 27.0 -target-sdk-name watchos27.0 -in-process-plugin-server-path /Applications/Xcode-27.0.0-Release.Candidate.app/Contents/Developer/Toolchains/XcodeDefault.xctoolchain/usr/lib/swift/host/libSwiftInProcPluginServer.dylib -parse-as-library -o /Users/admin/builder/spi-builder-workspace/.derivedData/Build/Intermediates.noindex/AdaptiveTabView.build/Debug-watchos/AdaptiveTabView-t.build/Objects-normal/arm64/SidebarView.o -debug-module-path /Users/admin/builder/spi-builder-workspace/.derivedData/Build/Intermediates.noindex/AdaptiveTabView.build/Debug-watchos/AdaptiveTabView-t.build/Objects-normal/arm64/AdaptiveTabView.swiftmodule -index-unit-output-path /AdaptiveTabView.build/Debug-watchos/AdaptiveTabView-t.build/Objects-normal/arm64/SidebarView.o -index-store-path /Users/admin/builder/spi-builder-workspace/.derivedData/Index.noindex/DataStore -index-system-modules
SwiftCompile normal arm64 /Users/admin/builder/spi-builder-workspace/Sources/AdaptiveTabView/SidebarLayout/SidebarView.swift (in target 'AdaptiveTabView' from project 'AdaptiveTabView')
    cd /Users/admin/builder/spi-builder-workspace/.swiftpm/xcode
    builtin-SwiftPerFileCompile SidebarView.swift
SwiftCompile normal arm64 Compiling\ Either+SwiftUI.swift,\ TabIdentifier.swift /Users/admin/builder/spi-builder-workspace/Sources/AdaptiveTabView/Extensions/Either+SwiftUI.swift /Users/admin/builder/spi-builder-workspace/Sources/AdaptiveTabView/Identifiers/TabIdentifier.swift (in target 'AdaptiveTabView' from project 'AdaptiveTabView')
SwiftCompile normal arm64 /Users/admin/builder/spi-builder-workspace/Sources/AdaptiveTabView/Extensions/Either+SwiftUI.swift (in target 'AdaptiveTabView' from project 'AdaptiveTabView')
    cd /Users/admin/builder/spi-builder-workspace/.swiftpm/xcode
    builtin-SwiftPerFileCompile Either+SwiftUI.swift
SwiftCompile normal arm64 /Users/admin/builder/spi-builder-workspace/Sources/AdaptiveTabView/Identifiers/TabIdentifier.swift (in target 'AdaptiveTabView' from project 'AdaptiveTabView')
    cd /Users/admin/builder/spi-builder-workspace/.swiftpm/xcode
    builtin-SwiftPerFileCompile TabIdentifier.swift
SwiftCompile normal arm64 Compiling\ TabLayoutView.swift /Users/admin/builder/spi-builder-workspace/Sources/AdaptiveTabView/TabLayout/TabLayoutView.swift (in target 'AdaptiveTabView' from project 'AdaptiveTabView')
SwiftCompile normal arm64 /Users/admin/builder/spi-builder-workspace/Sources/AdaptiveTabView/TabLayout/TabLayoutView.swift (in target 'AdaptiveTabView' from project 'AdaptiveTabView')
    cd /Users/admin/builder/spi-builder-workspace/.swiftpm/xcode
    builtin-SwiftPerFileCompile TabLayoutView.swift
SwiftEmitModule normal arm64_32 Emitting\ module\ for\ AdaptiveTabView (in target 'AdaptiveTabView' from project 'AdaptiveTabView')
SwiftCompile normal arm64_32 (in target 'AdaptiveTabView' from project 'AdaptiveTabView')
    cd /Users/admin/builder/spi-builder-workspace/.swiftpm/xcode

SwiftDriverJobDiscovery normal arm64 Compiling SequenceBuilder.swift (in target 'SequenceBuilder' from project 'SequenceBuilder')
SwiftCompile normal arm64_32 Compiling\ PreviewTitleImageProvidingView.swift /Users/admin/builder/spi-builder-workspace/Sources/AdaptiveTabView/PreviewContent/PreviewTitleImageProvidingView.swift (in target 'AdaptiveTabView' from project 'AdaptiveTabView')
SwiftCompile normal arm64_32 /Users/admin/builder/spi-builder-workspace/Sources/AdaptiveTabView/PreviewContent/PreviewTitleImageProvidingView.swift (in target 'AdaptiveTabView' from project 'AdaptiveTabView')
    cd /Users/admin/builder/spi-builder-workspace/.swiftpm/xcode
    builtin-SwiftPerFileCompile PreviewTitleImageProvidingView.swift
SwiftDriverJobDiscovery normal arm64_32 Compiling SequenceBuilder.swift (in target 'SequenceBuilder' from project 'SequenceBuilder')
SwiftCompile normal arm64_32 Compiling\ AdaptiveTabView.swift,\ SelectedTabTransformer.swift /Users/admin/builder/spi-builder-workspace/Sources/AdaptiveTabView/AdaptiveTabView.swift /Users/admin/builder/spi-builder-workspace/Sources/AdaptiveTabView/Environment/SelectedTabTransformer.swift (in target 'AdaptiveTabView' from project 'AdaptiveTabView')
SwiftCompile normal arm64_32 /Users/admin/builder/spi-builder-workspace/Sources/AdaptiveTabView/AdaptiveTabView.swift (in target 'AdaptiveTabView' from project 'AdaptiveTabView')
    cd /Users/admin/builder/spi-builder-workspace/.swiftpm/xcode
    builtin-SwiftPerFileCompile AdaptiveTabView.swift
SwiftCompile normal arm64_32 /Users/admin/builder/spi-builder-workspace/Sources/AdaptiveTabView/Environment/SelectedTabTransformer.swift (in target 'AdaptiveTabView' from project 'AdaptiveTabView')
    cd /Users/admin/builder/spi-builder-workspace/.swiftpm/xcode
    builtin-SwiftPerFileCompile SelectedTabTransformer.swift
SwiftDriverJobDiscovery normal arm64_32 Emitting module for AdaptiveTabView (in target 'AdaptiveTabView' from project 'AdaptiveTabView')
SwiftDriver\ Compilation\ Requirements AdaptiveTabView normal arm64_32 com.apple.xcode.tools.swift.compiler (in target 'AdaptiveTabView' from project 'AdaptiveTabView')
    cd /Users/admin/builder/spi-builder-workspace/.swiftpm/xcode
    builtin-Swift-Compilation-Requirements -- /Applications/Xcode-27.0.0-Release.Candidate.app/Contents/Developer/Toolchains/XcodeDefault.xctoolchain/usr/bin/swiftc -parse-as-library -module-name AdaptiveTabView -Onone @/Users/admin/builder/spi-builder-workspace/.derivedData/Build/Intermediates.noindex/AdaptiveTabView.build/Debug-watchos/AdaptiveTabView-t.build/Objects-normal/arm64_32/AdaptiveTabView.SwiftFileList -DSWIFT_PACKAGE -DDEBUG -DSWIFT_MODULE_RESOURCE_BUNDLE_UNAVAILABLE -DXcode -plugin-path /Applications/Xcode-27.0.0-Release.Candidate.app/Contents/Developer/Toolchains/XcodeDefault.xctoolchain/usr/lib/swift/host/plugins/testing -enable-experimental-feature DebugDescriptionMacro -sdk /Applications/Xcode-27.0.0-Release.Candidate.app/Contents/Developer/Platforms/WatchOS.platform/Developer/SDKs/WatchOS27.0.sdk -target arm64_32-apple-watchos9.0 -g -module-cache-path /Users/admin/builder/spi-builder-workspace/.derivedData/ModuleCache.noindex -Xfrontend -serialize-debugging-options -enable-testing -index-store-path /Users/admin/builder/spi-builder-workspace/.derivedData/Index.noindex/DataStore -Xcc -D_LIBCPP_HARDENING_MODE\=_LIBCPP_HARDENING_MODE_DEBUG -swift-version 5 -I /Users/admin/builder/spi-builder-workspace/.derivedData/Build/Products/Debug-watchos -Isystem /Applications/Xcode-27.0.0-Release.Candidate.app/Contents/Developer/Platforms/WatchOS.platform/Developer/usr/lib -F /Users/admin/builder/spi-builder-workspace/.derivedData/Build/Products/Debug-watchos/PackageFrameworks -F /Users/admin/builder/spi-builder-workspace/.derivedData/Build/Products/Debug-watchos -F /Applications/Xcode-27.0.0-Release.Candidate.app/Contents/Developer/Platforms/WatchOS.platform/Developer/Library/Frameworks -F /Applications/Xcode-27.0.0-Release.Candidate.app/Contents/Developer/Platforms/WatchOS.platform/Developer/SDKs/WatchOS27.0.sdk/Developer/Library/Frameworks -c -j10 -enable-batch-mode -incremental -Xcc -ivfsstatcache -Xcc /Users/admin/builder/spi-builder-workspace/.derivedData/SDKStatCaches.noindex/watchos27.0-24R360-e829b21a6f8c9b70876ba0858053c04477534ef55a1706bf4c1112bbb242f0a2.sdkstatcache -output-file-map /Users/admin/builder/spi-builder-workspace/.derivedData/Build/Intermediates.noindex/AdaptiveTabView.build/Debug-watchos/AdaptiveTabView-t.build/Objects-normal/arm64_32/AdaptiveTabView-OutputFileMap.json -save-temps -no-color-diagnostics -explicit-module-build -module-cache-path /Users/admin/builder/spi-builder-workspace/.derivedData/Build/Intermediates.noindex/SwiftExplicitPrecompiledModules -clang-scanner-module-cache-path /Users/admin/builder/spi-builder-workspace/.derivedData/ModuleCache.noindex -sdk-module-cache-path /Users/admin/builder/spi-builder-workspace/.derivedData/SDKExplicitPrecompiledModules -emit-dependencies -emit-module -emit-module-path /Users/admin/builder/spi-builder-workspace/.derivedData/Build/Intermediates.noindex/AdaptiveTabView.build/Debug-watchos/AdaptiveTabView-t.build/Objects-normal/arm64_32/AdaptiveTabView.swiftmodule -serialize-diagnostics -dependency-scan-serialize-diagnostics-path /Users/admin/builder/spi-builder-workspace/.derivedData/Build/Intermediates.noindex/AdaptiveTabView.build/Debug-watchos/AdaptiveTabView-t.build/Objects-normal/arm64_32/AdaptiveTabView-dependency-scan.dia -validate-clang-modules-once -clang-build-session-file /Users/admin/builder/spi-builder-workspace/.derivedData/ModuleCache.noindex/Session.modulevalidation -Xcc -fmodules-prune-interval\=86400 -Xcc -fmodules-prune-after\=345600 -emit-const-values -const-gather-protocols-list /Users/admin/builder/spi-builder-workspace/.derivedData/Build/Intermediates.noindex/AdaptiveTabView.build/Debug-watchos/AdaptiveTabView-t.build/Objects-normal/arm64_32/AdaptiveTabView_const_extract_protocols.json -Xcc -I/Users/admin/builder/spi-builder-workspace/.derivedData/Build/Products/Debug-watchos/include -Xcc -I/Users/admin/builder/spi-builder-workspace/.derivedData/Build/Intermediates.noindex/AdaptiveTabView.build/Debug-watchos/AdaptiveTabView-t.build/DerivedSources-normal/arm64_32 -Xcc -I/Users/admin/builder/spi-builder-workspace/.derivedData/Build/Intermediates.noindex/AdaptiveTabView.build/Debug-watchos/AdaptiveTabView-t.build/DerivedSources/arm64_32 -Xcc -I/Users/admin/builder/spi-builder-workspace/.derivedData/Build/Intermediates.noindex/AdaptiveTabView.build/Debug-watchos/AdaptiveTabView-t.build/DerivedSources -Xcc -DSWIFT_PACKAGE -Xcc -DDEBUG\=1 -emit-objc-header -emit-objc-header-path /Users/admin/builder/spi-builder-workspace/.derivedData/Build/Intermediates.noindex/AdaptiveTabView.build/Debug-watchos/AdaptiveTabView-t.build/Objects-normal/arm64_32/AdaptiveTabView-Swift.h -working-directory /Users/admin/builder/spi-builder-workspace/.swiftpm/xcode -experimental-emit-module-separately -disable-cmo
SwiftDriverJobDiscovery normal arm64 Emitting module for AdaptiveTabView (in target 'AdaptiveTabView' from project 'AdaptiveTabView')
SwiftDriver\ Compilation\ Requirements AdaptiveTabView normal arm64 com.apple.xcode.tools.swift.compiler (in target 'AdaptiveTabView' from project 'AdaptiveTabView')
    cd /Users/admin/builder/spi-builder-workspace/.swiftpm/xcode
    builtin-Swift-Compilation-Requirements -- /Applications/Xcode-27.0.0-Release.Candidate.app/Contents/Developer/Toolchains/XcodeDefault.xctoolchain/usr/bin/swiftc -parse-as-library -module-name AdaptiveTabView -Onone @/Users/admin/builder/spi-builder-workspace/.derivedData/Build/Intermediates.noindex/AdaptiveTabView.build/Debug-watchos/AdaptiveTabView-t.build/Objects-normal/arm64/AdaptiveTabView.SwiftFileList -DSWIFT_PACKAGE -DDEBUG -DSWIFT_MODULE_RESOURCE_BUNDLE_UNAVAILABLE -DXcode -plugin-path /Applications/Xcode-27.0.0-Release.Candidate.app/Contents/Developer/Toolchains/XcodeDefault.xctoolchain/usr/lib/swift/host/plugins/testing -enable-experimental-feature DebugDescriptionMacro -sdk /Applications/Xcode-27.0.0-Release.Candidate.app/Contents/Developer/Platforms/WatchOS.platform/Developer/SDKs/WatchOS27.0.sdk -target arm64-apple-watchos9.0 -g -module-cache-path /Users/admin/builder/spi-builder-workspace/.derivedData/ModuleCache.noindex -Xfrontend -serialize-debugging-options -enable-testing -index-store-path /Users/admin/builder/spi-builder-workspace/.derivedData/Index.noindex/DataStore -Xcc -D_LIBCPP_HARDENING_MODE\=_LIBCPP_HARDENING_MODE_DEBUG -swift-version 5 -I /Users/admin/builder/spi-builder-workspace/.derivedData/Build/Products/Debug-watchos -Isystem /Applications/Xcode-27.0.0-Release.Candidate.app/Contents/Developer/Platforms/WatchOS.platform/Developer/usr/lib -F /Users/admin/builder/spi-builder-workspace/.derivedData/Build/Products/Debug-watchos/PackageFrameworks -F /Users/admin/builder/spi-builder-workspace/.derivedData/Build/Products/Debug-watchos -F /Applications/Xcode-27.0.0-Release.Candidate.app/Contents/Developer/Platforms/WatchOS.platform/Developer/Library/Frameworks -F /Applications/Xcode-27.0.0-Release.Candidate.app/Contents/Developer/Platforms/WatchOS.platform/Developer/SDKs/WatchOS27.0.sdk/Developer/Library/Frameworks -c -j10 -enable-batch-mode -incremental -Xcc -ivfsstatcache -Xcc /Users/admin/builder/spi-builder-workspace/.derivedData/SDKStatCaches.noindex/watchos27.0-24R360-e829b21a6f8c9b70876ba0858053c04477534ef55a1706bf4c1112bbb242f0a2.sdkstatcache -output-file-map /Users/admin/builder/spi-builder-workspace/.derivedData/Build/Intermediates.noindex/AdaptiveTabView.build/Debug-watchos/AdaptiveTabView-t.build/Objects-normal/arm64/AdaptiveTabView-OutputFileMap.json -save-temps -no-color-diagnostics -explicit-module-build -module-cache-path /Users/admin/builder/spi-builder-workspace/.derivedData/Build/Intermediates.noindex/SwiftExplicitPrecompiledModules -clang-scanner-module-cache-path /Users/admin/builder/spi-builder-workspace/.derivedData/ModuleCache.noindex -sdk-module-cache-path /Users/admin/builder/spi-builder-workspace/.derivedData/SDKExplicitPrecompiledModules -emit-dependencies -emit-module -emit-module-path /Users/admin/builder/spi-builder-workspace/.derivedData/Build/Intermediates.noindex/AdaptiveTabView.build/Debug-watchos/AdaptiveTabView-t.build/Objects-normal/arm64/AdaptiveTabView.swiftmodule -serialize-diagnostics -dependency-scan-serialize-diagnostics-path /Users/admin/builder/spi-builder-workspace/.derivedData/Build/Intermediates.noindex/AdaptiveTabView.build/Debug-watchos/AdaptiveTabView-t.build/Objects-normal/arm64/AdaptiveTabView-dependency-scan.dia -validate-clang-modules-once -clang-build-session-file /Users/admin/builder/spi-builder-workspace/.derivedData/ModuleCache.noindex/Session.modulevalidation -Xcc -fmodules-prune-interval\=86400 -Xcc -fmodules-prune-after\=345600 -emit-const-values -const-gather-protocols-list /Users/admin/builder/spi-builder-workspace/.derivedData/Build/Intermediates.noindex/AdaptiveTabView.build/Debug-watchos/AdaptiveTabView-t.build/Objects-normal/arm64/AdaptiveTabView_const_extract_protocols.json -Xcc -I/Users/admin/builder/spi-builder-workspace/.derivedData/Build/Products/Debug-watchos/include -Xcc -I/Users/admin/builder/spi-builder-workspace/.derivedData/Build/Intermediates.noindex/AdaptiveTabView.build/Debug-watchos/AdaptiveTabView-t.build/DerivedSources-normal/arm64 -Xcc -I/Users/admin/builder/spi-builder-workspace/.derivedData/Build/Intermediates.noindex/AdaptiveTabView.build/Debug-watchos/AdaptiveTabView-t.build/DerivedSources/arm64 -Xcc -I/Users/admin/builder/spi-builder-workspace/.derivedData/Build/Intermediates.noindex/AdaptiveTabView.build/Debug-watchos/AdaptiveTabView-t.build/DerivedSources -Xcc -DSWIFT_PACKAGE -Xcc -DDEBUG\=1 -emit-objc-header -emit-objc-header-path /Users/admin/builder/spi-builder-workspace/.derivedData/Build/Intermediates.noindex/AdaptiveTabView.build/Debug-watchos/AdaptiveTabView-t.build/Objects-normal/arm64/AdaptiveTabView-Swift.h -working-directory /Users/admin/builder/spi-builder-workspace/.swiftpm/xcode -experimental-emit-module-separately -disable-cmo
Copy /Users/admin/builder/spi-builder-workspace/.derivedData/Build/Products/Debug-watchos/AdaptiveTabView.swiftmodule/arm64_32-apple-watchos.swiftmodule /Users/admin/builder/spi-builder-workspace/.derivedData/Build/Intermediates.noindex/AdaptiveTabView.build/Debug-watchos/AdaptiveTabView-t.build/Objects-normal/arm64_32/AdaptiveTabView.swiftmodule (in target 'AdaptiveTabView' from project 'AdaptiveTabView')
    cd /Users/admin/builder/spi-builder-workspace
    builtin-copy -exclude .DS_Store -exclude CVS -exclude .svn -exclude .git -exclude .hg -resolve-src-symlinks -rename /Users/admin/builder/spi-builder-workspace/.derivedData/Build/Intermediates.noindex/AdaptiveTabView.build/Debug-watchos/AdaptiveTabView-t.build/Objects-normal/arm64_32/AdaptiveTabView.swiftmodule /Users/admin/builder/spi-builder-workspace/.derivedData/Build/Products/Debug-watchos/AdaptiveTabView.swiftmodule/arm64_32-apple-watchos.swiftmodule
SwiftMergeGeneratedHeaders /Users/admin/builder/spi-builder-workspace/.derivedData/Build/Intermediates.noindex/GeneratedModuleMaps-watchos/AdaptiveTabView-Swift.h /Users/admin/builder/spi-builder-workspace/.derivedData/Build/Intermediates.noindex/AdaptiveTabView.build/Debug-watchos/AdaptiveTabView-t.build/Objects-normal/arm64/AdaptiveTabView-Swift.h /Users/admin/builder/spi-builder-workspace/.derivedData/Build/Intermediates.noindex/AdaptiveTabView.build/Debug-watchos/AdaptiveTabView-t.build/Objects-normal/arm64_32/AdaptiveTabView-Swift.h (in target 'AdaptiveTabView' from project 'AdaptiveTabView')
    cd /Users/admin/builder/spi-builder-workspace
    builtin-swiftHeaderTool -arch arm64 /Users/admin/builder/spi-builder-workspace/.derivedData/Build/Intermediates.noindex/AdaptiveTabView.build/Debug-watchos/AdaptiveTabView-t.build/Objects-normal/arm64/AdaptiveTabView-Swift.h -arch arm64_32 /Users/admin/builder/spi-builder-workspace/.derivedData/Build/Intermediates.noindex/AdaptiveTabView.build/Debug-watchos/AdaptiveTabView-t.build/Objects-normal/arm64_32/AdaptiveTabView-Swift.h -o /Users/admin/builder/spi-builder-workspace/.derivedData/Build/Intermediates.noindex/GeneratedModuleMaps-watchos/AdaptiveTabView-Swift.h
Copy /Users/admin/builder/spi-builder-workspace/.derivedData/Build/Products/Debug-watchos/AdaptiveTabView.swiftmodule/arm64_32-apple-watchos.swiftdoc /Users/admin/builder/spi-builder-workspace/.derivedData/Build/Intermediates.noindex/AdaptiveTabView.build/Debug-watchos/AdaptiveTabView-t.build/Objects-normal/arm64_32/AdaptiveTabView.swiftdoc (in target 'AdaptiveTabView' from project 'AdaptiveTabView')
    cd /Users/admin/builder/spi-builder-workspace
    builtin-copy -exclude .DS_Store -exclude CVS -exclude .svn -exclude .git -exclude .hg -resolve-src-symlinks -rename /Users/admin/builder/spi-builder-workspace/.derivedData/Build/Intermediates.noindex/AdaptiveTabView.build/Debug-watchos/AdaptiveTabView-t.build/Objects-normal/arm64_32/AdaptiveTabView.swiftdoc /Users/admin/builder/spi-builder-workspace/.derivedData/Build/Products/Debug-watchos/AdaptiveTabView.swiftmodule/arm64_32-apple-watchos.swiftdoc
Copy /Users/admin/builder/spi-builder-workspace/.derivedData/Build/Products/Debug-watchos/AdaptiveTabView.swiftmodule/arm64_32-apple-watchos.abi.json /Users/admin/builder/spi-builder-workspace/.derivedData/Build/Intermediates.noindex/AdaptiveTabView.build/Debug-watchos/AdaptiveTabView-t.build/Objects-normal/arm64_32/AdaptiveTabView.abi.json (in target 'AdaptiveTabView' from project 'AdaptiveTabView')
    cd /Users/admin/builder/spi-builder-workspace
    builtin-copy -exclude .DS_Store -exclude CVS -exclude .svn -exclude .git -exclude .hg -resolve-src-symlinks -rename /Users/admin/builder/spi-builder-workspace/.derivedData/Build/Intermediates.noindex/AdaptiveTabView.build/Debug-watchos/AdaptiveTabView-t.build/Objects-normal/arm64_32/AdaptiveTabView.abi.json /Users/admin/builder/spi-builder-workspace/.derivedData/Build/Products/Debug-watchos/AdaptiveTabView.swiftmodule/arm64_32-apple-watchos.abi.json
Copy /Users/admin/builder/spi-builder-workspace/.derivedData/Build/Products/Debug-watchos/AdaptiveTabView.swiftmodule/arm64-apple-watchos.swiftmodule /Users/admin/builder/spi-builder-workspace/.derivedData/Build/Intermediates.noindex/AdaptiveTabView.build/Debug-watchos/AdaptiveTabView-t.build/Objects-normal/arm64/AdaptiveTabView.swiftmodule (in target 'AdaptiveTabView' from project 'AdaptiveTabView')
    cd /Users/admin/builder/spi-builder-workspace
    builtin-copy -exclude .DS_Store -exclude CVS -exclude .svn -exclude .git -exclude .hg -resolve-src-symlinks -rename /Users/admin/builder/spi-builder-workspace/.derivedData/Build/Intermediates.noindex/AdaptiveTabView.build/Debug-watchos/AdaptiveTabView-t.build/Objects-normal/arm64/AdaptiveTabView.swiftmodule /Users/admin/builder/spi-builder-workspace/.derivedData/Build/Products/Debug-watchos/AdaptiveTabView.swiftmodule/arm64-apple-watchos.swiftmodule
Copy /Users/admin/builder/spi-builder-workspace/.derivedData/Build/Products/Debug-watchos/AdaptiveTabView.swiftmodule/arm64-apple-watchos.swiftdoc /Users/admin/builder/spi-builder-workspace/.derivedData/Build/Intermediates.noindex/AdaptiveTabView.build/Debug-watchos/AdaptiveTabView-t.build/Objects-normal/arm64/AdaptiveTabView.swiftdoc (in target 'AdaptiveTabView' from project 'AdaptiveTabView')
    cd /Users/admin/builder/spi-builder-workspace
    builtin-copy -exclude .DS_Store -exclude CVS -exclude .svn -exclude .git -exclude .hg -resolve-src-symlinks -rename /Users/admin/builder/spi-builder-workspace/.derivedData/Build/Intermediates.noindex/AdaptiveTabView.build/Debug-watchos/AdaptiveTabView-t.build/Objects-normal/arm64/AdaptiveTabView.swiftdoc /Users/admin/builder/spi-builder-workspace/.derivedData/Build/Products/Debug-watchos/AdaptiveTabView.swiftmodule/arm64-apple-watchos.swiftdoc
Copy /Users/admin/builder/spi-builder-workspace/.derivedData/Build/Products/Debug-watchos/AdaptiveTabView.swiftmodule/arm64-apple-watchos.abi.json /Users/admin/builder/spi-builder-workspace/.derivedData/Build/Intermediates.noindex/AdaptiveTabView.build/Debug-watchos/AdaptiveTabView-t.build/Objects-normal/arm64/AdaptiveTabView.abi.json (in target 'AdaptiveTabView' from project 'AdaptiveTabView')
    cd /Users/admin/builder/spi-builder-workspace
    builtin-copy -exclude .DS_Store -exclude CVS -exclude .svn -exclude .git -exclude .hg -resolve-src-symlinks -rename /Users/admin/builder/spi-builder-workspace/.derivedData/Build/Intermediates.noindex/AdaptiveTabView.build/Debug-watchos/AdaptiveTabView-t.build/Objects-normal/arm64/AdaptiveTabView.abi.json /Users/admin/builder/spi-builder-workspace/.derivedData/Build/Products/Debug-watchos/AdaptiveTabView.swiftmodule/arm64-apple-watchos.abi.json
Copy /Users/admin/builder/spi-builder-workspace/.derivedData/Build/Products/Debug-watchos/AdaptiveTabView.swiftmodule/Project/arm64_32-apple-watchos.swiftsourceinfo /Users/admin/builder/spi-builder-workspace/.derivedData/Build/Intermediates.noindex/AdaptiveTabView.build/Debug-watchos/AdaptiveTabView-t.build/Objects-normal/arm64_32/AdaptiveTabView.swiftsourceinfo (in target 'AdaptiveTabView' from project 'AdaptiveTabView')
    cd /Users/admin/builder/spi-builder-workspace
    builtin-copy -exclude .DS_Store -exclude CVS -exclude .svn -exclude .git -exclude .hg -resolve-src-symlinks -rename /Users/admin/builder/spi-builder-workspace/.derivedData/Build/Intermediates.noindex/AdaptiveTabView.build/Debug-watchos/AdaptiveTabView-t.build/Objects-normal/arm64_32/AdaptiveTabView.swiftsourceinfo /Users/admin/builder/spi-builder-workspace/.derivedData/Build/Products/Debug-watchos/AdaptiveTabView.swiftmodule/Project/arm64_32-apple-watchos.swiftsourceinfo
Copy /Users/admin/builder/spi-builder-workspace/.derivedData/Build/Products/Debug-watchos/AdaptiveTabView.swiftmodule/Project/arm64-apple-watchos.swiftsourceinfo /Users/admin/builder/spi-builder-workspace/.derivedData/Build/Intermediates.noindex/AdaptiveTabView.build/Debug-watchos/AdaptiveTabView-t.build/Objects-normal/arm64/AdaptiveTabView.swiftsourceinfo (in target 'AdaptiveTabView' from project 'AdaptiveTabView')
    cd /Users/admin/builder/spi-builder-workspace
    builtin-copy -exclude .DS_Store -exclude CVS -exclude .svn -exclude .git -exclude .hg -resolve-src-symlinks -rename /Users/admin/builder/spi-builder-workspace/.derivedData/Build/Intermediates.noindex/AdaptiveTabView.build/Debug-watchos/AdaptiveTabView-t.build/Objects-normal/arm64/AdaptiveTabView.swiftsourceinfo /Users/admin/builder/spi-builder-workspace/.derivedData/Build/Products/Debug-watchos/AdaptiveTabView.swiftmodule/Project/arm64-apple-watchos.swiftsourceinfo
SwiftCompile normal arm64_32 Compiling\ SidebarLayoutView.swift /Users/admin/builder/spi-builder-workspace/Sources/AdaptiveTabView/SidebarLayout/SidebarLayoutView.swift (in target 'AdaptiveTabView' from project 'AdaptiveTabView')
SwiftCompile normal arm64_32 /Users/admin/builder/spi-builder-workspace/Sources/AdaptiveTabView/SidebarLayout/SidebarLayoutView.swift (in target 'AdaptiveTabView' from project 'AdaptiveTabView')
    cd /Users/admin/builder/spi-builder-workspace/.swiftpm/xcode
    builtin-SwiftPerFileCompile SidebarLayoutView.swift
SwiftCompile normal arm64_32 Compiling\ TabNavigationView.swift /Users/admin/builder/spi-builder-workspace/Sources/AdaptiveTabView/TabLayout/TabNavigationView.swift (in target 'AdaptiveTabView' from project 'AdaptiveTabView')
SwiftCompile normal arm64_32 /Users/admin/builder/spi-builder-workspace/Sources/AdaptiveTabView/TabLayout/TabNavigationView.swift (in target 'AdaptiveTabView' from project 'AdaptiveTabView')
    cd /Users/admin/builder/spi-builder-workspace/.swiftpm/xcode
    builtin-SwiftPerFileCompile TabNavigationView.swift
SwiftDriverJobDiscovery normal arm64_32 Compiling Either.swift (in target 'SequenceBuilder' from project 'SequenceBuilder')
SwiftCompile normal arm64 Compiling\ TabNavigationView.swift /Users/admin/builder/spi-builder-workspace/Sources/AdaptiveTabView/TabLayout/TabNavigationView.swift (in target 'AdaptiveTabView' from project 'AdaptiveTabView')
SwiftCompile normal arm64 /Users/admin/builder/spi-builder-workspace/Sources/AdaptiveTabView/TabLayout/TabNavigationView.swift (in target 'AdaptiveTabView' from project 'AdaptiveTabView')
    cd /Users/admin/builder/spi-builder-workspace/.swiftpm/xcode
    builtin-SwiftPerFileCompile TabNavigationView.swift
SwiftDriverJobDiscovery normal arm64 Compiling Either.swift (in target 'SequenceBuilder' from project 'SequenceBuilder')
SwiftCompile normal arm64 Compiling\ TabContentView.swift /Users/admin/builder/spi-builder-workspace/Sources/AdaptiveTabView/Typealiases/TabContentView.swift (in target 'AdaptiveTabView' from project 'AdaptiveTabView')
SwiftCompile normal arm64 /Users/admin/builder/spi-builder-workspace/Sources/AdaptiveTabView/Typealiases/TabContentView.swift (in target 'AdaptiveTabView' from project 'AdaptiveTabView')
    cd /Users/admin/builder/spi-builder-workspace/.swiftpm/xcode
    builtin-SwiftPerFileCompile TabContentView.swift
PruneExplicitPrecompiledModules /Users/admin/builder/spi-builder-workspace/.derivedData/Build/Intermediates.noindex/SwiftExplicitPrecompiledModules
PruneExplicitPrecompiledModules /Users/admin/builder/spi-builder-workspace/.derivedData/SDKExplicitPrecompiledModules
PruneExplicitPrecompiledModules /Users/admin/builder/spi-builder-workspace/.derivedData/Build/Intermediates.noindex/ExplicitPrecompiledModules
2026-09-19 02:28:51.047 xcodebuild[691:4385] [MT] IDERunDestination: Supported platforms for the buildables in the current scheme is empty.
** BUILD FAILED **
The following build commands failed:
	SwiftCompile normal arm64 Compiling\ SidebarView.swift /Users/admin/builder/spi-builder-workspace/Sources/AdaptiveTabView/SidebarLayout/SidebarView.swift (in target 'AdaptiveTabView' from project 'AdaptiveTabView')
	SwiftCompile normal arm64 /Users/admin/builder/spi-builder-workspace/Sources/AdaptiveTabView/SidebarLayout/SidebarView.swift (in target 'AdaptiveTabView' from project 'AdaptiveTabView')
	Building workspace AdaptiveTabView with scheme AdaptiveTabView
(3 failures)
Command line invocation:
    /Applications/Xcode-27.0.0-Release.Candidate.app/Contents/Developer/usr/bin/xcodebuild -IDEClonedSourcePackagesDirPathOverride=/Users/admin/builder/spi-builder-workspace/.dependencies -resolvePackageDependencies
Resolve Package Graph
Resolved source packages:
  SequenceBuilder: https://github.com/andtie/SequenceBuilder.git @ 0.0.7
  AdaptiveTabView: /Users/admin/builder/spi-builder-workspace
resolved source packages: SequenceBuilder, AdaptiveTabView
2026-09-19 02:29:02.796 xcodebuild[855:5172] [MT] IDERunDestination: Supported platforms for the buildables in the current scheme is empty.
{
  "dependencies" : [
    {
      "identity" : "sequencebuilder",
      "requirement" : {
        "range" : [
          {
            "lower_bound" : "0.0.7",
            "upper_bound" : "1.0.0"
          }
        ]
      },
      "type" : "sourceControl",
      "url" : "https://github.com/andtie/SequenceBuilder.git"
    }
  ],
  "manifest_display_name" : "AdaptiveTabView",
  "name" : "AdaptiveTabView",
  "path" : "/Users/admin/builder/spi-builder-workspace",
  "platforms" : [
    {
      "name" : "macos",
      "version" : "13.0"
    },
    {
      "name" : "ios",
      "version" : "16.0"
    },
    {
      "name" : "tvos",
      "version" : "16.0"
    }
  ],
  "products" : [
    {
      "name" : "AdaptiveTabView",
      "targets" : [
        "AdaptiveTabView"
      ],
      "type" : {
        "library" : [
          "automatic"
        ]
      }
    }
  ],
  "targets" : [
    {
      "c99name" : "AdaptiveTabView",
      "module_type" : "SwiftTarget",
      "name" : "AdaptiveTabView",
      "path" : "Sources/AdaptiveTabView",
      "product_dependencies" : [
        "SequenceBuilder"
      ],
      "product_memberships" : [
        "AdaptiveTabView"
      ],
      "sources" : [
        "AdaptiveTabView.swift",
        "Environment/SelectedTabTransformer.swift",
        "Extensions/Either+SwiftUI.swift",
        "Identifiers/TabIdentifier.swift",
        "PreviewContent/PreviewTitleImageProvidingView.swift",
        "Protocols/TitleImageProviding.swift",
        "SidebarLayout/SidebarItemNavigationLink.swift",
        "SidebarLayout/SidebarLayoutView.swift",
        "SidebarLayout/SidebarView.swift",
        "TabLayout/TabLayoutView.swift",
        "TabLayout/TabNavigationView.swift",
        "Typealiases/TabContentView.swift"
      ],
      "type" : "library"
    }
  ],
  "tools_version" : "5.7"
}
{
  "workspace" : {
    "name" : "AdaptiveTabView",
    "schemes" : [
      "AdaptiveTabView"
    ]
  }
}
2026-09-19 02:29:04.125 xcodebuild[863:5246] [MT] IDERunDestination: Supported platforms for the buildables in the current scheme is empty.
Running build ...
env DEVELOPER_DIR=/Applications/Xcode-27.0.0-Release.Candidate.app xcrun xcodebuild -IDEClonedSourcePackagesDirPathOverride=$PWD/.dependencies -skipMacroValidation -skipPackagePluginValidation -derivedDataPath $PWD/.derivedData build -scheme AdaptiveTabView -destination generic/platform=watchOS
Command line invocation:
    /Applications/Xcode-27.0.0-Release.Candidate.app/Contents/Developer/usr/bin/xcodebuild -IDEClonedSourcePackagesDirPathOverride=/Users/admin/builder/spi-builder-workspace/.dependencies -skipMacroValidation -skipPackagePluginValidation -derivedDataPath /Users/admin/builder/spi-builder-workspace/.derivedData build -scheme AdaptiveTabView -destination generic/platform=watchOS
Resolve Package Graph
Resolved source packages:
  AdaptiveTabView: /Users/admin/builder/spi-builder-workspace
  SequenceBuilder: https://github.com/andtie/SequenceBuilder.git @ 0.0.7
ComputePackagePrebuildTargetDependencyGraph
Prepare packages
CreateBuildRequest
SendProjectDescription
CreateBuildOperation
ComputeTargetDependencyGraph
note: Building targets in dependency order
note: Target dependency graph (4 targets)
    Target 'AdaptiveTabView-product' in project 'AdaptiveTabView'
        ➜ Explicit dependency on target 'AdaptiveTabView' in project 'AdaptiveTabView'
        ➜ Explicit dependency on target 'SequenceBuilder-product' in project 'SequenceBuilder'
    Target 'AdaptiveTabView' in project 'AdaptiveTabView'
        ➜ Explicit dependency on target 'SequenceBuilder-product' in project 'SequenceBuilder'
    Target 'SequenceBuilder-product' in project 'SequenceBuilder'
        ➜ Explicit dependency on target 'SequenceBuilder' in project 'SequenceBuilder'
    Target 'SequenceBuilder' in project 'SequenceBuilder' (no dependencies)
GatherProvisioningInputs
CreateBuildDescription
ClangStatCache /Applications/Xcode-27.0.0-Release.Candidate.app/Contents/Developer/Toolchains/XcodeDefault.xctoolchain/usr/bin/clang-stat-cache /Applications/Xcode-27.0.0-Release.Candidate.app/Contents/Developer/Platforms/WatchOS.platform/Developer/SDKs/WatchOS27.0.sdk /Users/admin/builder/spi-builder-workspace/.derivedData/SDKStatCaches.noindex/watchos27.0-24R360-e829b21a6f8c9b70876ba0858053c04477534ef55a1706bf4c1112bbb242f0a2.sdkstatcache
    cd /Users/admin/builder/spi-builder-workspace/.swiftpm/xcode
    /Applications/Xcode-27.0.0-Release.Candidate.app/Contents/Developer/Toolchains/XcodeDefault.xctoolchain/usr/bin/clang-stat-cache /Applications/Xcode-27.0.0-Release.Candidate.app/Contents/Developer/Platforms/WatchOS.platform/Developer/SDKs/WatchOS27.0.sdk -o /Users/admin/builder/spi-builder-workspace/.derivedData/SDKStatCaches.noindex/watchos27.0-24R360-e829b21a6f8c9b70876ba0858053c04477534ef55a1706bf4c1112bbb242f0a2.sdkstatcache
SwiftDriver SequenceBuilder normal arm64 com.apple.xcode.tools.swift.compiler (in target 'SequenceBuilder' from project 'SequenceBuilder')
    cd /Users/admin/builder/spi-builder-workspace/.swiftpm/xcode
    builtin-SwiftDriver -- /Applications/Xcode-27.0.0-Release.Candidate.app/Contents/Developer/Toolchains/XcodeDefault.xctoolchain/usr/bin/swiftc -parse-as-library -module-name SequenceBuilder -Onone @/Users/admin/builder/spi-builder-workspace/.derivedData/Build/Intermediates.noindex/SequenceBuilder.build/Debug-watchos/SequenceBuilder-t.build/Objects-normal/arm64/SequenceBuilder.SwiftFileList -DSWIFT_PACKAGE -DDEBUG -DSWIFT_MODULE_RESOURCE_BUNDLE_UNAVAILABLE -DXcode -plugin-path /Applications/Xcode-27.0.0-Release.Candidate.app/Contents/Developer/Toolchains/XcodeDefault.xctoolchain/usr/lib/swift/host/plugins/testing -enable-experimental-feature DebugDescriptionMacro -sdk /Applications/Xcode-27.0.0-Release.Candidate.app/Contents/Developer/Platforms/WatchOS.platform/Developer/SDKs/WatchOS27.0.sdk -target arm64-apple-watchos9.0 -g -module-cache-path /Users/admin/builder/spi-builder-workspace/.derivedData/ModuleCache.noindex -Xfrontend -serialize-debugging-options -enable-testing -suppress-warnings -index-store-path /Users/admin/builder/spi-builder-workspace/.derivedData/Index.noindex/DataStore -Xcc -D_LIBCPP_HARDENING_MODE\=_LIBCPP_HARDENING_MODE_DEBUG -swift-version 5 -I /Users/admin/builder/spi-builder-workspace/.derivedData/Build/Products/Debug-watchos -Isystem /Applications/Xcode-27.0.0-Release.Candidate.app/Contents/Developer/Platforms/WatchOS.platform/Developer/usr/lib -F /Users/admin/builder/spi-builder-workspace/.derivedData/Build/Products/Debug-watchos -F /Applications/Xcode-27.0.0-Release.Candidate.app/Contents/Developer/Platforms/WatchOS.platform/Developer/Library/Frameworks -F /Applications/Xcode-27.0.0-Release.Candidate.app/Contents/Developer/Platforms/WatchOS.platform/Developer/SDKs/WatchOS27.0.sdk/Developer/Library/Frameworks -c -j10 -enable-batch-mode -incremental -Xcc -ivfsstatcache -Xcc /Users/admin/builder/spi-builder-workspace/.derivedData/SDKStatCaches.noindex/watchos27.0-24R360-e829b21a6f8c9b70876ba0858053c04477534ef55a1706bf4c1112bbb242f0a2.sdkstatcache -output-file-map /Users/admin/builder/spi-builder-workspace/.derivedData/Build/Intermediates.noindex/SequenceBuilder.build/Debug-watchos/SequenceBuilder-t.build/Objects-normal/arm64/SequenceBuilder-OutputFileMap.json -save-temps -no-color-diagnostics -explicit-module-build -module-cache-path /Users/admin/builder/spi-builder-workspace/.derivedData/Build/Intermediates.noindex/SwiftExplicitPrecompiledModules -clang-scanner-module-cache-path /Users/admin/builder/spi-builder-workspace/.derivedData/ModuleCache.noindex -sdk-module-cache-path /Users/admin/builder/spi-builder-workspace/.derivedData/SDKExplicitPrecompiledModules -emit-dependencies -emit-module -emit-module-path /Users/admin/builder/spi-builder-workspace/.derivedData/Build/Intermediates.noindex/SequenceBuilder.build/Debug-watchos/SequenceBuilder-t.build/Objects-normal/arm64/SequenceBuilder.swiftmodule -serialize-diagnostics -dependency-scan-serialize-diagnostics-path /Users/admin/builder/spi-builder-workspace/.derivedData/Build/Intermediates.noindex/SequenceBuilder.build/Debug-watchos/SequenceBuilder-t.build/Objects-normal/arm64/SequenceBuilder-dependency-scan.dia -validate-clang-modules-once -clang-build-session-file /Users/admin/builder/spi-builder-workspace/.derivedData/ModuleCache.noindex/Session.modulevalidation -Xcc -fmodules-prune-interval\=86400 -Xcc -fmodules-prune-after\=345600 -emit-const-values -const-gather-protocols-list /Users/admin/builder/spi-builder-workspace/.derivedData/Build/Intermediates.noindex/SequenceBuilder.build/Debug-watchos/SequenceBuilder-t.build/Objects-normal/arm64/SequenceBuilder_const_extract_protocols.json -Xcc -I/Users/admin/builder/spi-builder-workspace/.derivedData/Build/Products/Debug-watchos/include -Xcc -I/Users/admin/builder/spi-builder-workspace/.derivedData/Build/Intermediates.noindex/SequenceBuilder.build/Debug-watchos/SequenceBuilder-t.build/DerivedSources-normal/arm64 -Xcc -I/Users/admin/builder/spi-builder-workspace/.derivedData/Build/Intermediates.noindex/SequenceBuilder.build/Debug-watchos/SequenceBuilder-t.build/DerivedSources/arm64 -Xcc -I/Users/admin/builder/spi-builder-workspace/.derivedData/Build/Intermediates.noindex/SequenceBuilder.build/Debug-watchos/SequenceBuilder-t.build/DerivedSources -Xcc -DSWIFT_PACKAGE -Xcc -DDEBUG\=1 -emit-objc-header -emit-objc-header-path /Users/admin/builder/spi-builder-workspace/.derivedData/Build/Intermediates.noindex/SequenceBuilder.build/Debug-watchos/SequenceBuilder-t.build/Objects-normal/arm64/SequenceBuilder-Swift.h -working-directory /Users/admin/builder/spi-builder-workspace/.swiftpm/xcode -experimental-emit-module-separately -disable-cmo
SwiftDriver SequenceBuilder normal arm64_32 com.apple.xcode.tools.swift.compiler (in target 'SequenceBuilder' from project 'SequenceBuilder')
    cd /Users/admin/builder/spi-builder-workspace/.swiftpm/xcode
    builtin-SwiftDriver -- /Applications/Xcode-27.0.0-Release.Candidate.app/Contents/Developer/Toolchains/XcodeDefault.xctoolchain/usr/bin/swiftc -parse-as-library -module-name SequenceBuilder -Onone @/Users/admin/builder/spi-builder-workspace/.derivedData/Build/Intermediates.noindex/SequenceBuilder.build/Debug-watchos/SequenceBuilder-t.build/Objects-normal/arm64_32/SequenceBuilder.SwiftFileList -DSWIFT_PACKAGE -DDEBUG -DSWIFT_MODULE_RESOURCE_BUNDLE_UNAVAILABLE -DXcode -plugin-path /Applications/Xcode-27.0.0-Release.Candidate.app/Contents/Developer/Toolchains/XcodeDefault.xctoolchain/usr/lib/swift/host/plugins/testing -enable-experimental-feature DebugDescriptionMacro -sdk /Applications/Xcode-27.0.0-Release.Candidate.app/Contents/Developer/Platforms/WatchOS.platform/Developer/SDKs/WatchOS27.0.sdk -target arm64_32-apple-watchos9.0 -g -module-cache-path /Users/admin/builder/spi-builder-workspace/.derivedData/ModuleCache.noindex -Xfrontend -serialize-debugging-options -enable-testing -suppress-warnings -index-store-path /Users/admin/builder/spi-builder-workspace/.derivedData/Index.noindex/DataStore -Xcc -D_LIBCPP_HARDENING_MODE\=_LIBCPP_HARDENING_MODE_DEBUG -swift-version 5 -I /Users/admin/builder/spi-builder-workspace/.derivedData/Build/Products/Debug-watchos -Isystem /Applications/Xcode-27.0.0-Release.Candidate.app/Contents/Developer/Platforms/WatchOS.platform/Developer/usr/lib -F /Users/admin/builder/spi-builder-workspace/.derivedData/Build/Products/Debug-watchos -F /Applications/Xcode-27.0.0-Release.Candidate.app/Contents/Developer/Platforms/WatchOS.platform/Developer/Library/Frameworks -F /Applications/Xcode-27.0.0-Release.Candidate.app/Contents/Developer/Platforms/WatchOS.platform/Developer/SDKs/WatchOS27.0.sdk/Developer/Library/Frameworks -c -j10 -enable-batch-mode -incremental -Xcc -ivfsstatcache -Xcc /Users/admin/builder/spi-builder-workspace/.derivedData/SDKStatCaches.noindex/watchos27.0-24R360-e829b21a6f8c9b70876ba0858053c04477534ef55a1706bf4c1112bbb242f0a2.sdkstatcache -output-file-map /Users/admin/builder/spi-builder-workspace/.derivedData/Build/Intermediates.noindex/SequenceBuilder.build/Debug-watchos/SequenceBuilder-t.build/Objects-normal/arm64_32/SequenceBuilder-OutputFileMap.json -save-temps -no-color-diagnostics -explicit-module-build -module-cache-path /Users/admin/builder/spi-builder-workspace/.derivedData/Build/Intermediates.noindex/SwiftExplicitPrecompiledModules -clang-scanner-module-cache-path /Users/admin/builder/spi-builder-workspace/.derivedData/ModuleCache.noindex -sdk-module-cache-path /Users/admin/builder/spi-builder-workspace/.derivedData/SDKExplicitPrecompiledModules -emit-dependencies -emit-module -emit-module-path /Users/admin/builder/spi-builder-workspace/.derivedData/Build/Intermediates.noindex/SequenceBuilder.build/Debug-watchos/SequenceBuilder-t.build/Objects-normal/arm64_32/SequenceBuilder.swiftmodule -serialize-diagnostics -dependency-scan-serialize-diagnostics-path /Users/admin/builder/spi-builder-workspace/.derivedData/Build/Intermediates.noindex/SequenceBuilder.build/Debug-watchos/SequenceBuilder-t.build/Objects-normal/arm64_32/SequenceBuilder-dependency-scan.dia -validate-clang-modules-once -clang-build-session-file /Users/admin/builder/spi-builder-workspace/.derivedData/ModuleCache.noindex/Session.modulevalidation -Xcc -fmodules-prune-interval\=86400 -Xcc -fmodules-prune-after\=345600 -emit-const-values -const-gather-protocols-list /Users/admin/builder/spi-builder-workspace/.derivedData/Build/Intermediates.noindex/SequenceBuilder.build/Debug-watchos/SequenceBuilder-t.build/Objects-normal/arm64_32/SequenceBuilder_const_extract_protocols.json -Xcc -I/Users/admin/builder/spi-builder-workspace/.derivedData/Build/Products/Debug-watchos/include -Xcc -I/Users/admin/builder/spi-builder-workspace/.derivedData/Build/Intermediates.noindex/SequenceBuilder.build/Debug-watchos/SequenceBuilder-t.build/DerivedSources-normal/arm64_32 -Xcc -I/Users/admin/builder/spi-builder-workspace/.derivedData/Build/Intermediates.noindex/SequenceBuilder.build/Debug-watchos/SequenceBuilder-t.build/DerivedSources/arm64_32 -Xcc -I/Users/admin/builder/spi-builder-workspace/.derivedData/Build/Intermediates.noindex/SequenceBuilder.build/Debug-watchos/SequenceBuilder-t.build/DerivedSources -Xcc -DSWIFT_PACKAGE -Xcc -DDEBUG\=1 -emit-objc-header -emit-objc-header-path /Users/admin/builder/spi-builder-workspace/.derivedData/Build/Intermediates.noindex/SequenceBuilder.build/Debug-watchos/SequenceBuilder-t.build/Objects-normal/arm64_32/SequenceBuilder-Swift.h -working-directory /Users/admin/builder/spi-builder-workspace/.swiftpm/xcode -experimental-emit-module-separately -disable-cmo
SwiftDriver AdaptiveTabView normal arm64_32 com.apple.xcode.tools.swift.compiler (in target 'AdaptiveTabView' from project 'AdaptiveTabView')
    cd /Users/admin/builder/spi-builder-workspace/.swiftpm/xcode
    builtin-SwiftDriver -- /Applications/Xcode-27.0.0-Release.Candidate.app/Contents/Developer/Toolchains/XcodeDefault.xctoolchain/usr/bin/swiftc -parse-as-library -module-name AdaptiveTabView -Onone @/Users/admin/builder/spi-builder-workspace/.derivedData/Build/Intermediates.noindex/AdaptiveTabView.build/Debug-watchos/AdaptiveTabView-t.build/Objects-normal/arm64_32/AdaptiveTabView.SwiftFileList -DSWIFT_PACKAGE -DDEBUG -DSWIFT_MODULE_RESOURCE_BUNDLE_UNAVAILABLE -DXcode -plugin-path /Applications/Xcode-27.0.0-Release.Candidate.app/Contents/Developer/Toolchains/XcodeDefault.xctoolchain/usr/lib/swift/host/plugins/testing -enable-experimental-feature DebugDescriptionMacro -sdk /Applications/Xcode-27.0.0-Release.Candidate.app/Contents/Developer/Platforms/WatchOS.platform/Developer/SDKs/WatchOS27.0.sdk -target arm64_32-apple-watchos9.0 -g -module-cache-path /Users/admin/builder/spi-builder-workspace/.derivedData/ModuleCache.noindex -Xfrontend -serialize-debugging-options -enable-testing -index-store-path /Users/admin/builder/spi-builder-workspace/.derivedData/Index.noindex/DataStore -Xcc -D_LIBCPP_HARDENING_MODE\=_LIBCPP_HARDENING_MODE_DEBUG -swift-version 5 -I /Users/admin/builder/spi-builder-workspace/.derivedData/Build/Products/Debug-watchos -Isystem /Applications/Xcode-27.0.0-Release.Candidate.app/Contents/Developer/Platforms/WatchOS.platform/Developer/usr/lib -F /Users/admin/builder/spi-builder-workspace/.derivedData/Build/Products/Debug-watchos/PackageFrameworks -F /Users/admin/builder/spi-builder-workspace/.derivedData/Build/Products/Debug-watchos -F /Applications/Xcode-27.0.0-Release.Candidate.app/Contents/Developer/Platforms/WatchOS.platform/Developer/Library/Frameworks -F /Applications/Xcode-27.0.0-Release.Candidate.app/Contents/Developer/Platforms/WatchOS.platform/Developer/SDKs/WatchOS27.0.sdk/Developer/Library/Frameworks -c -j10 -enable-batch-mode -incremental -Xcc -ivfsstatcache -Xcc /Users/admin/builder/spi-builder-workspace/.derivedData/SDKStatCaches.noindex/watchos27.0-24R360-e829b21a6f8c9b70876ba0858053c04477534ef55a1706bf4c1112bbb242f0a2.sdkstatcache -output-file-map /Users/admin/builder/spi-builder-workspace/.derivedData/Build/Intermediates.noindex/AdaptiveTabView.build/Debug-watchos/AdaptiveTabView-t.build/Objects-normal/arm64_32/AdaptiveTabView-OutputFileMap.json -save-temps -no-color-diagnostics -explicit-module-build -module-cache-path /Users/admin/builder/spi-builder-workspace/.derivedData/Build/Intermediates.noindex/SwiftExplicitPrecompiledModules -clang-scanner-module-cache-path /Users/admin/builder/spi-builder-workspace/.derivedData/ModuleCache.noindex -sdk-module-cache-path /Users/admin/builder/spi-builder-workspace/.derivedData/SDKExplicitPrecompiledModules -emit-dependencies -emit-module -emit-module-path /Users/admin/builder/spi-builder-workspace/.derivedData/Build/Intermediates.noindex/AdaptiveTabView.build/Debug-watchos/AdaptiveTabView-t.build/Objects-normal/arm64_32/AdaptiveTabView.swiftmodule -serialize-diagnostics -dependency-scan-serialize-diagnostics-path /Users/admin/builder/spi-builder-workspace/.derivedData/Build/Intermediates.noindex/AdaptiveTabView.build/Debug-watchos/AdaptiveTabView-t.build/Objects-normal/arm64_32/AdaptiveTabView-dependency-scan.dia -validate-clang-modules-once -clang-build-session-file /Users/admin/builder/spi-builder-workspace/.derivedData/ModuleCache.noindex/Session.modulevalidation -Xcc -fmodules-prune-interval\=86400 -Xcc -fmodules-prune-after\=345600 -emit-const-values -const-gather-protocols-list /Users/admin/builder/spi-builder-workspace/.derivedData/Build/Intermediates.noindex/AdaptiveTabView.build/Debug-watchos/AdaptiveTabView-t.build/Objects-normal/arm64_32/AdaptiveTabView_const_extract_protocols.json -Xcc -I/Users/admin/builder/spi-builder-workspace/.derivedData/Build/Products/Debug-watchos/include -Xcc -I/Users/admin/builder/spi-builder-workspace/.derivedData/Build/Intermediates.noindex/AdaptiveTabView.build/Debug-watchos/AdaptiveTabView-t.build/DerivedSources-normal/arm64_32 -Xcc -I/Users/admin/builder/spi-builder-workspace/.derivedData/Build/Intermediates.noindex/AdaptiveTabView.build/Debug-watchos/AdaptiveTabView-t.build/DerivedSources/arm64_32 -Xcc -I/Users/admin/builder/spi-builder-workspace/.derivedData/Build/Intermediates.noindex/AdaptiveTabView.build/Debug-watchos/AdaptiveTabView-t.build/DerivedSources -Xcc -DSWIFT_PACKAGE -Xcc -DDEBUG\=1 -emit-objc-header -emit-objc-header-path /Users/admin/builder/spi-builder-workspace/.derivedData/Build/Intermediates.noindex/AdaptiveTabView.build/Debug-watchos/AdaptiveTabView-t.build/Objects-normal/arm64_32/AdaptiveTabView-Swift.h -working-directory /Users/admin/builder/spi-builder-workspace/.swiftpm/xcode -experimental-emit-module-separately -disable-cmo
SwiftDriver AdaptiveTabView normal arm64 com.apple.xcode.tools.swift.compiler (in target 'AdaptiveTabView' from project 'AdaptiveTabView')
    cd /Users/admin/builder/spi-builder-workspace/.swiftpm/xcode
    builtin-SwiftDriver -- /Applications/Xcode-27.0.0-Release.Candidate.app/Contents/Developer/Toolchains/XcodeDefault.xctoolchain/usr/bin/swiftc -parse-as-library -module-name AdaptiveTabView -Onone @/Users/admin/builder/spi-builder-workspace/.derivedData/Build/Intermediates.noindex/AdaptiveTabView.build/Debug-watchos/AdaptiveTabView-t.build/Objects-normal/arm64/AdaptiveTabView.SwiftFileList -DSWIFT_PACKAGE -DDEBUG -DSWIFT_MODULE_RESOURCE_BUNDLE_UNAVAILABLE -DXcode -plugin-path /Applications/Xcode-27.0.0-Release.Candidate.app/Contents/Developer/Toolchains/XcodeDefault.xctoolchain/usr/lib/swift/host/plugins/testing -enable-experimental-feature DebugDescriptionMacro -sdk /Applications/Xcode-27.0.0-Release.Candidate.app/Contents/Developer/Platforms/WatchOS.platform/Developer/SDKs/WatchOS27.0.sdk -target arm64-apple-watchos9.0 -g -module-cache-path /Users/admin/builder/spi-builder-workspace/.derivedData/ModuleCache.noindex -Xfrontend -serialize-debugging-options -enable-testing -index-store-path /Users/admin/builder/spi-builder-workspace/.derivedData/Index.noindex/DataStore -Xcc -D_LIBCPP_HARDENING_MODE\=_LIBCPP_HARDENING_MODE_DEBUG -swift-version 5 -I /Users/admin/builder/spi-builder-workspace/.derivedData/Build/Products/Debug-watchos -Isystem /Applications/Xcode-27.0.0-Release.Candidate.app/Contents/Developer/Platforms/WatchOS.platform/Developer/usr/lib -F /Users/admin/builder/spi-builder-workspace/.derivedData/Build/Products/Debug-watchos/PackageFrameworks -F /Users/admin/builder/spi-builder-workspace/.derivedData/Build/Products/Debug-watchos -F /Applications/Xcode-27.0.0-Release.Candidate.app/Contents/Developer/Platforms/WatchOS.platform/Developer/Library/Frameworks -F /Applications/Xcode-27.0.0-Release.Candidate.app/Contents/Developer/Platforms/WatchOS.platform/Developer/SDKs/WatchOS27.0.sdk/Developer/Library/Frameworks -c -j10 -enable-batch-mode -incremental -Xcc -ivfsstatcache -Xcc /Users/admin/builder/spi-builder-workspace/.derivedData/SDKStatCaches.noindex/watchos27.0-24R360-e829b21a6f8c9b70876ba0858053c04477534ef55a1706bf4c1112bbb242f0a2.sdkstatcache -output-file-map /Users/admin/builder/spi-builder-workspace/.derivedData/Build/Intermediates.noindex/AdaptiveTabView.build/Debug-watchos/AdaptiveTabView-t.build/Objects-normal/arm64/AdaptiveTabView-OutputFileMap.json -save-temps -no-color-diagnostics -explicit-module-build -module-cache-path /Users/admin/builder/spi-builder-workspace/.derivedData/Build/Intermediates.noindex/SwiftExplicitPrecompiledModules -clang-scanner-module-cache-path /Users/admin/builder/spi-builder-workspace/.derivedData/ModuleCache.noindex -sdk-module-cache-path /Users/admin/builder/spi-builder-workspace/.derivedData/SDKExplicitPrecompiledModules -emit-dependencies -emit-module -emit-module-path /Users/admin/builder/spi-builder-workspace/.derivedData/Build/Intermediates.noindex/AdaptiveTabView.build/Debug-watchos/AdaptiveTabView-t.build/Objects-normal/arm64/AdaptiveTabView.swiftmodule -serialize-diagnostics -dependency-scan-serialize-diagnostics-path /Users/admin/builder/spi-builder-workspace/.derivedData/Build/Intermediates.noindex/AdaptiveTabView.build/Debug-watchos/AdaptiveTabView-t.build/Objects-normal/arm64/AdaptiveTabView-dependency-scan.dia -validate-clang-modules-once -clang-build-session-file /Users/admin/builder/spi-builder-workspace/.derivedData/ModuleCache.noindex/Session.modulevalidation -Xcc -fmodules-prune-interval\=86400 -Xcc -fmodules-prune-after\=345600 -emit-const-values -const-gather-protocols-list /Users/admin/builder/spi-builder-workspace/.derivedData/Build/Intermediates.noindex/AdaptiveTabView.build/Debug-watchos/AdaptiveTabView-t.build/Objects-normal/arm64/AdaptiveTabView_const_extract_protocols.json -Xcc -I/Users/admin/builder/spi-builder-workspace/.derivedData/Build/Products/Debug-watchos/include -Xcc -I/Users/admin/builder/spi-builder-workspace/.derivedData/Build/Intermediates.noindex/AdaptiveTabView.build/Debug-watchos/AdaptiveTabView-t.build/DerivedSources-normal/arm64 -Xcc -I/Users/admin/builder/spi-builder-workspace/.derivedData/Build/Intermediates.noindex/AdaptiveTabView.build/Debug-watchos/AdaptiveTabView-t.build/DerivedSources/arm64 -Xcc -I/Users/admin/builder/spi-builder-workspace/.derivedData/Build/Intermediates.noindex/AdaptiveTabView.build/Debug-watchos/AdaptiveTabView-t.build/DerivedSources -Xcc -DSWIFT_PACKAGE -Xcc -DDEBUG\=1 -emit-objc-header -emit-objc-header-path /Users/admin/builder/spi-builder-workspace/.derivedData/Build/Intermediates.noindex/AdaptiveTabView.build/Debug-watchos/AdaptiveTabView-t.build/Objects-normal/arm64/AdaptiveTabView-Swift.h -working-directory /Users/admin/builder/spi-builder-workspace/.swiftpm/xcode -experimental-emit-module-separately -disable-cmo
SwiftCompile normal arm64_32 Compiling\ SidebarItemNavigationLink.swift /Users/admin/builder/spi-builder-workspace/Sources/AdaptiveTabView/SidebarLayout/SidebarItemNavigationLink.swift (in target 'AdaptiveTabView' from project 'AdaptiveTabView')
SwiftCompile normal arm64_32 /Users/admin/builder/spi-builder-workspace/Sources/AdaptiveTabView/SidebarLayout/SidebarItemNavigationLink.swift (in target 'AdaptiveTabView' from project 'AdaptiveTabView')
    cd /Users/admin/builder/spi-builder-workspace/.swiftpm/xcode
    builtin-SwiftPerFileCompile SidebarItemNavigationLink.swift
SwiftCompile normal arm64_32 Compiling\ TabContentView.swift /Users/admin/builder/spi-builder-workspace/Sources/AdaptiveTabView/Typealiases/TabContentView.swift (in target 'AdaptiveTabView' from project 'AdaptiveTabView')
SwiftCompile normal arm64_32 /Users/admin/builder/spi-builder-workspace/Sources/AdaptiveTabView/Typealiases/TabContentView.swift (in target 'AdaptiveTabView' from project 'AdaptiveTabView')
    cd /Users/admin/builder/spi-builder-workspace/.swiftpm/xcode
    builtin-SwiftPerFileCompile TabContentView.swift
SwiftCompile normal arm64_32 Compiling\ AdaptiveTabView.swift,\ SelectedTabTransformer.swift /Users/admin/builder/spi-builder-workspace/Sources/AdaptiveTabView/AdaptiveTabView.swift /Users/admin/builder/spi-builder-workspace/Sources/AdaptiveTabView/Environment/SelectedTabTransformer.swift (in target 'AdaptiveTabView' from project 'AdaptiveTabView')
SwiftCompile normal arm64_32 /Users/admin/builder/spi-builder-workspace/Sources/AdaptiveTabView/AdaptiveTabView.swift (in target 'AdaptiveTabView' from project 'AdaptiveTabView')
    cd /Users/admin/builder/spi-builder-workspace/.swiftpm/xcode
    builtin-SwiftPerFileCompile AdaptiveTabView.swift
SwiftCompile normal arm64_32 /Users/admin/builder/spi-builder-workspace/Sources/AdaptiveTabView/Environment/SelectedTabTransformer.swift (in target 'AdaptiveTabView' from project 'AdaptiveTabView')
    cd /Users/admin/builder/spi-builder-workspace/.swiftpm/xcode
    builtin-SwiftPerFileCompile SelectedTabTransformer.swift
SwiftCompile normal arm64_32 Compiling\ TitleImageProviding.swift /Users/admin/builder/spi-builder-workspace/Sources/AdaptiveTabView/Protocols/TitleImageProviding.swift (in target 'AdaptiveTabView' from project 'AdaptiveTabView')
SwiftCompile normal arm64_32 /Users/admin/builder/spi-builder-workspace/Sources/AdaptiveTabView/Protocols/TitleImageProviding.swift (in target 'AdaptiveTabView' from project 'AdaptiveTabView')
    cd /Users/admin/builder/spi-builder-workspace/.swiftpm/xcode
    builtin-SwiftPerFileCompile TitleImageProviding.swift
SwiftEmitModule normal arm64_32 Emitting\ module\ for\ AdaptiveTabView (in target 'AdaptiveTabView' from project 'AdaptiveTabView')
SwiftCompile normal arm64_32 (in target 'AdaptiveTabView' from project 'AdaptiveTabView')
    cd /Users/admin/builder/spi-builder-workspace/.swiftpm/xcode

SwiftCompile normal arm64_32 Compiling\ TabLayoutView.swift /Users/admin/builder/spi-builder-workspace/Sources/AdaptiveTabView/TabLayout/TabLayoutView.swift (in target 'AdaptiveTabView' from project 'AdaptiveTabView')
SwiftCompile normal arm64_32 /Users/admin/builder/spi-builder-workspace/Sources/AdaptiveTabView/TabLayout/TabLayoutView.swift (in target 'AdaptiveTabView' from project 'AdaptiveTabView')
    cd /Users/admin/builder/spi-builder-workspace/.swiftpm/xcode
    builtin-SwiftPerFileCompile TabLayoutView.swift
SwiftCompile normal arm64_32 Compiling\ TabNavigationView.swift /Users/admin/builder/spi-builder-workspace/Sources/AdaptiveTabView/TabLayout/TabNavigationView.swift (in target 'AdaptiveTabView' from project 'AdaptiveTabView')
SwiftCompile normal arm64_32 /Users/admin/builder/spi-builder-workspace/Sources/AdaptiveTabView/TabLayout/TabNavigationView.swift (in target 'AdaptiveTabView' from project 'AdaptiveTabView')
    cd /Users/admin/builder/spi-builder-workspace/.swiftpm/xcode
    builtin-SwiftPerFileCompile TabNavigationView.swift
SwiftCompile normal arm64_32 Compiling\ PreviewTitleImageProvidingView.swift /Users/admin/builder/spi-builder-workspace/Sources/AdaptiveTabView/PreviewContent/PreviewTitleImageProvidingView.swift (in target 'AdaptiveTabView' from project 'AdaptiveTabView')
SwiftCompile normal arm64_32 /Users/admin/builder/spi-builder-workspace/Sources/AdaptiveTabView/PreviewContent/PreviewTitleImageProvidingView.swift (in target 'AdaptiveTabView' from project 'AdaptiveTabView')
    cd /Users/admin/builder/spi-builder-workspace/.swiftpm/xcode
    builtin-SwiftPerFileCompile PreviewTitleImageProvidingView.swift
SwiftCompile normal arm64_32 Compiling\ SidebarLayoutView.swift /Users/admin/builder/spi-builder-workspace/Sources/AdaptiveTabView/SidebarLayout/SidebarLayoutView.swift (in target 'AdaptiveTabView' from project 'AdaptiveTabView')
SwiftCompile normal arm64_32 /Users/admin/builder/spi-builder-workspace/Sources/AdaptiveTabView/SidebarLayout/SidebarLayoutView.swift (in target 'AdaptiveTabView' from project 'AdaptiveTabView')
    cd /Users/admin/builder/spi-builder-workspace/.swiftpm/xcode
    builtin-SwiftPerFileCompile SidebarLayoutView.swift
SwiftEmitModule normal arm64 Emitting\ module\ for\ SequenceBuilder (in target 'SequenceBuilder' from project 'SequenceBuilder')
SwiftCompile normal arm64 (in target 'SequenceBuilder' from project 'SequenceBuilder')
    cd /Users/admin/builder/spi-builder-workspace/.swiftpm/xcode

SwiftEmitModule normal arm64_32 Emitting\ module\ for\ SequenceBuilder (in target 'SequenceBuilder' from project 'SequenceBuilder')
SwiftCompile normal arm64_32 (in target 'SequenceBuilder' from project 'SequenceBuilder')
    cd /Users/admin/builder/spi-builder-workspace/.swiftpm/xcode

SwiftDriverJobDiscovery normal arm64_32 Compiling TabContentView.swift (in target 'AdaptiveTabView' from project 'AdaptiveTabView')
SwiftEmitModule normal arm64 Emitting\ module\ for\ AdaptiveTabView (in target 'AdaptiveTabView' from project 'AdaptiveTabView')
SwiftCompile normal arm64 (in target 'AdaptiveTabView' from project 'AdaptiveTabView')
    cd /Users/admin/builder/spi-builder-workspace/.swiftpm/xcode

SwiftDriverJobDiscovery normal arm64_32 Compiling TitleImageProviding.swift (in target 'AdaptiveTabView' from project 'AdaptiveTabView')
SwiftCompile normal arm64 Compiling\ Either+SwiftUI.swift /Users/admin/builder/spi-builder-workspace/.dependencies/checkouts/SequenceBuilder/Sources/SequenceBuilder/Either+SwiftUI.swift (in target 'SequenceBuilder' from project 'SequenceBuilder')
SwiftCompile normal arm64 /Users/admin/builder/spi-builder-workspace/.dependencies/checkouts/SequenceBuilder/Sources/SequenceBuilder/Either+SwiftUI.swift (in target 'SequenceBuilder' from project 'SequenceBuilder')
    cd /Users/admin/builder/spi-builder-workspace/.swiftpm/xcode
    builtin-SwiftPerFileCompile Either+SwiftUI.swift
SwiftDriverJobDiscovery normal arm64_32 Compiling TabNavigationView.swift (in target 'AdaptiveTabView' from project 'AdaptiveTabView')
SwiftCompile normal arm64_32 Compiling\ Either+SwiftUI.swift /Users/admin/builder/spi-builder-workspace/.dependencies/checkouts/SequenceBuilder/Sources/SequenceBuilder/Either+SwiftUI.swift (in target 'SequenceBuilder' from project 'SequenceBuilder')
SwiftCompile normal arm64_32 /Users/admin/builder/spi-builder-workspace/.dependencies/checkouts/SequenceBuilder/Sources/SequenceBuilder/Either+SwiftUI.swift (in target 'SequenceBuilder' from project 'SequenceBuilder')
    cd /Users/admin/builder/spi-builder-workspace/.swiftpm/xcode
    builtin-SwiftPerFileCompile Either+SwiftUI.swift
SwiftDriverJobDiscovery normal arm64_32 Compiling SidebarItemNavigationLink.swift (in target 'AdaptiveTabView' from project 'AdaptiveTabView')
SwiftCompile normal arm64 Compiling\ SidebarLayoutView.swift /Users/admin/builder/spi-builder-workspace/Sources/AdaptiveTabView/SidebarLayout/SidebarLayoutView.swift (in target 'AdaptiveTabView' from project 'AdaptiveTabView')
SwiftCompile normal arm64 /Users/admin/builder/spi-builder-workspace/Sources/AdaptiveTabView/SidebarLayout/SidebarLayoutView.swift (in target 'AdaptiveTabView' from project 'AdaptiveTabView')
    cd /Users/admin/builder/spi-builder-workspace/.swiftpm/xcode
    builtin-SwiftPerFileCompile SidebarLayoutView.swift
SwiftCompile normal arm64 Compiling\ SidebarItemNavigationLink.swift /Users/admin/builder/spi-builder-workspace/Sources/AdaptiveTabView/SidebarLayout/SidebarItemNavigationLink.swift (in target 'AdaptiveTabView' from project 'AdaptiveTabView')
SwiftCompile normal arm64 /Users/admin/builder/spi-builder-workspace/Sources/AdaptiveTabView/SidebarLayout/SidebarItemNavigationLink.swift (in target 'AdaptiveTabView' from project 'AdaptiveTabView')
    cd /Users/admin/builder/spi-builder-workspace/.swiftpm/xcode
    builtin-SwiftPerFileCompile SidebarItemNavigationLink.swift
SwiftDriverJobDiscovery normal arm64_32 Compiling TabLayoutView.swift (in target 'AdaptiveTabView' from project 'AdaptiveTabView')
SwiftCompile normal arm64 Compiling\ PreviewTitleImageProvidingView.swift /Users/admin/builder/spi-builder-workspace/Sources/AdaptiveTabView/PreviewContent/PreviewTitleImageProvidingView.swift (in target 'AdaptiveTabView' from project 'AdaptiveTabView')
SwiftCompile normal arm64 /Users/admin/builder/spi-builder-workspace/Sources/AdaptiveTabView/PreviewContent/PreviewTitleImageProvidingView.swift (in target 'AdaptiveTabView' from project 'AdaptiveTabView')
    cd /Users/admin/builder/spi-builder-workspace/.swiftpm/xcode
    builtin-SwiftPerFileCompile PreviewTitleImageProvidingView.swift
SwiftDriverJobDiscovery normal arm64_32 Compiling PreviewTitleImageProvidingView.swift (in target 'AdaptiveTabView' from project 'AdaptiveTabView')
SwiftCompile normal arm64 Compiling\ TabNavigationView.swift /Users/admin/builder/spi-builder-workspace/Sources/AdaptiveTabView/TabLayout/TabNavigationView.swift (in target 'AdaptiveTabView' from project 'AdaptiveTabView')
SwiftCompile normal arm64 /Users/admin/builder/spi-builder-workspace/Sources/AdaptiveTabView/TabLayout/TabNavigationView.swift (in target 'AdaptiveTabView' from project 'AdaptiveTabView')
    cd /Users/admin/builder/spi-builder-workspace/.swiftpm/xcode
    builtin-SwiftPerFileCompile TabNavigationView.swift
SwiftCompile normal arm64 Compiling\ SidebarView.swift /Users/admin/builder/spi-builder-workspace/Sources/AdaptiveTabView/SidebarLayout/SidebarView.swift (in target 'AdaptiveTabView' from project 'AdaptiveTabView')
/Users/admin/builder/spi-builder-workspace/Sources/AdaptiveTabView/SidebarLayout/SidebarView.swift:42:9: error: 'init(selection:content:)' is only available in watchOS 10.0 or newer
11 | // MARK: - SidebarView
12 |
13 | struct SidebarView<TabContent: Sequence, SidebarExtraContent: View>: View where TabContent.Element: TabContentView {
   |        `- note: add '@available' attribute to enclosing generic struct
14 |
15 |     private let appName: String
   :
39 |     }
40 |
41 |     var body: some View {
   |         `- note: add '@available' attribute to enclosing property
42 |         List(selection: proxySelectedTab) {
   |         |- error: 'init(selection:content:)' is only available in watchOS 10.0 or newer
   |         `- note: add 'if #available' version check
43 |             ForEach(sequence: tabViewBuilder(.sidebarView)) { (index, tabView) in
44 |                 SidebarItemNavigationLink {
/Users/admin/builder/spi-builder-workspace/Sources/AdaptiveTabView/SidebarLayout/SidebarView.swift:52:21: error: 'sidebar' is unavailable in watchOS
50 |             sidebarExtraContent()
51 |         }
52 |         .listStyle(.sidebar)
   |                     `- error: 'sidebar' is unavailable in watchOS
53 |         .navigationTitle(appName)
54 |     }
SwiftUI.ListStyle.sidebar:2:43: note: 'sidebar' has been explicitly marked unavailable here
1 | protocol ListStyle {
2 | @export(implementation) public static var sidebar: SidebarListStyle { get }}
  |                                           `- note: 'sidebar' has been explicitly marked unavailable here
3 |
Failed frontend command:
/Applications/Xcode-27.0.0-Release.Candidate.app/Contents/Developer/Toolchains/XcodeDefault.xctoolchain/usr/bin/swift-frontend -frontend -c /Users/admin/builder/spi-builder-workspace/Sources/AdaptiveTabView/AdaptiveTabView.swift /Users/admin/builder/spi-builder-workspace/Sources/AdaptiveTabView/Environment/SelectedTabTransformer.swift /Users/admin/builder/spi-builder-workspace/Sources/AdaptiveTabView/Extensions/Either+SwiftUI.swift /Users/admin/builder/spi-builder-workspace/Sources/AdaptiveTabView/Identifiers/TabIdentifier.swift /Users/admin/builder/spi-builder-workspace/Sources/AdaptiveTabView/PreviewContent/PreviewTitleImageProvidingView.swift /Users/admin/builder/spi-builder-workspace/Sources/AdaptiveTabView/Protocols/TitleImageProviding.swift /Users/admin/builder/spi-builder-workspace/Sources/AdaptiveTabView/SidebarLayout/SidebarItemNavigationLink.swift /Users/admin/builder/spi-builder-workspace/Sources/AdaptiveTabView/SidebarLayout/SidebarLayoutView.swift -primary-file /Users/admin/builder/spi-builder-workspace/Sources/AdaptiveTabView/SidebarLayout/SidebarView.swift /Users/admin/builder/spi-builder-workspace/Sources/AdaptiveTabView/TabLayout/TabLayoutView.swift /Users/admin/builder/spi-builder-workspace/Sources/AdaptiveTabView/TabLayout/TabNavigationView.swift /Users/admin/builder/spi-builder-workspace/Sources/AdaptiveTabView/Typealiases/TabContentView.swift -emit-dependencies-path /Users/admin/builder/spi-builder-workspace/.derivedData/Build/Intermediates.noindex/AdaptiveTabView.build/Debug-watchos/AdaptiveTabView-t.build/Objects-normal/arm64/SidebarView.d -emit-const-values-path /Users/admin/builder/spi-builder-workspace/.derivedData/Build/Intermediates.noindex/AdaptiveTabView.build/Debug-watchos/AdaptiveTabView-t.build/Objects-normal/arm64/SidebarView.swiftconstvalues -emit-reference-dependencies-path /Users/admin/builder/spi-builder-workspace/.derivedData/Build/Intermediates.noindex/AdaptiveTabView.build/Debug-watchos/AdaptiveTabView-t.build/Objects-normal/arm64/SidebarView.swiftdeps -serialize-diagnostics-path /Users/admin/builder/spi-builder-workspace/.derivedData/Build/Intermediates.noindex/AdaptiveTabView.build/Debug-watchos/AdaptiveTabView-t.build/Objects-normal/arm64/SidebarView.dia -target arm64-apple-watchos9.0 -disable-cross-import-overlay-search -load-resolved-plugin /Applications/Xcode-27.0.0-Release.Candidate.app/Contents/Developer/Platforms/WatchOS.platform/Developer/usr/lib/swift/host/plugins/libFoundationMacros.dylib\#/Applications/Xcode-27.0.0-Release.Candidate.app/Contents/Developer/Platforms/WatchOS.platform/Developer/usr/bin/swift-plugin-server\#FoundationMacros -load-resolved-plugin /Applications/Xcode-27.0.0-Release.Candidate.app/Contents/Developer/Platforms/WatchOS.platform/Developer/usr/lib/swift/host/plugins/libObservationMacros.dylib\#/Applications/Xcode-27.0.0-Release.Candidate.app/Contents/Developer/Platforms/WatchOS.platform/Developer/usr/bin/swift-plugin-server\#ObservationMacros -load-resolved-plugin /Applications/Xcode-27.0.0-Release.Candidate.app/Contents/Developer/Platforms/WatchOS.platform/Developer/usr/lib/swift/host/plugins/libPreviewsMacros.dylib\#/Applications/Xcode-27.0.0-Release.Candidate.app/Contents/Developer/Platforms/WatchOS.platform/Developer/usr/bin/swift-plugin-server\#PreviewsMacros -load-resolved-plugin /Applications/Xcode-27.0.0-Release.Candidate.app/Contents/Developer/Platforms/WatchOS.platform/Developer/usr/lib/swift/host/plugins/libSwiftMacros.dylib\#/Applications/Xcode-27.0.0-Release.Candidate.app/Contents/Developer/Platforms/WatchOS.platform/Developer/usr/bin/swift-plugin-server\#SwiftMacros -load-resolved-plugin /Applications/Xcode-27.0.0-Release.Candidate.app/Contents/Developer/Platforms/WatchOS.platform/Developer/usr/lib/swift/host/plugins/libSwiftUIMacros.dylib\#/Applications/Xcode-27.0.0-Release.Candidate.app/Contents/Developer/Platforms/WatchOS.platform/Developer/usr/bin/swift-plugin-server\#SwiftUIMacros -disable-implicit-swift-modules -Xcc -fno-implicit-modules -Xcc -fno-implicit-module-maps -explicit-swift-module-map-file /Users/admin/builder/spi-builder-workspace/.derivedData/Build/Intermediates.noindex/AdaptiveTabView.build/Debug-watchos/AdaptiveTabView-t.build/Objects-normal/arm64/AdaptiveTabView-dependencies-2.json -Xllvm -aarch64-use-tbi -enable-objc-interop -stack-check -sdk /Applications/Xcode-27.0.0-Release.Candidate.app/Contents/Developer/Platforms/WatchOS.platform/Developer/SDKs/WatchOS27.0.sdk -I /Users/admin/builder/spi-builder-workspace/.derivedData/Build/Products/Debug-watchos -Isystem /Applications/Xcode-27.0.0-Release.Candidate.app/Contents/Developer/Platforms/WatchOS.platform/Developer/usr/lib -F /Users/admin/builder/spi-builder-workspace/.derivedData/Build/Products/Debug-watchos/PackageFrameworks -F /Users/admin/builder/spi-builder-workspace/.derivedData/Build/Products/Debug-watchos -F /Applications/Xcode-27.0.0-Release.Candidate.app/Contents/Developer/Platforms/WatchOS.platform/Developer/Library/Frameworks -F /Applications/Xcode-27.0.0-Release.Candidate.app/Contents/Developer/Platforms/WatchOS.platform/Developer/SDKs/WatchOS27.0.sdk/Developer/Library/Frameworks -module-cache-path /Users/admin/builder/spi-builder-workspace/.derivedData/Build/Intermediates.noindex/SwiftExplicitPrecompiledModules -no-color-diagnostics -Xcc -fno-color-diagnostics -enable-testing -g -debug-info-format\=dwarf -dwarf-version\=4 -swift-version 5 -Onone -D SWIFT_PACKAGE -D DEBUG -D SWIFT_MODULE_RESOURCE_BUNDLE_UNAVAILABLE -D Xcode -serialize-debugging-options -enable-experimental-feature DebugDescriptionMacro -empty-abi-descriptor -validate-clang-modules-once -clang-build-session-file /Users/admin/builder/spi-builder-workspace/.derivedData/ModuleCache.noindex/Session.modulevalidation -Xcc -working-directory -Xcc /Users/admin/builder/spi-builder-workspace/.swiftpm/xcode -enable-anonymous-context-mangled-names -file-compilation-dir /Users/admin/builder/spi-builder-workspace/.swiftpm/xcode -Xcc -D_LIBCPP_HARDENING_MODE\=_LIBCPP_HARDENING_MODE_DEBUG -Xcc -ivfsstatcache -Xcc /Users/admin/builder/spi-builder-workspace/.derivedData/SDKStatCaches.noindex/watchos27.0-24R360-e829b21a6f8c9b70876ba0858053c04477534ef55a1706bf4c1112bbb242f0a2.sdkstatcache -Xcc -fmodules-prune-interval\=86400 -Xcc -fmodules-prune-after\=345600 -Xcc -I/Users/admin/builder/spi-builder-workspace/.derivedData/Build/Products/Debug-watchos/include -Xcc -I/Users/admin/builder/spi-builder-workspace/.derivedData/Build/Intermediates.noindex/AdaptiveTabView.build/Debug-watchos/AdaptiveTabView-t.build/DerivedSources-normal/arm64 -Xcc -I/Users/admin/builder/spi-builder-workspace/.derivedData/Build/Intermediates.noindex/AdaptiveTabView.build/Debug-watchos/AdaptiveTabView-t.build/DerivedSources/arm64 -Xcc -I/Users/admin/builder/spi-builder-workspace/.derivedData/Build/Intermediates.noindex/AdaptiveTabView.build/Debug-watchos/AdaptiveTabView-t.build/DerivedSources -Xcc -DSWIFT_PACKAGE -Xcc -DDEBUG\=1 -no-auto-bridging-header-chaining -module-name AdaptiveTabView -const-gather-protocols-file /Users/admin/builder/spi-builder-workspace/.derivedData/Build/Intermediates.noindex/AdaptiveTabView.build/Debug-watchos/AdaptiveTabView-t.build/Objects-normal/arm64/AdaptiveTabView_const_extract_protocols.json -disable-clang-spi -clang-target arm64-apple-watchos27.0 -target-sdk-version 27.0 -target-sdk-name watchos27.0 -in-process-plugin-server-path /Applications/Xcode-27.0.0-Release.Candidate.app/Contents/Developer/Toolchains/XcodeDefault.xctoolchain/usr/lib/swift/host/libSwiftInProcPluginServer.dylib -parse-as-library -o /Users/admin/builder/spi-builder-workspace/.derivedData/Build/Intermediates.noindex/AdaptiveTabView.build/Debug-watchos/AdaptiveTabView-t.build/Objects-normal/arm64/SidebarView.o -debug-module-path /Users/admin/builder/spi-builder-workspace/.derivedData/Build/Intermediates.noindex/AdaptiveTabView.build/Debug-watchos/AdaptiveTabView-t.build/Objects-normal/arm64/AdaptiveTabView.swiftmodule -index-unit-output-path /AdaptiveTabView.build/Debug-watchos/AdaptiveTabView-t.build/Objects-normal/arm64/SidebarView.o -index-store-path /Users/admin/builder/spi-builder-workspace/.derivedData/Index.noindex/DataStore -index-system-modules
SwiftCompile normal arm64 /Users/admin/builder/spi-builder-workspace/Sources/AdaptiveTabView/SidebarLayout/SidebarView.swift (in target 'AdaptiveTabView' from project 'AdaptiveTabView')
    cd /Users/admin/builder/spi-builder-workspace/.swiftpm/xcode
    builtin-SwiftPerFileCompile SidebarView.swift
SwiftDriverJobDiscovery normal arm64_32 Compiling SidebarLayoutView.swift (in target 'AdaptiveTabView' from project 'AdaptiveTabView')
SwiftCompile normal arm64 Compiling\ TitleImageProviding.swift /Users/admin/builder/spi-builder-workspace/Sources/AdaptiveTabView/Protocols/TitleImageProviding.swift (in target 'AdaptiveTabView' from project 'AdaptiveTabView')
SwiftCompile normal arm64 /Users/admin/builder/spi-builder-workspace/Sources/AdaptiveTabView/Protocols/TitleImageProviding.swift (in target 'AdaptiveTabView' from project 'AdaptiveTabView')
    cd /Users/admin/builder/spi-builder-workspace/.swiftpm/xcode
    builtin-SwiftPerFileCompile TitleImageProviding.swift
SwiftCompile normal arm64 Compiling\ AdaptiveTabView.swift,\ SelectedTabTransformer.swift /Users/admin/builder/spi-builder-workspace/Sources/AdaptiveTabView/AdaptiveTabView.swift /Users/admin/builder/spi-builder-workspace/Sources/AdaptiveTabView/Environment/SelectedTabTransformer.swift (in target 'AdaptiveTabView' from project 'AdaptiveTabView')
SwiftCompile normal arm64 /Users/admin/builder/spi-builder-workspace/Sources/AdaptiveTabView/AdaptiveTabView.swift (in target 'AdaptiveTabView' from project 'AdaptiveTabView')
    cd /Users/admin/builder/spi-builder-workspace/.swiftpm/xcode
    builtin-SwiftPerFileCompile AdaptiveTabView.swift
SwiftCompile normal arm64 /Users/admin/builder/spi-builder-workspace/Sources/AdaptiveTabView/Environment/SelectedTabTransformer.swift (in target 'AdaptiveTabView' from project 'AdaptiveTabView')
    cd /Users/admin/builder/spi-builder-workspace/.swiftpm/xcode
    builtin-SwiftPerFileCompile SelectedTabTransformer.swift
SwiftDriverJobDiscovery normal arm64 Compiling Either+SwiftUI.swift (in target 'SequenceBuilder' from project 'SequenceBuilder')
SwiftCompile normal arm64 Compiling\ Either.swift /Users/admin/builder/spi-builder-workspace/.dependencies/checkouts/SequenceBuilder/Sources/SequenceBuilder/Either.swift (in target 'SequenceBuilder' from project 'SequenceBuilder')
SwiftCompile normal arm64 /Users/admin/builder/spi-builder-workspace/.dependencies/checkouts/SequenceBuilder/Sources/SequenceBuilder/Either.swift (in target 'SequenceBuilder' from project 'SequenceBuilder')
    cd /Users/admin/builder/spi-builder-workspace/.swiftpm/xcode
    builtin-SwiftPerFileCompile Either.swift
SwiftDriverJobDiscovery normal arm64_32 Compiling Either+SwiftUI.swift (in target 'SequenceBuilder' from project 'SequenceBuilder')
SwiftCompile normal arm64_32 Compiling\ Either.swift /Users/admin/builder/spi-builder-workspace/.dependencies/checkouts/SequenceBuilder/Sources/SequenceBuilder/Either.swift (in target 'SequenceBuilder' from project 'SequenceBuilder')
SwiftCompile normal arm64_32 /Users/admin/builder/spi-builder-workspace/.dependencies/checkouts/SequenceBuilder/Sources/SequenceBuilder/Either.swift (in target 'SequenceBuilder' from project 'SequenceBuilder')
    cd /Users/admin/builder/spi-builder-workspace/.swiftpm/xcode
    builtin-SwiftPerFileCompile Either.swift
SwiftDriverJobDiscovery normal arm64 Compiling SidebarItemNavigationLink.swift (in target 'AdaptiveTabView' from project 'AdaptiveTabView')
SwiftCompile normal arm64 Compiling\ SequenceBuilder.swift /Users/admin/builder/spi-builder-workspace/.dependencies/checkouts/SequenceBuilder/Sources/SequenceBuilder/SequenceBuilder.swift (in target 'SequenceBuilder' from project 'SequenceBuilder')
SwiftCompile normal arm64 /Users/admin/builder/spi-builder-workspace/.dependencies/checkouts/SequenceBuilder/Sources/SequenceBuilder/SequenceBuilder.swift (in target 'SequenceBuilder' from project 'SequenceBuilder')
    cd /Users/admin/builder/spi-builder-workspace/.swiftpm/xcode
    builtin-SwiftPerFileCompile SequenceBuilder.swift
SwiftDriverJobDiscovery normal arm64 Compiling PreviewTitleImageProvidingView.swift (in target 'AdaptiveTabView' from project 'AdaptiveTabView')
SwiftCompile normal arm64_32 Compiling\ SequenceBuilder.swift /Users/admin/builder/spi-builder-workspace/.dependencies/checkouts/SequenceBuilder/Sources/SequenceBuilder/SequenceBuilder.swift (in target 'SequenceBuilder' from project 'SequenceBuilder')
SwiftCompile normal arm64_32 /Users/admin/builder/spi-builder-workspace/.dependencies/checkouts/SequenceBuilder/Sources/SequenceBuilder/SequenceBuilder.swift (in target 'SequenceBuilder' from project 'SequenceBuilder')
    cd /Users/admin/builder/spi-builder-workspace/.swiftpm/xcode
    builtin-SwiftPerFileCompile SequenceBuilder.swift
SwiftDriverJobDiscovery normal arm64_32 Compiling AdaptiveTabView.swift, SelectedTabTransformer.swift (in target 'AdaptiveTabView' from project 'AdaptiveTabView')
SwiftCompile normal arm64 Compiling\ TabContentView.swift /Users/admin/builder/spi-builder-workspace/Sources/AdaptiveTabView/Typealiases/TabContentView.swift (in target 'AdaptiveTabView' from project 'AdaptiveTabView')
SwiftCompile normal arm64 /Users/admin/builder/spi-builder-workspace/Sources/AdaptiveTabView/Typealiases/TabContentView.swift (in target 'AdaptiveTabView' from project 'AdaptiveTabView')
    cd /Users/admin/builder/spi-builder-workspace/.swiftpm/xcode
    builtin-SwiftPerFileCompile TabContentView.swift
SwiftDriverJobDiscovery normal arm64 Compiling SidebarLayoutView.swift (in target 'AdaptiveTabView' from project 'AdaptiveTabView')
SwiftCompile normal arm64 Compiling\ TabLayoutView.swift /Users/admin/builder/spi-builder-workspace/Sources/AdaptiveTabView/TabLayout/TabLayoutView.swift (in target 'AdaptiveTabView' from project 'AdaptiveTabView')
SwiftCompile normal arm64 /Users/admin/builder/spi-builder-workspace/Sources/AdaptiveTabView/TabLayout/TabLayoutView.swift (in target 'AdaptiveTabView' from project 'AdaptiveTabView')
    cd /Users/admin/builder/spi-builder-workspace/.swiftpm/xcode
    builtin-SwiftPerFileCompile TabLayoutView.swift
SwiftDriverJobDiscovery normal arm64 Compiling TabNavigationView.swift (in target 'AdaptiveTabView' from project 'AdaptiveTabView')
SwiftCompile normal arm64_32 Compiling\ SidebarView.swift /Users/admin/builder/spi-builder-workspace/Sources/AdaptiveTabView/SidebarLayout/SidebarView.swift (in target 'AdaptiveTabView' from project 'AdaptiveTabView')
SwiftCompile normal arm64_32 /Users/admin/builder/spi-builder-workspace/Sources/AdaptiveTabView/SidebarLayout/SidebarView.swift (in target 'AdaptiveTabView' from project 'AdaptiveTabView')
    cd /Users/admin/builder/spi-builder-workspace/.swiftpm/xcode
    builtin-SwiftPerFileCompile SidebarView.swift
SwiftDriverJobDiscovery normal arm64 Compiling TitleImageProviding.swift (in target 'AdaptiveTabView' from project 'AdaptiveTabView')
SwiftCompile normal arm64_32 Compiling\ Either+SwiftUI.swift,\ TabIdentifier.swift /Users/admin/builder/spi-builder-workspace/Sources/AdaptiveTabView/Extensions/Either+SwiftUI.swift /Users/admin/builder/spi-builder-workspace/Sources/AdaptiveTabView/Identifiers/TabIdentifier.swift (in target 'AdaptiveTabView' from project 'AdaptiveTabView')
SwiftCompile normal arm64_32 /Users/admin/builder/spi-builder-workspace/Sources/AdaptiveTabView/Extensions/Either+SwiftUI.swift (in target 'AdaptiveTabView' from project 'AdaptiveTabView')
    cd /Users/admin/builder/spi-builder-workspace/.swiftpm/xcode
    builtin-SwiftPerFileCompile Either+SwiftUI.swift
SwiftCompile normal arm64_32 /Users/admin/builder/spi-builder-workspace/Sources/AdaptiveTabView/Identifiers/TabIdentifier.swift (in target 'AdaptiveTabView' from project 'AdaptiveTabView')
    cd /Users/admin/builder/spi-builder-workspace/.swiftpm/xcode
    builtin-SwiftPerFileCompile TabIdentifier.swift
PruneExplicitPrecompiledModules /Users/admin/builder/spi-builder-workspace/.derivedData/Build/Intermediates.noindex/ExplicitPrecompiledModules
PruneExplicitPrecompiledModules /Users/admin/builder/spi-builder-workspace/.derivedData/Build/Intermediates.noindex/SwiftExplicitPrecompiledModules
PruneExplicitPrecompiledModules /Users/admin/builder/spi-builder-workspace/.derivedData/SDKExplicitPrecompiledModules
2026-09-19 02:29:05.169 xcodebuild[864:5271] [MT] IDERunDestination: Supported platforms for the buildables in the current scheme is empty.
** BUILD FAILED **
The following build commands failed:
	SwiftCompile normal arm64 Compiling\ SidebarView.swift /Users/admin/builder/spi-builder-workspace/Sources/AdaptiveTabView/SidebarLayout/SidebarView.swift (in target 'AdaptiveTabView' from project 'AdaptiveTabView')
	SwiftCompile normal arm64 /Users/admin/builder/spi-builder-workspace/Sources/AdaptiveTabView/SidebarLayout/SidebarView.swift (in target 'AdaptiveTabView' from project 'AdaptiveTabView')
	Building workspace AdaptiveTabView with scheme AdaptiveTabView
(3 failures)
BUILD FAILURE 6.4 watchOS