The Swift Package Index logo.Swift Package Index

Build Information

Failed to build mountebankSwift, reference main (019491), with Swift 6.4 for Android on 19 Sep 2026 22:09:18 UTC.

Build Command

bash -c docker run --pull=always --rm -v "checkouts-54344844-0":/host -w "$PWD" -e JAVA_HOME="/root/.sdkman/candidates/java/current" -e SPI_BUILD="1" -e SPI_PROCESSING="1" registry.gitlab.com/saguaro1/spi-images:android-6.4-latest swift build --swift-sdk aarch64-unknown-linux-android28 2>&1

Build Log

========================================
RunAll
========================================
Builder version: 5.1.0
Interrupt handler set up.
========================================
Checkout
========================================
Clone URL: https://github.com/dave-t-c/mountebankSwift.git
Reference: main
Initialized empty Git repository in /host/spi-builder-workspace/.git/
hint: Using 'master' as the name for the initial branch. This default branch name
hint: is subject to change. To configure the initial branch name to use in all
hint: of your new repositories, which will suppress this warning, call:
hint:
hint: 	git config --global init.defaultBranch <name>
hint:
hint: Names commonly chosen instead of 'master' are 'main', 'trunk' and
hint: 'development'. The just-created branch can be renamed via this command:
hint:
hint: 	git branch -m <name>
From https://github.com/dave-t-c/mountebankSwift
 * branch            main       -> FETCH_HEAD
 * [new branch]      main       -> origin/main
HEAD is now at 019491b Merge pull request #15 from dave-t-c/create-swift-package-index-yaml
Cloned https://github.com/dave-t-c/mountebankSwift.git
Revision (git rev-parse @):
019491bc33357f4dd1d2bef3d6a8c95e418d3bd8
SPI manifest file found: $PWD/.spi.yml
SUCCESS checkout https://github.com/dave-t-c/mountebankSwift.git at main
========================================
Build
========================================
Selected platform:         android
Swift version:             6.4
Building package at path:  $PWD
https://github.com/dave-t-c/mountebankSwift.git
Running build ...
bash -c docker run --pull=always --rm -v "checkouts-54344844-0":/host -w "$PWD" -e JAVA_HOME="/root/.sdkman/candidates/java/current" -e SPI_BUILD="1" -e SPI_PROCESSING="1" registry.gitlab.com/saguaro1/spi-images:android-6.4-latest swift build --swift-sdk aarch64-unknown-linux-android28 2>&1
android-6.4-latest: Pulling from saguaro1/spi-images
Digest: sha256:abadcff584c273feba50641b454858d377ba30b35ea7287a94f45ebd8afd0ea0
Status: Image is up to date for registry.gitlab.com/saguaro1/spi-images:android-6.4-latest
Building for debugging...
[Planning deferred tasks]
[33 / 41] mountebankSwift
[34 / 41] mountebankSwift
error: SwiftCompile normal aarch64 /host/spi-builder-workspace/Sources/mountebankSwift/RequestWrappers/MountebankRequestWrapper.swift failed with a nonzero exit code. Command line:     cd /host
    builtin-SwiftPerFileCompile MountebankRequestWrapper.swift
/host/spi-builder-workspace/Sources/mountebankSwift/RequestWrappers/MountebankRequestWrapper.swift:21:23: error: cannot find 'URLRequest' in scope
19 |             return
20 |         }
21 |         var request = URLRequest(url: url)
   |                       `- error: cannot find 'URLRequest' in scope
22 |         request.httpMethod = "DELETE"
23 |         print("Calling \(request.httpMethod!) \(request.url!)")
/host/spi-builder-workspace/Sources/mountebankSwift/RequestWrappers/MountebankRequestWrapper.swift:25:34: error: type 'URLSession' (aka 'AnyObject') has no member 'shared'
23 |         print("Calling \(request.httpMethod!) \(request.url!)")
24 |
25 |         _ = try await URLSession.shared.data(for: request)
   |                                  `- error: type 'URLSession' (aka 'AnyObject') has no member 'shared'
26 |     }
27 |
/host/spi-builder-workspace/Sources/mountebankSwift/RequestWrappers/MountebankRequestWrapper.swift:32:23: error: cannot find 'URLRequest' in scope
30 |             return
31 |         }
32 |         var request = URLRequest(url: url)
   |                       `- error: cannot find 'URLRequest' in scope
33 |         request.httpMethod = "POST"
34 |         request.httpBody = try JSONEncoder().encode(imposter)
/host/spi-builder-workspace/Sources/mountebankSwift/RequestWrappers/MountebankRequestWrapper.swift:38:50: error: type 'URLSession' (aka 'AnyObject') has no member 'shared'
36 |         print("Calling \(request.httpMethod!) \(request.url!)")
37 |
38 |         let (_, response) = try await URLSession.shared.data(for: request)
   |                                                  `- error: type 'URLSession' (aka 'AnyObject') has no member 'shared'
39 |         guard let httpResponse = response as? HTTPURLResponse else {
40 |             print(Constants.ExceptionMessages.invalidResponseRecievedFromServerMessage)
/host/spi-builder-workspace/Sources/mountebankSwift/RequestWrappers/MountebankRequestWrapper.swift:54:23: error: cannot find 'URLRequest' in scope
52 |             throw MountebankExceptions.unableToRetrieveImposters
53 |         }
54 |         var request = URLRequest(url: url)
   |                       `- error: cannot find 'URLRequest' in scope
55 |         request.httpMethod = "GET"
56 |
/host/spi-builder-workspace/Sources/mountebankSwift/RequestWrappers/MountebankRequestWrapper.swift:57:53: error: type 'URLSession' (aka 'AnyObject') has no member 'shared'
55 |         request.httpMethod = "GET"
56 |
57 |         let (data, response) = try await URLSession.shared.data(for: request)
   |                                                     `- error: type 'URLSession' (aka 'AnyObject') has no member 'shared'
58 |         guard let httpResponse = response as? HTTPURLResponse else {
59 |             print(Constants.ExceptionMessages.invalidResponseRecievedFromServerMessage)
/host/spi-builder-workspace/Sources/mountebankSwift/RequestWrappers/MountebankRequestWrapper.swift:81:23: error: cannot find 'URLRequest' in scope
79 |             throw MountebankExceptions.unableToRetrieveImposter
80 |         }
81 |         var request = URLRequest(url: url)
   |                       `- error: cannot find 'URLRequest' in scope
82 |         request.httpMethod = "GET"
83 |
/host/spi-builder-workspace/Sources/mountebankSwift/RequestWrappers/MountebankRequestWrapper.swift:84:53: error: type 'URLSession' (aka 'AnyObject') has no member 'shared'
82 |         request.httpMethod = "GET"
83 |
84 |         let (data, response) = try await URLSession.shared.data(for: request)
   |                                                     `- error: type 'URLSession' (aka 'AnyObject') has no member 'shared'
85 |         guard let httpResponse = response as? HTTPURLResponse else {
86 |             print(Constants.ExceptionMessages.invalidResponseRecievedFromServerMessage)
Failed frontend command:
/root/.local/share/swiftly/toolchains/6.4.x-snapshot-2026-09-04/usr/bin/swift-frontend -frontend -c /host/spi-builder-workspace/Sources/mountebankSwift/Client/MountebankClient.swift /host/spi-builder-workspace/Sources/mountebankSwift/Exceptions/MountebankExceptions.swift /host/spi-builder-workspace/Sources/mountebankSwift/Models/Constants.swift /host/spi-builder-workspace/Sources/mountebankSwift/Models/Imposters/HttpImposter.swift /host/spi-builder-workspace/Sources/mountebankSwift/Models/Imposters/Imposter.swift /host/spi-builder-workspace/Sources/mountebankSwift/Models/Methods/HttpMethod.swift /host/spi-builder-workspace/Sources/mountebankSwift/Models/MountebankResponses/Imposters/RetrieveImpostersResponse.swift /host/spi-builder-workspace/Sources/mountebankSwift/Models/MountebankResponses/Imposters/RetrievedHttpImposter.swift /host/spi-builder-workspace/Sources/mountebankSwift/Models/MountebankResponses/Imposters/RetrievedImposter.swift /host/spi-builder-workspace/Sources/mountebankSwift/Models/MountebankResponses/Imposters/SimpleRetrievedImposter.swift /host/spi-builder-workspace/Sources/mountebankSwift/Models/MountebankResponses/Requests/HttpRequest.swift /host/spi-builder-workspace/Sources/mountebankSwift/Models/Predicates/EqualsPredicate.swift /host/spi-builder-workspace/Sources/mountebankSwift/Models/Predicates/Fields/Fields.swift /host/spi-builder-workspace/Sources/mountebankSwift/Models/Predicates/Fields/HttpFields.swift /host/spi-builder-workspace/Sources/mountebankSwift/Models/Predicates/Predicate.swift /host/spi-builder-workspace/Sources/mountebankSwift/Models/Responses/Fields/HttpResponseFields.swift /host/spi-builder-workspace/Sources/mountebankSwift/Models/Responses/Fields/ResponseFields.swift /host/spi-builder-workspace/Sources/mountebankSwift/Models/Responses/IsResponse.swift /host/spi-builder-workspace/Sources/mountebankSwift/Models/Responses/Response.swift /host/spi-builder-workspace/Sources/mountebankSwift/Models/Stubs/HttpStub.swift -primary-file /host/spi-builder-workspace/Sources/mountebankSwift/Models/Stubs/Stub.swift -primary-file /host/spi-builder-workspace/Sources/mountebankSwift/RequestWrappers/MountebankRequestWrapper.swift -emit-dependencies-path /host/spi-builder-workspace/.build/out/Intermediates.noindex/mountebankSwift.build/Debug-android-aarch64/mountebankSwift-t.build/Objects-normal/aarch64/Stub.d -emit-const-values-path /host/spi-builder-workspace/.build/out/Intermediates.noindex/mountebankSwift.build/Debug-android-aarch64/mountebankSwift-t.build/Objects-normal/aarch64/Stub.swiftconstvalues -emit-reference-dependencies-path /host/spi-builder-workspace/.build/out/Intermediates.noindex/mountebankSwift.build/Debug-android-aarch64/mountebankSwift-t.build/Objects-normal/aarch64/Stub.swiftdeps -serialize-diagnostics-path /host/spi-builder-workspace/.build/out/Intermediates.noindex/mountebankSwift.build/Debug-android-aarch64/mountebankSwift-t.build/Objects-normal/aarch64/Stub.dia -emit-dependencies-path /host/spi-builder-workspace/.build/out/Intermediates.noindex/mountebankSwift.build/Debug-android-aarch64/mountebankSwift-t.build/Objects-normal/aarch64/MountebankRequestWrapper.d -emit-const-values-path /host/spi-builder-workspace/.build/out/Intermediates.noindex/mountebankSwift.build/Debug-android-aarch64/mountebankSwift-t.build/Objects-normal/aarch64/MountebankRequestWrapper.swiftconstvalues -emit-reference-dependencies-path /host/spi-builder-workspace/.build/out/Intermediates.noindex/mountebankSwift.build/Debug-android-aarch64/mountebankSwift-t.build/Objects-normal/aarch64/MountebankRequestWrapper.swiftdeps -serialize-diagnostics-path /host/spi-builder-workspace/.build/out/Intermediates.noindex/mountebankSwift.build/Debug-android-aarch64/mountebankSwift-t.build/Objects-normal/aarch64/MountebankRequestWrapper.dia -target aarch64-unknown-linux-android28 -Xllvm -aarch64-use-tbi -disable-objc-interop -sdk /android-ndk/android-ndk-r27d/toolchains/llvm/prebuilt/linux-x86_64/sysroot -sysroot /android-ndk/android-ndk-r27d/toolchains/llvm/prebuilt/linux-x86_64/sysroot -I /host/spi-builder-workspace/.build/out/Products/Debug-android-aarch64 -module-cache-path /host/spi-builder-workspace/.build/out/ModuleCache.noindex -color-diagnostics -Xcc -fcolor-diagnostics -enable-testing -g -debug-info-format\=dwarf -dwarf-version\=4 -swift-version 5 -Onone -D SWIFT_PACKAGE -D DEBUG -D SWIFT_MODULE_RESOURCE_BUNDLE_UNAVAILABLE -D Xcode -serialize-debugging-options -enable-experimental-feature DebugDescriptionMacro -empty-abi-descriptor -external-plugin-path /root/.local/share/swiftly/toolchains/6.4.x-snapshot-2026-09-04/usr/lib/swift/host/plugins/testing\#/root/.local/share/swiftly/toolchains/6.4.x-snapshot-2026-09-04/usr/bin/swift-plugin-server -validate-clang-modules-once -clang-build-session-file /host/spi-builder-workspace/.build/out/ModuleCache.noindex/Session.modulevalidation -Xcc -working-directory -Xcc /host -resource-dir /root/.swiftpm/swift-sdks/swift-6.4.x-DEVELOPMENT-SNAPSHOT-2026-09-04-a_android.artifactbundle/swift-android/swift-resources/usr/lib/swift-aarch64 -enable-anonymous-context-mangled-names -file-compilation-dir /host -Xcc -resource-dir -Xcc /android-ndk/android-ndk-r27d/toolchains/llvm/prebuilt/linux-x86_64/lib/clang/18 -Xcc -fno-omit-frame-pointer -Xcc -D_LIBCPP_HARDENING_MODE\=_LIBCPP_HARDENING_MODE_DEBUG -Xcc -fmodules-prune-interval\=86400 -Xcc -fmodules-prune-after\=345600 -Xcc -I/host/spi-builder-workspace/.build/out/Products/Debug-android-aarch64/include -Xcc -I/host/spi-builder-workspace/.build/out/Intermediates.noindex/mountebankSwift.build/Debug-android-aarch64/mountebankSwift-t.build/DerivedSources-normal/aarch64 -Xcc -I/host/spi-builder-workspace/.build/out/Intermediates.noindex/mountebankSwift.build/Debug-android-aarch64/mountebankSwift-t.build/DerivedSources/aarch64 -Xcc -I/host/spi-builder-workspace/.build/out/Intermediates.noindex/mountebankSwift.build/Debug-android-aarch64/mountebankSwift-t.build/DerivedSources -Xcc -DSWIFT_PACKAGE -Xcc -DDEBUG\=1 -no-auto-bridging-header-chaining -module-name mountebankSwift -const-gather-protocols-file /host/spi-builder-workspace/.build/out/Intermediates.noindex/mountebankSwift.build/Debug-android-aarch64/mountebankSwift-t.build/Objects-normal/aarch64/mountebankSwift_const_extract_protocols.json -in-process-plugin-server-path /root/.local/share/swiftly/toolchains/6.4.x-snapshot-2026-09-04/usr/lib/swift/host/libSwiftInProcPluginServer.so -plugin-path /root/.local/share/swiftly/toolchains/6.4.x-snapshot-2026-09-04/usr/lib/swift/host/plugins -plugin-path /root/.local/share/swiftly/toolchains/6.4.x-snapshot-2026-09-04/usr/local/lib/swift/host/plugins -parse-as-library -o /host/spi-builder-workspace/.build/out/Intermediates.noindex/mountebankSwift.build/Debug-android-aarch64/mountebankSwift-t.build/Objects-normal/aarch64/Stub.o -o /host/spi-builder-workspace/.build/out/Intermediates.noindex/mountebankSwift.build/Debug-android-aarch64/mountebankSwift-t.build/Objects-normal/aarch64/MountebankRequestWrapper.o -index-unit-output-path /mountebankSwift.build/Debug-android-aarch64/mountebankSwift-t.build/Objects-normal/aarch64/Stub.o -index-unit-output-path /mountebankSwift.build/Debug-android-aarch64/mountebankSwift-t.build/Objects-normal/aarch64/MountebankRequestWrapper.o -index-store-path /host/spi-builder-workspace/.build/out -index-system-modules
error: Build failed
BUILD FAILURE 6.4 android