The Swift Package Index logo.Swift Package Index

Build Information

Failed to build TalaDB, reference v0.1.1 (f72bcc), with Swift 6.4 for watchOS using Xcode 27.0 on 5 Oct 2026 07:53:22 UTC.

Build Command

env DEVELOPER_DIR=/Applications/Xcode-27.0.0-Release.Candidate.app xcrun xcodebuild -IDEClonedSourcePackagesDirPathOverride=$PWD/.dependencies -skipMacroValidation -skipPackagePluginValidation -derivedDataPath $PWD/.derivedData build -scheme TalaDB -destination generic/platform=watchOS

Build Log

========================================
RunAll
========================================
Builder version: 5.1.1
Interrupt handler set up.
========================================
Checkout
========================================
Clone URL: https://github.com/taladb/taladb-swift.git
Reference: v0.1.1
Initialized empty Git repository in /Users/admin/builder/spi-builder-workspace/.git/
From https://github.com/taladb/taladb-swift
 * tag               v0.1.1     -> FETCH_HEAD
HEAD is now at f72bccb fix: tests failed
Cloned https://github.com/taladb/taladb-swift.git
Revision (git rev-parse @):
f72bccb9b70e073d8cee1d7535a94c55e38189fd
SPI manifest file found: $PWD/.spi.yml
SUCCESS checkout https://github.com/taladb/taladb-swift.git at v0.1.1
========================================
Build
========================================
Selected platform:         watchOS
Swift version:             6.4
Building package at path:  $PWD
https://github.com/taladb/taladb-swift.git
Command line invocation:
    /Applications/Xcode-27.0.0-Release.Candidate.app/Contents/Developer/usr/bin/xcodebuild -IDEClonedSourcePackagesDirPathOverride=/Users/admin/builder/spi-builder-workspace/.dependencies -resolvePackageDependencies
Resolve Package Graph
Resolve Package Graph
Resolved source packages:
  TalaDB: /Users/admin/builder/spi-builder-workspace
resolved source packages: TalaDB
2026-10-05 03:52:44.128 xcodebuild[529:3029] [MT] IDERunDestination: Supported platforms for the buildables in the current scheme is empty.
{
  "dependencies" : [
  ],
  "manifest_display_name" : "TalaDB",
  "name" : "TalaDB",
  "path" : "/Users/admin/builder/spi-builder-workspace",
  "platforms" : [
    {
      "name" : "ios",
      "version" : "13.0"
    },
    {
      "name" : "macos",
      "version" : "10.15"
    }
  ],
  "products" : [
    {
      "name" : "TalaDB",
      "targets" : [
        "TalaDB"
      ],
      "type" : {
        "library" : [
          "automatic"
        ]
      }
    }
  ],
  "targets" : [
    {
      "c99name" : "TalaDBTests",
      "module_type" : "SwiftTarget",
      "name" : "TalaDBTests",
      "path" : "Tests/TalaDBTests",
      "sources" : [
        "JSONNumbersTests.swift",
        "MigrationTests.swift",
        "Support.swift",
        "TalaDBTests.swift",
        "VectorTests.swift",
        "WatchTests.swift"
      ],
      "target_dependencies" : [
        "TalaDB"
      ],
      "type" : "test"
    },
    {
      "c99name" : "TalaDBFFI",
      "module_type" : "BinaryTarget",
      "name" : "TalaDBFFI",
      "path" : "remote/archive/TalaDBFFI-0.12.0.xcframework.zip",
      "product_memberships" : [
        "TalaDB"
      ],
      "sources" : [
      ],
      "type" : "binary"
    },
    {
      "c99name" : "TalaDB",
      "module_type" : "SwiftTarget",
      "name" : "TalaDB",
      "path" : "Sources/TalaDB",
      "product_memberships" : [
        "TalaDB"
      ],
      "sources" : [
        "JSONEncoding.swift",
        "JSONNumbers.swift",
        "JSONValue.swift",
        "Migration.swift",
        "Native.swift",
        "TalaCollection.swift",
        "TalaDB.swift",
        "Types.swift",
        "Vectors.swift"
      ],
      "target_dependencies" : [
        "TalaDBFFI"
      ],
      "type" : "library"
    }
  ],
  "tools_version" : "5.9"
}
{
  "workspace" : {
    "name" : "TalaDB",
    "schemes" : [
      "TalaDB"
    ]
  }
}
2026-10-05 03:53:16.463 xcodebuild[638:3858] [MT] IDERunDestination: Supported platforms for the buildables in the current scheme is empty.
Running build ...
env DEVELOPER_DIR=/Applications/Xcode-27.0.0-Release.Candidate.app xcrun xcodebuild -IDEClonedSourcePackagesDirPathOverride=$PWD/.dependencies -skipMacroValidation -skipPackagePluginValidation -derivedDataPath $PWD/.derivedData build -scheme TalaDB -destination generic/platform=watchOS
Command line invocation:
    /Applications/Xcode-27.0.0-Release.Candidate.app/Contents/Developer/usr/bin/xcodebuild -IDEClonedSourcePackagesDirPathOverride=/Users/admin/builder/spi-builder-workspace/.dependencies -skipMacroValidation -skipPackagePluginValidation -derivedDataPath /Users/admin/builder/spi-builder-workspace/.derivedData build -scheme TalaDB -destination generic/platform=watchOS
Resolve Package Graph
Resolved source packages:
  TalaDB: /Users/admin/builder/spi-builder-workspace
ComputePackagePrebuildTargetDependencyGraph
Prepare packages
CreateBuildRequest
SendProjectDescription
CreateBuildOperation
ComputeTargetDependencyGraph
note: Building targets in dependency order
note: Target dependency graph (2 targets)
    Target 'TalaDB-product' in project 'TalaDB'
        ➜ Explicit dependency on target 'TalaDB' in project 'TalaDB'
    Target 'TalaDB' in project 'TalaDB' (no dependencies)
GatherProvisioningInputs
CreateBuildDescription
ExecuteExternalTool /Applications/Xcode-27.0.0-Release.Candidate.app/Contents/Developer/Toolchains/XcodeDefault.xctoolchain/usr/bin/clang -v -E -dM -isysroot /Applications/Xcode-27.0.0-Release.Candidate.app/Contents/Developer/Platforms/WatchOS.platform/Developer/SDKs/WatchOS27.0.sdk -x c -c /dev/null
ExecuteExternalTool /Applications/Xcode-27.0.0-Release.Candidate.app/Contents/Developer/Toolchains/XcodeDefault.xctoolchain/usr/bin/swiftc --version
ExecuteExternalTool /Applications/Xcode-27.0.0-Release.Candidate.app/Contents/Developer/Toolchains/XcodeDefault.xctoolchain/usr/bin/ld -version_details
Build description signature: 7ea83f7484ad686a36e5404a463fd7ec
Build description path: /Users/admin/builder/spi-builder-workspace/.derivedData/Build/Intermediates.noindex/XCBuildData/7ea83f7484ad686a36e5404a463fd7ec.xcbuilddata
/Users/admin/builder/spi-builder-workspace/.dependencies/artifacts/spi-builder-workspace/TalaDBFFI/TalaDBFFI.xcframework:1:1: error: While building for watchOS, no library for this platform was found in '/Users/admin/builder/spi-builder-workspace/.dependencies/artifacts/spi-builder-workspace/TalaDBFFI/TalaDBFFI.xcframework'. (in target 'TalaDB-product' from project 'TalaDB')
/Users/admin/builder/spi-builder-workspace/.dependencies/artifacts/spi-builder-workspace/TalaDBFFI/TalaDBFFI.xcframework:1:1: error: While building for watchOS, no library for this platform was found in '/Users/admin/builder/spi-builder-workspace/.dependencies/artifacts/spi-builder-workspace/TalaDBFFI/TalaDBFFI.xcframework'. (in target 'TalaDB' from project 'TalaDB')
2026-10-05 03:53:18.188 xcodebuild[640:3923] [MT] IDERunDestination: Supported platforms for the buildables in the current scheme is empty.
** BUILD FAILED **
The following build commands failed:
	Building workspace TalaDB with scheme TalaDB
(1 failure)
Command line invocation:
    /Applications/Xcode-27.0.0-Release.Candidate.app/Contents/Developer/usr/bin/xcodebuild -IDEClonedSourcePackagesDirPathOverride=/Users/admin/builder/spi-builder-workspace/.dependencies -resolvePackageDependencies
Resolve Package Graph
Resolved source packages:
  TalaDB: /Users/admin/builder/spi-builder-workspace
resolved source packages: TalaDB
2026-10-05 03:53:19.938 xcodebuild[674:4193] [MT] IDERunDestination: Supported platforms for the buildables in the current scheme is empty.
{
  "dependencies" : [
  ],
  "manifest_display_name" : "TalaDB",
  "name" : "TalaDB",
  "path" : "/Users/admin/builder/spi-builder-workspace",
  "platforms" : [
    {
      "name" : "ios",
      "version" : "13.0"
    },
    {
      "name" : "macos",
      "version" : "10.15"
    }
  ],
  "products" : [
    {
      "name" : "TalaDB",
      "targets" : [
        "TalaDB"
      ],
      "type" : {
        "library" : [
          "automatic"
        ]
      }
    }
  ],
  "targets" : [
    {
      "c99name" : "TalaDBTests",
      "module_type" : "SwiftTarget",
      "name" : "TalaDBTests",
      "path" : "Tests/TalaDBTests",
      "sources" : [
        "JSONNumbersTests.swift",
        "MigrationTests.swift",
        "Support.swift",
        "TalaDBTests.swift",
        "VectorTests.swift",
        "WatchTests.swift"
      ],
      "target_dependencies" : [
        "TalaDB"
      ],
      "type" : "test"
    },
    {
      "c99name" : "TalaDBFFI",
      "module_type" : "BinaryTarget",
      "name" : "TalaDBFFI",
      "path" : "remote/archive/TalaDBFFI-0.12.0.xcframework.zip",
      "product_memberships" : [
        "TalaDB"
      ],
      "sources" : [
      ],
      "type" : "binary"
    },
    {
      "c99name" : "TalaDB",
      "module_type" : "SwiftTarget",
      "name" : "TalaDB",
      "path" : "Sources/TalaDB",
      "product_memberships" : [
        "TalaDB"
      ],
      "sources" : [
        "JSONEncoding.swift",
        "JSONNumbers.swift",
        "JSONValue.swift",
        "Migration.swift",
        "Native.swift",
        "TalaCollection.swift",
        "TalaDB.swift",
        "Types.swift",
        "Vectors.swift"
      ],
      "target_dependencies" : [
        "TalaDBFFI"
      ],
      "type" : "library"
    }
  ],
  "tools_version" : "5.9"
}
{
  "workspace" : {
    "name" : "TalaDB",
    "schemes" : [
      "TalaDB"
    ]
  }
}
2026-10-05 03:53:21.162 xcodebuild[682:4250] [MT] IDERunDestination: Supported platforms for the buildables in the current scheme is empty.
Running build ...
env DEVELOPER_DIR=/Applications/Xcode-27.0.0-Release.Candidate.app xcrun xcodebuild -IDEClonedSourcePackagesDirPathOverride=$PWD/.dependencies -skipMacroValidation -skipPackagePluginValidation -derivedDataPath $PWD/.derivedData build -scheme TalaDB -destination generic/platform=watchOS
Command line invocation:
    /Applications/Xcode-27.0.0-Release.Candidate.app/Contents/Developer/usr/bin/xcodebuild -IDEClonedSourcePackagesDirPathOverride=/Users/admin/builder/spi-builder-workspace/.dependencies -skipMacroValidation -skipPackagePluginValidation -derivedDataPath /Users/admin/builder/spi-builder-workspace/.derivedData build -scheme TalaDB -destination generic/platform=watchOS
Resolve Package Graph
Resolved source packages:
  TalaDB: /Users/admin/builder/spi-builder-workspace
ComputePackagePrebuildTargetDependencyGraph
Prepare packages
CreateBuildRequest
SendProjectDescription
CreateBuildOperation
ComputeTargetDependencyGraph
note: Building targets in dependency order
note: Target dependency graph (2 targets)
    Target 'TalaDB-product' in project 'TalaDB'
        ➜ Explicit dependency on target 'TalaDB' in project 'TalaDB'
    Target 'TalaDB' in project 'TalaDB' (no dependencies)
GatherProvisioningInputs
CreateBuildDescription
/Users/admin/builder/spi-builder-workspace/.dependencies/artifacts/spi-builder-workspace/TalaDBFFI/TalaDBFFI.xcframework:1:1: error: While building for watchOS, no library for this platform was found in '/Users/admin/builder/spi-builder-workspace/.dependencies/artifacts/spi-builder-workspace/TalaDBFFI/TalaDBFFI.xcframework'. (in target 'TalaDB' from project 'TalaDB')
/Users/admin/builder/spi-builder-workspace/.dependencies/artifacts/spi-builder-workspace/TalaDBFFI/TalaDBFFI.xcframework:1:1: error: While building for watchOS, no library for this platform was found in '/Users/admin/builder/spi-builder-workspace/.dependencies/artifacts/spi-builder-workspace/TalaDBFFI/TalaDBFFI.xcframework'. (in target 'TalaDB-product' from project 'TalaDB')
2026-10-05 03:53:22.136 xcodebuild[683:4276] [MT] IDERunDestination: Supported platforms for the buildables in the current scheme is empty.
** BUILD FAILED **
The following build commands failed:
	Building workspace TalaDB with scheme TalaDB
(1 failure)
BUILD FAILURE 6.4 watchOS