The Swift Package Index logo.Swift Package Index

Build Information

Failed to build SafariServicesUI, reference 1.5.0 (00a652), with Swift 6.4 for macOS (SPM) on 22 Sep 2026 03:41:03 UTC.

Build Command

env DEVELOPER_DIR=/Applications/Xcode-27.0.0-Release.Candidate.app xcrun swift build --arch arm64

Build Log

========================================
RunAll
========================================
Builder version: 5.1.0
Interrupt handler set up.
========================================
Checkout
========================================
Clone URL: https://github.com/divadretlaw/SafariServicesUI.git
Reference: 1.5.0
Initialized empty Git repository in /Users/admin/builder/spi-builder-workspace/.git/
From https://github.com/divadretlaw/SafariServicesUI
 * tag               1.5.0      -> FETCH_HEAD
HEAD is now at 00a6522 Cleanup
Cloned https://github.com/divadretlaw/SafariServicesUI.git
Revision (git rev-parse @):
00a652278ccfb4b7a0a8d87691d546f74232f1bb
SUCCESS checkout https://github.com/divadretlaw/SafariServicesUI.git at 1.5.0
========================================
Build
========================================
Selected platform:         macosSpm
Swift version:             6.4
Building package at path:  $PWD
https://github.com/divadretlaw/SafariServicesUI.git
Running build ...
env DEVELOPER_DIR=/Applications/Xcode-27.0.0-Release.Candidate.app xcrun swift build --arch arm64
Building for debugging...
[Constructing description]
[Planning 1 / 214]
[Planning deferred tasks]
[44 / 86]
[46 / 88] URLExtensions
[56 / 136]
[58 / 136] WindowReader
[67 / 171]
[69 / 171]
[70 / 171]
[75 / 171]
[78 / 171]
[81 / 171]
[87 / 171]
[90 / 171]
[92 / 171]
[93 / 171]
[103 / 171]
[114 / 171] URLExtensions
[116 / 171]
[117 / 171] URLExtensions
[119 / 171] URLExtensions
[125 / 171]
[126 / 171]
[127 / 171] URLExtensions
[128 / 171] URLExtensions-product
[130 / 171] WindowReader
[130 / 171] URLExtensions
[142 / 172] URLExtensions
[144 / 172] WindowSceneReader
[148 / 176] WindowSceneReader
[155 / 177] WindowReader
[157 / 185]
[167 / 185] SafariServicesUI
Fetching https://github.com/divadretlaw/URL-Extensions.git
Fetching https://github.com/divadretlaw/WindowReader.git
Fetching https://github.com/divadretlaw/WindowSceneReader.git
[1/136] Fetching windowscenereader
[67/272] Fetching windowscenereader, windowreader
[85/533] Fetching windowscenereader, windowreader, url-extensions
Fetched https://github.com/divadretlaw/WindowReader.git (0.92s)
Fetched https://github.com/divadretlaw/WindowSceneReader.git (0.93s)
Fetched https://github.com/divadretlaw/URL-Extensions.git (0.93s)
Computing version for https://github.com/divadretlaw/URL-Extensions.git
Computed https://github.com/divadretlaw/URL-Extensions.git at 2.0.0 (1.53s)
Computing version for https://github.com/divadretlaw/WindowSceneReader.git
Computed https://github.com/divadretlaw/WindowSceneReader.git at 3.3.0 (0.56s)
Computing version for https://github.com/divadretlaw/WindowReader.git
Computed https://github.com/divadretlaw/WindowReader.git at 3.1.0 (0.56s)
Creating working copy for https://github.com/divadretlaw/WindowReader.git
Working copy of https://github.com/divadretlaw/WindowReader.git resolved at 3.1.0
Creating working copy for https://github.com/divadretlaw/WindowSceneReader.git
Working copy of https://github.com/divadretlaw/WindowSceneReader.git resolved at 3.3.0
Creating working copy for https://github.com/divadretlaw/URL-Extensions.git
Working copy of https://github.com/divadretlaw/URL-Extensions.git resolved at 2.0.0
error: SwiftCompile normal arm64 failed with a nonzero exit code. Command line:     cd /Users/admin/builder

/Users/admin/builder/spi-builder-workspace/Sources/SafariServicesUI/Safari/SafariView.swift:12:38: error: cannot find type 'UIHostingController' in scope
10 |
11 | /// Wrap `SFSafariViewController` in `UIHostingController` to support `isModalInPresentation`
12 | final class SafariHostingController: UIHostingController<SafariView> {
   |                                      `- error: cannot find type 'UIHostingController' in scope
13 |     convenience init(safari: SFSafariViewController) {
14 |         self.init(rootView: SafariView(safari: safari))
/Users/admin/builder/spi-builder-workspace/Sources/SafariServicesUI/Safari/SafariView.swift:13:30: error: cannot find type 'SFSafariViewController' in scope
11 | /// Wrap `SFSafariViewController` in `UIHostingController` to support `isModalInPresentation`
12 | final class SafariHostingController: UIHostingController<SafariView> {
13 |     convenience init(safari: SFSafariViewController) {
   |                              `- error: cannot find type 'SFSafariViewController' in scope
14 |         self.init(rootView: SafariView(safari: safari))
15 |     }
/Users/admin/builder/spi-builder-workspace/Sources/SafariServicesUI/Safari/SafariView.swift:20:17: error: cannot find type 'SFSafariViewController' in scope
18 | /// SwiftUI `SFSafariViewController` wrapper
19 | struct SafariView: View {
20 |     let safari: SFSafariViewController
   |                 `- error: cannot find type 'SFSafariViewController' in scope
21 |
22 |     init(safari: SFSafariViewController) {
/Users/admin/builder/spi-builder-workspace/Sources/SafariServicesUI/Safari/SafariView.swift:22:18: error: cannot find type 'SFSafariViewController' in scope
20 |     let safari: SFSafariViewController
21 |
22 |     init(safari: SFSafariViewController) {
   |                  `- error: cannot find type 'SFSafariViewController' in scope
23 |         self.safari = safari
24 |     }
/Users/admin/builder/spi-builder-workspace/Sources/SafariServicesUI/Safari/SafariView.swift:33:17: error: cannot find type 'SFSafariViewController' in scope
31 |
32 | private struct SafariRepresentable: UIViewControllerRepresentable {
33 |     let safari: SFSafariViewController
   |                 `- error: cannot find type 'SFSafariViewController' in scope
34 |
35 |     init(safari: SFSafariViewController) {
/Users/admin/builder/spi-builder-workspace/Sources/SafariServicesUI/Safari/SafariView.swift:35:18: error: cannot find type 'SFSafariViewController' in scope
33 |     let safari: SFSafariViewController
34 |
35 |     init(safari: SFSafariViewController) {
   |                  `- error: cannot find type 'SFSafariViewController' in scope
36 |         self.safari = safari
37 |     }
/Users/admin/builder/spi-builder-workspace/Sources/SafariServicesUI/Safari/SafariView.swift:39:51: error: cannot find type 'SFSafariViewController' in scope
37 |     }
38 |
39 |     func makeUIViewController(context: Context) ->SFSafariViewController {
   |                                                   `- error: cannot find type 'SFSafariViewController' in scope
40 |         safari
41 |     }
/Users/admin/builder/spi-builder-workspace/Sources/SafariServicesUI/Safari/SafariView.swift:39:40: error: cannot find type 'Context' in scope
37 |     }
38 |
39 |     func makeUIViewController(context: Context) ->SFSafariViewController {
   |                                        `- error: cannot find type 'Context' in scope
40 |         safari
41 |     }
/Users/admin/builder/spi-builder-workspace/Sources/SafariServicesUI/Safari/SafariView.swift:43:53: error: cannot find type 'SFSafariViewController' in scope
41 |     }
42 |
43 |     func updateUIViewController(_ uiViewController: SFSafariViewController, context: Context) {
   |                                                     `- error: cannot find type 'SFSafariViewController' in scope
44 |     }
45 | }
/Users/admin/builder/spi-builder-workspace/Sources/SafariServicesUI/Safari/SafariView.swift:43:86: error: cannot find type 'Context' in scope
41 |     }
42 |
43 |     func updateUIViewController(_ uiViewController: SFSafariViewController, context: Context) {
   |                                                                                      `- error: cannot find type 'Context' in scope
44 |     }
45 | }
/Users/admin/builder/spi-builder-workspace/Sources/SafariServicesUI/Safari/SafariView.swift:32:37: error: cannot find type 'UIViewControllerRepresentable' in scope
30 | }
31 |
32 | private struct SafariRepresentable: UIViewControllerRepresentable {
   |                                     `- error: cannot find type 'UIViewControllerRepresentable' in scope
33 |     let safari: SFSafariViewController
34 |
Failed frontend command:
/Applications/Xcode-27.0.0-Release.Candidate.app/Contents/Developer/Toolchains/XcodeDefault.xctoolchain/usr/bin/swift-frontend -frontend -emit-module -experimental-skip-non-inlinable-function-bodies-without-types /Users/admin/builder/spi-builder-workspace/Sources/SafariServicesUI/Extensions/OpenURL+Extensions.swift /Users/admin/builder/spi-builder-workspace/Sources/SafariServicesUI/Extensions/OpenURLAction+Safari.swift /Users/admin/builder/spi-builder-workspace/Sources/SafariServicesUI/Safari/SafariConfiguration.swift /Users/admin/builder/spi-builder-workspace/Sources/SafariServicesUI/Safari/SafariManager.swift /Users/admin/builder/spi-builder-workspace/Sources/SafariServicesUI/Safari/SafariView.swift /Users/admin/builder/spi-builder-workspace/Sources/SafariServicesUI/Safari/SafariViewModifier.swift -target arm64-apple-macos12.0 -disable-cross-import-overlay-search -load-resolved-plugin /Applications/Xcode-27.0.0-Release.Candidate.app/Contents/Developer/Platforms/MacOSX.platform/Developer/usr/lib/swift/host/plugins/libFoundationMacros.dylib\#/Applications/Xcode-27.0.0-Release.Candidate.app/Contents/Developer/Platforms/MacOSX.platform/Developer/usr/bin/swift-plugin-server\#FoundationMacros -load-resolved-plugin /Applications/Xcode-27.0.0-Release.Candidate.app/Contents/Developer/Platforms/MacOSX.platform/Developer/usr/lib/swift/host/plugins/libObservationMacros.dylib\#/Applications/Xcode-27.0.0-Release.Candidate.app/Contents/Developer/Platforms/MacOSX.platform/Developer/usr/bin/swift-plugin-server\#ObservationMacros -load-resolved-plugin /Applications/Xcode-27.0.0-Release.Candidate.app/Contents/Developer/Platforms/MacOSX.platform/Developer/usr/lib/swift/host/plugins/libPreviewsMacros.dylib\#/Applications/Xcode-27.0.0-Release.Candidate.app/Contents/Developer/Platforms/MacOSX.platform/Developer/usr/bin/swift-plugin-server\#PreviewsMacros -load-resolved-plugin /Applications/Xcode-27.0.0-Release.Candidate.app/Contents/Developer/Platforms/MacOSX.platform/Developer/usr/lib/swift/host/plugins/libSwiftMacros.dylib\#/Applications/Xcode-27.0.0-Release.Candidate.app/Contents/Developer/Platforms/MacOSX.platform/Developer/usr/bin/swift-plugin-server\#SwiftMacros -load-resolved-plugin /Applications/Xcode-27.0.0-Release.Candidate.app/Contents/Developer/Platforms/MacOSX.platform/Developer/usr/lib/swift/host/plugins/libSwiftUIMacros.dylib\#/Applications/Xcode-27.0.0-Release.Candidate.app/Contents/Developer/Platforms/MacOSX.platform/Developer/usr/bin/swift-plugin-server\#SwiftUIMacros -disable-implicit-swift-modules -Xcc -fno-implicit-modules -Xcc -fno-implicit-module-maps -explicit-swift-module-map-file /Users/admin/builder/spi-builder-workspace/.build/out/Intermediates.noindex/SafariServicesUI.build/Debug/SafariServicesUI-t.build/Objects-normal/arm64/SafariServicesUI-dependencies-1.json -Xllvm -aarch64-use-tbi -enable-objc-interop -stack-check -sdk /Applications/Xcode-27.0.0-Release.Candidate.app/Contents/Developer/Platforms/MacOSX.platform/Developer/SDKs/MacOSX27.0.sdk -I /Users/admin/builder/spi-builder-workspace/.build/out/Products/Debug -Isystem /Applications/Xcode-27.0.0-Release.Candidate.app/Contents/Developer/Platforms/MacOSX.platform/Developer/usr/lib -F /Users/admin/builder/spi-builder-workspace/.build/out/Products/Debug/PackageFrameworks -F /Users/admin/builder/spi-builder-workspace/.build/out/Products/Debug -F /Applications/Xcode-27.0.0-Release.Candidate.app/Contents/Developer/Platforms/MacOSX.platform/Developer/Library/Frameworks -module-cache-path /Users/admin/builder/spi-builder-workspace/.build/out/Intermediates.noindex/SwiftExplicitPrecompiledModules -color-diagnostics -Xcc -fcolor-diagnostics -enable-testing -g -debug-info-format\=dwarf -dwarf-version\=4 -swift-version 6 -Onone -D SWIFT_PACKAGE -D DEBUG -D SWIFT_MODULE_RESOURCE_BUNDLE_UNAVAILABLE -D Xcode -serialize-debugging-options -enable-experimental-feature DebugDescriptionMacro -empty-abi-descriptor -validate-clang-modules-once -clang-build-session-file /Users/admin/builder/spi-builder-workspace/.build/out/ModuleCache.noindex/Session.modulevalidation -Xcc -working-directory -Xcc /Users/admin/builder -enable-anonymous-context-mangled-names -file-compilation-dir /Users/admin/builder -Xcc -D_LIBCPP_HARDENING_MODE\=_LIBCPP_HARDENING_MODE_DEBUG -Xcc -ivfsstatcache -Xcc /Users/admin/builder/spi-builder-workspace/.build/out/SDKStatCaches.noindex/macosx27.0-26A425-80c5bbf1d171475443272936d42f90a36a22442a12e9d48fe1a705f55a1adfc4.sdkstatcache -Xcc -fmodules-prune-interval\=86400 -Xcc -fmodules-prune-after\=345600 -Xcc -I/Users/admin/builder/spi-builder-workspace/.build/out/Products/Debug/include -Xcc -I/Users/admin/builder/spi-builder-workspace/.build/out/Intermediates.noindex/SafariServicesUI.build/Debug/SafariServicesUI-t.build/DerivedSources-normal/arm64 -Xcc -I/Users/admin/builder/spi-builder-workspace/.build/out/Intermediates.noindex/SafariServicesUI.build/Debug/SafariServicesUI-t.build/DerivedSources/arm64 -Xcc -I/Users/admin/builder/spi-builder-workspace/.build/out/Intermediates.noindex/SafariServicesUI.build/Debug/SafariServicesUI-t.build/DerivedSources -Xcc -DSWIFT_PACKAGE -Xcc -DDEBUG\=1 -no-auto-bridging-header-chaining -module-name SafariServicesUI -package-name spi_builder_workspace -const-gather-protocols-file /Users/admin/builder/spi-builder-workspace/.build/out/Intermediates.noindex/SafariServicesUI.build/Debug/SafariServicesUI-t.build/Objects-normal/arm64/SafariServicesUI_const_extract_protocols.json -disable-clang-spi -clang-target arm64-apple-macos27.0 -target-sdk-version 27.0 -target-sdk-name macosx27.0 -in-process-plugin-server-path /Applications/Xcode-27.0.0-Release.Candidate.app/Contents/Developer/Toolchains/XcodeDefault.xctoolchain/usr/lib/swift/host/libSwiftInProcPluginServer.dylib -emit-module-doc-path /Users/admin/builder/spi-builder-workspace/.build/out/Intermediates.noindex/SafariServicesUI.build/Debug/SafariServicesUI-t.build/Objects-normal/arm64/SafariServicesUI.swiftdoc -emit-module-source-info-path /Users/admin/builder/spi-builder-workspace/.build/out/Intermediates.noindex/SafariServicesUI.build/Debug/SafariServicesUI-t.build/Objects-normal/arm64/SafariServicesUI.swiftsourceinfo -emit-objc-header-path /Users/admin/builder/spi-builder-workspace/.build/out/Intermediates.noindex/SafariServicesUI.build/Debug/SafariServicesUI-t.build/Objects-normal/arm64/SafariServicesUI-Swift.h -serialize-diagnostics-path /Users/admin/builder/spi-builder-workspace/.build/out/Intermediates.noindex/SafariServicesUI.build/Debug/SafariServicesUI-t.build/Objects-normal/arm64/SafariServicesUI-primary-emit-module.dia -emit-dependencies-path /Users/admin/builder/spi-builder-workspace/.build/out/Intermediates.noindex/SafariServicesUI.build/Debug/SafariServicesUI-t.build/Objects-normal/arm64/SafariServicesUI-primary-emit-module.d -parse-as-library -o /Users/admin/builder/spi-builder-workspace/.build/out/Intermediates.noindex/SafariServicesUI.build/Debug/SafariServicesUI-t.build/Objects-normal/arm64/SafariServicesUI.swiftmodule -emit-abi-descriptor-path /Users/admin/builder/spi-builder-workspace/.build/out/Intermediates.noindex/SafariServicesUI.build/Debug/SafariServicesUI-t.build/Objects-normal/arm64/SafariServicesUI.abi.json
error: Build failed
BUILD FAILURE 6.4 macosSpm