Build Information
Failed to build SwiftPrettyPrint, reference 1.4.0 (1ad0d6), with Swift 6.4 for watchOS using Xcode 27.0 on 18 Sep 2026 11:00:55 UTC.
Build Command
env DEVELOPER_DIR=/Applications/Xcode-27.0.0-Release.Candidate.app xcrun xcodebuild -IDEClonedSourcePackagesDirPathOverride=$PWD/.dependencies -skipMacroValidation -skipPackagePluginValidation -derivedDataPath $PWD/.derivedData build -scheme SwiftPrettyPrint-Package -destination generic/platform=watchOSBuild Log
========================================
RunAll
========================================
Builder version: 5.1.0
Interrupt handler set up.
========================================
Checkout
========================================
Clone URL: https://github.com/YusukeHosonuma/SwiftPrettyPrint.git
Reference: 1.4.0
Initialized empty Git repository in /Users/admin/builder/spi-builder-workspace/.git/
From https://github.com/YusukeHosonuma/SwiftPrettyPrint
* tag 1.4.0 -> FETCH_HEAD
HEAD is now at 1ad0d60 Merge pull request #192 from YusukeHosonuma/fix/colored-log
Cloned https://github.com/YusukeHosonuma/SwiftPrettyPrint.git
Revision (git rev-parse @):
1ad0d60150ae89c95846a736cb71cf322c8c8610
SUCCESS checkout https://github.com/YusukeHosonuma/SwiftPrettyPrint.git at 1.4.0
========================================
Build
========================================
Selected platform: watchOS
Swift version: 6.4
Building package at path: $PWD
https://github.com/YusukeHosonuma/SwiftPrettyPrint.git
Command line invocation:
/Applications/Xcode-27.0.0-Release.Candidate.app/Contents/Developer/usr/bin/xcodebuild -IDEClonedSourcePackagesDirPathOverride=/Users/admin/builder/spi-builder-workspace/.dependencies -resolvePackageDependencies
resolved source packages:
{
"dependencies" : [
{
"identity" : "swiftparamtest",
"requirement" : {
"range" : [
{
"lower_bound" : "2.2.1",
"upper_bound" : "3.0.0"
}
]
},
"type" : "sourceControl",
"url" : "https://github.com/YusukeHosonuma/SwiftParamTest.git"
},
{
"identity" : "curry",
"requirement" : {
"range" : [
{
"lower_bound" : "4.0.2",
"upper_bound" : "5.0.0"
}
]
},
"type" : "sourceControl",
"url" : "https://github.com/thoughtbot/Curry.git"
},
{
"identity" : "colorizeswift",
"requirement" : {
"range" : [
{
"lower_bound" : "1.5.0",
"upper_bound" : "2.0.0"
}
]
},
"type" : "sourceControl",
"url" : "https://github.com/mtynior/ColorizeSwift.git"
}
],
"manifest_display_name" : "SwiftPrettyPrint",
"name" : "SwiftPrettyPrint",
"path" : "/Users/admin/builder/spi-builder-workspace",
"platforms" : [
{
"name" : "ios",
"version" : "10.0"
},
{
"name" : "macos",
"version" : "10.12"
},
{
"name" : "watchos",
"version" : "3.0"
},
{
"name" : "tvos",
"version" : "10.0"
}
],
"products" : [
{
"name" : "SwiftPrettyPrint",
"targets" : [
"SwiftPrettyPrint"
],
"type" : {
"library" : [
"automatic"
]
}
}
],
"targets" : [
{
"c99name" : "SwiftPrettyPrintTests",
"module_type" : "SwiftTarget",
"name" : "SwiftPrettyPrintTests",
"path" : "Tests/SwiftPrettyPrintTests",
"product_dependencies" : [
"SwiftParamTest",
"Curry"
],
"sources" : [
"Core/Formatter/MultilineFormatterTests.swift",
"Core/Formatter/SinglelineFormatterTests.swift",
"Core/PrettyDescriberTests.swift",
"Core/URLColoringTests.swift",
"Core/UtilTests.swift",
"Extension/String+extensionTests.swift",
"Helper/Assertions.swift",
"Helper/DebugHelper.swift",
"Public/CombineExtensionTests.swift",
"Public/DebugTests.swift",
"Public/OperatorTests.swift",
"Public/OptionTests.swift"
],
"target_dependencies" : [
"SwiftPrettyPrint"
],
"type" : "test"
},
{
"c99name" : "SwiftPrettyPrint",
"module_type" : "SwiftTarget",
"name" : "SwiftPrettyPrint",
"path" : "Sources",
"product_dependencies" : [
"ColorizeSwift"
],
"product_memberships" : [
"SwiftPrettyPrint"
],
"sources" : [
"Core/Color/ColorTheme.swift",
"Core/Formatter/MultilineFormatter.swift",
"Core/Formatter/PrettyFormatter.swift",
"Core/Formatter/SinglelineFormatter.swift",
"Core/Log/LogOutputStream.swift",
"Core/PrettyDescriber.swift",
"Core/PrettyDescriberError.swift",
"Core/Util.swift",
"Extension/String+extension.swift",
"Public/CombineExtension.swift",
"Public/CombineOperatorOption.swift",
"Public/Operator.swift",
"Public/Option.swift",
"Public/Pretty.swift",
"Public/View+prettyPrint.swift"
],
"type" : "library"
}
],
"tools_version" : "5.1"
}
{
"project" : {
"configurations" : [
"Debug",
"Release"
],
"name" : "SwiftPrettyPrint",
"schemes" : [
"SwiftPrettyPrint-Package"
],
"targets" : [
"ColorizeSwift",
"ColorizeSwiftPackageDescription",
"Curry",
"CurryPackageDescription",
"SwiftParamTest",
"SwiftParamTestPackageDescription",
"SwiftPrettyPrint",
"SwiftPrettyPrintPackageDescription",
"SwiftPrettyPrintPackageTests",
"SwiftPrettyPrintTests"
]
}
}
Running build ...
env DEVELOPER_DIR=/Applications/Xcode-27.0.0-Release.Candidate.app xcrun xcodebuild -IDEClonedSourcePackagesDirPathOverride=$PWD/.dependencies -skipMacroValidation -skipPackagePluginValidation -derivedDataPath $PWD/.derivedData build -scheme SwiftPrettyPrint-Package -destination generic/platform=watchOS
Command line invocation:
/Applications/Xcode-27.0.0-Release.Candidate.app/Contents/Developer/usr/bin/xcodebuild -IDEClonedSourcePackagesDirPathOverride=/Users/admin/builder/spi-builder-workspace/.dependencies -skipMacroValidation -skipPackagePluginValidation -derivedDataPath /Users/admin/builder/spi-builder-workspace/.derivedData build -scheme SwiftPrettyPrint-Package -destination generic/platform=watchOS
ComputePackagePrebuildTargetDependencyGraph
Prepare packages
CreateBuildRequest
SendProjectDescription
CreateBuildOperation
ComputeTargetDependencyGraph
note: Building targets in dependency order
note: Target dependency graph (2 targets)
Target 'SwiftPrettyPrint' in project 'SwiftPrettyPrint'
➜ Explicit dependency on target 'ColorizeSwift' in project 'SwiftPrettyPrint'
Target 'ColorizeSwift' in project 'SwiftPrettyPrint' (no dependencies)
GatherProvisioningInputs
CreateBuildDescription
ExecuteExternalTool /Applications/Xcode-27.0.0-Release.Candidate.app/Contents/Developer/Toolchains/XcodeDefault.xctoolchain/usr/bin/clang -v -E -dM -isysroot /Applications/Xcode-27.0.0-Release.Candidate.app/Contents/Developer/Platforms/WatchOS.platform/Developer/SDKs/WatchOS27.0.sdk -x c -c /dev/null
ExecuteExternalTool /Applications/Xcode-27.0.0-Release.Candidate.app/Contents/Developer/Toolchains/XcodeDefault.xctoolchain/usr/bin/swiftc --version
ExecuteExternalTool /Applications/Xcode-27.0.0-Release.Candidate.app/Contents/Developer/Toolchains/XcodeDefault.xctoolchain/usr/bin/ld -version_details
Build description signature: e383545ee597e4a12e3f67d99de28abd
Build description path: /Users/admin/builder/spi-builder-workspace/.derivedData/Build/Intermediates.noindex/XCBuildData/e383545ee597e4a12e3f67d99de28abd.xcbuilddata
/Users/admin/builder/spi-builder-workspace/SwiftPrettyPrint.xcodeproj: error: The watchOS deployment target 'WATCHOS_DEPLOYMENT_TARGET' is set to 3.0, but the range of supported deployment target versions is 9.0 to 27.0.x. (in target 'SwiftPrettyPrint' from project 'SwiftPrettyPrint')
error: The armv7k architecture is deprecated. You should update your ARCHS build setting to remove the armv7k architecture. (in target 'SwiftPrettyPrint' from project 'SwiftPrettyPrint')
** BUILD FAILED **
The following build commands failed:
Building project SwiftPrettyPrint with scheme SwiftPrettyPrint-Package
(1 failure)
Command line invocation:
/Applications/Xcode-27.0.0-Release.Candidate.app/Contents/Developer/usr/bin/xcodebuild -IDEClonedSourcePackagesDirPathOverride=/Users/admin/builder/spi-builder-workspace/.dependencies -resolvePackageDependencies
resolved source packages:
{
"dependencies" : [
{
"identity" : "swiftparamtest",
"requirement" : {
"range" : [
{
"lower_bound" : "2.2.1",
"upper_bound" : "3.0.0"
}
]
},
"type" : "sourceControl",
"url" : "https://github.com/YusukeHosonuma/SwiftParamTest.git"
},
{
"identity" : "curry",
"requirement" : {
"range" : [
{
"lower_bound" : "4.0.2",
"upper_bound" : "5.0.0"
}
]
},
"type" : "sourceControl",
"url" : "https://github.com/thoughtbot/Curry.git"
},
{
"identity" : "colorizeswift",
"requirement" : {
"range" : [
{
"lower_bound" : "1.5.0",
"upper_bound" : "2.0.0"
}
]
},
"type" : "sourceControl",
"url" : "https://github.com/mtynior/ColorizeSwift.git"
}
],
"manifest_display_name" : "SwiftPrettyPrint",
"name" : "SwiftPrettyPrint",
"path" : "/Users/admin/builder/spi-builder-workspace",
"platforms" : [
{
"name" : "ios",
"version" : "10.0"
},
{
"name" : "macos",
"version" : "10.12"
},
{
"name" : "watchos",
"version" : "3.0"
},
{
"name" : "tvos",
"version" : "10.0"
}
],
"products" : [
{
"name" : "SwiftPrettyPrint",
"targets" : [
"SwiftPrettyPrint"
],
"type" : {
"library" : [
"automatic"
]
}
}
],
"targets" : [
{
"c99name" : "SwiftPrettyPrintTests",
"module_type" : "SwiftTarget",
"name" : "SwiftPrettyPrintTests",
"path" : "Tests/SwiftPrettyPrintTests",
"product_dependencies" : [
"SwiftParamTest",
"Curry"
],
"sources" : [
"Core/Formatter/MultilineFormatterTests.swift",
"Core/Formatter/SinglelineFormatterTests.swift",
"Core/PrettyDescriberTests.swift",
"Core/URLColoringTests.swift",
"Core/UtilTests.swift",
"Extension/String+extensionTests.swift",
"Helper/Assertions.swift",
"Helper/DebugHelper.swift",
"Public/CombineExtensionTests.swift",
"Public/DebugTests.swift",
"Public/OperatorTests.swift",
"Public/OptionTests.swift"
],
"target_dependencies" : [
"SwiftPrettyPrint"
],
"type" : "test"
},
{
"c99name" : "SwiftPrettyPrint",
"module_type" : "SwiftTarget",
"name" : "SwiftPrettyPrint",
"path" : "Sources",
"product_dependencies" : [
"ColorizeSwift"
],
"product_memberships" : [
"SwiftPrettyPrint"
],
"sources" : [
"Core/Color/ColorTheme.swift",
"Core/Formatter/MultilineFormatter.swift",
"Core/Formatter/PrettyFormatter.swift",
"Core/Formatter/SinglelineFormatter.swift",
"Core/Log/LogOutputStream.swift",
"Core/PrettyDescriber.swift",
"Core/PrettyDescriberError.swift",
"Core/Util.swift",
"Extension/String+extension.swift",
"Public/CombineExtension.swift",
"Public/CombineOperatorOption.swift",
"Public/Operator.swift",
"Public/Option.swift",
"Public/Pretty.swift",
"Public/View+prettyPrint.swift"
],
"type" : "library"
}
],
"tools_version" : "5.1"
}
{
"project" : {
"configurations" : [
"Debug",
"Release"
],
"name" : "SwiftPrettyPrint",
"schemes" : [
"SwiftPrettyPrint-Package"
],
"targets" : [
"ColorizeSwift",
"ColorizeSwiftPackageDescription",
"Curry",
"CurryPackageDescription",
"SwiftParamTest",
"SwiftParamTestPackageDescription",
"SwiftPrettyPrint",
"SwiftPrettyPrintPackageDescription",
"SwiftPrettyPrintPackageTests",
"SwiftPrettyPrintTests"
]
}
}
Running build ...
env DEVELOPER_DIR=/Applications/Xcode-27.0.0-Release.Candidate.app xcrun xcodebuild -IDEClonedSourcePackagesDirPathOverride=$PWD/.dependencies -skipMacroValidation -skipPackagePluginValidation -derivedDataPath $PWD/.derivedData build -scheme SwiftPrettyPrint-Package -destination generic/platform=watchOS
Command line invocation:
/Applications/Xcode-27.0.0-Release.Candidate.app/Contents/Developer/usr/bin/xcodebuild -IDEClonedSourcePackagesDirPathOverride=/Users/admin/builder/spi-builder-workspace/.dependencies -skipMacroValidation -skipPackagePluginValidation -derivedDataPath /Users/admin/builder/spi-builder-workspace/.derivedData build -scheme SwiftPrettyPrint-Package -destination generic/platform=watchOS
ComputePackagePrebuildTargetDependencyGraph
Prepare packages
CreateBuildRequest
SendProjectDescription
CreateBuildOperation
ComputeTargetDependencyGraph
note: Building targets in dependency order
note: Target dependency graph (2 targets)
Target 'SwiftPrettyPrint' in project 'SwiftPrettyPrint'
➜ Explicit dependency on target 'ColorizeSwift' in project 'SwiftPrettyPrint'
Target 'ColorizeSwift' in project 'SwiftPrettyPrint' (no dependencies)
GatherProvisioningInputs
CreateBuildDescription
error: The armv7k architecture is deprecated. You should update your ARCHS build setting to remove the armv7k architecture. (in target 'SwiftPrettyPrint' from project 'SwiftPrettyPrint')
/Users/admin/builder/spi-builder-workspace/SwiftPrettyPrint.xcodeproj: error: The watchOS deployment target 'WATCHOS_DEPLOYMENT_TARGET' is set to 3.0, but the range of supported deployment target versions is 9.0 to 27.0.x. (in target 'SwiftPrettyPrint' from project 'SwiftPrettyPrint')
** BUILD FAILED **
The following build commands failed:
Building project SwiftPrettyPrint with scheme SwiftPrettyPrint-Package
(1 failure)
BUILD FAILURE 6.4 watchOS