The Swift Package Index logo.Swift Package Index

Build Information

Failed to build PredictionBuilder with Swift 5.8 for tvOS using Xcode 14.3 at v1.2.1.

Build Command

env DEVELOPER_DIR=/Applications/Xcode-14.3.1.app xcrun xcodebuild -IDEClonedSourcePackagesDirPathOverride=$PWD/checkout/.dependencies -skipPackagePluginValidation -derivedDataPath $PWD/checkout/.derivedData build -scheme PredictionBuilder -destination generic/platform=tvos

Build Log

========================================
RunAll
========================================
Builder version: 4.28.7
Interrupt handler set up.
========================================
Checkout
========================================
Clone URL: https://github.com/denissimon/prediction-builder-swift.git
Reference: v1.2.1
Initialized empty Git repository in /Users/admin/builds/vMd7uqzK/0/finestructure/swiftpackageindex-builder/spi-builder-workspace/.git/
From https://github.com/denissimon/prediction-builder-swift
 * tag               v1.2.1     -> FETCH_HEAD
HEAD is now at 3574e02 Update README.md
Cloned https://github.com/denissimon/prediction-builder-swift.git
Revision (git rev-parse @):
3574e022a5e6ba3317dce15a7e0a6bb6cc525b6f
SUCCESS checkout https://github.com/denissimon/prediction-builder-swift.git at v1.2.1
========================================
Build
========================================
Selected platform:         tvOS
Swift version:             5.8
Building package at path:  $PWD/checkout
https://github.com/denissimon/prediction-builder-swift.git
Command line invocation:
    /Applications/Xcode-14.3.1.app/Contents/Developer/usr/bin/xcodebuild -IDEClonedSourcePackagesDirPathOverride=/Users/admin/builds/vMd7uqzK/0/finestructure/swiftpackageindex-builder/spi-builder-workspace/.dependencies -resolvePackageDependencies
User defaults from command line:
    IDEClonedSourcePackagesDirPathOverride = /Users/admin/builds/vMd7uqzK/0/finestructure/swiftpackageindex-builder/spi-builder-workspace/.dependencies
    IDEPackageSupportUseBuiltinSCM = YES
resolved source packages:
2024-01-21 02:36:43.738 xcodebuild[86681:21242852] DVTCoreDeviceEnabledState: DVTCoreDeviceEnabledState_Disabled set via user default (DVTEnableCoreDevice=disabled)
{
  "project" : {
    "configurations" : [
      "Debug",
      "Release"
    ],
    "name" : "PredictionBuilder",
    "schemes" : [
      "PredictionBuilder iOS",
      "PredictionBuilder macOS",
      "PredictionBuilder tvOS",
      "PredictionBuilder watchOS",
      "PredictionBuilderTests"
    ],
    "targets" : [
      "PredictionBuilder iOS",
      "PredictionBuilder watchOS",
      "PredictionBuilder tvOS",
      "PredictionBuilder macOS",
      "PredictionBuilderTests"
    ]
  }
}
2024-01-21 02:36:44.318 xcodebuild[86683:21242906] DVTCoreDeviceEnabledState: DVTCoreDeviceEnabledState_Disabled set via user default (DVTEnableCoreDevice=disabled)
{
  "workspace" : {
    "name" : "spi-builder-workspace",
    "schemes" : [
      "PredictionBuilder"
    ]
  }
}
2024-01-21 02:36:44.813 xcodebuild[86686:21242952] DVTCoreDeviceEnabledState: DVTCoreDeviceEnabledState_Disabled set via user default (DVTEnableCoreDevice=disabled)
Running build ...
env DEVELOPER_DIR=/Applications/Xcode-14.3.1.app xcrun xcodebuild -IDEClonedSourcePackagesDirPathOverride=$PWD/checkout/.dependencies -skipPackagePluginValidation -derivedDataPath $PWD/checkout/.derivedData build -scheme PredictionBuilder -destination generic/platform=tvos
Command line invocation:
    /Applications/Xcode-14.3.1.app/Contents/Developer/usr/bin/xcodebuild -IDEClonedSourcePackagesDirPathOverride=/Users/admin/builds/vMd7uqzK/0/finestructure/swiftpackageindex-builder/spi-builder-workspace/.dependencies -skipPackagePluginValidation -derivedDataPath /Users/admin/builds/vMd7uqzK/0/finestructure/swiftpackageindex-builder/spi-builder-workspace/.derivedData build -scheme PredictionBuilder -destination generic/platform=tvos
User defaults from command line:
    IDEClonedSourcePackagesDirPathOverride = /Users/admin/builds/vMd7uqzK/0/finestructure/swiftpackageindex-builder/spi-builder-workspace/.dependencies
    IDEDerivedDataPathOverride = /Users/admin/builds/vMd7uqzK/0/finestructure/swiftpackageindex-builder/spi-builder-workspace/.derivedData
    IDEPackageSupportUseBuiltinSCM = YES
Resolve Package Graph
Resolved source packages:
  PredictionBuilder: /Users/admin/builds/vMd7uqzK/0/finestructure/swiftpackageindex-builder/spi-builder-workspace
Prepare packages
Computing target dependency graph and provisioning inputs
Create build description
Build description signature: fa0a7e1d0c03ce5b2e35b4789a344e0e
Build description path: /Users/admin/builds/vMd7uqzK/0/finestructure/swiftpackageindex-builder/spi-builder-workspace/.derivedData/Build/Intermediates.noindex/XCBuildData/fa0a7e1d0c03ce5b2e35b4789a344e0e.xcbuilddata
note: Building targets in dependency order
CreateBuildDirectory /Users/admin/builds/vMd7uqzK/0/finestructure/swiftpackageindex-builder/spi-builder-workspace/.derivedData/Build/Products
    cd /Users/admin/builds/vMd7uqzK/0/finestructure/swiftpackageindex-builder/spi-builder-workspace/.swiftpm/xcode
    builtin-create-build-directory /Users/admin/builds/vMd7uqzK/0/finestructure/swiftpackageindex-builder/spi-builder-workspace/.derivedData/Build/Products
CreateBuildDirectory /Users/admin/builds/vMd7uqzK/0/finestructure/swiftpackageindex-builder/spi-builder-workspace/.derivedData/Build/Intermediates.noindex
    cd /Users/admin/builds/vMd7uqzK/0/finestructure/swiftpackageindex-builder/spi-builder-workspace/.swiftpm/xcode
    builtin-create-build-directory /Users/admin/builds/vMd7uqzK/0/finestructure/swiftpackageindex-builder/spi-builder-workspace/.derivedData/Build/Intermediates.noindex
ClangStatCache /Applications/Xcode-14.3.1.app/Contents/Developer/Toolchains/XcodeDefault.xctoolchain/usr/bin/clang-stat-cache /Applications/Xcode-14.3.1.app/Contents/Developer/Platforms/AppleTVOS.platform/Developer/SDKs/AppleTVOS16.4.sdk /Users/admin/builds/vMd7uqzK/0/finestructure/swiftpackageindex-builder/spi-builder-workspace/.derivedData/SDKStatCaches.noindex/appletvos16.4-20L489-.sdkstatcache
    cd /Users/admin/builds/vMd7uqzK/0/finestructure/swiftpackageindex-builder/spi-builder-workspace/.swiftpm/xcode
    /Applications/Xcode-14.3.1.app/Contents/Developer/Toolchains/XcodeDefault.xctoolchain/usr/bin/clang-stat-cache /Applications/Xcode-14.3.1.app/Contents/Developer/Platforms/AppleTVOS.platform/Developer/SDKs/AppleTVOS16.4.sdk -o /Users/admin/builds/vMd7uqzK/0/finestructure/swiftpackageindex-builder/spi-builder-workspace/.derivedData/SDKStatCaches.noindex/appletvos16.4-20L489-.sdkstatcache
CreateBuildDirectory /Users/admin/builds/vMd7uqzK/0/finestructure/swiftpackageindex-builder/spi-builder-workspace/.derivedData/Build/Products/Debug-appletvos
    cd /Users/admin/builds/vMd7uqzK/0/finestructure/swiftpackageindex-builder/spi-builder-workspace/.swiftpm/xcode
    builtin-create-build-directory /Users/admin/builds/vMd7uqzK/0/finestructure/swiftpackageindex-builder/spi-builder-workspace/.derivedData/Build/Products/Debug-appletvos
CreateBuildDirectory /Users/admin/builds/vMd7uqzK/0/finestructure/swiftpackageindex-builder/spi-builder-workspace/.derivedData/Build/Intermediates.noindex/EagerLinkingTBDs/Debug-appletvos
    cd /Users/admin/builds/vMd7uqzK/0/finestructure/swiftpackageindex-builder/spi-builder-workspace/.swiftpm/xcode
    builtin-create-build-directory /Users/admin/builds/vMd7uqzK/0/finestructure/swiftpackageindex-builder/spi-builder-workspace/.derivedData/Build/Intermediates.noindex/EagerLinkingTBDs/Debug-appletvos
CreateBuildDirectory /Users/admin/builds/vMd7uqzK/0/finestructure/swiftpackageindex-builder/spi-builder-workspace/.derivedData/Build/Products/Debug-appletvos/PackageFrameworks
    cd /Users/admin/builds/vMd7uqzK/0/finestructure/swiftpackageindex-builder/spi-builder-workspace/.swiftpm/xcode
    builtin-create-build-directory /Users/admin/builds/vMd7uqzK/0/finestructure/swiftpackageindex-builder/spi-builder-workspace/.derivedData/Build/Products/Debug-appletvos/PackageFrameworks
MkDir /Users/admin/builds/vMd7uqzK/0/finestructure/swiftpackageindex-builder/spi-builder-workspace/.derivedData/Build/Products/Debug-appletvos/PredictionBuilderTests.xctest (in target 'PredictionBuilderTests' from project 'PredictionBuilder')
    cd /Users/admin/builds/vMd7uqzK/0/finestructure/swiftpackageindex-builder/spi-builder-workspace
    /bin/mkdir -p /Users/admin/builds/vMd7uqzK/0/finestructure/swiftpackageindex-builder/spi-builder-workspace/.derivedData/Build/Products/Debug-appletvos/PredictionBuilderTests.xctest
WriteAuxiliaryFile /Users/admin/builds/vMd7uqzK/0/finestructure/swiftpackageindex-builder/spi-builder-workspace/.derivedData/Build/Intermediates.noindex/PredictionBuilder.build/Debug-appletvos/PredictionBuilder.build/PredictionBuilder.modulemap (in target 'PredictionBuilder' from project 'PredictionBuilder')
    cd /Users/admin/builds/vMd7uqzK/0/finestructure/swiftpackageindex-builder/spi-builder-workspace
    write-file /Users/admin/builds/vMd7uqzK/0/finestructure/swiftpackageindex-builder/spi-builder-workspace/.derivedData/Build/Intermediates.noindex/PredictionBuilder.build/Debug-appletvos/PredictionBuilder.build/PredictionBuilder.modulemap
Copy /Users/admin/builds/vMd7uqzK/0/finestructure/swiftpackageindex-builder/spi-builder-workspace/.derivedData/Build/Intermediates.noindex/GeneratedModuleMaps-appletvos/PredictionBuilder.modulemap /Users/admin/builds/vMd7uqzK/0/finestructure/swiftpackageindex-builder/spi-builder-workspace/.derivedData/Build/Intermediates.noindex/PredictionBuilder.build/Debug-appletvos/PredictionBuilder.build/PredictionBuilder.modulemap (in target 'PredictionBuilder' from project 'PredictionBuilder')
    cd /Users/admin/builds/vMd7uqzK/0/finestructure/swiftpackageindex-builder/spi-builder-workspace
    builtin-copy -exclude .DS_Store -exclude CVS -exclude .svn -exclude .git -exclude .hg -resolve-src-symlinks /Users/admin/builds/vMd7uqzK/0/finestructure/swiftpackageindex-builder/spi-builder-workspace/.derivedData/Build/Intermediates.noindex/PredictionBuilder.build/Debug-appletvos/PredictionBuilder.build/PredictionBuilder.modulemap /Users/admin/builds/vMd7uqzK/0/finestructure/swiftpackageindex-builder/spi-builder-workspace/.derivedData/Build/Intermediates.noindex/GeneratedModuleMaps-appletvos
WriteAuxiliaryFile /Users/admin/builds/vMd7uqzK/0/finestructure/swiftpackageindex-builder/spi-builder-workspace/.derivedData/Build/Intermediates.noindex/PredictionBuilder.build/Debug-appletvos/PredictionBuilder.build/Objects-normal/arm64/PredictionBuilder.SwiftFileList (in target 'PredictionBuilder' from project 'PredictionBuilder')
    cd /Users/admin/builds/vMd7uqzK/0/finestructure/swiftpackageindex-builder/spi-builder-workspace
    write-file /Users/admin/builds/vMd7uqzK/0/finestructure/swiftpackageindex-builder/spi-builder-workspace/.derivedData/Build/Intermediates.noindex/PredictionBuilder.build/Debug-appletvos/PredictionBuilder.build/Objects-normal/arm64/PredictionBuilder.SwiftFileList
WriteAuxiliaryFile /Users/admin/builds/vMd7uqzK/0/finestructure/swiftpackageindex-builder/spi-builder-workspace/.derivedData/Build/Intermediates.noindex/PredictionBuilder.build/Debug-appletvos/PredictionBuilder.build/Objects-normal/arm64/PredictionBuilder.LinkFileList (in target 'PredictionBuilder' from project 'PredictionBuilder')
    cd /Users/admin/builds/vMd7uqzK/0/finestructure/swiftpackageindex-builder/spi-builder-workspace
    write-file /Users/admin/builds/vMd7uqzK/0/finestructure/swiftpackageindex-builder/spi-builder-workspace/.derivedData/Build/Intermediates.noindex/PredictionBuilder.build/Debug-appletvos/PredictionBuilder.build/Objects-normal/arm64/PredictionBuilder.LinkFileList
WriteAuxiliaryFile /Users/admin/builds/vMd7uqzK/0/finestructure/swiftpackageindex-builder/spi-builder-workspace/.derivedData/Build/Intermediates.noindex/PredictionBuilder.build/Debug-appletvos/PredictionBuilder.build/Objects-normal/arm64/PredictionBuilder-OutputFileMap.json (in target 'PredictionBuilder' from project 'PredictionBuilder')
    cd /Users/admin/builds/vMd7uqzK/0/finestructure/swiftpackageindex-builder/spi-builder-workspace
    write-file /Users/admin/builds/vMd7uqzK/0/finestructure/swiftpackageindex-builder/spi-builder-workspace/.derivedData/Build/Intermediates.noindex/PredictionBuilder.build/Debug-appletvos/PredictionBuilder.build/Objects-normal/arm64/PredictionBuilder-OutputFileMap.json
SwiftDriver PredictionBuilder normal arm64 com.apple.xcode.tools.swift.compiler (in target 'PredictionBuilder' from project 'PredictionBuilder')
    cd /Users/admin/builds/vMd7uqzK/0/finestructure/swiftpackageindex-builder/spi-builder-workspace
    builtin-SwiftDriver -- /Applications/Xcode-14.3.1.app/Contents/Developer/Toolchains/XcodeDefault.xctoolchain/usr/bin/swiftc -module-name PredictionBuilder -Onone -enforce-exclusivity\=checked @/Users/admin/builds/vMd7uqzK/0/finestructure/swiftpackageindex-builder/spi-builder-workspace/.derivedData/Build/Intermediates.noindex/PredictionBuilder.build/Debug-appletvos/PredictionBuilder.build/Objects-normal/arm64/PredictionBuilder.SwiftFileList -DSWIFT_PACKAGE -DDEBUG -DXcode -sdk /Applications/Xcode-14.3.1.app/Contents/Developer/Platforms/AppleTVOS.platform/Developer/SDKs/AppleTVOS16.4.sdk -target arm64-apple-tvos11.0 -g -module-cache-path /Users/admin/builds/vMd7uqzK/0/finestructure/swiftpackageindex-builder/spi-builder-workspace/.derivedData/ModuleCache.noindex -Xfrontend -serialize-debugging-options -enable-testing -index-store-path /Users/admin/builds/vMd7uqzK/0/finestructure/swiftpackageindex-builder/spi-builder-workspace/.derivedData/Index.noindex/DataStore -swift-version 4 -I /Users/admin/builds/vMd7uqzK/0/finestructure/swiftpackageindex-builder/spi-builder-workspace/.derivedData/Build/Products/Debug-appletvos -I /Applications/Xcode-14.3.1.app/Contents/Developer/Platforms/AppleTVOS.platform/Developer/usr/lib -F /Users/admin/builds/vMd7uqzK/0/finestructure/swiftpackageindex-builder/spi-builder-workspace/.derivedData/Build/Products/Debug-appletvos -F /Applications/Xcode-14.3.1.app/Contents/Developer/Platforms/AppleTVOS.platform/Developer/Library/Frameworks -F /Applications/Xcode-14.3.1.app/Contents/Developer/Platforms/AppleTVOS.platform/Developer/SDKs/AppleTVOS16.4.sdk/Developer/Library/Frameworks -parse-as-library -c -j4 -enable-batch-mode -incremental -Xcc -ivfsstatcache -Xcc /Users/admin/builds/vMd7uqzK/0/finestructure/swiftpackageindex-builder/spi-builder-workspace/.derivedData/SDKStatCaches.noindex/appletvos16.4-20L489-.sdkstatcache -output-file-map /Users/admin/builds/vMd7uqzK/0/finestructure/swiftpackageindex-builder/spi-builder-workspace/.derivedData/Build/Intermediates.noindex/PredictionBuilder.build/Debug-appletvos/PredictionBuilder.build/Objects-normal/arm64/PredictionBuilder-OutputFileMap.json -use-frontend-parseable-output -save-temps -no-color-diagnostics -serialize-diagnostics -emit-dependencies -emit-module -emit-module-path /Users/admin/builds/vMd7uqzK/0/finestructure/swiftpackageindex-builder/spi-builder-workspace/.derivedData/Build/Intermediates.noindex/PredictionBuilder.build/Debug-appletvos/PredictionBuilder.build/Objects-normal/arm64/PredictionBuilder.swiftmodule -Xcc -I/Users/admin/builds/vMd7uqzK/0/finestructure/swiftpackageindex-builder/spi-builder-workspace/.derivedData/Build/Intermediates.noindex/PredictionBuilder.build/Debug-appletvos/PredictionBuilder.build/swift-overrides.hmap -Xcc -I/Users/admin/builds/vMd7uqzK/0/finestructure/swiftpackageindex-builder/spi-builder-workspace/.derivedData/Build/Products/Debug-appletvos/include -Xcc -I/Users/admin/builds/vMd7uqzK/0/finestructure/swiftpackageindex-builder/spi-builder-workspace/.derivedData/Build/Intermediates.noindex/PredictionBuilder.build/Debug-appletvos/PredictionBuilder.build/DerivedSources-normal/arm64 -Xcc -I/Users/admin/builds/vMd7uqzK/0/finestructure/swiftpackageindex-builder/spi-builder-workspace/.derivedData/Build/Intermediates.noindex/PredictionBuilder.build/Debug-appletvos/PredictionBuilder.build/DerivedSources/arm64 -Xcc -I/Users/admin/builds/vMd7uqzK/0/finestructure/swiftpackageindex-builder/spi-builder-workspace/.derivedData/Build/Intermediates.noindex/PredictionBuilder.build/Debug-appletvos/PredictionBuilder.build/DerivedSources -Xcc -DSWIFT_PACKAGE -Xcc -DDEBUG\=1 -emit-objc-header -emit-objc-header-path /Users/admin/builds/vMd7uqzK/0/finestructure/swiftpackageindex-builder/spi-builder-workspace/.derivedData/Build/Intermediates.noindex/PredictionBuilder.build/Debug-appletvos/PredictionBuilder.build/Objects-normal/arm64/PredictionBuilder-Swift.h -working-directory /Users/admin/builds/vMd7uqzK/0/finestructure/swiftpackageindex-builder/spi-builder-workspace -experimental-emit-module-separately -disable-cmo
SwiftEmitModule normal arm64 Emitting\ module\ for\ PredictionBuilder (in target 'PredictionBuilder' from project 'PredictionBuilder')
    cd /Users/admin/builds/vMd7uqzK/0/finestructure/swiftpackageindex-builder/spi-builder-workspace
    builtin-swiftTaskExecution -- /Applications/Xcode-14.3.1.app/Contents/Developer/Toolchains/XcodeDefault.xctoolchain/usr/bin/swift-frontend -frontend -emit-module -experimental-skip-non-inlinable-function-bodies-without-types /Users/admin/builds/vMd7uqzK/0/finestructure/swiftpackageindex-builder/spi-builder-workspace/Sources/PredictionBuilder.swift -target arm64-apple-tvos11.0 -Xllvm -aarch64-use-tbi -enable-objc-interop -sdk /Applications/Xcode-14.3.1.app/Contents/Developer/Platforms/AppleTVOS.platform/Developer/SDKs/AppleTVOS16.4.sdk -I /Users/admin/builds/vMd7uqzK/0/finestructure/swiftpackageindex-builder/spi-builder-workspace/.derivedData/Build/Products/Debug-appletvos -I /Applications/Xcode-14.3.1.app/Contents/Developer/Platforms/AppleTVOS.platform/Developer/usr/lib -F /Users/admin/builds/vMd7uqzK/0/finestructure/swiftpackageindex-builder/spi-builder-workspace/.derivedData/Build/Products/Debug-appletvos -F /Applications/Xcode-14.3.1.app/Contents/Developer/Platforms/AppleTVOS.platform/Developer/Library/Frameworks -F /Applications/Xcode-14.3.1.app/Contents/Developer/Platforms/AppleTVOS.platform/Developer/SDKs/AppleTVOS16.4.sdk/Developer/Library/Frameworks -no-color-diagnostics -enable-testing -g -module-cache-path /Users/admin/builds/vMd7uqzK/0/finestructure/swiftpackageindex-builder/spi-builder-workspace/.derivedData/ModuleCache.noindex -swift-version 4 -enforce-exclusivity\=checked -Onone -D SWIFT_PACKAGE -D DEBUG -D Xcode -serialize-debugging-options -empty-abi-descriptor -Xcc -working-directory -Xcc /Users/admin/builds/vMd7uqzK/0/finestructure/swiftpackageindex-builder/spi-builder-workspace -resource-dir /Applications/Xcode-14.3.1.app/Contents/Developer/Toolchains/XcodeDefault.xctoolchain/usr/lib/swift -enable-anonymous-context-mangled-names -Xcc -ivfsstatcache -Xcc /Users/admin/builds/vMd7uqzK/0/finestructure/swiftpackageindex-builder/spi-builder-workspace/.derivedData/SDKStatCaches.noindex/appletvos16.4-20L489-.sdkstatcache -Xcc -I/Users/admin/builds/vMd7uqzK/0/finestructure/swiftpackageindex-builder/spi-builder-workspace/.derivedData/Build/Intermediates.noindex/PredictionBuilder.build/Debug-appletvos/PredictionBuilder.build/swift-overrides.hmap -Xcc -I/Users/admin/builds/vMd7uqzK/0/finestructure/swiftpackageindex-builder/spi-builder-workspace/.derivedData/Build/Products/Debug-appletvos/include -Xcc -I/Users/admin/builds/vMd7uqzK/0/finestructure/swiftpackageindex-builder/spi-builder-workspace/.derivedData/Build/Intermediates.noindex/PredictionBuilder.build/Debug-appletvos/PredictionBuilder.build/DerivedSources-normal/arm64 -Xcc -I/Users/admin/builds/vMd7uqzK/0/finestructure/swiftpackageindex-builder/spi-builder-workspace/.derivedData/Build/Intermediates.noindex/PredictionBuilder.build/Debug-appletvos/PredictionBuilder.build/DerivedSources/arm64 -Xcc -I/Users/admin/builds/vMd7uqzK/0/finestructure/swiftpackageindex-builder/spi-builder-workspace/.derivedData/Build/Intermediates.noindex/PredictionBuilder.build/Debug-appletvos/PredictionBuilder.build/DerivedSources -Xcc -DSWIFT_PACKAGE -Xcc -DDEBUG\=1 -module-name PredictionBuilder -disable-clang-spi -target-sdk-version 16.4 -target-sdk-name appletvos16.4 -emit-module-doc-path /Users/admin/builds/vMd7uqzK/0/finestructure/swiftpackageindex-builder/spi-builder-workspace/.derivedData/Build/Intermediates.noindex/PredictionBuilder.build/Debug-appletvos/PredictionBuilder.build/Objects-normal/arm64/PredictionBuilder.swiftdoc -emit-module-source-info-path /Users/admin/builds/vMd7uqzK/0/finestructure/swiftpackageindex-builder/spi-builder-workspace/.derivedData/Build/Intermediates.noindex/PredictionBuilder.build/Debug-appletvos/PredictionBuilder.build/Objects-normal/arm64/PredictionBuilder.swiftsourceinfo -emit-objc-header-path /Users/admin/builds/vMd7uqzK/0/finestructure/swiftpackageindex-builder/spi-builder-workspace/.derivedData/Build/Intermediates.noindex/PredictionBuilder.build/Debug-appletvos/PredictionBuilder.build/Objects-normal/arm64/PredictionBuilder-Swift.h -serialize-diagnostics-path /Users/admin/builds/vMd7uqzK/0/finestructure/swiftpackageindex-builder/spi-builder-workspace/.derivedData/Build/Intermediates.noindex/PredictionBuilder.build/Debug-appletvos/PredictionBuilder.build/Objects-normal/arm64/PredictionBuilder-master-emit-module.dia -emit-dependencies-path /Users/admin/builds/vMd7uqzK/0/finestructure/swiftpackageindex-builder/spi-builder-workspace/.derivedData/Build/Intermediates.noindex/PredictionBuilder.build/Debug-appletvos/PredictionBuilder.build/Objects-normal/arm64/PredictionBuilder-master-emit-module.d -parse-as-library -o /Users/admin/builds/vMd7uqzK/0/finestructure/swiftpackageindex-builder/spi-builder-workspace/.derivedData/Build/Intermediates.noindex/PredictionBuilder.build/Debug-appletvos/PredictionBuilder.build/Objects-normal/arm64/PredictionBuilder.swiftmodule -emit-abi-descriptor-path /Users/admin/builds/vMd7uqzK/0/finestructure/swiftpackageindex-builder/spi-builder-workspace/.derivedData/Build/Intermediates.noindex/PredictionBuilder.build/Debug-appletvos/PredictionBuilder.build/Objects-normal/arm64/PredictionBuilder.abi.json
SwiftCompile normal arm64 Compiling\ PredictionBuilder.swift /Users/admin/builds/vMd7uqzK/0/finestructure/swiftpackageindex-builder/spi-builder-workspace/Sources/PredictionBuilder.swift (in target 'PredictionBuilder' from project 'PredictionBuilder')
    cd /Users/admin/builds/vMd7uqzK/0/finestructure/swiftpackageindex-builder/spi-builder-workspace
    builtin-swiftTaskExecution -- /Applications/Xcode-14.3.1.app/Contents/Developer/Toolchains/XcodeDefault.xctoolchain/usr/bin/swift-frontend -frontend -c -primary-file /Users/admin/builds/vMd7uqzK/0/finestructure/swiftpackageindex-builder/spi-builder-workspace/Sources/PredictionBuilder.swift -emit-dependencies-path /Users/admin/builds/vMd7uqzK/0/finestructure/swiftpackageindex-builder/spi-builder-workspace/.derivedData/Build/Intermediates.noindex/PredictionBuilder.build/Debug-appletvos/PredictionBuilder.build/Objects-normal/arm64/PredictionBuilder.d -emit-reference-dependencies-path /Users/admin/builds/vMd7uqzK/0/finestructure/swiftpackageindex-builder/spi-builder-workspace/.derivedData/Build/Intermediates.noindex/PredictionBuilder.build/Debug-appletvos/PredictionBuilder.build/Objects-normal/arm64/PredictionBuilder.swiftdeps -serialize-diagnostics-path /Users/admin/builds/vMd7uqzK/0/finestructure/swiftpackageindex-builder/spi-builder-workspace/.derivedData/Build/Intermediates.noindex/PredictionBuilder.build/Debug-appletvos/PredictionBuilder.build/Objects-normal/arm64/PredictionBuilder.dia -target arm64-apple-tvos11.0 -Xllvm -aarch64-use-tbi -enable-objc-interop -sdk /Applications/Xcode-14.3.1.app/Contents/Developer/Platforms/AppleTVOS.platform/Developer/SDKs/AppleTVOS16.4.sdk -I /Users/admin/builds/vMd7uqzK/0/finestructure/swiftpackageindex-builder/spi-builder-workspace/.derivedData/Build/Products/Debug-appletvos -I /Applications/Xcode-14.3.1.app/Contents/Developer/Platforms/AppleTVOS.platform/Developer/usr/lib -F /Users/admin/builds/vMd7uqzK/0/finestructure/swiftpackageindex-builder/spi-builder-workspace/.derivedData/Build/Products/Debug-appletvos -F /Applications/Xcode-14.3.1.app/Contents/Developer/Platforms/AppleTVOS.platform/Developer/Library/Frameworks -F /Applications/Xcode-14.3.1.app/Contents/Developer/Platforms/AppleTVOS.platform/Developer/SDKs/AppleTVOS16.4.sdk/Developer/Library/Frameworks -no-color-diagnostics -enable-testing -g -module-cache-path /Users/admin/builds/vMd7uqzK/0/finestructure/swiftpackageindex-builder/spi-builder-workspace/.derivedData/ModuleCache.noindex -swift-version 4 -enforce-exclusivity\=checked -Onone -D SWIFT_PACKAGE -D DEBUG -D Xcode -serialize-debugging-options -empty-abi-descriptor -Xcc -working-directory -Xcc /Users/admin/builds/vMd7uqzK/0/finestructure/swiftpackageindex-builder/spi-builder-workspace -resource-dir /Applications/Xcode-14.3.1.app/Contents/Developer/Toolchains/XcodeDefault.xctoolchain/usr/lib/swift -enable-anonymous-context-mangled-names -Xcc -ivfsstatcache -Xcc /Users/admin/builds/vMd7uqzK/0/finestructure/swiftpackageindex-builder/spi-builder-workspace/.derivedData/SDKStatCaches.noindex/appletvos16.4-20L489-.sdkstatcache -Xcc -I/Users/admin/builds/vMd7uqzK/0/finestructure/swiftpackageindex-builder/spi-builder-workspace/.derivedData/Build/Intermediates.noindex/PredictionBuilder.build/Debug-appletvos/PredictionBuilder.build/swift-overrides.hmap -Xcc -I/Users/admin/builds/vMd7uqzK/0/finestructure/swiftpackageindex-builder/spi-builder-workspace/.derivedData/Build/Products/Debug-appletvos/include -Xcc -I/Users/admin/builds/vMd7uqzK/0/finestructure/swiftpackageindex-builder/spi-builder-workspace/.derivedData/Build/Intermediates.noindex/PredictionBuilder.build/Debug-appletvos/PredictionBuilder.build/DerivedSources-normal/arm64 -Xcc -I/Users/admin/builds/vMd7uqzK/0/finestructure/swiftpackageindex-builder/spi-builder-workspace/.derivedData/Build/Intermediates.noindex/PredictionBuilder.build/Debug-appletvos/PredictionBuilder.build/DerivedSources/arm64 -Xcc -I/Users/admin/builds/vMd7uqzK/0/finestructure/swiftpackageindex-builder/spi-builder-workspace/.derivedData/Build/Intermediates.noindex/PredictionBuilder.build/Debug-appletvos/PredictionBuilder.build/DerivedSources -Xcc -DSWIFT_PACKAGE -Xcc -DDEBUG\=1 -module-name PredictionBuilder -frontend-parseable-output -disable-clang-spi -target-sdk-version 16.4 -target-sdk-name appletvos16.4 -parse-as-library -o /Users/admin/builds/vMd7uqzK/0/finestructure/swiftpackageindex-builder/spi-builder-workspace/.derivedData/Build/Intermediates.noindex/PredictionBuilder.build/Debug-appletvos/PredictionBuilder.build/Objects-normal/arm64/PredictionBuilder.o -index-unit-output-path /PredictionBuilder.build/Debug-appletvos/PredictionBuilder.build/Objects-normal/arm64/PredictionBuilder.o -index-store-path /Users/admin/builds/vMd7uqzK/0/finestructure/swiftpackageindex-builder/spi-builder-workspace/.derivedData/Index.noindex/DataStore -index-system-modules
SwiftCompile normal arm64 /Users/admin/builds/vMd7uqzK/0/finestructure/swiftpackageindex-builder/spi-builder-workspace/Sources/PredictionBuilder.swift (in target 'PredictionBuilder' from project 'PredictionBuilder')
    cd /Users/admin/builds/vMd7uqzK/0/finestructure/swiftpackageindex-builder/spi-builder-workspace
    /Applications/Xcode-14.3.1.app/Contents/Developer/Toolchains/XcodeDefault.xctoolchain/usr/bin/swift-frontend -c -primary-file /Users/admin/builds/vMd7uqzK/0/finestructure/swiftpackageindex-builder/spi-builder-workspace/Sources/PredictionBuilder.swift -emit-dependencies-path /Users/admin/builds/vMd7uqzK/0/finestructure/swiftpackageindex-builder/spi-builder-workspace/.derivedData/Build/Intermediates.noindex/PredictionBuilder.build/Debug-appletvos/PredictionBuilder.build/Objects-normal/arm64/PredictionBuilder.d -emit-reference-dependencies-path /Users/admin/builds/vMd7uqzK/0/finestructure/swiftpackageindex-builder/spi-builder-workspace/.derivedData/Build/Intermediates.noindex/PredictionBuilder.build/Debug-appletvos/PredictionBuilder.build/Objects-normal/arm64/PredictionBuilder.swiftdeps -serialize-diagnostics-path /Users/admin/builds/vMd7uqzK/0/finestructure/swiftpackageindex-builder/spi-builder-workspace/.derivedData/Build/Intermediates.noindex/PredictionBuilder.build/Debug-appletvos/PredictionBuilder.build/Objects-normal/arm64/PredictionBuilder.dia -target arm64-apple-tvos11.0 -Xllvm -aarch64-use-tbi -enable-objc-interop -sdk /Applications/Xcode-14.3.1.app/Contents/Developer/Platforms/AppleTVOS.platform/Developer/SDKs/AppleTVOS16.4.sdk -I /Users/admin/builds/vMd7uqzK/0/finestructure/swiftpackageindex-builder/spi-builder-workspace/.derivedData/Build/Products/Debug-appletvos -I /Applications/Xcode-14.3.1.app/Contents/Developer/Platforms/AppleTVOS.platform/Developer/usr/lib -F /Users/admin/builds/vMd7uqzK/0/finestructure/swiftpackageindex-builder/spi-builder-workspace/.derivedData/Build/Products/Debug-appletvos -F /Applications/Xcode-14.3.1.app/Contents/Developer/Platforms/AppleTVOS.platform/Developer/Library/Frameworks -F /Applications/Xcode-14.3.1.app/Contents/Developer/Platforms/AppleTVOS.platform/Developer/SDKs/AppleTVOS16.4.sdk/Developer/Library/Frameworks -no-color-diagnostics -enable-testing -g -module-cache-path /Users/admin/builds/vMd7uqzK/0/finestructure/swiftpackageindex-builder/spi-builder-workspace/.derivedData/ModuleCache.noindex -swift-version 4 -enforce-exclusivity\=checked -Onone -D SWIFT_PACKAGE -D DEBUG -D Xcode -serialize-debugging-options -empty-abi-descriptor -Xcc -working-directory -Xcc /Users/admin/builds/vMd7uqzK/0/finestructure/swiftpackageindex-builder/spi-builder-workspace -resource-dir /Applications/Xcode-14.3.1.app/Contents/Developer/Toolchains/XcodeDefault.xctoolchain/usr/lib/swift -enable-anonymous-context-mangled-names -Xcc -ivfsstatcache -Xcc /Users/admin/builds/vMd7uqzK/0/finestructure/swiftpackageindex-builder/spi-builder-workspace/.derivedData/SDKStatCaches.noindex/appletvos16.4-20L489-.sdkstatcache -Xcc -I/Users/admin/builds/vMd7uqzK/0/finestructure/swiftpackageindex-builder/spi-builder-workspace/.derivedData/Build/Intermediates.noindex/PredictionBuilder.build/Debug-appletvos/PredictionBuilder.build/swift-overrides.hmap -Xcc -I/Users/admin/builds/vMd7uqzK/0/finestructure/swiftpackageindex-builder/spi-builder-workspace/.derivedData/Build/Products/Debug-appletvos/include -Xcc -I/Users/admin/builds/vMd7uqzK/0/finestructure/swiftpackageindex-builder/spi-builder-workspace/.derivedData/Build/Intermediates.noindex/PredictionBuilder.build/Debug-appletvos/PredictionBuilder.build/DerivedSources-normal/arm64 -Xcc -I/Users/admin/builds/vMd7uqzK/0/finestructure/swiftpackageindex-builder/spi-builder-workspace/.derivedData/Build/Intermediates.noindex/PredictionBuilder.build/Debug-appletvos/PredictionBuilder.build/DerivedSources/arm64 -Xcc -I/Users/admin/builds/vMd7uqzK/0/finestructure/swiftpackageindex-builder/spi-builder-workspace/.derivedData/Build/Intermediates.noindex/PredictionBuilder.build/Debug-appletvos/PredictionBuilder.build/DerivedSources -Xcc -DSWIFT_PACKAGE -Xcc -DDEBUG\=1 -module-name PredictionBuilder -frontend-parseable-output -disable-clang-spi -target-sdk-version 16.4 -target-sdk-name appletvos16.4 -parse-as-library -o /Users/admin/builds/vMd7uqzK/0/finestructure/swiftpackageindex-builder/spi-builder-workspace/.derivedData/Build/Intermediates.noindex/PredictionBuilder.build/Debug-appletvos/PredictionBuilder.build/Objects-normal/arm64/PredictionBuilder.o -index-unit-output-path /PredictionBuilder.build/Debug-appletvos/PredictionBuilder.build/Objects-normal/arm64/PredictionBuilder.o -index-store-path /Users/admin/builds/vMd7uqzK/0/finestructure/swiftpackageindex-builder/spi-builder-workspace/.derivedData/Index.noindex/DataStore -index-system-modules
SwiftDriverJobDiscovery normal arm64 Emitting module for PredictionBuilder (in target 'PredictionBuilder' from project 'PredictionBuilder')
SwiftDriver\ Compilation\ Requirements PredictionBuilder normal arm64 com.apple.xcode.tools.swift.compiler (in target 'PredictionBuilder' from project 'PredictionBuilder')
    cd /Users/admin/builds/vMd7uqzK/0/finestructure/swiftpackageindex-builder/spi-builder-workspace
    builtin-Swift-Compilation-Requirements -- /Applications/Xcode-14.3.1.app/Contents/Developer/Toolchains/XcodeDefault.xctoolchain/usr/bin/swiftc -module-name PredictionBuilder -Onone -enforce-exclusivity\=checked @/Users/admin/builds/vMd7uqzK/0/finestructure/swiftpackageindex-builder/spi-builder-workspace/.derivedData/Build/Intermediates.noindex/PredictionBuilder.build/Debug-appletvos/PredictionBuilder.build/Objects-normal/arm64/PredictionBuilder.SwiftFileList -DSWIFT_PACKAGE -DDEBUG -DXcode -sdk /Applications/Xcode-14.3.1.app/Contents/Developer/Platforms/AppleTVOS.platform/Developer/SDKs/AppleTVOS16.4.sdk -target arm64-apple-tvos11.0 -g -module-cache-path /Users/admin/builds/vMd7uqzK/0/finestructure/swiftpackageindex-builder/spi-builder-workspace/.derivedData/ModuleCache.noindex -Xfrontend -serialize-debugging-options -enable-testing -index-store-path /Users/admin/builds/vMd7uqzK/0/finestructure/swiftpackageindex-builder/spi-builder-workspace/.derivedData/Index.noindex/DataStore -swift-version 4 -I /Users/admin/builds/vMd7uqzK/0/finestructure/swiftpackageindex-builder/spi-builder-workspace/.derivedData/Build/Products/Debug-appletvos -I /Applications/Xcode-14.3.1.app/Contents/Developer/Platforms/AppleTVOS.platform/Developer/usr/lib -F /Users/admin/builds/vMd7uqzK/0/finestructure/swiftpackageindex-builder/spi-builder-workspace/.derivedData/Build/Products/Debug-appletvos -F /Applications/Xcode-14.3.1.app/Contents/Developer/Platforms/AppleTVOS.platform/Developer/Library/Frameworks -F /Applications/Xcode-14.3.1.app/Contents/Developer/Platforms/AppleTVOS.platform/Developer/SDKs/AppleTVOS16.4.sdk/Developer/Library/Frameworks -parse-as-library -c -j4 -enable-batch-mode -incremental -Xcc -ivfsstatcache -Xcc /Users/admin/builds/vMd7uqzK/0/finestructure/swiftpackageindex-builder/spi-builder-workspace/.derivedData/SDKStatCaches.noindex/appletvos16.4-20L489-.sdkstatcache -output-file-map /Users/admin/builds/vMd7uqzK/0/finestructure/swiftpackageindex-builder/spi-builder-workspace/.derivedData/Build/Intermediates.noindex/PredictionBuilder.build/Debug-appletvos/PredictionBuilder.build/Objects-normal/arm64/PredictionBuilder-OutputFileMap.json -use-frontend-parseable-output -save-temps -no-color-diagnostics -serialize-diagnostics -emit-dependencies -emit-module -emit-module-path /Users/admin/builds/vMd7uqzK/0/finestructure/swiftpackageindex-builder/spi-builder-workspace/.derivedData/Build/Intermediates.noindex/PredictionBuilder.build/Debug-appletvos/PredictionBuilder.build/Objects-normal/arm64/PredictionBuilder.swiftmodule -Xcc -I/Users/admin/builds/vMd7uqzK/0/finestructure/swiftpackageindex-builder/spi-builder-workspace/.derivedData/Build/Intermediates.noindex/PredictionBuilder.build/Debug-appletvos/PredictionBuilder.build/swift-overrides.hmap -Xcc -I/Users/admin/builds/vMd7uqzK/0/finestructure/swiftpackageindex-builder/spi-builder-workspace/.derivedData/Build/Products/Debug-appletvos/include -Xcc -I/Users/admin/builds/vMd7uqzK/0/finestructure/swiftpackageindex-builder/spi-builder-workspace/.derivedData/Build/Intermediates.noindex/PredictionBuilder.build/Debug-appletvos/PredictionBuilder.build/DerivedSources-normal/arm64 -Xcc -I/Users/admin/builds/vMd7uqzK/0/finestructure/swiftpackageindex-builder/spi-builder-workspace/.derivedData/Build/Intermediates.noindex/PredictionBuilder.build/Debug-appletvos/PredictionBuilder.build/DerivedSources/arm64 -Xcc -I/Users/admin/builds/vMd7uqzK/0/finestructure/swiftpackageindex-builder/spi-builder-workspace/.derivedData/Build/Intermediates.noindex/PredictionBuilder.build/Debug-appletvos/PredictionBuilder.build/DerivedSources -Xcc -DSWIFT_PACKAGE -Xcc -DDEBUG\=1 -emit-objc-header -emit-objc-header-path /Users/admin/builds/vMd7uqzK/0/finestructure/swiftpackageindex-builder/spi-builder-workspace/.derivedData/Build/Intermediates.noindex/PredictionBuilder.build/Debug-appletvos/PredictionBuilder.build/Objects-normal/arm64/PredictionBuilder-Swift.h -working-directory /Users/admin/builds/vMd7uqzK/0/finestructure/swiftpackageindex-builder/spi-builder-workspace -experimental-emit-module-separately -disable-cmo
SwiftMergeGeneratedHeaders /Users/admin/builds/vMd7uqzK/0/finestructure/swiftpackageindex-builder/spi-builder-workspace/.derivedData/Build/Intermediates.noindex/GeneratedModuleMaps-appletvos/PredictionBuilder-Swift.h /Users/admin/builds/vMd7uqzK/0/finestructure/swiftpackageindex-builder/spi-builder-workspace/.derivedData/Build/Intermediates.noindex/PredictionBuilder.build/Debug-appletvos/PredictionBuilder.build/Objects-normal/arm64/PredictionBuilder-Swift.h (in target 'PredictionBuilder' from project 'PredictionBuilder')
    cd /Users/admin/builds/vMd7uqzK/0/finestructure/swiftpackageindex-builder/spi-builder-workspace
    builtin-swiftHeaderTool -arch arm64 /Users/admin/builds/vMd7uqzK/0/finestructure/swiftpackageindex-builder/spi-builder-workspace/.derivedData/Build/Intermediates.noindex/PredictionBuilder.build/Debug-appletvos/PredictionBuilder.build/Objects-normal/arm64/PredictionBuilder-Swift.h -o /Users/admin/builds/vMd7uqzK/0/finestructure/swiftpackageindex-builder/spi-builder-workspace/.derivedData/Build/Intermediates.noindex/GeneratedModuleMaps-appletvos/PredictionBuilder-Swift.h
Copy /Users/admin/builds/vMd7uqzK/0/finestructure/swiftpackageindex-builder/spi-builder-workspace/.derivedData/Build/Products/Debug-appletvos/PredictionBuilder.swiftmodule/arm64-apple-tvos.swiftmodule /Users/admin/builds/vMd7uqzK/0/finestructure/swiftpackageindex-builder/spi-builder-workspace/.derivedData/Build/Intermediates.noindex/PredictionBuilder.build/Debug-appletvos/PredictionBuilder.build/Objects-normal/arm64/PredictionBuilder.swiftmodule (in target 'PredictionBuilder' from project 'PredictionBuilder')
    cd /Users/admin/builds/vMd7uqzK/0/finestructure/swiftpackageindex-builder/spi-builder-workspace
    builtin-copy -exclude .DS_Store -exclude CVS -exclude .svn -exclude .git -exclude .hg -resolve-src-symlinks -rename /Users/admin/builds/vMd7uqzK/0/finestructure/swiftpackageindex-builder/spi-builder-workspace/.derivedData/Build/Intermediates.noindex/PredictionBuilder.build/Debug-appletvos/PredictionBuilder.build/Objects-normal/arm64/PredictionBuilder.swiftmodule /Users/admin/builds/vMd7uqzK/0/finestructure/swiftpackageindex-builder/spi-builder-workspace/.derivedData/Build/Products/Debug-appletvos/PredictionBuilder.swiftmodule/arm64-apple-tvos.swiftmodule
Copy /Users/admin/builds/vMd7uqzK/0/finestructure/swiftpackageindex-builder/spi-builder-workspace/.derivedData/Build/Products/Debug-appletvos/PredictionBuilder.swiftmodule/arm64-apple-tvos.swiftdoc /Users/admin/builds/vMd7uqzK/0/finestructure/swiftpackageindex-builder/spi-builder-workspace/.derivedData/Build/Intermediates.noindex/PredictionBuilder.build/Debug-appletvos/PredictionBuilder.build/Objects-normal/arm64/PredictionBuilder.swiftdoc (in target 'PredictionBuilder' from project 'PredictionBuilder')
    cd /Users/admin/builds/vMd7uqzK/0/finestructure/swiftpackageindex-builder/spi-builder-workspace
    builtin-copy -exclude .DS_Store -exclude CVS -exclude .svn -exclude .git -exclude .hg -resolve-src-symlinks -rename /Users/admin/builds/vMd7uqzK/0/finestructure/swiftpackageindex-builder/spi-builder-workspace/.derivedData/Build/Intermediates.noindex/PredictionBuilder.build/Debug-appletvos/PredictionBuilder.build/Objects-normal/arm64/PredictionBuilder.swiftdoc /Users/admin/builds/vMd7uqzK/0/finestructure/swiftpackageindex-builder/spi-builder-workspace/.derivedData/Build/Products/Debug-appletvos/PredictionBuilder.swiftmodule/arm64-apple-tvos.swiftdoc
Copy /Users/admin/builds/vMd7uqzK/0/finestructure/swiftpackageindex-builder/spi-builder-workspace/.derivedData/Build/Products/Debug-appletvos/PredictionBuilder.swiftmodule/arm64-apple-tvos.abi.json /Users/admin/builds/vMd7uqzK/0/finestructure/swiftpackageindex-builder/spi-builder-workspace/.derivedData/Build/Intermediates.noindex/PredictionBuilder.build/Debug-appletvos/PredictionBuilder.build/Objects-normal/arm64/PredictionBuilder.abi.json (in target 'PredictionBuilder' from project 'PredictionBuilder')
    cd /Users/admin/builds/vMd7uqzK/0/finestructure/swiftpackageindex-builder/spi-builder-workspace
    builtin-copy -exclude .DS_Store -exclude CVS -exclude .svn -exclude .git -exclude .hg -resolve-src-symlinks -rename /Users/admin/builds/vMd7uqzK/0/finestructure/swiftpackageindex-builder/spi-builder-workspace/.derivedData/Build/Intermediates.noindex/PredictionBuilder.build/Debug-appletvos/PredictionBuilder.build/Objects-normal/arm64/PredictionBuilder.abi.json /Users/admin/builds/vMd7uqzK/0/finestructure/swiftpackageindex-builder/spi-builder-workspace/.derivedData/Build/Products/Debug-appletvos/PredictionBuilder.swiftmodule/arm64-apple-tvos.abi.json
Copy /Users/admin/builds/vMd7uqzK/0/finestructure/swiftpackageindex-builder/spi-builder-workspace/.derivedData/Build/Products/Debug-appletvos/PredictionBuilder.swiftmodule/Project/arm64-apple-tvos.swiftsourceinfo /Users/admin/builds/vMd7uqzK/0/finestructure/swiftpackageindex-builder/spi-builder-workspace/.derivedData/Build/Intermediates.noindex/PredictionBuilder.build/Debug-appletvos/PredictionBuilder.build/Objects-normal/arm64/PredictionBuilder.swiftsourceinfo (in target 'PredictionBuilder' from project 'PredictionBuilder')
    cd /Users/admin/builds/vMd7uqzK/0/finestructure/swiftpackageindex-builder/spi-builder-workspace
    builtin-copy -exclude .DS_Store -exclude CVS -exclude .svn -exclude .git -exclude .hg -resolve-src-symlinks -rename /Users/admin/builds/vMd7uqzK/0/finestructure/swiftpackageindex-builder/spi-builder-workspace/.derivedData/Build/Intermediates.noindex/PredictionBuilder.build/Debug-appletvos/PredictionBuilder.build/Objects-normal/arm64/PredictionBuilder.swiftsourceinfo /Users/admin/builds/vMd7uqzK/0/finestructure/swiftpackageindex-builder/spi-builder-workspace/.derivedData/Build/Products/Debug-appletvos/PredictionBuilder.swiftmodule/Project/arm64-apple-tvos.swiftsourceinfo
WriteAuxiliaryFile /Users/admin/builds/vMd7uqzK/0/finestructure/swiftpackageindex-builder/spi-builder-workspace/.derivedData/Build/Intermediates.noindex/PredictionBuilder.build/Debug-appletvos/PredictionBuilderTests.build/Objects-normal/arm64/PredictionBuilderTests-OutputFileMap.json (in target 'PredictionBuilderTests' from project 'PredictionBuilder')
    cd /Users/admin/builds/vMd7uqzK/0/finestructure/swiftpackageindex-builder/spi-builder-workspace
    write-file /Users/admin/builds/vMd7uqzK/0/finestructure/swiftpackageindex-builder/spi-builder-workspace/.derivedData/Build/Intermediates.noindex/PredictionBuilder.build/Debug-appletvos/PredictionBuilderTests.build/Objects-normal/arm64/PredictionBuilderTests-OutputFileMap.json
WriteAuxiliaryFile /Users/admin/builds/vMd7uqzK/0/finestructure/swiftpackageindex-builder/spi-builder-workspace/.derivedData/Build/Intermediates.noindex/PredictionBuilder.build/Debug-appletvos/PredictionBuilderTests.build/Objects-normal/arm64/PredictionBuilderTests.SwiftFileList (in target 'PredictionBuilderTests' from project 'PredictionBuilder')
    cd /Users/admin/builds/vMd7uqzK/0/finestructure/swiftpackageindex-builder/spi-builder-workspace
    write-file /Users/admin/builds/vMd7uqzK/0/finestructure/swiftpackageindex-builder/spi-builder-workspace/.derivedData/Build/Intermediates.noindex/PredictionBuilder.build/Debug-appletvos/PredictionBuilderTests.build/Objects-normal/arm64/PredictionBuilderTests.SwiftFileList
SwiftDriver PredictionBuilderTests normal arm64 com.apple.xcode.tools.swift.compiler (in target 'PredictionBuilderTests' from project 'PredictionBuilder')
    cd /Users/admin/builds/vMd7uqzK/0/finestructure/swiftpackageindex-builder/spi-builder-workspace
    builtin-SwiftDriver -- /Applications/Xcode-14.3.1.app/Contents/Developer/Toolchains/XcodeDefault.xctoolchain/usr/bin/swiftc -module-name PredictionBuilderTests -Onone -enforce-exclusivity\=checked @/Users/admin/builds/vMd7uqzK/0/finestructure/swiftpackageindex-builder/spi-builder-workspace/.derivedData/Build/Intermediates.noindex/PredictionBuilder.build/Debug-appletvos/PredictionBuilderTests.build/Objects-normal/arm64/PredictionBuilderTests.SwiftFileList -DSWIFT_PACKAGE -DDEBUG -DXcode -sdk /Applications/Xcode-14.3.1.app/Contents/Developer/Platforms/AppleTVOS.platform/Developer/SDKs/AppleTVOS16.4.sdk -target arm64-apple-tvos11.0 -g -module-cache-path /Users/admin/builds/vMd7uqzK/0/finestructure/swiftpackageindex-builder/spi-builder-workspace/.derivedData/ModuleCache.noindex -Xfrontend -serialize-debugging-options -enable-testing -index-store-path /Users/admin/builds/vMd7uqzK/0/finestructure/swiftpackageindex-builder/spi-builder-workspace/.derivedData/Index.noindex/DataStore -swift-version 4 -I /Users/admin/builds/vMd7uqzK/0/finestructure/swiftpackageindex-builder/spi-builder-workspace/.derivedData/Build/Products/Debug-appletvos -I /Applications/Xcode-14.3.1.app/Contents/Developer/Platforms/AppleTVOS.platform/Developer/usr/lib -F /Users/admin/builds/vMd7uqzK/0/finestructure/swiftpackageindex-builder/spi-builder-workspace/.derivedData/Build/Products/Debug-appletvos/PackageFrameworks -F /Users/admin/builds/vMd7uqzK/0/finestructure/swiftpackageindex-builder/spi-builder-workspace/.derivedData/Build/Products/Debug-appletvos -F /Applications/Xcode-14.3.1.app/Contents/Developer/Platforms/AppleTVOS.platform/Developer/Library/Frameworks -F /Applications/Xcode-14.3.1.app/Contents/Developer/Platforms/AppleTVOS.platform/Developer/SDKs/AppleTVOS16.4.sdk/Developer/Library/Frameworks -c -j4 -enable-batch-mode -incremental -Xcc -ivfsstatcache -Xcc /Users/admin/builds/vMd7uqzK/0/finestructure/swiftpackageindex-builder/spi-builder-workspace/.derivedData/SDKStatCaches.noindex/appletvos16.4-20L489-.sdkstatcache -output-file-map /Users/admin/builds/vMd7uqzK/0/finestructure/swiftpackageindex-builder/spi-builder-workspace/.derivedData/Build/Intermediates.noindex/PredictionBuilder.build/Debug-appletvos/PredictionBuilderTests.build/Objects-normal/arm64/PredictionBuilderTests-OutputFileMap.json -use-frontend-parseable-output -save-temps -no-color-diagnostics -serialize-diagnostics -emit-dependencies -emit-module -emit-module-path /Users/admin/builds/vMd7uqzK/0/finestructure/swiftpackageindex-builder/spi-builder-workspace/.derivedData/Build/Intermediates.noindex/PredictionBuilder.build/Debug-appletvos/PredictionBuilderTests.build/Objects-normal/arm64/PredictionBuilderTests.swiftmodule -Xcc -I/Users/admin/builds/vMd7uqzK/0/finestructure/swiftpackageindex-builder/spi-builder-workspace/.derivedData/Build/Products/Debug-appletvos/include -Xcc -I/Users/admin/builds/vMd7uqzK/0/finestructure/swiftpackageindex-builder/spi-builder-workspace/.derivedData/Build/Intermediates.noindex/PredictionBuilder.build/Debug-appletvos/PredictionBuilderTests.build/DerivedSources-normal/arm64 -Xcc -I/Users/admin/builds/vMd7uqzK/0/finestructure/swiftpackageindex-builder/spi-builder-workspace/.derivedData/Build/Intermediates.noindex/PredictionBuilder.build/Debug-appletvos/PredictionBuilderTests.build/DerivedSources/arm64 -Xcc -I/Users/admin/builds/vMd7uqzK/0/finestructure/swiftpackageindex-builder/spi-builder-workspace/.derivedData/Build/Intermediates.noindex/PredictionBuilder.build/Debug-appletvos/PredictionBuilderTests.build/DerivedSources -Xcc -DSWIFT_PACKAGE -Xcc -DDEBUG\=1 -working-directory /Users/admin/builds/vMd7uqzK/0/finestructure/swiftpackageindex-builder/spi-builder-workspace -experimental-emit-module-separately -disable-cmo
SwiftEmitModule normal arm64 Emitting\ module\ for\ PredictionBuilderTests (in target 'PredictionBuilderTests' from project 'PredictionBuilder')
    cd /Users/admin/builds/vMd7uqzK/0/finestructure/swiftpackageindex-builder/spi-builder-workspace
    builtin-swiftTaskExecution -- /Applications/Xcode-14.3.1.app/Contents/Developer/Toolchains/XcodeDefault.xctoolchain/usr/bin/swift-frontend -frontend -emit-module -experimental-skip-non-inlinable-function-bodies-without-types /Users/admin/builds/vMd7uqzK/0/finestructure/swiftpackageindex-builder/spi-builder-workspace/Tests/LinuxMain.swift /Users/admin/builds/vMd7uqzK/0/finestructure/swiftpackageindex-builder/spi-builder-workspace/Tests/PredictionBuilderTests/PredictionBuilderTests.swift -target arm64-apple-tvos11.0 -Xllvm -aarch64-use-tbi -enable-objc-interop -sdk /Applications/Xcode-14.3.1.app/Contents/Developer/Platforms/AppleTVOS.platform/Developer/SDKs/AppleTVOS16.4.sdk -I /Users/admin/builds/vMd7uqzK/0/finestructure/swiftpackageindex-builder/spi-builder-workspace/.derivedData/Build/Products/Debug-appletvos -I /Applications/Xcode-14.3.1.app/Contents/Developer/Platforms/AppleTVOS.platform/Developer/usr/lib -F /Users/admin/builds/vMd7uqzK/0/finestructure/swiftpackageindex-builder/spi-builder-workspace/.derivedData/Build/Products/Debug-appletvos/PackageFrameworks -F /Users/admin/builds/vMd7uqzK/0/finestructure/swiftpackageindex-builder/spi-builder-workspace/.derivedData/Build/Products/Debug-appletvos -F /Applications/Xcode-14.3.1.app/Contents/Developer/Platforms/AppleTVOS.platform/Developer/Library/Frameworks -F /Applications/Xcode-14.3.1.app/Contents/Developer/Platforms/AppleTVOS.platform/Developer/SDKs/AppleTVOS16.4.sdk/Developer/Library/Frameworks -no-color-diagnostics -enable-testing -g -module-cache-path /Users/admin/builds/vMd7uqzK/0/finestructure/swiftpackageindex-builder/spi-builder-workspace/.derivedData/ModuleCache.noindex -swift-version 4 -enforce-exclusivity\=checked -Onone -D SWIFT_PACKAGE -D DEBUG -D Xcode -serialize-debugging-options -empty-abi-descriptor -Xcc -working-directory -Xcc /Users/admin/builds/vMd7uqzK/0/finestructure/swiftpackageindex-builder/spi-builder-workspace -resource-dir /Applications/Xcode-14.3.1.app/Contents/Developer/Toolchains/XcodeDefault.xctoolchain/usr/lib/swift -enable-anonymous-context-mangled-names -Xcc -ivfsstatcache -Xcc /Users/admin/builds/vMd7uqzK/0/finestructure/swiftpackageindex-builder/spi-builder-workspace/.derivedData/SDKStatCaches.noindex/appletvos16.4-20L489-.sdkstatcache -Xcc -I/Users/admin/builds/vMd7uqzK/0/finestructure/swiftpackageindex-builder/spi-builder-workspace/.derivedData/Build/Products/Debug-appletvos/include -Xcc -I/Users/admin/builds/vMd7uqzK/0/finestructure/swiftpackageindex-builder/spi-builder-workspace/.derivedData/Build/Intermediates.noindex/PredictionBuilder.build/Debug-appletvos/PredictionBuilderTests.build/DerivedSources-normal/arm64 -Xcc -I/Users/admin/builds/vMd7uqzK/0/finestructure/swiftpackageindex-builder/spi-builder-workspace/.derivedData/Build/Intermediates.noindex/PredictionBuilder.build/Debug-appletvos/PredictionBuilderTests.build/DerivedSources/arm64 -Xcc -I/Users/admin/builds/vMd7uqzK/0/finestructure/swiftpackageindex-builder/spi-builder-workspace/.derivedData/Build/Intermediates.noindex/PredictionBuilder.build/Debug-appletvos/PredictionBuilderTests.build/DerivedSources -Xcc -DSWIFT_PACKAGE -Xcc -DDEBUG\=1 -module-name PredictionBuilderTests -disable-clang-spi -target-sdk-version 16.4 -target-sdk-name appletvos16.4 -emit-module-doc-path /Users/admin/builds/vMd7uqzK/0/finestructure/swiftpackageindex-builder/spi-builder-workspace/.derivedData/Build/Intermediates.noindex/PredictionBuilder.build/Debug-appletvos/PredictionBuilderTests.build/Objects-normal/arm64/PredictionBuilderTests.swiftdoc -emit-module-source-info-path /Users/admin/builds/vMd7uqzK/0/finestructure/swiftpackageindex-builder/spi-builder-workspace/.derivedData/Build/Intermediates.noindex/PredictionBuilder.build/Debug-appletvos/PredictionBuilderTests.build/Objects-normal/arm64/PredictionBuilderTests.swiftsourceinfo -serialize-diagnostics-path /Users/admin/builds/vMd7uqzK/0/finestructure/swiftpackageindex-builder/spi-builder-workspace/.derivedData/Build/Intermediates.noindex/PredictionBuilder.build/Debug-appletvos/PredictionBuilderTests.build/Objects-normal/arm64/PredictionBuilderTests-master-emit-module.dia -emit-dependencies-path /Users/admin/builds/vMd7uqzK/0/finestructure/swiftpackageindex-builder/spi-builder-workspace/.derivedData/Build/Intermediates.noindex/PredictionBuilder.build/Debug-appletvos/PredictionBuilderTests.build/Objects-normal/arm64/PredictionBuilderTests-master-emit-module.d -o /Users/admin/builds/vMd7uqzK/0/finestructure/swiftpackageindex-builder/spi-builder-workspace/.derivedData/Build/Intermediates.noindex/PredictionBuilder.build/Debug-appletvos/PredictionBuilderTests.build/Objects-normal/arm64/PredictionBuilderTests.swiftmodule -emit-abi-descriptor-path /Users/admin/builds/vMd7uqzK/0/finestructure/swiftpackageindex-builder/spi-builder-workspace/.derivedData/Build/Intermediates.noindex/PredictionBuilder.build/Debug-appletvos/PredictionBuilderTests.build/Objects-normal/arm64/PredictionBuilderTests.abi.json
/Users/admin/builds/vMd7uqzK/0/finestructure/swiftpackageindex-builder/spi-builder-workspace/Tests/LinuxMain.swift:4:1: error: expressions are not allowed at the top level
XCTMain([
^
SwiftCompile normal arm64 Compiling\ LinuxMain.swift /Users/admin/builds/vMd7uqzK/0/finestructure/swiftpackageindex-builder/spi-builder-workspace/Tests/LinuxMain.swift (in target 'PredictionBuilderTests' from project 'PredictionBuilder')
    cd /Users/admin/builds/vMd7uqzK/0/finestructure/swiftpackageindex-builder/spi-builder-workspace
    builtin-swiftTaskExecution -- /Applications/Xcode-14.3.1.app/Contents/Developer/Toolchains/XcodeDefault.xctoolchain/usr/bin/swift-frontend -frontend -c -primary-file /Users/admin/builds/vMd7uqzK/0/finestructure/swiftpackageindex-builder/spi-builder-workspace/Tests/LinuxMain.swift /Users/admin/builds/vMd7uqzK/0/finestructure/swiftpackageindex-builder/spi-builder-workspace/Tests/PredictionBuilderTests/PredictionBuilderTests.swift -emit-dependencies-path /Users/admin/builds/vMd7uqzK/0/finestructure/swiftpackageindex-builder/spi-builder-workspace/.derivedData/Build/Intermediates.noindex/PredictionBuilder.build/Debug-appletvos/PredictionBuilderTests.build/Objects-normal/arm64/LinuxMain.d -emit-reference-dependencies-path /Users/admin/builds/vMd7uqzK/0/finestructure/swiftpackageindex-builder/spi-builder-workspace/.derivedData/Build/Intermediates.noindex/PredictionBuilder.build/Debug-appletvos/PredictionBuilderTests.build/Objects-normal/arm64/LinuxMain.swiftdeps -serialize-diagnostics-path /Users/admin/builds/vMd7uqzK/0/finestructure/swiftpackageindex-builder/spi-builder-workspace/.derivedData/Build/Intermediates.noindex/PredictionBuilder.build/Debug-appletvos/PredictionBuilderTests.build/Objects-normal/arm64/LinuxMain.dia -target arm64-apple-tvos11.0 -Xllvm -aarch64-use-tbi -enable-objc-interop -sdk /Applications/Xcode-14.3.1.app/Contents/Developer/Platforms/AppleTVOS.platform/Developer/SDKs/AppleTVOS16.4.sdk -I /Users/admin/builds/vMd7uqzK/0/finestructure/swiftpackageindex-builder/spi-builder-workspace/.derivedData/Build/Products/Debug-appletvos -I /Applications/Xcode-14.3.1.app/Contents/Developer/Platforms/AppleTVOS.platform/Developer/usr/lib -F /Users/admin/builds/vMd7uqzK/0/finestructure/swiftpackageindex-builder/spi-builder-workspace/.derivedData/Build/Products/Debug-appletvos/PackageFrameworks -F /Users/admin/builds/vMd7uqzK/0/finestructure/swiftpackageindex-builder/spi-builder-workspace/.derivedData/Build/Products/Debug-appletvos -F /Applications/Xcode-14.3.1.app/Contents/Developer/Platforms/AppleTVOS.platform/Developer/Library/Frameworks -F /Applications/Xcode-14.3.1.app/Contents/Developer/Platforms/AppleTVOS.platform/Developer/SDKs/AppleTVOS16.4.sdk/Developer/Library/Frameworks -no-color-diagnostics -enable-testing -g -module-cache-path /Users/admin/builds/vMd7uqzK/0/finestructure/swiftpackageindex-builder/spi-builder-workspace/.derivedData/ModuleCache.noindex -swift-version 4 -enforce-exclusivity\=checked -Onone -D SWIFT_PACKAGE -D DEBUG -D Xcode -serialize-debugging-options -empty-abi-descriptor -Xcc -working-directory -Xcc /Users/admin/builds/vMd7uqzK/0/finestructure/swiftpackageindex-builder/spi-builder-workspace -resource-dir /Applications/Xcode-14.3.1.app/Contents/Developer/Toolchains/XcodeDefault.xctoolchain/usr/lib/swift -enable-anonymous-context-mangled-names -Xcc -ivfsstatcache -Xcc /Users/admin/builds/vMd7uqzK/0/finestructure/swiftpackageindex-builder/spi-builder-workspace/.derivedData/SDKStatCaches.noindex/appletvos16.4-20L489-.sdkstatcache -Xcc -I/Users/admin/builds/vMd7uqzK/0/finestructure/swiftpackageindex-builder/spi-builder-workspace/.derivedData/Build/Products/Debug-appletvos/include -Xcc -I/Users/admin/builds/vMd7uqzK/0/finestructure/swiftpackageindex-builder/spi-builder-workspace/.derivedData/Build/Intermediates.noindex/PredictionBuilder.build/Debug-appletvos/PredictionBuilderTests.build/DerivedSources-normal/arm64 -Xcc -I/Users/admin/builds/vMd7uqzK/0/finestructure/swiftpackageindex-builder/spi-builder-workspace/.derivedData/Build/Intermediates.noindex/PredictionBuilder.build/Debug-appletvos/PredictionBuilderTests.build/DerivedSources/arm64 -Xcc -I/Users/admin/builds/vMd7uqzK/0/finestructure/swiftpackageindex-builder/spi-builder-workspace/.derivedData/Build/Intermediates.noindex/PredictionBuilder.build/Debug-appletvos/PredictionBuilderTests.build/DerivedSources -Xcc -DSWIFT_PACKAGE -Xcc -DDEBUG\=1 -module-name PredictionBuilderTests -frontend-parseable-output -disable-clang-spi -target-sdk-version 16.4 -target-sdk-name appletvos16.4 -o /Users/admin/builds/vMd7uqzK/0/finestructure/swiftpackageindex-builder/spi-builder-workspace/.derivedData/Build/Intermediates.noindex/PredictionBuilder.build/Debug-appletvos/PredictionBuilderTests.build/Objects-normal/arm64/LinuxMain.o -index-unit-output-path /PredictionBuilder.build/Debug-appletvos/PredictionBuilderTests.build/Objects-normal/arm64/LinuxMain.o -index-store-path /Users/admin/builds/vMd7uqzK/0/finestructure/swiftpackageindex-builder/spi-builder-workspace/.derivedData/Index.noindex/DataStore -index-system-modules
SwiftCompile normal arm64 /Users/admin/builds/vMd7uqzK/0/finestructure/swiftpackageindex-builder/spi-builder-workspace/Tests/LinuxMain.swift (in target 'PredictionBuilderTests' from project 'PredictionBuilder')
    cd /Users/admin/builds/vMd7uqzK/0/finestructure/swiftpackageindex-builder/spi-builder-workspace
    /Applications/Xcode-14.3.1.app/Contents/Developer/Toolchains/XcodeDefault.xctoolchain/usr/bin/swift-frontend -c -primary-file /Users/admin/builds/vMd7uqzK/0/finestructure/swiftpackageindex-builder/spi-builder-workspace/Tests/LinuxMain.swift /Users/admin/builds/vMd7uqzK/0/finestructure/swiftpackageindex-builder/spi-builder-workspace/Tests/PredictionBuilderTests/PredictionBuilderTests.swift -emit-dependencies-path /Users/admin/builds/vMd7uqzK/0/finestructure/swiftpackageindex-builder/spi-builder-workspace/.derivedData/Build/Intermediates.noindex/PredictionBuilder.build/Debug-appletvos/PredictionBuilderTests.build/Objects-normal/arm64/LinuxMain.d -emit-reference-dependencies-path /Users/admin/builds/vMd7uqzK/0/finestructure/swiftpackageindex-builder/spi-builder-workspace/.derivedData/Build/Intermediates.noindex/PredictionBuilder.build/Debug-appletvos/PredictionBuilderTests.build/Objects-normal/arm64/LinuxMain.swiftdeps -serialize-diagnostics-path /Users/admin/builds/vMd7uqzK/0/finestructure/swiftpackageindex-builder/spi-builder-workspace/.derivedData/Build/Intermediates.noindex/PredictionBuilder.build/Debug-appletvos/PredictionBuilderTests.build/Objects-normal/arm64/LinuxMain.dia -target arm64-apple-tvos11.0 -Xllvm -aarch64-use-tbi -enable-objc-interop -sdk /Applications/Xcode-14.3.1.app/Contents/Developer/Platforms/AppleTVOS.platform/Developer/SDKs/AppleTVOS16.4.sdk -I /Users/admin/builds/vMd7uqzK/0/finestructure/swiftpackageindex-builder/spi-builder-workspace/.derivedData/Build/Products/Debug-appletvos -I /Applications/Xcode-14.3.1.app/Contents/Developer/Platforms/AppleTVOS.platform/Developer/usr/lib -F /Users/admin/builds/vMd7uqzK/0/finestructure/swiftpackageindex-builder/spi-builder-workspace/.derivedData/Build/Products/Debug-appletvos/PackageFrameworks -F /Users/admin/builds/vMd7uqzK/0/finestructure/swiftpackageindex-builder/spi-builder-workspace/.derivedData/Build/Products/Debug-appletvos -F /Applications/Xcode-14.3.1.app/Contents/Developer/Platforms/AppleTVOS.platform/Developer/Library/Frameworks -F /Applications/Xcode-14.3.1.app/Contents/Developer/Platforms/AppleTVOS.platform/Developer/SDKs/AppleTVOS16.4.sdk/Developer/Library/Frameworks -no-color-diagnostics -enable-testing -g -module-cache-path /Users/admin/builds/vMd7uqzK/0/finestructure/swiftpackageindex-builder/spi-builder-workspace/.derivedData/ModuleCache.noindex -swift-version 4 -enforce-exclusivity\=checked -Onone -D SWIFT_PACKAGE -D DEBUG -D Xcode -serialize-debugging-options -empty-abi-descriptor -Xcc -working-directory -Xcc /Users/admin/builds/vMd7uqzK/0/finestructure/swiftpackageindex-builder/spi-builder-workspace -resource-dir /Applications/Xcode-14.3.1.app/Contents/Developer/Toolchains/XcodeDefault.xctoolchain/usr/lib/swift -enable-anonymous-context-mangled-names -Xcc -ivfsstatcache -Xcc /Users/admin/builds/vMd7uqzK/0/finestructure/swiftpackageindex-builder/spi-builder-workspace/.derivedData/SDKStatCaches.noindex/appletvos16.4-20L489-.sdkstatcache -Xcc -I/Users/admin/builds/vMd7uqzK/0/finestructure/swiftpackageindex-builder/spi-builder-workspace/.derivedData/Build/Products/Debug-appletvos/include -Xcc -I/Users/admin/builds/vMd7uqzK/0/finestructure/swiftpackageindex-builder/spi-builder-workspace/.derivedData/Build/Intermediates.noindex/PredictionBuilder.build/Debug-appletvos/PredictionBuilderTests.build/DerivedSources-normal/arm64 -Xcc -I/Users/admin/builds/vMd7uqzK/0/finestructure/swiftpackageindex-builder/spi-builder-workspace/.derivedData/Build/Intermediates.noindex/PredictionBuilder.build/Debug-appletvos/PredictionBuilderTests.build/DerivedSources/arm64 -Xcc -I/Users/admin/builds/vMd7uqzK/0/finestructure/swiftpackageindex-builder/spi-builder-workspace/.derivedData/Build/Intermediates.noindex/PredictionBuilder.build/Debug-appletvos/PredictionBuilderTests.build/DerivedSources -Xcc -DSWIFT_PACKAGE -Xcc -DDEBUG\=1 -module-name PredictionBuilderTests -frontend-parseable-output -disable-clang-spi -target-sdk-version 16.4 -target-sdk-name appletvos16.4 -o /Users/admin/builds/vMd7uqzK/0/finestructure/swiftpackageindex-builder/spi-builder-workspace/.derivedData/Build/Intermediates.noindex/PredictionBuilder.build/Debug-appletvos/PredictionBuilderTests.build/Objects-normal/arm64/LinuxMain.o -index-unit-output-path /PredictionBuilder.build/Debug-appletvos/PredictionBuilderTests.build/Objects-normal/arm64/LinuxMain.o -index-store-path /Users/admin/builds/vMd7uqzK/0/finestructure/swiftpackageindex-builder/spi-builder-workspace/.derivedData/Index.noindex/DataStore -index-system-modules
/Users/admin/builds/vMd7uqzK/0/finestructure/swiftpackageindex-builder/spi-builder-workspace/Tests/LinuxMain.swift:4:1: error: expressions are not allowed at the top level
XCTMain([
^
/Users/admin/builds/vMd7uqzK/0/finestructure/swiftpackageindex-builder/spi-builder-workspace/Tests/LinuxMain.swift:2:18: warning: file 'LinuxMain.swift' is part of module 'PredictionBuilderTests'; ignoring import
@testable import PredictionBuilderTests
                 ^
/Users/admin/builds/vMd7uqzK/0/finestructure/swiftpackageindex-builder/spi-builder-workspace/Tests/LinuxMain.swift:4:1: error: cannot find 'XCTMain' in scope
XCTMain([
^~~~~~~
/Users/admin/builds/vMd7uqzK/0/finestructure/swiftpackageindex-builder/spi-builder-workspace/Tests/LinuxMain.swift:5:5: error: cannot find 'testCase' in scope
    testCase(PredictionBuilderTests.allTests),
    ^~~~~~~~
/Users/admin/builds/vMd7uqzK/0/finestructure/swiftpackageindex-builder/spi-builder-workspace/Tests/LinuxMain.swift:5:37: error: type 'PredictionBuilderTests' has no member 'allTests'
    testCase(PredictionBuilderTests.allTests),
             ~~~~~~~~~~~~~~~~~~~~~~ ^~~~~~~~
SwiftCompile normal arm64 Compiling\ PredictionBuilderTests.swift /Users/admin/builds/vMd7uqzK/0/finestructure/swiftpackageindex-builder/spi-builder-workspace/Tests/PredictionBuilderTests/PredictionBuilderTests.swift (in target 'PredictionBuilderTests' from project 'PredictionBuilder')
    cd /Users/admin/builds/vMd7uqzK/0/finestructure/swiftpackageindex-builder/spi-builder-workspace
    builtin-swiftTaskExecution -- /Applications/Xcode-14.3.1.app/Contents/Developer/Toolchains/XcodeDefault.xctoolchain/usr/bin/swift-frontend -frontend -c /Users/admin/builds/vMd7uqzK/0/finestructure/swiftpackageindex-builder/spi-builder-workspace/Tests/LinuxMain.swift -primary-file /Users/admin/builds/vMd7uqzK/0/finestructure/swiftpackageindex-builder/spi-builder-workspace/Tests/PredictionBuilderTests/PredictionBuilderTests.swift -emit-dependencies-path /Users/admin/builds/vMd7uqzK/0/finestructure/swiftpackageindex-builder/spi-builder-workspace/.derivedData/Build/Intermediates.noindex/PredictionBuilder.build/Debug-appletvos/PredictionBuilderTests.build/Objects-normal/arm64/PredictionBuilderTests.d -emit-reference-dependencies-path /Users/admin/builds/vMd7uqzK/0/finestructure/swiftpackageindex-builder/spi-builder-workspace/.derivedData/Build/Intermediates.noindex/PredictionBuilder.build/Debug-appletvos/PredictionBuilderTests.build/Objects-normal/arm64/PredictionBuilderTests.swiftdeps -serialize-diagnostics-path /Users/admin/builds/vMd7uqzK/0/finestructure/swiftpackageindex-builder/spi-builder-workspace/.derivedData/Build/Intermediates.noindex/PredictionBuilder.build/Debug-appletvos/PredictionBuilderTests.build/Objects-normal/arm64/PredictionBuilderTests.dia -target arm64-apple-tvos11.0 -Xllvm -aarch64-use-tbi -enable-objc-interop -sdk /Applications/Xcode-14.3.1.app/Contents/Developer/Platforms/AppleTVOS.platform/Developer/SDKs/AppleTVOS16.4.sdk -I /Users/admin/builds/vMd7uqzK/0/finestructure/swiftpackageindex-builder/spi-builder-workspace/.derivedData/Build/Products/Debug-appletvos -I /Applications/Xcode-14.3.1.app/Contents/Developer/Platforms/AppleTVOS.platform/Developer/usr/lib -F /Users/admin/builds/vMd7uqzK/0/finestructure/swiftpackageindex-builder/spi-builder-workspace/.derivedData/Build/Products/Debug-appletvos/PackageFrameworks -F /Users/admin/builds/vMd7uqzK/0/finestructure/swiftpackageindex-builder/spi-builder-workspace/.derivedData/Build/Products/Debug-appletvos -F /Applications/Xcode-14.3.1.app/Contents/Developer/Platforms/AppleTVOS.platform/Developer/Library/Frameworks -F /Applications/Xcode-14.3.1.app/Contents/Developer/Platforms/AppleTVOS.platform/Developer/SDKs/AppleTVOS16.4.sdk/Developer/Library/Frameworks -no-color-diagnostics -enable-testing -g -module-cache-path /Users/admin/builds/vMd7uqzK/0/finestructure/swiftpackageindex-builder/spi-builder-workspace/.derivedData/ModuleCache.noindex -swift-version 4 -enforce-exclusivity\=checked -Onone -D SWIFT_PACKAGE -D DEBUG -D Xcode -serialize-debugging-options -empty-abi-descriptor -Xcc -working-directory -Xcc /Users/admin/builds/vMd7uqzK/0/finestructure/swiftpackageindex-builder/spi-builder-workspace -resource-dir /Applications/Xcode-14.3.1.app/Contents/Developer/Toolchains/XcodeDefault.xctoolchain/usr/lib/swift -enable-anonymous-context-mangled-names -Xcc -ivfsstatcache -Xcc /Users/admin/builds/vMd7uqzK/0/finestructure/swiftpackageindex-builder/spi-builder-workspace/.derivedData/SDKStatCaches.noindex/appletvos16.4-20L489-.sdkstatcache -Xcc -I/Users/admin/builds/vMd7uqzK/0/finestructure/swiftpackageindex-builder/spi-builder-workspace/.derivedData/Build/Products/Debug-appletvos/include -Xcc -I/Users/admin/builds/vMd7uqzK/0/finestructure/swiftpackageindex-builder/spi-builder-workspace/.derivedData/Build/Intermediates.noindex/PredictionBuilder.build/Debug-appletvos/PredictionBuilderTests.build/DerivedSources-normal/arm64 -Xcc -I/Users/admin/builds/vMd7uqzK/0/finestructure/swiftpackageindex-builder/spi-builder-workspace/.derivedData/Build/Intermediates.noindex/PredictionBuilder.build/Debug-appletvos/PredictionBuilderTests.build/DerivedSources/arm64 -Xcc -I/Users/admin/builds/vMd7uqzK/0/finestructure/swiftpackageindex-builder/spi-builder-workspace/.derivedData/Build/Intermediates.noindex/PredictionBuilder.build/Debug-appletvos/PredictionBuilderTests.build/DerivedSources -Xcc -DSWIFT_PACKAGE -Xcc -DDEBUG\=1 -module-name PredictionBuilderTests -frontend-parseable-output -disable-clang-spi -target-sdk-version 16.4 -target-sdk-name appletvos16.4 -o /Users/admin/builds/vMd7uqzK/0/finestructure/swiftpackageindex-builder/spi-builder-workspace/.derivedData/Build/Intermediates.noindex/PredictionBuilder.build/Debug-appletvos/PredictionBuilderTests.build/Objects-normal/arm64/PredictionBuilderTests.o -index-unit-output-path /PredictionBuilder.build/Debug-appletvos/PredictionBuilderTests.build/Objects-normal/arm64/PredictionBuilderTests.o -index-store-path /Users/admin/builds/vMd7uqzK/0/finestructure/swiftpackageindex-builder/spi-builder-workspace/.derivedData/Index.noindex/DataStore -index-system-modules
SwiftCompile normal arm64 /Users/admin/builds/vMd7uqzK/0/finestructure/swiftpackageindex-builder/spi-builder-workspace/Tests/PredictionBuilderTests/PredictionBuilderTests.swift (in target 'PredictionBuilderTests' from project 'PredictionBuilder')
    cd /Users/admin/builds/vMd7uqzK/0/finestructure/swiftpackageindex-builder/spi-builder-workspace
    /Applications/Xcode-14.3.1.app/Contents/Developer/Toolchains/XcodeDefault.xctoolchain/usr/bin/swift-frontend -c /Users/admin/builds/vMd7uqzK/0/finestructure/swiftpackageindex-builder/spi-builder-workspace/Tests/LinuxMain.swift -primary-file /Users/admin/builds/vMd7uqzK/0/finestructure/swiftpackageindex-builder/spi-builder-workspace/Tests/PredictionBuilderTests/PredictionBuilderTests.swift -emit-dependencies-path /Users/admin/builds/vMd7uqzK/0/finestructure/swiftpackageindex-builder/spi-builder-workspace/.derivedData/Build/Intermediates.noindex/PredictionBuilder.build/Debug-appletvos/PredictionBuilderTests.build/Objects-normal/arm64/PredictionBuilderTests.d -emit-reference-dependencies-path /Users/admin/builds/vMd7uqzK/0/finestructure/swiftpackageindex-builder/spi-builder-workspace/.derivedData/Build/Intermediates.noindex/PredictionBuilder.build/Debug-appletvos/PredictionBuilderTests.build/Objects-normal/arm64/PredictionBuilderTests.swiftdeps -serialize-diagnostics-path /Users/admin/builds/vMd7uqzK/0/finestructure/swiftpackageindex-builder/spi-builder-workspace/.derivedData/Build/Intermediates.noindex/PredictionBuilder.build/Debug-appletvos/PredictionBuilderTests.build/Objects-normal/arm64/PredictionBuilderTests.dia -target arm64-apple-tvos11.0 -Xllvm -aarch64-use-tbi -enable-objc-interop -sdk /Applications/Xcode-14.3.1.app/Contents/Developer/Platforms/AppleTVOS.platform/Developer/SDKs/AppleTVOS16.4.sdk -I /Users/admin/builds/vMd7uqzK/0/finestructure/swiftpackageindex-builder/spi-builder-workspace/.derivedData/Build/Products/Debug-appletvos -I /Applications/Xcode-14.3.1.app/Contents/Developer/Platforms/AppleTVOS.platform/Developer/usr/lib -F /Users/admin/builds/vMd7uqzK/0/finestructure/swiftpackageindex-builder/spi-builder-workspace/.derivedData/Build/Products/Debug-appletvos/PackageFrameworks -F /Users/admin/builds/vMd7uqzK/0/finestructure/swiftpackageindex-builder/spi-builder-workspace/.derivedData/Build/Products/Debug-appletvos -F /Applications/Xcode-14.3.1.app/Contents/Developer/Platforms/AppleTVOS.platform/Developer/Library/Frameworks -F /Applications/Xcode-14.3.1.app/Contents/Developer/Platforms/AppleTVOS.platform/Developer/SDKs/AppleTVOS16.4.sdk/Developer/Library/Frameworks -no-color-diagnostics -enable-testing -g -module-cache-path /Users/admin/builds/vMd7uqzK/0/finestructure/swiftpackageindex-builder/spi-builder-workspace/.derivedData/ModuleCache.noindex -swift-version 4 -enforce-exclusivity\=checked -Onone -D SWIFT_PACKAGE -D DEBUG -D Xcode -serialize-debugging-options -empty-abi-descriptor -Xcc -working-directory -Xcc /Users/admin/builds/vMd7uqzK/0/finestructure/swiftpackageindex-builder/spi-builder-workspace -resource-dir /Applications/Xcode-14.3.1.app/Contents/Developer/Toolchains/XcodeDefault.xctoolchain/usr/lib/swift -enable-anonymous-context-mangled-names -Xcc -ivfsstatcache -Xcc /Users/admin/builds/vMd7uqzK/0/finestructure/swiftpackageindex-builder/spi-builder-workspace/.derivedData/SDKStatCaches.noindex/appletvos16.4-20L489-.sdkstatcache -Xcc -I/Users/admin/builds/vMd7uqzK/0/finestructure/swiftpackageindex-builder/spi-builder-workspace/.derivedData/Build/Products/Debug-appletvos/include -Xcc -I/Users/admin/builds/vMd7uqzK/0/finestructure/swiftpackageindex-builder/spi-builder-workspace/.derivedData/Build/Intermediates.noindex/PredictionBuilder.build/Debug-appletvos/PredictionBuilderTests.build/DerivedSources-normal/arm64 -Xcc -I/Users/admin/builds/vMd7uqzK/0/finestructure/swiftpackageindex-builder/spi-builder-workspace/.derivedData/Build/Intermediates.noindex/PredictionBuilder.build/Debug-appletvos/PredictionBuilderTests.build/DerivedSources/arm64 -Xcc -I/Users/admin/builds/vMd7uqzK/0/finestructure/swiftpackageindex-builder/spi-builder-workspace/.derivedData/Build/Intermediates.noindex/PredictionBuilder.build/Debug-appletvos/PredictionBuilderTests.build/DerivedSources -Xcc -DSWIFT_PACKAGE -Xcc -DDEBUG\=1 -module-name PredictionBuilderTests -frontend-parseable-output -disable-clang-spi -target-sdk-version 16.4 -target-sdk-name appletvos16.4 -o /Users/admin/builds/vMd7uqzK/0/finestructure/swiftpackageindex-builder/spi-builder-workspace/.derivedData/Build/Intermediates.noindex/PredictionBuilder.build/Debug-appletvos/PredictionBuilderTests.build/Objects-normal/arm64/PredictionBuilderTests.o -index-unit-output-path /PredictionBuilder.build/Debug-appletvos/PredictionBuilderTests.build/Objects-normal/arm64/PredictionBuilderTests.o -index-store-path /Users/admin/builds/vMd7uqzK/0/finestructure/swiftpackageindex-builder/spi-builder-workspace/.derivedData/Index.noindex/DataStore -index-system-modules
SwiftDriverJobDiscovery normal arm64 Compiling PredictionBuilder.swift (in target 'PredictionBuilder' from project 'PredictionBuilder')
SwiftDriver\ Compilation PredictionBuilder normal arm64 com.apple.xcode.tools.swift.compiler (in target 'PredictionBuilder' from project 'PredictionBuilder')
    cd /Users/admin/builds/vMd7uqzK/0/finestructure/swiftpackageindex-builder/spi-builder-workspace
    builtin-Swift-Compilation -- /Applications/Xcode-14.3.1.app/Contents/Developer/Toolchains/XcodeDefault.xctoolchain/usr/bin/swiftc -module-name PredictionBuilder -Onone -enforce-exclusivity\=checked @/Users/admin/builds/vMd7uqzK/0/finestructure/swiftpackageindex-builder/spi-builder-workspace/.derivedData/Build/Intermediates.noindex/PredictionBuilder.build/Debug-appletvos/PredictionBuilder.build/Objects-normal/arm64/PredictionBuilder.SwiftFileList -DSWIFT_PACKAGE -DDEBUG -DXcode -sdk /Applications/Xcode-14.3.1.app/Contents/Developer/Platforms/AppleTVOS.platform/Developer/SDKs/AppleTVOS16.4.sdk -target arm64-apple-tvos11.0 -g -module-cache-path /Users/admin/builds/vMd7uqzK/0/finestructure/swiftpackageindex-builder/spi-builder-workspace/.derivedData/ModuleCache.noindex -Xfrontend -serialize-debugging-options -enable-testing -index-store-path /Users/admin/builds/vMd7uqzK/0/finestructure/swiftpackageindex-builder/spi-builder-workspace/.derivedData/Index.noindex/DataStore -swift-version 4 -I /Users/admin/builds/vMd7uqzK/0/finestructure/swiftpackageindex-builder/spi-builder-workspace/.derivedData/Build/Products/Debug-appletvos -I /Applications/Xcode-14.3.1.app/Contents/Developer/Platforms/AppleTVOS.platform/Developer/usr/lib -F /Users/admin/builds/vMd7uqzK/0/finestructure/swiftpackageindex-builder/spi-builder-workspace/.derivedData/Build/Products/Debug-appletvos -F /Applications/Xcode-14.3.1.app/Contents/Developer/Platforms/AppleTVOS.platform/Developer/Library/Frameworks -F /Applications/Xcode-14.3.1.app/Contents/Developer/Platforms/AppleTVOS.platform/Developer/SDKs/AppleTVOS16.4.sdk/Developer/Library/Frameworks -parse-as-library -c -j4 -enable-batch-mode -incremental -Xcc -ivfsstatcache -Xcc /Users/admin/builds/vMd7uqzK/0/finestructure/swiftpackageindex-builder/spi-builder-workspace/.derivedData/SDKStatCaches.noindex/appletvos16.4-20L489-.sdkstatcache -output-file-map /Users/admin/builds/vMd7uqzK/0/finestructure/swiftpackageindex-builder/spi-builder-workspace/.derivedData/Build/Intermediates.noindex/PredictionBuilder.build/Debug-appletvos/PredictionBuilder.build/Objects-normal/arm64/PredictionBuilder-OutputFileMap.json -use-frontend-parseable-output -save-temps -no-color-diagnostics -serialize-diagnostics -emit-dependencies -emit-module -emit-module-path /Users/admin/builds/vMd7uqzK/0/finestructure/swiftpackageindex-builder/spi-builder-workspace/.derivedData/Build/Intermediates.noindex/PredictionBuilder.build/Debug-appletvos/PredictionBuilder.build/Objects-normal/arm64/PredictionBuilder.swiftmodule -Xcc -I/Users/admin/builds/vMd7uqzK/0/finestructure/swiftpackageindex-builder/spi-builder-workspace/.derivedData/Build/Intermediates.noindex/PredictionBuilder.build/Debug-appletvos/PredictionBuilder.build/swift-overrides.hmap -Xcc -I/Users/admin/builds/vMd7uqzK/0/finestructure/swiftpackageindex-builder/spi-builder-workspace/.derivedData/Build/Products/Debug-appletvos/include -Xcc -I/Users/admin/builds/vMd7uqzK/0/finestructure/swiftpackageindex-builder/spi-builder-workspace/.derivedData/Build/Intermediates.noindex/PredictionBuilder.build/Debug-appletvos/PredictionBuilder.build/DerivedSources-normal/arm64 -Xcc -I/Users/admin/builds/vMd7uqzK/0/finestructure/swiftpackageindex-builder/spi-builder-workspace/.derivedData/Build/Intermediates.noindex/PredictionBuilder.build/Debug-appletvos/PredictionBuilder.build/DerivedSources/arm64 -Xcc -I/Users/admin/builds/vMd7uqzK/0/finestructure/swiftpackageindex-builder/spi-builder-workspace/.derivedData/Build/Intermediates.noindex/PredictionBuilder.build/Debug-appletvos/PredictionBuilder.build/DerivedSources -Xcc -DSWIFT_PACKAGE -Xcc -DDEBUG\=1 -emit-objc-header -emit-objc-header-path /Users/admin/builds/vMd7uqzK/0/finestructure/swiftpackageindex-builder/spi-builder-workspace/.derivedData/Build/Intermediates.noindex/PredictionBuilder.build/Debug-appletvos/PredictionBuilder.build/Objects-normal/arm64/PredictionBuilder-Swift.h -working-directory /Users/admin/builds/vMd7uqzK/0/finestructure/swiftpackageindex-builder/spi-builder-workspace -experimental-emit-module-separately -disable-cmo
Ld /Users/admin/builds/vMd7uqzK/0/finestructure/swiftpackageindex-builder/spi-builder-workspace/.derivedData/Build/Products/Debug-appletvos/PredictionBuilder.o normal (in target 'PredictionBuilder' from project 'PredictionBuilder')
    cd /Users/admin/builds/vMd7uqzK/0/finestructure/swiftpackageindex-builder/spi-builder-workspace
    /Applications/Xcode-14.3.1.app/Contents/Developer/Toolchains/XcodeDefault.xctoolchain/usr/bin/clang -Xlinker -reproducible -target arm64-apple-tvos11.0 -r -isysroot /Applications/Xcode-14.3.1.app/Contents/Developer/Platforms/AppleTVOS.platform/Developer/SDKs/AppleTVOS16.4.sdk -L/Users/admin/builds/vMd7uqzK/0/finestructure/swiftpackageindex-builder/spi-builder-workspace/.derivedData/Build/Intermediates.noindex/EagerLinkingTBDs/Debug-appletvos -L/Users/admin/builds/vMd7uqzK/0/finestructure/swiftpackageindex-builder/spi-builder-workspace/.derivedData/Build/Products/Debug-appletvos -L/Applications/Xcode-14.3.1.app/Contents/Developer/Platforms/AppleTVOS.platform/Developer/usr/lib -F/Users/admin/builds/vMd7uqzK/0/finestructure/swiftpackageindex-builder/spi-builder-workspace/.derivedData/Build/Intermediates.noindex/EagerLinkingTBDs/Debug-appletvos -F/Users/admin/builds/vMd7uqzK/0/finestructure/swiftpackageindex-builder/spi-builder-workspace/.derivedData/Build/Products/Debug-appletvos -F/Applications/Xcode-14.3.1.app/Contents/Developer/Platforms/AppleTVOS.platform/Developer/Library/Frameworks -iframework /Applications/Xcode-14.3.1.app/Contents/Developer/Platforms/AppleTVOS.platform/Developer/Library/Frameworks -iframework /Applications/Xcode-14.3.1.app/Contents/Developer/Platforms/AppleTVOS.platform/Developer/SDKs/AppleTVOS16.4.sdk/Developer/Library/Frameworks -filelist /Users/admin/builds/vMd7uqzK/0/finestructure/swiftpackageindex-builder/spi-builder-workspace/.derivedData/Build/Intermediates.noindex/PredictionBuilder.build/Debug-appletvos/PredictionBuilder.build/Objects-normal/arm64/PredictionBuilder.LinkFileList -nostdlib -Xlinker -object_path_lto -Xlinker /Users/admin/builds/vMd7uqzK/0/finestructure/swiftpackageindex-builder/spi-builder-workspace/.derivedData/Build/Intermediates.noindex/PredictionBuilder.build/Debug-appletvos/PredictionBuilder.build/Objects-normal/arm64/PredictionBuilder_lto.o -Xlinker -export_dynamic -Xlinker -no_deduplicate -fobjc-link-runtime -L/Applications/Xcode-14.3.1.app/Contents/Developer/Toolchains/XcodeDefault.xctoolchain/usr/lib/swift/appletvos -L/usr/lib/swift -Xlinker -add_ast_path -Xlinker /Users/admin/builds/vMd7uqzK/0/finestructure/swiftpackageindex-builder/spi-builder-workspace/.derivedData/Build/Intermediates.noindex/PredictionBuilder.build/Debug-appletvos/PredictionBuilder.build/Objects-normal/arm64/PredictionBuilder.swiftmodule -Xlinker -dependency_info -Xlinker /Users/admin/builds/vMd7uqzK/0/finestructure/swiftpackageindex-builder/spi-builder-workspace/.derivedData/Build/Intermediates.noindex/PredictionBuilder.build/Debug-appletvos/PredictionBuilder.build/Objects-normal/arm64/PredictionBuilder_dependency_info.dat -o /Users/admin/builds/vMd7uqzK/0/finestructure/swiftpackageindex-builder/spi-builder-workspace/.derivedData/Build/Products/Debug-appletvos/PredictionBuilder.o
RegisterExecutionPolicyException /Users/admin/builds/vMd7uqzK/0/finestructure/swiftpackageindex-builder/spi-builder-workspace/.derivedData/Build/Products/Debug-appletvos/PredictionBuilder.o (in target 'PredictionBuilder' from project 'PredictionBuilder')
    cd /Users/admin/builds/vMd7uqzK/0/finestructure/swiftpackageindex-builder/spi-builder-workspace
    builtin-RegisterExecutionPolicyException /Users/admin/builds/vMd7uqzK/0/finestructure/swiftpackageindex-builder/spi-builder-workspace/.derivedData/Build/Products/Debug-appletvos/PredictionBuilder.o
WriteAuxiliaryFile /Users/admin/builds/vMd7uqzK/0/finestructure/swiftpackageindex-builder/spi-builder-workspace/.derivedData/Build/Intermediates.noindex/PredictionBuilder.build/Debug-appletvos/PredictionBuilderTests.build/empty-PredictionBuilderTests.plist (in target 'PredictionBuilderTests' from project 'PredictionBuilder')
    cd /Users/admin/builds/vMd7uqzK/0/finestructure/swiftpackageindex-builder/spi-builder-workspace
    write-file /Users/admin/builds/vMd7uqzK/0/finestructure/swiftpackageindex-builder/spi-builder-workspace/.derivedData/Build/Intermediates.noindex/PredictionBuilder.build/Debug-appletvos/PredictionBuilderTests.build/empty-PredictionBuilderTests.plist
WriteAuxiliaryFile /Users/admin/builds/vMd7uqzK/0/finestructure/swiftpackageindex-builder/spi-builder-workspace/.derivedData/Build/Intermediates.noindex/PredictionBuilder.build/Debug-appletvos/PredictionBuilderTests.build/Objects-normal/arm64/PredictionBuilderTests.LinkFileList (in target 'PredictionBuilderTests' from project 'PredictionBuilder')
    cd /Users/admin/builds/vMd7uqzK/0/finestructure/swiftpackageindex-builder/spi-builder-workspace
    write-file /Users/admin/builds/vMd7uqzK/0/finestructure/swiftpackageindex-builder/spi-builder-workspace/.derivedData/Build/Intermediates.noindex/PredictionBuilder.build/Debug-appletvos/PredictionBuilderTests.build/Objects-normal/arm64/PredictionBuilderTests.LinkFileList
ProcessInfoPlistFile /Users/admin/builds/vMd7uqzK/0/finestructure/swiftpackageindex-builder/spi-builder-workspace/.derivedData/Build/Products/Debug-appletvos/PredictionBuilderTests.xctest/Info.plist /Users/admin/builds/vMd7uqzK/0/finestructure/swiftpackageindex-builder/spi-builder-workspace/.derivedData/Build/Intermediates.noindex/PredictionBuilder.build/Debug-appletvos/PredictionBuilderTests.build/empty-PredictionBuilderTests.plist (in target 'PredictionBuilderTests' from project 'PredictionBuilder')
    cd /Users/admin/builds/vMd7uqzK/0/finestructure/swiftpackageindex-builder/spi-builder-workspace
    builtin-infoPlistUtility /Users/admin/builds/vMd7uqzK/0/finestructure/swiftpackageindex-builder/spi-builder-workspace/.derivedData/Build/Intermediates.noindex/PredictionBuilder.build/Debug-appletvos/PredictionBuilderTests.build/empty-PredictionBuilderTests.plist -producttype com.apple.product-type.bundle.unit-test -expandbuildsettings -format binary -platform appletvos -o /Users/admin/builds/vMd7uqzK/0/finestructure/swiftpackageindex-builder/spi-builder-workspace/.derivedData/Build/Products/Debug-appletvos/PredictionBuilderTests.xctest/Info.plist
Resolve Package Graph
2024-01-21 02:36:45.462 xcodebuild[86694:21243001] DVTCoreDeviceEnabledState: DVTCoreDeviceEnabledState_Disabled set via user default (DVTEnableCoreDevice=disabled)
** BUILD FAILED **
The following build commands failed:
	SwiftCompile normal arm64 Compiling\ LinuxMain.swift /Users/admin/builds/vMd7uqzK/0/finestructure/swiftpackageindex-builder/spi-builder-workspace/Tests/LinuxMain.swift (in target 'PredictionBuilderTests' from project 'PredictionBuilder')
	SwiftCompile normal arm64 /Users/admin/builds/vMd7uqzK/0/finestructure/swiftpackageindex-builder/spi-builder-workspace/Tests/LinuxMain.swift (in target 'PredictionBuilderTests' from project 'PredictionBuilder')
(2 failures)
Command line invocation:
    /Applications/Xcode-14.3.1.app/Contents/Developer/usr/bin/xcodebuild -IDEClonedSourcePackagesDirPathOverride=/Users/admin/builds/vMd7uqzK/0/finestructure/swiftpackageindex-builder/spi-builder-workspace/.dependencies -skipPackagePluginValidation -derivedDataPath /Users/admin/builds/vMd7uqzK/0/finestructure/swiftpackageindex-builder/spi-builder-workspace/.derivedData build -scheme PredictionBuilder -destination generic/platform=tvos
User defaults from command line:
    IDEClonedSourcePackagesDirPathOverride = /Users/admin/builds/vMd7uqzK/0/finestructure/swiftpackageindex-builder/spi-builder-workspace/.dependencies
    IDEDerivedDataPathOverride = /Users/admin/builds/vMd7uqzK/0/finestructure/swiftpackageindex-builder/spi-builder-workspace/.derivedData
    IDEPackageSupportUseBuiltinSCM = YES
Resolve Package Graph
Resolved source packages:
  PredictionBuilder: /Users/admin/builds/vMd7uqzK/0/finestructure/swiftpackageindex-builder/spi-builder-workspace
Prepare packages
Computing target dependency graph and provisioning inputs
Create build description
note: Building targets in dependency order
ClangStatCache /Applications/Xcode-14.3.1.app/Contents/Developer/Toolchains/XcodeDefault.xctoolchain/usr/bin/clang-stat-cache /Applications/Xcode-14.3.1.app/Contents/Developer/Platforms/AppleTVOS.platform/Developer/SDKs/AppleTVOS16.4.sdk /Users/admin/builds/vMd7uqzK/0/finestructure/swiftpackageindex-builder/spi-builder-workspace/.derivedData/SDKStatCaches.noindex/appletvos16.4-20L489-.sdkstatcache
    cd /Users/admin/builds/vMd7uqzK/0/finestructure/swiftpackageindex-builder/spi-builder-workspace/.swiftpm/xcode
    /Applications/Xcode-14.3.1.app/Contents/Developer/Toolchains/XcodeDefault.xctoolchain/usr/bin/clang-stat-cache /Applications/Xcode-14.3.1.app/Contents/Developer/Platforms/AppleTVOS.platform/Developer/SDKs/AppleTVOS16.4.sdk -o /Users/admin/builds/vMd7uqzK/0/finestructure/swiftpackageindex-builder/spi-builder-workspace/.derivedData/SDKStatCaches.noindex/appletvos16.4-20L489-.sdkstatcache
SwiftDriver PredictionBuilderTests normal arm64 com.apple.xcode.tools.swift.compiler (in target 'PredictionBuilderTests' from project 'PredictionBuilder')
    cd /Users/admin/builds/vMd7uqzK/0/finestructure/swiftpackageindex-builder/spi-builder-workspace
    builtin-SwiftDriver -- /Applications/Xcode-14.3.1.app/Contents/Developer/Toolchains/XcodeDefault.xctoolchain/usr/bin/swiftc -module-name PredictionBuilderTests -Onone -enforce-exclusivity\=checked @/Users/admin/builds/vMd7uqzK/0/finestructure/swiftpackageindex-builder/spi-builder-workspace/.derivedData/Build/Intermediates.noindex/PredictionBuilder.build/Debug-appletvos/PredictionBuilderTests.build/Objects-normal/arm64/PredictionBuilderTests.SwiftFileList -DSWIFT_PACKAGE -DDEBUG -DXcode -sdk /Applications/Xcode-14.3.1.app/Contents/Developer/Platforms/AppleTVOS.platform/Developer/SDKs/AppleTVOS16.4.sdk -target arm64-apple-tvos11.0 -g -module-cache-path /Users/admin/builds/vMd7uqzK/0/finestructure/swiftpackageindex-builder/spi-builder-workspace/.derivedData/ModuleCache.noindex -Xfrontend -serialize-debugging-options -enable-testing -index-store-path /Users/admin/builds/vMd7uqzK/0/finestructure/swiftpackageindex-builder/spi-builder-workspace/.derivedData/Index.noindex/DataStore -swift-version 4 -I /Users/admin/builds/vMd7uqzK/0/finestructure/swiftpackageindex-builder/spi-builder-workspace/.derivedData/Build/Products/Debug-appletvos -I /Applications/Xcode-14.3.1.app/Contents/Developer/Platforms/AppleTVOS.platform/Developer/usr/lib -F /Users/admin/builds/vMd7uqzK/0/finestructure/swiftpackageindex-builder/spi-builder-workspace/.derivedData/Build/Products/Debug-appletvos/PackageFrameworks -F /Users/admin/builds/vMd7uqzK/0/finestructure/swiftpackageindex-builder/spi-builder-workspace/.derivedData/Build/Products/Debug-appletvos -F /Applications/Xcode-14.3.1.app/Contents/Developer/Platforms/AppleTVOS.platform/Developer/Library/Frameworks -F /Applications/Xcode-14.3.1.app/Contents/Developer/Platforms/AppleTVOS.platform/Developer/SDKs/AppleTVOS16.4.sdk/Developer/Library/Frameworks -c -j4 -enable-batch-mode -incremental -Xcc -ivfsstatcache -Xcc /Users/admin/builds/vMd7uqzK/0/finestructure/swiftpackageindex-builder/spi-builder-workspace/.derivedData/SDKStatCaches.noindex/appletvos16.4-20L489-.sdkstatcache -output-file-map /Users/admin/builds/vMd7uqzK/0/finestructure/swiftpackageindex-builder/spi-builder-workspace/.derivedData/Build/Intermediates.noindex/PredictionBuilder.build/Debug-appletvos/PredictionBuilderTests.build/Objects-normal/arm64/PredictionBuilderTests-OutputFileMap.json -use-frontend-parseable-output -save-temps -no-color-diagnostics -serialize-diagnostics -emit-dependencies -emit-module -emit-module-path /Users/admin/builds/vMd7uqzK/0/finestructure/swiftpackageindex-builder/spi-builder-workspace/.derivedData/Build/Intermediates.noindex/PredictionBuilder.build/Debug-appletvos/PredictionBuilderTests.build/Objects-normal/arm64/PredictionBuilderTests.swiftmodule -Xcc -I/Users/admin/builds/vMd7uqzK/0/finestructure/swiftpackageindex-builder/spi-builder-workspace/.derivedData/Build/Products/Debug-appletvos/include -Xcc -I/Users/admin/builds/vMd7uqzK/0/finestructure/swiftpackageindex-builder/spi-builder-workspace/.derivedData/Build/Intermediates.noindex/PredictionBuilder.build/Debug-appletvos/PredictionBuilderTests.build/DerivedSources-normal/arm64 -Xcc -I/Users/admin/builds/vMd7uqzK/0/finestructure/swiftpackageindex-builder/spi-builder-workspace/.derivedData/Build/Intermediates.noindex/PredictionBuilder.build/Debug-appletvos/PredictionBuilderTests.build/DerivedSources/arm64 -Xcc -I/Users/admin/builds/vMd7uqzK/0/finestructure/swiftpackageindex-builder/spi-builder-workspace/.derivedData/Build/Intermediates.noindex/PredictionBuilder.build/Debug-appletvos/PredictionBuilderTests.build/DerivedSources -Xcc -DSWIFT_PACKAGE -Xcc -DDEBUG\=1 -working-directory /Users/admin/builds/vMd7uqzK/0/finestructure/swiftpackageindex-builder/spi-builder-workspace -experimental-emit-module-separately -disable-cmo
SwiftEmitModule normal arm64 Emitting\ module\ for\ PredictionBuilderTests (in target 'PredictionBuilderTests' from project 'PredictionBuilder')
    cd /Users/admin/builds/vMd7uqzK/0/finestructure/swiftpackageindex-builder/spi-builder-workspace
    builtin-swiftTaskExecution -- /Applications/Xcode-14.3.1.app/Contents/Developer/Toolchains/XcodeDefault.xctoolchain/usr/bin/swift-frontend -frontend -emit-module -experimental-skip-non-inlinable-function-bodies-without-types /Users/admin/builds/vMd7uqzK/0/finestructure/swiftpackageindex-builder/spi-builder-workspace/Tests/LinuxMain.swift /Users/admin/builds/vMd7uqzK/0/finestructure/swiftpackageindex-builder/spi-builder-workspace/Tests/PredictionBuilderTests/PredictionBuilderTests.swift -target arm64-apple-tvos11.0 -Xllvm -aarch64-use-tbi -enable-objc-interop -sdk /Applications/Xcode-14.3.1.app/Contents/Developer/Platforms/AppleTVOS.platform/Developer/SDKs/AppleTVOS16.4.sdk -I /Users/admin/builds/vMd7uqzK/0/finestructure/swiftpackageindex-builder/spi-builder-workspace/.derivedData/Build/Products/Debug-appletvos -I /Applications/Xcode-14.3.1.app/Contents/Developer/Platforms/AppleTVOS.platform/Developer/usr/lib -F /Users/admin/builds/vMd7uqzK/0/finestructure/swiftpackageindex-builder/spi-builder-workspace/.derivedData/Build/Products/Debug-appletvos/PackageFrameworks -F /Users/admin/builds/vMd7uqzK/0/finestructure/swiftpackageindex-builder/spi-builder-workspace/.derivedData/Build/Products/Debug-appletvos -F /Applications/Xcode-14.3.1.app/Contents/Developer/Platforms/AppleTVOS.platform/Developer/Library/Frameworks -F /Applications/Xcode-14.3.1.app/Contents/Developer/Platforms/AppleTVOS.platform/Developer/SDKs/AppleTVOS16.4.sdk/Developer/Library/Frameworks -no-color-diagnostics -enable-testing -g -module-cache-path /Users/admin/builds/vMd7uqzK/0/finestructure/swiftpackageindex-builder/spi-builder-workspace/.derivedData/ModuleCache.noindex -swift-version 4 -enforce-exclusivity\=checked -Onone -D SWIFT_PACKAGE -D DEBUG -D Xcode -serialize-debugging-options -empty-abi-descriptor -Xcc -working-directory -Xcc /Users/admin/builds/vMd7uqzK/0/finestructure/swiftpackageindex-builder/spi-builder-workspace -resource-dir /Applications/Xcode-14.3.1.app/Contents/Developer/Toolchains/XcodeDefault.xctoolchain/usr/lib/swift -enable-anonymous-context-mangled-names -Xcc -ivfsstatcache -Xcc /Users/admin/builds/vMd7uqzK/0/finestructure/swiftpackageindex-builder/spi-builder-workspace/.derivedData/SDKStatCaches.noindex/appletvos16.4-20L489-.sdkstatcache -Xcc -I/Users/admin/builds/vMd7uqzK/0/finestructure/swiftpackageindex-builder/spi-builder-workspace/.derivedData/Build/Products/Debug-appletvos/include -Xcc -I/Users/admin/builds/vMd7uqzK/0/finestructure/swiftpackageindex-builder/spi-builder-workspace/.derivedData/Build/Intermediates.noindex/PredictionBuilder.build/Debug-appletvos/PredictionBuilderTests.build/DerivedSources-normal/arm64 -Xcc -I/Users/admin/builds/vMd7uqzK/0/finestructure/swiftpackageindex-builder/spi-builder-workspace/.derivedData/Build/Intermediates.noindex/PredictionBuilder.build/Debug-appletvos/PredictionBuilderTests.build/DerivedSources/arm64 -Xcc -I/Users/admin/builds/vMd7uqzK/0/finestructure/swiftpackageindex-builder/spi-builder-workspace/.derivedData/Build/Intermediates.noindex/PredictionBuilder.build/Debug-appletvos/PredictionBuilderTests.build/DerivedSources -Xcc -DSWIFT_PACKAGE -Xcc -DDEBUG\=1 -module-name PredictionBuilderTests -disable-clang-spi -target-sdk-version 16.4 -target-sdk-name appletvos16.4 -emit-module-doc-path /Users/admin/builds/vMd7uqzK/0/finestructure/swiftpackageindex-builder/spi-builder-workspace/.derivedData/Build/Intermediates.noindex/PredictionBuilder.build/Debug-appletvos/PredictionBuilderTests.build/Objects-normal/arm64/PredictionBuilderTests.swiftdoc -emit-module-source-info-path /Users/admin/builds/vMd7uqzK/0/finestructure/swiftpackageindex-builder/spi-builder-workspace/.derivedData/Build/Intermediates.noindex/PredictionBuilder.build/Debug-appletvos/PredictionBuilderTests.build/Objects-normal/arm64/PredictionBuilderTests.swiftsourceinfo -serialize-diagnostics-path /Users/admin/builds/vMd7uqzK/0/finestructure/swiftpackageindex-builder/spi-builder-workspace/.derivedData/Build/Intermediates.noindex/PredictionBuilder.build/Debug-appletvos/PredictionBuilderTests.build/Objects-normal/arm64/PredictionBuilderTests-master-emit-module.dia -emit-dependencies-path /Users/admin/builds/vMd7uqzK/0/finestructure/swiftpackageindex-builder/spi-builder-workspace/.derivedData/Build/Intermediates.noindex/PredictionBuilder.build/Debug-appletvos/PredictionBuilderTests.build/Objects-normal/arm64/PredictionBuilderTests-master-emit-module.d -o /Users/admin/builds/vMd7uqzK/0/finestructure/swiftpackageindex-builder/spi-builder-workspace/.derivedData/Build/Intermediates.noindex/PredictionBuilder.build/Debug-appletvos/PredictionBuilderTests.build/Objects-normal/arm64/PredictionBuilderTests.swiftmodule -emit-abi-descriptor-path /Users/admin/builds/vMd7uqzK/0/finestructure/swiftpackageindex-builder/spi-builder-workspace/.derivedData/Build/Intermediates.noindex/PredictionBuilder.build/Debug-appletvos/PredictionBuilderTests.build/Objects-normal/arm64/PredictionBuilderTests.abi.json
/Users/admin/builds/vMd7uqzK/0/finestructure/swiftpackageindex-builder/spi-builder-workspace/Tests/LinuxMain.swift:4:1: error: expressions are not allowed at the top level
XCTMain([
^
/Users/admin/builds/vMd7uqzK/0/finestructure/swiftpackageindex-builder/spi-builder-workspace/Tests/LinuxMain.swift:2:18: warning: file 'LinuxMain.swift' is part of module 'PredictionBuilderTests'; ignoring import
@testable import PredictionBuilderTests
                 ^
/Users/admin/builds/vMd7uqzK/0/finestructure/swiftpackageindex-builder/spi-builder-workspace/Tests/LinuxMain.swift:4:1: error: cannot find 'XCTMain' in scope
XCTMain([
^~~~~~~
/Users/admin/builds/vMd7uqzK/0/finestructure/swiftpackageindex-builder/spi-builder-workspace/Tests/LinuxMain.swift:5:5: error: cannot find 'testCase' in scope
    testCase(PredictionBuilderTests.allTests),
    ^~~~~~~~
/Users/admin/builds/vMd7uqzK/0/finestructure/swiftpackageindex-builder/spi-builder-workspace/Tests/LinuxMain.swift:5:37: error: type 'PredictionBuilderTests' has no member 'allTests'
    testCase(PredictionBuilderTests.allTests),
             ~~~~~~~~~~~~~~~~~~~~~~ ^~~~~~~~
SwiftCompile normal arm64 Compiling\ LinuxMain.swift /Users/admin/builds/vMd7uqzK/0/finestructure/swiftpackageindex-builder/spi-builder-workspace/Tests/LinuxMain.swift (in target 'PredictionBuilderTests' from project 'PredictionBuilder')
    cd /Users/admin/builds/vMd7uqzK/0/finestructure/swiftpackageindex-builder/spi-builder-workspace
    builtin-swiftTaskExecution -- /Applications/Xcode-14.3.1.app/Contents/Developer/Toolchains/XcodeDefault.xctoolchain/usr/bin/swift-frontend -frontend -c -primary-file /Users/admin/builds/vMd7uqzK/0/finestructure/swiftpackageindex-builder/spi-builder-workspace/Tests/LinuxMain.swift /Users/admin/builds/vMd7uqzK/0/finestructure/swiftpackageindex-builder/spi-builder-workspace/Tests/PredictionBuilderTests/PredictionBuilderTests.swift -emit-dependencies-path /Users/admin/builds/vMd7uqzK/0/finestructure/swiftpackageindex-builder/spi-builder-workspace/.derivedData/Build/Intermediates.noindex/PredictionBuilder.build/Debug-appletvos/PredictionBuilderTests.build/Objects-normal/arm64/LinuxMain.d -emit-reference-dependencies-path /Users/admin/builds/vMd7uqzK/0/finestructure/swiftpackageindex-builder/spi-builder-workspace/.derivedData/Build/Intermediates.noindex/PredictionBuilder.build/Debug-appletvos/PredictionBuilderTests.build/Objects-normal/arm64/LinuxMain.swiftdeps -serialize-diagnostics-path /Users/admin/builds/vMd7uqzK/0/finestructure/swiftpackageindex-builder/spi-builder-workspace/.derivedData/Build/Intermediates.noindex/PredictionBuilder.build/Debug-appletvos/PredictionBuilderTests.build/Objects-normal/arm64/LinuxMain.dia -target arm64-apple-tvos11.0 -Xllvm -aarch64-use-tbi -enable-objc-interop -sdk /Applications/Xcode-14.3.1.app/Contents/Developer/Platforms/AppleTVOS.platform/Developer/SDKs/AppleTVOS16.4.sdk -I /Users/admin/builds/vMd7uqzK/0/finestructure/swiftpackageindex-builder/spi-builder-workspace/.derivedData/Build/Products/Debug-appletvos -I /Applications/Xcode-14.3.1.app/Contents/Developer/Platforms/AppleTVOS.platform/Developer/usr/lib -F /Users/admin/builds/vMd7uqzK/0/finestructure/swiftpackageindex-builder/spi-builder-workspace/.derivedData/Build/Products/Debug-appletvos/PackageFrameworks -F /Users/admin/builds/vMd7uqzK/0/finestructure/swiftpackageindex-builder/spi-builder-workspace/.derivedData/Build/Products/Debug-appletvos -F /Applications/Xcode-14.3.1.app/Contents/Developer/Platforms/AppleTVOS.platform/Developer/Library/Frameworks -F /Applications/Xcode-14.3.1.app/Contents/Developer/Platforms/AppleTVOS.platform/Developer/SDKs/AppleTVOS16.4.sdk/Developer/Library/Frameworks -no-color-diagnostics -enable-testing -g -module-cache-path /Users/admin/builds/vMd7uqzK/0/finestructure/swiftpackageindex-builder/spi-builder-workspace/.derivedData/ModuleCache.noindex -swift-version 4 -enforce-exclusivity\=checked -Onone -D SWIFT_PACKAGE -D DEBUG -D Xcode -serialize-debugging-options -empty-abi-descriptor -Xcc -working-directory -Xcc /Users/admin/builds/vMd7uqzK/0/finestructure/swiftpackageindex-builder/spi-builder-workspace -resource-dir /Applications/Xcode-14.3.1.app/Contents/Developer/Toolchains/XcodeDefault.xctoolchain/usr/lib/swift -enable-anonymous-context-mangled-names -Xcc -ivfsstatcache -Xcc /Users/admin/builds/vMd7uqzK/0/finestructure/swiftpackageindex-builder/spi-builder-workspace/.derivedData/SDKStatCaches.noindex/appletvos16.4-20L489-.sdkstatcache -Xcc -I/Users/admin/builds/vMd7uqzK/0/finestructure/swiftpackageindex-builder/spi-builder-workspace/.derivedData/Build/Products/Debug-appletvos/include -Xcc -I/Users/admin/builds/vMd7uqzK/0/finestructure/swiftpackageindex-builder/spi-builder-workspace/.derivedData/Build/Intermediates.noindex/PredictionBuilder.build/Debug-appletvos/PredictionBuilderTests.build/DerivedSources-normal/arm64 -Xcc -I/Users/admin/builds/vMd7uqzK/0/finestructure/swiftpackageindex-builder/spi-builder-workspace/.derivedData/Build/Intermediates.noindex/PredictionBuilder.build/Debug-appletvos/PredictionBuilderTests.build/DerivedSources/arm64 -Xcc -I/Users/admin/builds/vMd7uqzK/0/finestructure/swiftpackageindex-builder/spi-builder-workspace/.derivedData/Build/Intermediates.noindex/PredictionBuilder.build/Debug-appletvos/PredictionBuilderTests.build/DerivedSources -Xcc -DSWIFT_PACKAGE -Xcc -DDEBUG\=1 -module-name PredictionBuilderTests -frontend-parseable-output -disable-clang-spi -target-sdk-version 16.4 -target-sdk-name appletvos16.4 -o /Users/admin/builds/vMd7uqzK/0/finestructure/swiftpackageindex-builder/spi-builder-workspace/.derivedData/Build/Intermediates.noindex/PredictionBuilder.build/Debug-appletvos/PredictionBuilderTests.build/Objects-normal/arm64/LinuxMain.o -index-unit-output-path /PredictionBuilder.build/Debug-appletvos/PredictionBuilderTests.build/Objects-normal/arm64/LinuxMain.o -index-store-path /Users/admin/builds/vMd7uqzK/0/finestructure/swiftpackageindex-builder/spi-builder-workspace/.derivedData/Index.noindex/DataStore -index-system-modules
SwiftCompile normal arm64 /Users/admin/builds/vMd7uqzK/0/finestructure/swiftpackageindex-builder/spi-builder-workspace/Tests/LinuxMain.swift (in target 'PredictionBuilderTests' from project 'PredictionBuilder')
    cd /Users/admin/builds/vMd7uqzK/0/finestructure/swiftpackageindex-builder/spi-builder-workspace
    /Applications/Xcode-14.3.1.app/Contents/Developer/Toolchains/XcodeDefault.xctoolchain/usr/bin/swift-frontend -c -primary-file /Users/admin/builds/vMd7uqzK/0/finestructure/swiftpackageindex-builder/spi-builder-workspace/Tests/LinuxMain.swift /Users/admin/builds/vMd7uqzK/0/finestructure/swiftpackageindex-builder/spi-builder-workspace/Tests/PredictionBuilderTests/PredictionBuilderTests.swift -emit-dependencies-path /Users/admin/builds/vMd7uqzK/0/finestructure/swiftpackageindex-builder/spi-builder-workspace/.derivedData/Build/Intermediates.noindex/PredictionBuilder.build/Debug-appletvos/PredictionBuilderTests.build/Objects-normal/arm64/LinuxMain.d -emit-reference-dependencies-path /Users/admin/builds/vMd7uqzK/0/finestructure/swiftpackageindex-builder/spi-builder-workspace/.derivedData/Build/Intermediates.noindex/PredictionBuilder.build/Debug-appletvos/PredictionBuilderTests.build/Objects-normal/arm64/LinuxMain.swiftdeps -serialize-diagnostics-path /Users/admin/builds/vMd7uqzK/0/finestructure/swiftpackageindex-builder/spi-builder-workspace/.derivedData/Build/Intermediates.noindex/PredictionBuilder.build/Debug-appletvos/PredictionBuilderTests.build/Objects-normal/arm64/LinuxMain.dia -target arm64-apple-tvos11.0 -Xllvm -aarch64-use-tbi -enable-objc-interop -sdk /Applications/Xcode-14.3.1.app/Contents/Developer/Platforms/AppleTVOS.platform/Developer/SDKs/AppleTVOS16.4.sdk -I /Users/admin/builds/vMd7uqzK/0/finestructure/swiftpackageindex-builder/spi-builder-workspace/.derivedData/Build/Products/Debug-appletvos -I /Applications/Xcode-14.3.1.app/Contents/Developer/Platforms/AppleTVOS.platform/Developer/usr/lib -F /Users/admin/builds/vMd7uqzK/0/finestructure/swiftpackageindex-builder/spi-builder-workspace/.derivedData/Build/Products/Debug-appletvos/PackageFrameworks -F /Users/admin/builds/vMd7uqzK/0/finestructure/swiftpackageindex-builder/spi-builder-workspace/.derivedData/Build/Products/Debug-appletvos -F /Applications/Xcode-14.3.1.app/Contents/Developer/Platforms/AppleTVOS.platform/Developer/Library/Frameworks -F /Applications/Xcode-14.3.1.app/Contents/Developer/Platforms/AppleTVOS.platform/Developer/SDKs/AppleTVOS16.4.sdk/Developer/Library/Frameworks -no-color-diagnostics -enable-testing -g -module-cache-path /Users/admin/builds/vMd7uqzK/0/finestructure/swiftpackageindex-builder/spi-builder-workspace/.derivedData/ModuleCache.noindex -swift-version 4 -enforce-exclusivity\=checked -Onone -D SWIFT_PACKAGE -D DEBUG -D Xcode -serialize-debugging-options -empty-abi-descriptor -Xcc -working-directory -Xcc /Users/admin/builds/vMd7uqzK/0/finestructure/swiftpackageindex-builder/spi-builder-workspace -resource-dir /Applications/Xcode-14.3.1.app/Contents/Developer/Toolchains/XcodeDefault.xctoolchain/usr/lib/swift -enable-anonymous-context-mangled-names -Xcc -ivfsstatcache -Xcc /Users/admin/builds/vMd7uqzK/0/finestructure/swiftpackageindex-builder/spi-builder-workspace/.derivedData/SDKStatCaches.noindex/appletvos16.4-20L489-.sdkstatcache -Xcc -I/Users/admin/builds/vMd7uqzK/0/finestructure/swiftpackageindex-builder/spi-builder-workspace/.derivedData/Build/Products/Debug-appletvos/include -Xcc -I/Users/admin/builds/vMd7uqzK/0/finestructure/swiftpackageindex-builder/spi-builder-workspace/.derivedData/Build/Intermediates.noindex/PredictionBuilder.build/Debug-appletvos/PredictionBuilderTests.build/DerivedSources-normal/arm64 -Xcc -I/Users/admin/builds/vMd7uqzK/0/finestructure/swiftpackageindex-builder/spi-builder-workspace/.derivedData/Build/Intermediates.noindex/PredictionBuilder.build/Debug-appletvos/PredictionBuilderTests.build/DerivedSources/arm64 -Xcc -I/Users/admin/builds/vMd7uqzK/0/finestructure/swiftpackageindex-builder/spi-builder-workspace/.derivedData/Build/Intermediates.noindex/PredictionBuilder.build/Debug-appletvos/PredictionBuilderTests.build/DerivedSources -Xcc -DSWIFT_PACKAGE -Xcc -DDEBUG\=1 -module-name PredictionBuilderTests -frontend-parseable-output -disable-clang-spi -target-sdk-version 16.4 -target-sdk-name appletvos16.4 -o /Users/admin/builds/vMd7uqzK/0/finestructure/swiftpackageindex-builder/spi-builder-workspace/.derivedData/Build/Intermediates.noindex/PredictionBuilder.build/Debug-appletvos/PredictionBuilderTests.build/Objects-normal/arm64/LinuxMain.o -index-unit-output-path /PredictionBuilder.build/Debug-appletvos/PredictionBuilderTests.build/Objects-normal/arm64/LinuxMain.o -index-store-path /Users/admin/builds/vMd7uqzK/0/finestructure/swiftpackageindex-builder/spi-builder-workspace/.derivedData/Index.noindex/DataStore -index-system-modules
/Users/admin/builds/vMd7uqzK/0/finestructure/swiftpackageindex-builder/spi-builder-workspace/Tests/LinuxMain.swift:4:1: error: expressions are not allowed at the top level
XCTMain([
^
/Users/admin/builds/vMd7uqzK/0/finestructure/swiftpackageindex-builder/spi-builder-workspace/Tests/LinuxMain.swift:2:18: warning: file 'LinuxMain.swift' is part of module 'PredictionBuilderTests'; ignoring import
@testable import PredictionBuilderTests
                 ^
/Users/admin/builds/vMd7uqzK/0/finestructure/swiftpackageindex-builder/spi-builder-workspace/Tests/LinuxMain.swift:4:1: error: cannot find 'XCTMain' in scope
XCTMain([
^~~~~~~
/Users/admin/builds/vMd7uqzK/0/finestructure/swiftpackageindex-builder/spi-builder-workspace/Tests/LinuxMain.swift:5:5: error: cannot find 'testCase' in scope
    testCase(PredictionBuilderTests.allTests),
    ^~~~~~~~
/Users/admin/builds/vMd7uqzK/0/finestructure/swiftpackageindex-builder/spi-builder-workspace/Tests/LinuxMain.swift:5:37: error: type 'PredictionBuilderTests' has no member 'allTests'
    testCase(PredictionBuilderTests.allTests),
             ~~~~~~~~~~~~~~~~~~~~~~ ^~~~~~~~
SwiftCompile normal arm64 Compiling\ PredictionBuilderTests.swift /Users/admin/builds/vMd7uqzK/0/finestructure/swiftpackageindex-builder/spi-builder-workspace/Tests/PredictionBuilderTests/PredictionBuilderTests.swift (in target 'PredictionBuilderTests' from project 'PredictionBuilder')
    cd /Users/admin/builds/vMd7uqzK/0/finestructure/swiftpackageindex-builder/spi-builder-workspace
    builtin-swiftTaskExecution -- /Applications/Xcode-14.3.1.app/Contents/Developer/Toolchains/XcodeDefault.xctoolchain/usr/bin/swift-frontend -frontend -c /Users/admin/builds/vMd7uqzK/0/finestructure/swiftpackageindex-builder/spi-builder-workspace/Tests/LinuxMain.swift -primary-file /Users/admin/builds/vMd7uqzK/0/finestructure/swiftpackageindex-builder/spi-builder-workspace/Tests/PredictionBuilderTests/PredictionBuilderTests.swift -emit-dependencies-path /Users/admin/builds/vMd7uqzK/0/finestructure/swiftpackageindex-builder/spi-builder-workspace/.derivedData/Build/Intermediates.noindex/PredictionBuilder.build/Debug-appletvos/PredictionBuilderTests.build/Objects-normal/arm64/PredictionBuilderTests.d -emit-reference-dependencies-path /Users/admin/builds/vMd7uqzK/0/finestructure/swiftpackageindex-builder/spi-builder-workspace/.derivedData/Build/Intermediates.noindex/PredictionBuilder.build/Debug-appletvos/PredictionBuilderTests.build/Objects-normal/arm64/PredictionBuilderTests.swiftdeps -serialize-diagnostics-path /Users/admin/builds/vMd7uqzK/0/finestructure/swiftpackageindex-builder/spi-builder-workspace/.derivedData/Build/Intermediates.noindex/PredictionBuilder.build/Debug-appletvos/PredictionBuilderTests.build/Objects-normal/arm64/PredictionBuilderTests.dia -target arm64-apple-tvos11.0 -Xllvm -aarch64-use-tbi -enable-objc-interop -sdk /Applications/Xcode-14.3.1.app/Contents/Developer/Platforms/AppleTVOS.platform/Developer/SDKs/AppleTVOS16.4.sdk -I /Users/admin/builds/vMd7uqzK/0/finestructure/swiftpackageindex-builder/spi-builder-workspace/.derivedData/Build/Products/Debug-appletvos -I /Applications/Xcode-14.3.1.app/Contents/Developer/Platforms/AppleTVOS.platform/Developer/usr/lib -F /Users/admin/builds/vMd7uqzK/0/finestructure/swiftpackageindex-builder/spi-builder-workspace/.derivedData/Build/Products/Debug-appletvos/PackageFrameworks -F /Users/admin/builds/vMd7uqzK/0/finestructure/swiftpackageindex-builder/spi-builder-workspace/.derivedData/Build/Products/Debug-appletvos -F /Applications/Xcode-14.3.1.app/Contents/Developer/Platforms/AppleTVOS.platform/Developer/Library/Frameworks -F /Applications/Xcode-14.3.1.app/Contents/Developer/Platforms/AppleTVOS.platform/Developer/SDKs/AppleTVOS16.4.sdk/Developer/Library/Frameworks -no-color-diagnostics -enable-testing -g -module-cache-path /Users/admin/builds/vMd7uqzK/0/finestructure/swiftpackageindex-builder/spi-builder-workspace/.derivedData/ModuleCache.noindex -swift-version 4 -enforce-exclusivity\=checked -Onone -D SWIFT_PACKAGE -D DEBUG -D Xcode -serialize-debugging-options -empty-abi-descriptor -Xcc -working-directory -Xcc /Users/admin/builds/vMd7uqzK/0/finestructure/swiftpackageindex-builder/spi-builder-workspace -resource-dir /Applications/Xcode-14.3.1.app/Contents/Developer/Toolchains/XcodeDefault.xctoolchain/usr/lib/swift -enable-anonymous-context-mangled-names -Xcc -ivfsstatcache -Xcc /Users/admin/builds/vMd7uqzK/0/finestructure/swiftpackageindex-builder/spi-builder-workspace/.derivedData/SDKStatCaches.noindex/appletvos16.4-20L489-.sdkstatcache -Xcc -I/Users/admin/builds/vMd7uqzK/0/finestructure/swiftpackageindex-builder/spi-builder-workspace/.derivedData/Build/Products/Debug-appletvos/include -Xcc -I/Users/admin/builds/vMd7uqzK/0/finestructure/swiftpackageindex-builder/spi-builder-workspace/.derivedData/Build/Intermediates.noindex/PredictionBuilder.build/Debug-appletvos/PredictionBuilderTests.build/DerivedSources-normal/arm64 -Xcc -I/Users/admin/builds/vMd7uqzK/0/finestructure/swiftpackageindex-builder/spi-builder-workspace/.derivedData/Build/Intermediates.noindex/PredictionBuilder.build/Debug-appletvos/PredictionBuilderTests.build/DerivedSources/arm64 -Xcc -I/Users/admin/builds/vMd7uqzK/0/finestructure/swiftpackageindex-builder/spi-builder-workspace/.derivedData/Build/Intermediates.noindex/PredictionBuilder.build/Debug-appletvos/PredictionBuilderTests.build/DerivedSources -Xcc -DSWIFT_PACKAGE -Xcc -DDEBUG\=1 -module-name PredictionBuilderTests -frontend-parseable-output -disable-clang-spi -target-sdk-version 16.4 -target-sdk-name appletvos16.4 -o /Users/admin/builds/vMd7uqzK/0/finestructure/swiftpackageindex-builder/spi-builder-workspace/.derivedData/Build/Intermediates.noindex/PredictionBuilder.build/Debug-appletvos/PredictionBuilderTests.build/Objects-normal/arm64/PredictionBuilderTests.o -index-unit-output-path /PredictionBuilder.build/Debug-appletvos/PredictionBuilderTests.build/Objects-normal/arm64/PredictionBuilderTests.o -index-store-path /Users/admin/builds/vMd7uqzK/0/finestructure/swiftpackageindex-builder/spi-builder-workspace/.derivedData/Index.noindex/DataStore -index-system-modules
SwiftCompile normal arm64 /Users/admin/builds/vMd7uqzK/0/finestructure/swiftpackageindex-builder/spi-builder-workspace/Tests/PredictionBuilderTests/PredictionBuilderTests.swift (in target 'PredictionBuilderTests' from project 'PredictionBuilder')
    cd /Users/admin/builds/vMd7uqzK/0/finestructure/swiftpackageindex-builder/spi-builder-workspace
    /Applications/Xcode-14.3.1.app/Contents/Developer/Toolchains/XcodeDefault.xctoolchain/usr/bin/swift-frontend -c /Users/admin/builds/vMd7uqzK/0/finestructure/swiftpackageindex-builder/spi-builder-workspace/Tests/LinuxMain.swift -primary-file /Users/admin/builds/vMd7uqzK/0/finestructure/swiftpackageindex-builder/spi-builder-workspace/Tests/PredictionBuilderTests/PredictionBuilderTests.swift -emit-dependencies-path /Users/admin/builds/vMd7uqzK/0/finestructure/swiftpackageindex-builder/spi-builder-workspace/.derivedData/Build/Intermediates.noindex/PredictionBuilder.build/Debug-appletvos/PredictionBuilderTests.build/Objects-normal/arm64/PredictionBuilderTests.d -emit-reference-dependencies-path /Users/admin/builds/vMd7uqzK/0/finestructure/swiftpackageindex-builder/spi-builder-workspace/.derivedData/Build/Intermediates.noindex/PredictionBuilder.build/Debug-appletvos/PredictionBuilderTests.build/Objects-normal/arm64/PredictionBuilderTests.swiftdeps -serialize-diagnostics-path /Users/admin/builds/vMd7uqzK/0/finestructure/swiftpackageindex-builder/spi-builder-workspace/.derivedData/Build/Intermediates.noindex/PredictionBuilder.build/Debug-appletvos/PredictionBuilderTests.build/Objects-normal/arm64/PredictionBuilderTests.dia -target arm64-apple-tvos11.0 -Xllvm -aarch64-use-tbi -enable-objc-interop -sdk /Applications/Xcode-14.3.1.app/Contents/Developer/Platforms/AppleTVOS.platform/Developer/SDKs/AppleTVOS16.4.sdk -I /Users/admin/builds/vMd7uqzK/0/finestructure/swiftpackageindex-builder/spi-builder-workspace/.derivedData/Build/Products/Debug-appletvos -I /Applications/Xcode-14.3.1.app/Contents/Developer/Platforms/AppleTVOS.platform/Developer/usr/lib -F /Users/admin/builds/vMd7uqzK/0/finestructure/swiftpackageindex-builder/spi-builder-workspace/.derivedData/Build/Products/Debug-appletvos/PackageFrameworks -F /Users/admin/builds/vMd7uqzK/0/finestructure/swiftpackageindex-builder/spi-builder-workspace/.derivedData/Build/Products/Debug-appletvos -F /Applications/Xcode-14.3.1.app/Contents/Developer/Platforms/AppleTVOS.platform/Developer/Library/Frameworks -F /Applications/Xcode-14.3.1.app/Contents/Developer/Platforms/AppleTVOS.platform/Developer/SDKs/AppleTVOS16.4.sdk/Developer/Library/Frameworks -no-color-diagnostics -enable-testing -g -module-cache-path /Users/admin/builds/vMd7uqzK/0/finestructure/swiftpackageindex-builder/spi-builder-workspace/.derivedData/ModuleCache.noindex -swift-version 4 -enforce-exclusivity\=checked -Onone -D SWIFT_PACKAGE -D DEBUG -D Xcode -serialize-debugging-options -empty-abi-descriptor -Xcc -working-directory -Xcc /Users/admin/builds/vMd7uqzK/0/finestructure/swiftpackageindex-builder/spi-builder-workspace -resource-dir /Applications/Xcode-14.3.1.app/Contents/Developer/Toolchains/XcodeDefault.xctoolchain/usr/lib/swift -enable-anonymous-context-mangled-names -Xcc -ivfsstatcache -Xcc /Users/admin/builds/vMd7uqzK/0/finestructure/swiftpackageindex-builder/spi-builder-workspace/.derivedData/SDKStatCaches.noindex/appletvos16.4-20L489-.sdkstatcache -Xcc -I/Users/admin/builds/vMd7uqzK/0/finestructure/swiftpackageindex-builder/spi-builder-workspace/.derivedData/Build/Products/Debug-appletvos/include -Xcc -I/Users/admin/builds/vMd7uqzK/0/finestructure/swiftpackageindex-builder/spi-builder-workspace/.derivedData/Build/Intermediates.noindex/PredictionBuilder.build/Debug-appletvos/PredictionBuilderTests.build/DerivedSources-normal/arm64 -Xcc -I/Users/admin/builds/vMd7uqzK/0/finestructure/swiftpackageindex-builder/spi-builder-workspace/.derivedData/Build/Intermediates.noindex/PredictionBuilder.build/Debug-appletvos/PredictionBuilderTests.build/DerivedSources/arm64 -Xcc -I/Users/admin/builds/vMd7uqzK/0/finestructure/swiftpackageindex-builder/spi-builder-workspace/.derivedData/Build/Intermediates.noindex/PredictionBuilder.build/Debug-appletvos/PredictionBuilderTests.build/DerivedSources -Xcc -DSWIFT_PACKAGE -Xcc -DDEBUG\=1 -module-name PredictionBuilderTests -frontend-parseable-output -disable-clang-spi -target-sdk-version 16.4 -target-sdk-name appletvos16.4 -o /Users/admin/builds/vMd7uqzK/0/finestructure/swiftpackageindex-builder/spi-builder-workspace/.derivedData/Build/Intermediates.noindex/PredictionBuilder.build/Debug-appletvos/PredictionBuilderTests.build/Objects-normal/arm64/PredictionBuilderTests.o -index-unit-output-path /PredictionBuilder.build/Debug-appletvos/PredictionBuilderTests.build/Objects-normal/arm64/PredictionBuilderTests.o -index-store-path /Users/admin/builds/vMd7uqzK/0/finestructure/swiftpackageindex-builder/spi-builder-workspace/.derivedData/Index.noindex/DataStore -index-system-modules
2024-01-21 02:36:50.537 xcodebuild[86906:21243644] DVTCoreDeviceEnabledState: DVTCoreDeviceEnabledState_Disabled set via user default (DVTEnableCoreDevice=disabled)
** BUILD FAILED **
The following build commands failed:
	SwiftEmitModule normal arm64 Emitting\ module\ for\ PredictionBuilderTests (in target 'PredictionBuilderTests' from project 'PredictionBuilder')
	SwiftCompile normal arm64 /Users/admin/builds/vMd7uqzK/0/finestructure/swiftpackageindex-builder/spi-builder-workspace/Tests/LinuxMain.swift (in target 'PredictionBuilderTests' from project 'PredictionBuilder')
	SwiftCompile normal arm64 Compiling\ LinuxMain.swift /Users/admin/builds/vMd7uqzK/0/finestructure/swiftpackageindex-builder/spi-builder-workspace/Tests/LinuxMain.swift (in target 'PredictionBuilderTests' from project 'PredictionBuilder')
(3 failures)
BUILD FAILURE 5.8 tvOS