Build Information
Failed to build swift-collections-differentiable, reference 3.0.0 (401a17), with Swift 6.2 for Wasm on 12 Aug 2026 06:39:12 UTC.
Build Command
bash -c docker run --pull=always --rm -v "checkouts-54344847-0":/host -w "$PWD" -e JAVA_HOME="/root/.sdkman/candidates/java/current" -e SPI_BUILD="1" -e SPI_PROCESSING="1" registry.gitlab.com/saguaro1/spi-images:wasm-6.2-latest swift build --swift-sdk swift-6.2-RELEASE_wasm 2>&1Build Log
========================================
RunAll
========================================
Builder version: 729ceb5fcd9493dc13ee340bc4f0908bd201f85d
Interrupt handler set up.
========================================
Checkout
========================================
Clone URL: https://github.com/differentiable-swift/swift-collections-differentiable.git
Reference: 3.0.0
Initialized empty Git repository in /host/spi-builder-workspace/.git/
hint: Using 'master' as the name for the initial branch. This default branch name
hint: is subject to change. To configure the initial branch name to use in all
hint: of your new repositories, which will suppress this warning, call:
hint:
hint: git config --global init.defaultBranch <name>
hint:
hint: Names commonly chosen instead of 'master' are 'main', 'trunk' and
hint: 'development'. The just-created branch can be renamed via this command:
hint:
hint: git branch -m <name>
From https://github.com/differentiable-swift/swift-collections-differentiable
* tag 3.0.0 -> FETCH_HEAD
HEAD is now at 401a179 chore: upgrade to swift-differentiation 3.0.0
Cloned https://github.com/differentiable-swift/swift-collections-differentiable.git
Revision (git rev-parse @):
401a17957559ac6a483715a5dfcf2c1818588046
SPI manifest file found: $PWD/.spi.yml
SUCCESS checkout https://github.com/differentiable-swift/swift-collections-differentiable.git at 3.0.0
========================================
Build
========================================
Selected platform: wasm
Swift version: 6.2
Building package at path: $PWD
https://github.com/differentiable-swift/swift-collections-differentiable.git
Running build ...
bash -c docker run --pull=always --rm -v "checkouts-54344847-0":/host -w "$PWD" -e JAVA_HOME="/root/.sdkman/candidates/java/current" -e SPI_BUILD="1" -e SPI_PROCESSING="1" registry.gitlab.com/saguaro1/spi-images:wasm-6.2-latest swift build --swift-sdk swift-6.2-RELEASE_wasm 2>&1
wasm-6.2-latest: Pulling from saguaro1/spi-images
Digest: sha256:70428a4f4110aef5b17a27427e965f31cf3855e8cf1dfdc416ed61c780337965
Status: Image is up to date for registry.gitlab.com/saguaro1/spi-images:wasm-6.2-latest
Fetching https://github.com/apple/swift-collections.git
Fetching https://github.com/differentiable-swift/swift-differentiation.git
[1/1964] Fetching swift-differentiation
[1965/28563] Fetching swift-differentiation, swift-collections
Fetched https://github.com/differentiable-swift/swift-differentiation.git from cache (1.09s)
Fetched https://github.com/apple/swift-collections.git from cache (1.09s)
Computing version for https://github.com/differentiable-swift/swift-differentiation.git
Computed https://github.com/differentiable-swift/swift-differentiation.git at 3.0.1 (1.23s)
Fetching https://github.com/differentiable-swift/swift-differentiation-stdlib.git
[1/295] Fetching swift-differentiation-stdlib
Fetched https://github.com/differentiable-swift/swift-differentiation-stdlib.git from cache (1.01s)
Computing version for https://github.com/differentiable-swift/swift-differentiation-stdlib.git
Computed https://github.com/differentiable-swift/swift-differentiation-stdlib.git at 602.0.1 (1.14s)
Computing version for https://github.com/apple/swift-collections.git
Computed https://github.com/apple/swift-collections.git at 1.6.0 (0.22s)
Creating working copy for https://github.com/apple/swift-collections.git
Working copy of https://github.com/apple/swift-collections.git resolved at 1.6.0
Creating working copy for https://github.com/differentiable-swift/swift-differentiation-stdlib.git
Working copy of https://github.com/differentiable-swift/swift-differentiation-stdlib.git resolved at 602.0.1
Creating working copy for https://github.com/differentiable-swift/swift-differentiation.git
Working copy of https://github.com/differentiable-swift/swift-differentiation.git resolved at 3.0.1
Building for debugging...
[0/13] Write sources
[12/13] Write swift-version-24593BA9C3E375BF.txt
[14/107] Compiling Differentiation InlineArray+AD.swift
/host/spi-builder-workspace/.build/checkouts/swift-differentiation/Sources/Differentiation/Array+Gather.swift:1:8: error: no such module '_Differentiation'
1 | import _Differentiation
| `- error: no such module '_Differentiation'
2 |
3 | extension Array where Element: Differentiable, Element.TangentVector == Element {
[15/107] Compiling Differentiation InlineArray+Differentiation.swift
/host/spi-builder-workspace/.build/checkouts/swift-differentiation/Sources/Differentiation/Array+Gather.swift:1:8: error: no such module '_Differentiation'
1 | import _Differentiation
| `- error: no such module '_Differentiation'
2 |
3 | extension Array where Element: Differentiable, Element.TangentVector == Element {
[16/107] Compiling Differentiation Optional+DifferentiableMap.swift
/host/spi-builder-workspace/.build/checkouts/swift-differentiation/Sources/Differentiation/Array+Gather.swift:1:8: error: no such module '_Differentiation'
1 | import _Differentiation
| `- error: no such module '_Differentiation'
2 |
3 | extension Array where Element: Differentiable, Element.TangentVector == Element {
[17/107] Compiling Differentiation Repeated+Differentiable.swift
/host/spi-builder-workspace/.build/checkouts/swift-differentiation/Sources/Differentiation/Array+Gather.swift:1:8: error: no such module '_Differentiation'
1 | import _Differentiation
| `- error: no such module '_Differentiation'
2 |
3 | extension Array where Element: Differentiable, Element.TangentVector == Element {
[18/107] Compiling Differentiation RunWithoutDerivative.swift
/host/spi-builder-workspace/.build/checkouts/swift-differentiation/Sources/Differentiation/Array+Gather.swift:1:8: error: no such module '_Differentiation'
1 | import _Differentiation
| `- error: no such module '_Differentiation'
2 |
3 | extension Array where Element: Differentiable, Element.TangentVector == Element {
[19/107] Compiling Differentiation SIMD16+DoubleSTDLibOverloads.swift
/host/spi-builder-workspace/.build/checkouts/swift-differentiation/Sources/Differentiation/Array+Gather.swift:1:8: error: no such module '_Differentiation'
1 | import _Differentiation
| `- error: no such module '_Differentiation'
2 |
3 | extension Array where Element: Differentiable, Element.TangentVector == Element {
[20/107] Compiling Differentiation SIMD16+FloatSTDLibOverloads.swift
/host/spi-builder-workspace/.build/checkouts/swift-differentiation/Sources/Differentiation/Array+Gather.swift:1:8: error: no such module '_Differentiation'
1 | import _Differentiation
| `- error: no such module '_Differentiation'
2 |
3 | extension Array where Element: Differentiable, Element.TangentVector == Element {
[21/107] Compiling Differentiation SIMD2+DoubleSTDLibOverloads.swift
/host/spi-builder-workspace/.build/checkouts/swift-differentiation/Sources/Differentiation/Array+Gather.swift:1:8: error: no such module '_Differentiation'
1 | import _Differentiation
| `- error: no such module '_Differentiation'
2 |
3 | extension Array where Element: Differentiable, Element.TangentVector == Element {
[22/107] Compiling Differentiation SIMD2+FloatSTDLibOverloads.swift
/host/spi-builder-workspace/.build/checkouts/swift-differentiation/Sources/Differentiation/Array+Gather.swift:1:8: error: no such module '_Differentiation'
1 | import _Differentiation
| `- error: no such module '_Differentiation'
2 |
3 | extension Array where Element: Differentiable, Element.TangentVector == Element {
[23/107] Compiling Differentiation SIMD3+DoubleSTDLibOverloads.swift
/host/spi-builder-workspace/.build/checkouts/swift-differentiation/Sources/Differentiation/Array+Gather.swift:1:8: error: no such module '_Differentiation'
1 | import _Differentiation
| `- error: no such module '_Differentiation'
2 |
3 | extension Array where Element: Differentiable, Element.TangentVector == Element {
[24/117] Compiling Differentiation ContiguousArrayDifferentiableView.swift
/host/spi-builder-workspace/.build/checkouts/swift-differentiation/Sources/Differentiation/Array+Gather.swift:1:8: error: no such module '_Differentiation'
1 | import _Differentiation
| `- error: no such module '_Differentiation'
2 |
3 | extension Array where Element: Differentiable, Element.TangentVector == Element {
[25/117] Compiling Differentiation ValueWithPullbackOverloads.swift
/host/spi-builder-workspace/.build/checkouts/swift-differentiation/Sources/Differentiation/Array+Gather.swift:1:8: error: no such module '_Differentiation'
1 | import _Differentiation
| `- error: no such module '_Differentiation'
2 |
3 | extension Array where Element: Differentiable, Element.TangentVector == Element {
[26/117] Compiling Differentiation ZipSequence+Arity10.swift
/host/spi-builder-workspace/.build/checkouts/swift-differentiation/Sources/Differentiation/Array+Gather.swift:1:8: error: no such module '_Differentiation'
1 | import _Differentiation
| `- error: no such module '_Differentiation'
2 |
3 | extension Array where Element: Differentiable, Element.TangentVector == Element {
[27/117] Compiling Differentiation ZipSequence+Arity11.swift
/host/spi-builder-workspace/.build/checkouts/swift-differentiation/Sources/Differentiation/Array+Gather.swift:1:8: error: no such module '_Differentiation'
1 | import _Differentiation
| `- error: no such module '_Differentiation'
2 |
3 | extension Array where Element: Differentiable, Element.TangentVector == Element {
[28/117] Compiling Differentiation ZipSequence+Arity12.swift
/host/spi-builder-workspace/.build/checkouts/swift-differentiation/Sources/Differentiation/Array+Gather.swift:1:8: error: no such module '_Differentiation'
1 | import _Differentiation
| `- error: no such module '_Differentiation'
2 |
3 | extension Array where Element: Differentiable, Element.TangentVector == Element {
[29/117] Compiling Differentiation ZipSequence+Arity13.swift
/host/spi-builder-workspace/.build/checkouts/swift-differentiation/Sources/Differentiation/Array+Gather.swift:1:8: error: no such module '_Differentiation'
1 | import _Differentiation
| `- error: no such module '_Differentiation'
2 |
3 | extension Array where Element: Differentiable, Element.TangentVector == Element {
[30/117] Compiling Differentiation ZipSequence+Arity14.swift
/host/spi-builder-workspace/.build/checkouts/swift-differentiation/Sources/Differentiation/Array+Gather.swift:1:8: error: no such module '_Differentiation'
1 | import _Differentiation
| `- error: no such module '_Differentiation'
2 |
3 | extension Array where Element: Differentiable, Element.TangentVector == Element {
[31/117] Compiling Differentiation ZipSequence+Arity2.swift
/host/spi-builder-workspace/.build/checkouts/swift-differentiation/Sources/Differentiation/Array+Gather.swift:1:8: error: no such module '_Differentiation'
1 | import _Differentiation
| `- error: no such module '_Differentiation'
2 |
3 | extension Array where Element: Differentiable, Element.TangentVector == Element {
[32/117] Compiling Differentiation ZipSequence+Arity3.swift
/host/spi-builder-workspace/.build/checkouts/swift-differentiation/Sources/Differentiation/Array+Gather.swift:1:8: error: no such module '_Differentiation'
1 | import _Differentiation
| `- error: no such module '_Differentiation'
2 |
3 | extension Array where Element: Differentiable, Element.TangentVector == Element {
[33/117] Compiling Differentiation ZipSequence+Arity4.swift
/host/spi-builder-workspace/.build/checkouts/swift-differentiation/Sources/Differentiation/Array+Gather.swift:1:8: error: no such module '_Differentiation'
1 | import _Differentiation
| `- error: no such module '_Differentiation'
2 |
3 | extension Array where Element: Differentiable, Element.TangentVector == Element {
[34/117] Compiling Differentiation ZipSequence+Arity5.swift
/host/spi-builder-workspace/.build/checkouts/swift-differentiation/Sources/Differentiation/Array+Gather.swift:1:8: error: no such module '_Differentiation'
1 | import _Differentiation
| `- error: no such module '_Differentiation'
2 |
3 | extension Array where Element: Differentiable, Element.TangentVector == Element {
[35/117] Emitting module InternalCollectionsUtilities
[36/119] Compiling InternalCollectionsUtilities _SortedCollection.swift
[37/119] Compiling InternalCollectionsUtilities _UniqueCollection.swift
[38/119] Compiling Differentiation Dictionary+Differentiation.swift
/host/spi-builder-workspace/.build/checkouts/swift-differentiation/Sources/Differentiation/Array+Gather.swift:1:8: error: no such module '_Differentiation'
1 | import _Differentiation
| `- error: no such module '_Differentiation'
2 |
3 | extension Array where Element: Differentiable, Element.TangentVector == Element {
[39/119] Compiling Differentiation DifferentiableCollection.swift
/host/spi-builder-workspace/.build/checkouts/swift-differentiation/Sources/Differentiation/Array+Gather.swift:1:8: error: no such module '_Differentiation'
1 | import _Differentiation
| `- error: no such module '_Differentiation'
2 |
3 | extension Array where Element: Differentiable, Element.TangentVector == Element {
[40/119] Compiling Differentiation Array+DifferentiableMethods.swift
/host/spi-builder-workspace/.build/checkouts/swift-differentiation/Sources/Differentiation/Array+Gather.swift:1:8: error: no such module '_Differentiation'
1 | import _Differentiation
| `- error: no such module '_Differentiation'
2 |
3 | extension Array where Element: Differentiable, Element.TangentVector == Element {
[41/119] Compiling Differentiation ArrayDifferentiableView+Collection.swift
/host/spi-builder-workspace/.build/checkouts/swift-differentiation/Sources/Differentiation/Array+Gather.swift:1:8: error: no such module '_Differentiation'
1 | import _Differentiation
| `- error: no such module '_Differentiation'
2 |
3 | extension Array where Element: Differentiable, Element.TangentVector == Element {
[42/119] Compiling Differentiation ArraySlice+Differentiable.swift
/host/spi-builder-workspace/.build/checkouts/swift-differentiation/Sources/Differentiation/Array+Gather.swift:1:8: error: no such module '_Differentiation'
1 | import _Differentiation
| `- error: no such module '_Differentiation'
2 |
3 | extension Array where Element: Differentiable, Element.TangentVector == Element {
[43/119] Compiling Differentiation ArraySlice+DifferentiableMethods.swift
/host/spi-builder-workspace/.build/checkouts/swift-differentiation/Sources/Differentiation/Array+Gather.swift:1:8: error: no such module '_Differentiation'
1 | import _Differentiation
| `- error: no such module '_Differentiation'
2 |
3 | extension Array where Element: Differentiable, Element.TangentVector == Element {
[44/119] Compiling Differentiation ArraySliceDifferentiableView+Collection.swift
/host/spi-builder-workspace/.build/checkouts/swift-differentiation/Sources/Differentiation/Array+Gather.swift:1:8: error: no such module '_Differentiation'
1 | import _Differentiation
| `- error: no such module '_Differentiation'
2 |
3 | extension Array where Element: Differentiable, Element.TangentVector == Element {
[45/119] Compiling Differentiation ArraySliceDifferentiableView.swift
/host/spi-builder-workspace/.build/checkouts/swift-differentiation/Sources/Differentiation/Array+Gather.swift:1:8: error: no such module '_Differentiation'
1 | import _Differentiation
| `- error: no such module '_Differentiation'
2 |
3 | extension Array where Element: Differentiable, Element.TangentVector == Element {
[46/119] Compiling Differentiation ContiguousArray+Differentiable.swift
/host/spi-builder-workspace/.build/checkouts/swift-differentiation/Sources/Differentiation/Array+Gather.swift:1:8: error: no such module '_Differentiation'
1 | import _Differentiation
| `- error: no such module '_Differentiation'
2 |
3 | extension Array where Element: Differentiable, Element.TangentVector == Element {
[47/119] Compiling Differentiation ContiguousArray+DifferentiableMethods.swift
/host/spi-builder-workspace/.build/checkouts/swift-differentiation/Sources/Differentiation/Array+Gather.swift:1:8: error: no such module '_Differentiation'
1 | import _Differentiation
| `- error: no such module '_Differentiation'
2 |
3 | extension Array where Element: Differentiable, Element.TangentVector == Element {
[48/119] Compiling Differentiation ContiguousArrayDifferentiableView+Collection.swift
/host/spi-builder-workspace/.build/checkouts/swift-differentiation/Sources/Differentiation/Array+Gather.swift:1:8: error: no such module '_Differentiation'
1 | import _Differentiation
| `- error: no such module '_Differentiation'
2 |
3 | extension Array where Element: Differentiable, Element.TangentVector == Element {
[49/119] Compiling Differentiation ZipWith+Arity4.swift
/host/spi-builder-workspace/.build/checkouts/swift-differentiation/Sources/Differentiation/Array+Gather.swift:1:8: error: no such module '_Differentiation'
1 | import _Differentiation
| `- error: no such module '_Differentiation'
2 |
3 | extension Array where Element: Differentiable, Element.TangentVector == Element {
[50/119] Compiling Differentiation ZipWith+Arity5.swift
/host/spi-builder-workspace/.build/checkouts/swift-differentiation/Sources/Differentiation/Array+Gather.swift:1:8: error: no such module '_Differentiation'
1 | import _Differentiation
| `- error: no such module '_Differentiation'
2 |
3 | extension Array where Element: Differentiable, Element.TangentVector == Element {
[51/119] Compiling Differentiation ZipWith+Arity6.swift
/host/spi-builder-workspace/.build/checkouts/swift-differentiation/Sources/Differentiation/Array+Gather.swift:1:8: error: no such module '_Differentiation'
1 | import _Differentiation
| `- error: no such module '_Differentiation'
2 |
3 | extension Array where Element: Differentiable, Element.TangentVector == Element {
[52/119] Compiling Differentiation ZipWith+Arity7.swift
/host/spi-builder-workspace/.build/checkouts/swift-differentiation/Sources/Differentiation/Array+Gather.swift:1:8: error: no such module '_Differentiation'
1 | import _Differentiation
| `- error: no such module '_Differentiation'
2 |
3 | extension Array where Element: Differentiable, Element.TangentVector == Element {
[53/119] Compiling Differentiation ZipWith+Arity8.swift
/host/spi-builder-workspace/.build/checkouts/swift-differentiation/Sources/Differentiation/Array+Gather.swift:1:8: error: no such module '_Differentiation'
1 | import _Differentiation
| `- error: no such module '_Differentiation'
2 |
3 | extension Array where Element: Differentiable, Element.TangentVector == Element {
[54/119] Compiling Differentiation ZipWith+Arity9.swift
/host/spi-builder-workspace/.build/checkouts/swift-differentiation/Sources/Differentiation/Array+Gather.swift:1:8: error: no such module '_Differentiation'
1 | import _Differentiation
| `- error: no such module '_Differentiation'
2 |
3 | extension Array where Element: Differentiable, Element.TangentVector == Element {
[55/119] Compiling Differentiation ZipWithInout+Arity10.swift
/host/spi-builder-workspace/.build/checkouts/swift-differentiation/Sources/Differentiation/Array+Gather.swift:1:8: error: no such module '_Differentiation'
1 | import _Differentiation
| `- error: no such module '_Differentiation'
2 |
3 | extension Array where Element: Differentiable, Element.TangentVector == Element {
[56/119] Compiling Differentiation ZipWithInout+Arity11.swift
/host/spi-builder-workspace/.build/checkouts/swift-differentiation/Sources/Differentiation/Array+Gather.swift:1:8: error: no such module '_Differentiation'
1 | import _Differentiation
| `- error: no such module '_Differentiation'
2 |
3 | extension Array where Element: Differentiable, Element.TangentVector == Element {
[57/119] Compiling Differentiation ZipWithInout+Arity12.swift
/host/spi-builder-workspace/.build/checkouts/swift-differentiation/Sources/Differentiation/Array+Gather.swift:1:8: error: no such module '_Differentiation'
1 | import _Differentiation
| `- error: no such module '_Differentiation'
2 |
3 | extension Array where Element: Differentiable, Element.TangentVector == Element {
[58/119] Compiling Differentiation ZipWithInout+Arity13.swift
/host/spi-builder-workspace/.build/checkouts/swift-differentiation/Sources/Differentiation/Array+Gather.swift:1:8: error: no such module '_Differentiation'
1 | import _Differentiation
| `- error: no such module '_Differentiation'
2 |
3 | extension Array where Element: Differentiable, Element.TangentVector == Element {
[59/119] Compiling Differentiation ZipWithInout+Arity14.swift
/host/spi-builder-workspace/.build/checkouts/swift-differentiation/Sources/Differentiation/Array+Gather.swift:1:8: error: no such module '_Differentiation'
1 | import _Differentiation
| `- error: no such module '_Differentiation'
2 |
3 | extension Array where Element: Differentiable, Element.TangentVector == Element {
[60/119] Compiling Differentiation ZipSequence+Arity6.swift
/host/spi-builder-workspace/.build/checkouts/swift-differentiation/Sources/Differentiation/Array+Gather.swift:1:8: error: no such module '_Differentiation'
1 | import _Differentiation
| `- error: no such module '_Differentiation'
2 |
3 | extension Array where Element: Differentiable, Element.TangentVector == Element {
[61/119] Compiling Differentiation ZipSequence+Arity7.swift
/host/spi-builder-workspace/.build/checkouts/swift-differentiation/Sources/Differentiation/Array+Gather.swift:1:8: error: no such module '_Differentiation'
1 | import _Differentiation
| `- error: no such module '_Differentiation'
2 |
3 | extension Array where Element: Differentiable, Element.TangentVector == Element {
[62/119] Compiling Differentiation ZipSequence+Arity8.swift
/host/spi-builder-workspace/.build/checkouts/swift-differentiation/Sources/Differentiation/Array+Gather.swift:1:8: error: no such module '_Differentiation'
1 | import _Differentiation
| `- error: no such module '_Differentiation'
2 |
3 | extension Array where Element: Differentiable, Element.TangentVector == Element {
[63/119] Compiling Differentiation ZipSequence+Arity9.swift
/host/spi-builder-workspace/.build/checkouts/swift-differentiation/Sources/Differentiation/Array+Gather.swift:1:8: error: no such module '_Differentiation'
1 | import _Differentiation
| `- error: no such module '_Differentiation'
2 |
3 | extension Array where Element: Differentiable, Element.TangentVector == Element {
[64/119] Compiling Differentiation ZipWith+Arity10.swift
/host/spi-builder-workspace/.build/checkouts/swift-differentiation/Sources/Differentiation/Array+Gather.swift:1:8: error: no such module '_Differentiation'
1 | import _Differentiation
| `- error: no such module '_Differentiation'
2 |
3 | extension Array where Element: Differentiable, Element.TangentVector == Element {
[65/119] Compiling Differentiation ZipWith+Arity11.swift
/host/spi-builder-workspace/.build/checkouts/swift-differentiation/Sources/Differentiation/Array+Gather.swift:1:8: error: no such module '_Differentiation'
1 | import _Differentiation
| `- error: no such module '_Differentiation'
2 |
3 | extension Array where Element: Differentiable, Element.TangentVector == Element {
[66/119] Compiling Differentiation ZipWith+Arity12.swift
/host/spi-builder-workspace/.build/checkouts/swift-differentiation/Sources/Differentiation/Array+Gather.swift:1:8: error: no such module '_Differentiation'
1 | import _Differentiation
| `- error: no such module '_Differentiation'
2 |
3 | extension Array where Element: Differentiable, Element.TangentVector == Element {
[67/119] Compiling Differentiation ZipWith+Arity13.swift
/host/spi-builder-workspace/.build/checkouts/swift-differentiation/Sources/Differentiation/Array+Gather.swift:1:8: error: no such module '_Differentiation'
1 | import _Differentiation
| `- error: no such module '_Differentiation'
2 |
3 | extension Array where Element: Differentiable, Element.TangentVector == Element {
[68/119] Compiling Differentiation ZipWith+Arity14.swift
/host/spi-builder-workspace/.build/checkouts/swift-differentiation/Sources/Differentiation/Array+Gather.swift:1:8: error: no such module '_Differentiation'
1 | import _Differentiation
| `- error: no such module '_Differentiation'
2 |
3 | extension Array where Element: Differentiable, Element.TangentVector == Element {
[69/119] Compiling Differentiation ZipWith+Arity2.swift
/host/spi-builder-workspace/.build/checkouts/swift-differentiation/Sources/Differentiation/Array+Gather.swift:1:8: error: no such module '_Differentiation'
1 | import _Differentiation
| `- error: no such module '_Differentiation'
2 |
3 | extension Array where Element: Differentiable, Element.TangentVector == Element {
[70/119] Compiling Differentiation ZipWith+Arity3.swift
/host/spi-builder-workspace/.build/checkouts/swift-differentiation/Sources/Differentiation/Array+Gather.swift:1:8: error: no such module '_Differentiation'
1 | import _Differentiation
| `- error: no such module '_Differentiation'
2 |
3 | extension Array where Element: Differentiable, Element.TangentVector == Element {
[71/119] Compiling Differentiation Array+Gather.swift
/host/spi-builder-workspace/.build/checkouts/swift-differentiation/Sources/Differentiation/Array+Gather.swift:1:8: error: no such module '_Differentiation'
1 | import _Differentiation
| `- error: no such module '_Differentiation'
2 |
3 | extension Array where Element: Differentiable, Element.TangentVector == Element {
[72/119] Compiling Differentiation Array+Insert.swift
/host/spi-builder-workspace/.build/checkouts/swift-differentiation/Sources/Differentiation/Array+Gather.swift:1:8: error: no such module '_Differentiation'
1 | import _Differentiation
| `- error: no such module '_Differentiation'
2 |
3 | extension Array where Element: Differentiable, Element.TangentVector == Element {
[73/119] Compiling Differentiation Array+ScatteringAdd.swift
/host/spi-builder-workspace/.build/checkouts/swift-differentiation/Sources/Differentiation/Array+Gather.swift:1:8: error: no such module '_Differentiation'
1 | import _Differentiation
| `- error: no such module '_Differentiation'
2 |
3 | extension Array where Element: Differentiable, Element.TangentVector == Element {
[74/119] Compiling Differentiation Array+CTA.swift
/host/spi-builder-workspace/.build/checkouts/swift-differentiation/Sources/Differentiation/Array+Gather.swift:1:8: error: no such module '_Differentiation'
1 | import _Differentiation
| `- error: no such module '_Differentiation'
2 |
3 | extension Array where Element: Differentiable, Element.TangentVector == Element {
[75/119] Compiling Differentiation Array+CTASlice.swift
/host/spi-builder-workspace/.build/checkouts/swift-differentiation/Sources/Differentiation/Array+Gather.swift:1:8: error: no such module '_Differentiation'
1 | import _Differentiation
| `- error: no such module '_Differentiation'
2 |
3 | extension Array where Element: Differentiable, Element.TangentVector == Element {
[76/119] Compiling Differentiation ArraySlice+CTA.swift
/host/spi-builder-workspace/.build/checkouts/swift-differentiation/Sources/Differentiation/Array+Gather.swift:1:8: error: no such module '_Differentiation'
1 | import _Differentiation
| `- error: no such module '_Differentiation'
2 |
3 | extension Array where Element: Differentiable, Element.TangentVector == Element {
[77/119] Compiling Differentiation ArraySlice+CTASlice.swift
/host/spi-builder-workspace/.build/checkouts/swift-differentiation/Sources/Differentiation/Array+Gather.swift:1:8: error: no such module '_Differentiation'
1 | import _Differentiation
| `- error: no such module '_Differentiation'
2 |
3 | extension Array where Element: Differentiable, Element.TangentVector == Element {
[78/119] Compiling Differentiation ContiguousArray+CTA.swift
/host/spi-builder-workspace/.build/checkouts/swift-differentiation/Sources/Differentiation/Array+Gather.swift:1:8: error: no such module '_Differentiation'
1 | import _Differentiation
| `- error: no such module '_Differentiation'
2 |
3 | extension Array where Element: Differentiable, Element.TangentVector == Element {
[79/119] Compiling Differentiation ContiguousArray+CTASlice.swift
/host/spi-builder-workspace/.build/checkouts/swift-differentiation/Sources/Differentiation/Array+Gather.swift:1:8: error: no such module '_Differentiation'
1 | import _Differentiation
| `- error: no such module '_Differentiation'
2 |
3 | extension Array where Element: Differentiable, Element.TangentVector == Element {
[80/119] Compiling Differentiation DerivativesOfNativeFunctions.swift
/host/spi-builder-workspace/.build/checkouts/swift-differentiation/Sources/Differentiation/Array+Gather.swift:1:8: error: no such module '_Differentiation'
1 | import _Differentiation
| `- error: no such module '_Differentiation'
2 |
3 | extension Array where Element: Differentiable, Element.TangentVector == Element {
[81/119] Compiling Differentiation Dictionary+AD.swift
/host/spi-builder-workspace/.build/checkouts/swift-differentiation/Sources/Differentiation/Array+Gather.swift:1:8: error: no such module '_Differentiation'
1 | import _Differentiation
| `- error: no such module '_Differentiation'
2 |
3 | extension Array where Element: Differentiable, Element.TangentVector == Element {
[100/364] Compiling _RopeModule BigString+Invariants.swift
[101/364] Compiling _RopeModule BigString+Metrics.swift
[102/364] Compiling _RopeModule BigString+Summary.swift
[103/364] Compiling _RopeModule BigString.swift
[104/364] Compiling _RopeModule BigString+Chunk+Append and Insert.swift
[105/384] Compiling HeapModule Heap+Invariants.swift
[106/389] Compiling _RopeModule BigString+Sequence.swift
[107/389] Compiling _RopeModule BigString+TextOutputStream.swift
[108/389] Compiling _RopeModule BigString+Append.swift
[109/389] Compiling _RopeModule BigString+Initializers.swift
[110/389] Compiling _RopeModule BigString+Insert.swift
[111/391] Compiling _RopeModule BigString+Equatable.swift
[112/391] Compiling _RopeModule BigString+ExpressibleByStringLiteral.swift
[113/391] Compiling _RopeModule BigString+Hashing.swift
[114/391] Compiling _RopeModule BigString+LosslessStringConvertible.swift
[115/391] Compiling _RopeModule BigString+RangeReplaceableCollection.swift
[116/424] Compiling _RopeModule BigString+Chunk+Breaks.swift
[117/424] Compiling _RopeModule BigString+Chunk+Character.swift
[118/424] Compiling _RopeModule BigString+Chunk+Counts.swift
[119/424] Compiling _RopeModule BigString+Chunk+Description.swift
[120/424] Compiling _RopeModule BigString+Chunk+Index.swift
[121/424] Compiling _RopeModule BigString+Chunk.swift
[122/424] Compiling _RopeModule BigString+BidirectionalCollection.swift
[123/424] Compiling _RopeModule BigString+Comparable.swift
[124/424] Compiling _RopeModule BigString+CustomDebugStringConvertible.swift
[125/424] Compiling _RopeModule BigString+CustomStringConvertible.swift
[126/424] Compiling _RopeModule BigString+Chunk+RopeElement.swift
[127/424] Compiling _RopeModule BigString+Chunk+Splitting.swift
[128/424] Compiling _RopeModule BigString+Chunk+UTF16.swift
[129/424] Compiling _RopeModule BigString+Chunk+UTF8.swift
[130/424] Compiling _RopeModule BigString+Chunk+UnicodeScalar.swift
[131/424] Compiling Differentiation SIMD3+FloatSTDLibOverloads.swift
/host/spi-builder-workspace/.build/checkouts/swift-differentiation/Sources/Differentiation/Array+Gather.swift:1:8: error: no such module '_Differentiation'
1 | import _Differentiation
| `- error: no such module '_Differentiation'
2 |
3 | extension Array where Element: Differentiable, Element.TangentVector == Element {
[132/424] Compiling Differentiation SIMD32+DoubleSTDLibOverloads.swift
/host/spi-builder-workspace/.build/checkouts/swift-differentiation/Sources/Differentiation/Array+Gather.swift:1:8: error: no such module '_Differentiation'
1 | import _Differentiation
| `- error: no such module '_Differentiation'
2 |
3 | extension Array where Element: Differentiable, Element.TangentVector == Element {
[133/424] Compiling Differentiation SIMD32+FloatSTDLibOverloads.swift
/host/spi-builder-workspace/.build/checkouts/swift-differentiation/Sources/Differentiation/Array+Gather.swift:1:8: error: no such module '_Differentiation'
1 | import _Differentiation
| `- error: no such module '_Differentiation'
2 |
3 | extension Array where Element: Differentiable, Element.TangentVector == Element {
[134/424] Compiling Differentiation SIMD4+DoubleSTDLibOverloads.swift
/host/spi-builder-workspace/.build/checkouts/swift-differentiation/Sources/Differentiation/Array+Gather.swift:1:8: error: no such module '_Differentiation'
1 | import _Differentiation
| `- error: no such module '_Differentiation'
2 |
3 | extension Array where Element: Differentiable, Element.TangentVector == Element {
[135/424] Compiling Differentiation SIMD4+FloatSTDLibOverloads.swift
/host/spi-builder-workspace/.build/checkouts/swift-differentiation/Sources/Differentiation/Array+Gather.swift:1:8: error: no such module '_Differentiation'
1 | import _Differentiation
| `- error: no such module '_Differentiation'
2 |
3 | extension Array where Element: Differentiable, Element.TangentVector == Element {
[136/424] Compiling Differentiation SIMD64+DoubleSTDLibOverloads.swift
/host/spi-builder-workspace/.build/checkouts/swift-differentiation/Sources/Differentiation/Array+Gather.swift:1:8: error: no such module '_Differentiation'
1 | import _Differentiation
| `- error: no such module '_Differentiation'
2 |
3 | extension Array where Element: Differentiable, Element.TangentVector == Element {
[137/424] Compiling Differentiation SIMD64+FloatSTDLibOverloads.swift
/host/spi-builder-workspace/.build/checkouts/swift-differentiation/Sources/Differentiation/Array+Gather.swift:1:8: error: no such module '_Differentiation'
1 | import _Differentiation
| `- error: no such module '_Differentiation'
2 |
3 | extension Array where Element: Differentiable, Element.TangentVector == Element {
[138/424] Compiling Differentiation SIMD8+DoubleSTDLibOverloads.swift
/host/spi-builder-workspace/.build/checkouts/swift-differentiation/Sources/Differentiation/Array+Gather.swift:1:8: error: no such module '_Differentiation'
1 | import _Differentiation
| `- error: no such module '_Differentiation'
2 |
3 | extension Array where Element: Differentiable, Element.TangentVector == Element {
[139/424] Compiling Differentiation SIMD8+FloatSTDLibOverloads.swift
/host/spi-builder-workspace/.build/checkouts/swift-differentiation/Sources/Differentiation/Array+Gather.swift:1:8: error: no such module '_Differentiation'
1 | import _Differentiation
| `- error: no such module '_Differentiation'
2 |
3 | extension Array where Element: Differentiable, Element.TangentVector == Element {
[140/424] Compiling Differentiation Sequence+MinMaxVJPs.swift
/host/spi-builder-workspace/.build/checkouts/swift-differentiation/Sources/Differentiation/Array+Gather.swift:1:8: error: no such module '_Differentiation'
1 | import _Differentiation
| `- error: no such module '_Differentiation'
2 |
3 | extension Array where Element: Differentiable, Element.TangentVector == Element {
[141/424] Compiling ContainersPreview Ref.swift
[142/424] Compiling ContainersPreview Shared.swift
[143/424] Compiling ContainersPreview SpanIterator.swift
[144/424] Compiling _RopeModule BigString+Split.swift
[145/424] Compiling _RopeModule BigString+Builder.swift
[146/424] Compiling _RopeModule BigString+Contents.swift
[147/424] Compiling _RopeModule BigString+Debugging.swift
[148/424] Compiling _RopeModule BigString+Index.swift
[149/424] Compiling _RopeModule BigString+Ingester.swift
[150/424] Emitting module ContainersPreview
[151/425] Compiling HeapModule Heap.swift
[152/425] Compiling HeapModule _HeapNode.swift
[154/425] Compiling HeapModule Heap+Descriptions.swift
[155/425] Compiling HeapModule Heap+ExpressibleByArrayLiteral.swift
[156/425] Compiling HeapModule Heap+UnsafeHandle.swift
[157/425] Emitting module HeapModule
[158/443] Compiling DequeModule Deque+Extras.swift
[159/443] Compiling DequeModule Deque+Hashable.swift
[160/443] Compiling DequeModule Deque+Testing.swift
[161/443] Compiling DequeModule Deque._Storage.swift
[162/443] Compiling DequeModule Deque._UnsafeHandle.swift
[163/443] Compiling DequeModule Deque.swift
[164/443] Compiling DequeModule Deque+Codable.swift
[165/443] Compiling DequeModule Deque+Collection.swift
[167/474] Compiling _RopeModule Rope+Extract.swift
[168/474] Compiling _RopeModule Rope+Find.swift
[169/474] Compiling _RopeModule Rope+ForEachWhile.swift
[170/474] Compiling _RopeModule Rope+Insert.swift
[171/474] Compiling HashTreeCollections TreeSet+SetAlgebra basics.swift
[172/474] Compiling HashTreeCollections TreeSet+SetAlgebra formIntersection.swift
[173/474] Compiling HashTreeCollections TreeSet+SetAlgebra formSymmetricDifference.swift
[174/474] Compiling HashTreeCollections TreeSet+SetAlgebra formUnion.swift
[175/474] Compiling HashTreeCollections TreeSet+SetAlgebra intersection.swift
[176/474] Compiling HashTreeCollections TreeSet+SetAlgebra isDisjoint.swift
[177/484] Compiling _RopeModule BigString+UTF16View.swift
[178/484] Compiling _RopeModule BigString+UTF8View.swift
[179/484] Compiling _RopeModule BigString+UnicodeScalarView.swift
[180/484] Compiling _RopeModule BigSubstring+UTF16View.swift
[181/484] Compiling _RopeModule BigSubstring+UTF8View.swift
[182/484] Compiling _RopeModule BigSubstring+UnicodeScalarView.swift
[183/484] Compiling _RopeModule BigSubstring.swift
[184/484] Compiling _RopeModule Rope+Builder.swift
[185/484] Compiling _RopeModule Rope+Debugging.swift
[186/484] Compiling _RopeModule Rope+Invariants.swift
[187/484] Compiling _RopeModule Rope+_Node.swift
[188/484] Compiling _RopeModule Rope+_Storage.swift
[189/484] Compiling _RopeModule Rope+_UnmanagedLeaf.swift
[190/484] Compiling BitCollections BitSet.Index.swift
[191/484] Compiling BitCollections BitSet._UnsafeHandle.swift
[192/484] Compiling BitCollections BitSet.swift
[193/491] Compiling DequeModule UniqueDeque+Container.swift
[194/491] Compiling DequeModule UniqueDeque+Deprecated.swift
[195/491] Compiling DequeModule UniqueDeque+Descriptions.swift
[196/491] Compiling DequeModule UniqueDeque+Equatable.swift
[197/491] Compiling DequeModule UniqueDeque+Experimental.swift
[198/496] Compiling DequeModule RigidDeque+Container.swift
[199/496] Compiling DequeModule RigidDeque+Descriptions.swift
[200/496] Compiling DequeModule RigidDeque+Equatable.swift
[201/496] Compiling DequeModule RigidDeque+Experimental.swift
[202/496] Compiling DequeModule RigidDeque+Hashable.swift
[203/496] Compiling DequeModule RigidDeque+Initializers.swift
[204/496] Compiling DequeModule RigidDeque+Insertions.swift
[206/496] Compiling OrderedCollections OrderedSet+Sendable.swift
[207/496] Compiling OrderedCollections OrderedSet+SubSequence.swift
[208/496] Compiling OrderedCollections OrderedSet+Testing.swift
[209/496] Compiling OrderedCollections OrderedSet+UnorderedView.swift
[210/496] Compiling OrderedCollections OrderedSet+UnstableInternals.swift
[211/496] Compiling OrderedCollections OrderedSet.swift
[212/496] Compiling OrderedCollections _UnsafeBitset.swift
[213/496] Compiling _RopeModule Rope+Sequence.swift
[214/496] Compiling _RopeModule Rope+Append.swift
[215/496] Compiling DequeModule UniqueDeque+Hashable.swift
[216/496] Compiling DequeModule UniqueDeque+Initializers.swift
[217/496] Compiling DequeModule UniqueDeque+Insertions.swift
[218/496] Compiling DequeModule UniqueDeque+Prepend.swift
[219/496] Compiling DequeModule UniqueDeque+Removals.swift
[228/496] Compiling DequeModule _DequeBuffer.swift
[229/496] Compiling DequeModule _DequeBufferHeader.swift
[230/496] Compiling DequeModule RigidDeque+Append.swift
[231/496] Compiling DequeModule RigidDeque+Consumption.swift
[242/496] Compiling DequeModule UniqueDeque+Replacements.swift
[243/496] Compiling DequeModule UniqueDeque.swift
[244/496] Compiling DequeModule _DequeSlot.swift
[245/496] Compiling DequeModule _UnsafeDequeHandle.swift
[246/496] Compiling DequeModule _UnsafeDequeSegments.swift
[253/496] Compiling DequeModule RigidDeque+Prepend.swift
[265/496] Compiling DequeModule RigidDeque+Removals.swift
[266/496] Compiling DequeModule RigidDeque+Replacements.swift
[267/496] Compiling DequeModule RigidDeque+Testing.swift
[268/496] Compiling DequeModule RigidDeque.swift
[269/496] Compiling DequeModule UniqueDeque+Append.swift
[270/496] Compiling DequeModule UniqueDeque+Consumption.swift
[287/496] Compiling HashTreeCollections TreeSet+SetAlgebra isEqualSet.swift
[288/496] Compiling HashTreeCollections TreeSet+SetAlgebra isStrictSubset.swift
[289/496] Compiling HashTreeCollections TreeSet+SetAlgebra isStrictSuperset.swift
[290/496] Compiling HashTreeCollections TreeSet+SetAlgebra isSubset.swift
[291/496] Compiling HashTreeCollections TreeSet+SetAlgebra isSuperset.swift
[292/496] Compiling HashTreeCollections TreeSet+SetAlgebra subtract.swift
[293/496] Compiling HashTreeCollections TreeSet+SetAlgebra subtracting.swift
[294/496] Compiling HashTreeCollections TreeSet+SetAlgebra symmetricDifference.swift
[295/496] Compiling HashTreeCollections TreeSet+SetAlgebra union.swift
[296/496] Compiling HashTreeCollections TreeSet.swift
/host/spi-builder-workspace/.build/checkouts/swift-differentiation/Sources/Differentiation/Array+Gather.swift:1:8: error: no such module '_Differentiation'
1 | import _Differentiation
| `- error: no such module '_Differentiation'
2 |
3 | extension Array where Element: Differentiable, Element.TangentVector == Element {
/host/spi-builder-workspace/.build/checkouts/swift-differentiation/Sources/Differentiation/Array+Gather.swift:1:8: error: no such module '_Differentiation'
1 | import _Differentiation
| `- error: no such module '_Differentiation'
2 |
3 | extension Array where Element: Differentiable, Element.TangentVector == Element {
/host/spi-builder-workspace/.build/checkouts/swift-differentiation/Sources/Differentiation/Array+Gather.swift:1:8: error: no such module '_Differentiation'
1 | import _Differentiation
| `- error: no such module '_Differentiation'
2 |
3 | extension Array where Element: Differentiable, Element.TangentVector == Element {
/host/spi-builder-workspace/.build/checkouts/swift-differentiation/Sources/Differentiation/Array+Gather.swift:1:8: error: no such module '_Differentiation'
1 | import _Differentiation
| `- error: no such module '_Differentiation'
2 |
3 | extension Array where Element: Differentiable, Element.TangentVector == Element {
/host/spi-builder-workspace/.build/checkouts/swift-differentiation/Sources/Differentiation/Array+Gather.swift:1:8: error: no such module '_Differentiation'
1 | import _Differentiation
| `- error: no such module '_Differentiation'
2 |
3 | extension Array where Element: Differentiable, Element.TangentVector == Element {
/host/spi-builder-workspace/.build/checkouts/swift-differentiation/Sources/Differentiation/Array+Gather.swift:1:8: error: no such module '_Differentiation'
1 | import _Differentiation
| `- error: no such module '_Differentiation'
2 |
3 | extension Array where Element: Differentiable, Element.TangentVector == Element {
/host/spi-builder-workspace/.build/checkouts/swift-differentiation/Sources/Differentiation/Array+Gather.swift:1:8: error: no such module '_Differentiation'
1 | import _Differentiation
| `- error: no such module '_Differentiation'
2 |
3 | extension Array where Element: Differentiable, Element.TangentVector == Element {
/host/spi-builder-workspace/.build/checkouts/swift-differentiation/Sources/Differentiation/Array+Gather.swift:1:8: error: no such module '_Differentiation'
1 | import _Differentiation
| `- error: no such module '_Differentiation'
2 |
3 | extension Array where Element: Differentiable, Element.TangentVector == Element {
/host/spi-builder-workspace/.build/checkouts/swift-differentiation/Sources/Differentiation/Array+Gather.swift:1:8: error: no such module '_Differentiation'
1 | import _Differentiation
| `- error: no such module '_Differentiation'
2 |
3 | extension Array where Element: Differentiable, Element.TangentVector == Element {
/host/spi-builder-workspace/.build/checkouts/swift-differentiation/Sources/Differentiation/Array+Gather.swift:1:8: error: no such module '_Differentiation'
1 | import _Differentiation
| `- error: no such module '_Differentiation'
2 |
3 | extension Array where Element: Differentiable, Element.TangentVector == Element {
[307/496] Emitting module BitCollections
[331/496] Compiling DequeModule Deque+CustomReflectable.swift
[332/496] Compiling DequeModule Deque+Descriptions.swift
[333/496] Compiling DequeModule Deque+Equatable.swift
[334/496] Compiling DequeModule Deque+ExpressibleByArrayLiteral.swift
error: emit-module command failed with exit code 1 (use -v to see invocation)
[339/497] Emitting module Differentiation
/host/spi-builder-workspace/.build/checkouts/swift-differentiation/Sources/Differentiation/Array+Gather.swift:1:8: error: no such module '_Differentiation'
1 | import _Differentiation
| `- error: no such module '_Differentiation'
2 |
3 | extension Array where Element: Differentiable, Element.TangentVector == Element {
BUILD FAILURE 6.2 wasm