The Swift Package Index logo.Swift Package Index

Build Information

Failed to build PointerGestureKit, reference main (87d5f3), with Swift 6.3 for Wasm on 24 Oct 2026 08:35:23 UTC.

Build Command

bash -c docker run --pull=always --rm -v "checkouts-53886768-0":/host -w "$PWD" -e JAVA_HOME="/root/.sdkman/candidates/java/current" -e SPI_BUILD="1" -e SPI_PROCESSING="1" registry.gitlab.com/saguaro1/spi-images:wasm-6.3-latest swift build --swift-sdk swift-6.3.2-RELEASE_wasm 2>&1

Build Log

========================================
RunAll
========================================
Builder version: 5.1.3
Interrupt handler set up.
========================================
Checkout
========================================
Clone URL: https://github.com/naviapps/pointer-gesture-kit.git
Reference: main
Initialized empty Git repository in /host/spi-builder-workspace/.git/
hint: Using 'master' as the name for the initial branch. This default branch name
hint: is subject to change. To configure the initial branch name to use in all
hint: of your new repositories, which will suppress this warning, call:
hint:
hint: 	git config --global init.defaultBranch <name>
hint:
hint: Names commonly chosen instead of 'master' are 'main', 'trunk' and
hint: 'development'. The just-created branch can be renamed via this command:
hint:
hint: 	git branch -m <name>
From https://github.com/naviapps/pointer-gesture-kit
 * branch            main       -> FETCH_HEAD
 * [new branch]      main       -> origin/main
HEAD is now at 87d5f35 Keep input deadlines and deep matching bounded
Cloned https://github.com/naviapps/pointer-gesture-kit.git
Revision (git rev-parse @):
87d5f35b4e3f6b273ca08e6812f018babdc3f072
SPI manifest file found: $PWD/.spi.yml
SUCCESS checkout https://github.com/naviapps/pointer-gesture-kit.git at main
========================================
Build
========================================
Selected platform:         wasm
Swift version:             6.3
Building package at path:  $PWD
https://github.com/naviapps/pointer-gesture-kit.git
Running build ...
bash -c docker run --pull=always --rm -v "checkouts-53886768-0":/host -w "$PWD" -e JAVA_HOME="/root/.sdkman/candidates/java/current" -e SPI_BUILD="1" -e SPI_PROCESSING="1" registry.gitlab.com/saguaro1/spi-images:wasm-6.3-latest swift build --swift-sdk swift-6.3.2-RELEASE_wasm 2>&1
wasm-6.3-latest: Pulling from saguaro1/spi-images
Digest: sha256:eea66feda95ad8894091082dbcb77ec1fc917891d37888fd1938b0b68455d992
Status: Image is up to date for registry.gitlab.com/saguaro1/spi-images:wasm-6.3-latest
Building for debugging...
[0/3] Write sources
[2/3] Write swift-version-24593BA9C3E375BF.txt
[4/31] Emitting module PointerGestureKit
[5/34] Compiling PointerGestureKit GestureEventDisposition.swift
[6/34] Compiling PointerGestureKit GestureEventSource.swift
[7/34] Compiling PointerGestureKit GestureInputEvent.swift
[8/34] Compiling PointerGestureKit GestureModifierFlags.swift
[9/34] Compiling PointerGestureKit GestureRecognizerObservationCenter.swift
[10/34] Compiling PointerGestureKit GestureInputTiming.swift
[11/34] Compiling PointerGestureKit GestureRecognitionContext.swift
[12/34] Compiling PointerGestureKit GestureRecognizer+ButtonInputReplay.swift
[13/34] Compiling PointerGestureKit GesturePoint.swift
/host/spi-builder-workspace/Sources/PointerGestureKit/Observation/GestureObservationToken.swift:37:8: error: cannot find 'Thread' in scope
35 |
36 |     guard let onCancel else { return }
37 |     if Thread.isMainThread {
   |        `- error: cannot find 'Thread' in scope
38 |       MainActor.assumeIsolated {
39 |         onCancel()
[14/34] Compiling PointerGestureKit GesturePatternMatcher.swift
/host/spi-builder-workspace/Sources/PointerGestureKit/Observation/GestureObservationToken.swift:37:8: error: cannot find 'Thread' in scope
35 |
36 |     guard let onCancel else { return }
37 |     if Thread.isMainThread {
   |        `- error: cannot find 'Thread' in scope
38 |       MainActor.assumeIsolated {
39 |         onCancel()
[15/34] Compiling PointerGestureKit GestureObservationToken.swift
/host/spi-builder-workspace/Sources/PointerGestureKit/Observation/GestureObservationToken.swift:37:8: error: cannot find 'Thread' in scope
35 |
36 |     guard let onCancel else { return }
37 |     if Thread.isMainThread {
   |        `- error: cannot find 'Thread' in scope
38 |       MainActor.assumeIsolated {
39 |         onCancel()
[16/34] Compiling PointerGestureKit GestureRecognizer+Observation.swift
/host/spi-builder-workspace/Sources/PointerGestureKit/Observation/GestureObservationToken.swift:37:8: error: cannot find 'Thread' in scope
35 |
36 |     guard let onCancel else { return }
37 |     if Thread.isMainThread {
   |        `- error: cannot find 'Thread' in scope
38 |       MainActor.assumeIsolated {
39 |         onCancel()
[17/34] Compiling PointerGestureKit GestureRecognizerState.swift
[18/34] Compiling PointerGestureKit GestureRecognizerTiming.swift
[19/34] Compiling PointerGestureKit GestureRecognizerTuning.swift
[20/34] Compiling PointerGestureKit GestureRecognizer+EventHandling.swift
[21/34] Compiling PointerGestureKit GestureRecognizer+Lifecycle.swift
[22/34] Compiling PointerGestureKit GestureRecognizer+RecognitionPolicy.swift
[23/34] Compiling PointerGestureKit GestureRecognizer+Session.swift
[24/34] Compiling PointerGestureKit GestureReplayRequest.swift
[25/34] Compiling PointerGestureKit PointerButton.swift
[26/34] Compiling PointerGestureKit GestureDirection.swift
[27/34] Compiling PointerGestureKit GestureMovementResolver.swift
[28/34] Compiling PointerGestureKit GestureRecognizer+SessionExpiration.swift
[29/34] Compiling PointerGestureKit GestureRecognizer+SessionState.swift
[30/34] Compiling PointerGestureKit GestureRecognizer+TraceProgression.swift
[31/34] Compiling PointerGestureKit GestureRecognizer.swift
[32/34] Compiling PointerGestureKit GestureRecognizerCleanup.swift
/host/spi-builder-workspace/Sources/PointerGestureKit/Recognizer/GestureRecognizerCleanup.swift:28:8: error: cannot find 'Thread' in scope
26 |       replayRequest: replayRequest
27 |     )
28 |     if Thread.isMainThread {
   |        `- error: cannot find 'Thread' in scope
29 |       MainActor.assumeIsolated {
30 |         cleanup.run()
[33/34] Compiling PointerGestureKit GestureRecognizerConfiguration.swift
/host/spi-builder-workspace/Sources/PointerGestureKit/Recognizer/GestureRecognizerCleanup.swift:28:8: error: cannot find 'Thread' in scope
26 |       replayRequest: replayRequest
27 |     )
28 |     if Thread.isMainThread {
   |        `- error: cannot find 'Thread' in scope
29 |       MainActor.assumeIsolated {
30 |         cleanup.run()
[34/34] Compiling PointerGestureKit GestureRecognizerFailure.swift
/host/spi-builder-workspace/Sources/PointerGestureKit/Recognizer/GestureRecognizerCleanup.swift:28:8: error: cannot find 'Thread' in scope
26 |       replayRequest: replayRequest
27 |     )
28 |     if Thread.isMainThread {
   |        `- error: cannot find 'Thread' in scope
29 |       MainActor.assumeIsolated {
30 |         cleanup.run()
BUILD FAILURE 6.3 wasm