The Swift Package Index logo.Swift Package Index

Build Information

Failed to build NetTrace, reference 1.1.6 (f202c5), with Swift 6.4 for tvOS using Xcode 27.0 on 24 Sep 2026 05:32:17 UTC.

Build Command

env DEVELOPER_DIR=/Applications/Xcode-27.0.0-Release.Candidate.app xcrun xcodebuild -IDEClonedSourcePackagesDirPathOverride=$PWD/.dependencies -skipMacroValidation -skipPackagePluginValidation -derivedDataPath $PWD/.derivedData build -scheme NetTrace -destination generic/platform=tvOS

Build Log

========================================
RunAll
========================================
Builder version: 5.1.0
Interrupt handler set up.
========================================
Checkout
========================================
Clone URL: https://github.com/theCodingDJ/NetTrace.git
Reference: 1.1.6
Initialized empty Git repository in /Users/admin/builder/spi-builder-workspace/.git/
From https://github.com/theCodingDJ/NetTrace
 * tag               1.1.6      -> FETCH_HEAD
HEAD is now at f202c53 Added LICENSE.md file
Cloned https://github.com/theCodingDJ/NetTrace.git
Revision (git rev-parse @):
f202c5338ef57cea19f94dd30fb46ed171a64855
SUCCESS checkout https://github.com/theCodingDJ/NetTrace.git at 1.1.6
========================================
Build
========================================
Selected platform:         tvOS
Swift version:             6.4
Building package at path:  $PWD
https://github.com/theCodingDJ/NetTrace.git
Command line invocation:
    /Applications/Xcode-27.0.0-Release.Candidate.app/Contents/Developer/usr/bin/xcodebuild -IDEClonedSourcePackagesDirPathOverride=/Users/admin/builder/spi-builder-workspace/.dependencies -resolvePackageDependencies
Resolve Package Graph
Resolve Package Graph
Resolved source packages:
  NetTrace: /Users/admin/builder/spi-builder-workspace
resolved source packages: NetTrace
2026-09-24 01:31:33.735 xcodebuild[563:3070] [MT] IDERunDestination: Supported platforms for the buildables in the current scheme is empty.
{
  "dependencies" : [
  ],
  "manifest_display_name" : "NetTrace",
  "name" : "NetTrace",
  "path" : "/Users/admin/builder/spi-builder-workspace",
  "platforms" : [
    {
      "name" : "ios",
      "version" : "15.0"
    }
  ],
  "products" : [
    {
      "name" : "NetTrace",
      "targets" : [
        "NetTrace"
      ],
      "type" : {
        "library" : [
          "automatic"
        ]
      }
    }
  ],
  "targets" : [
    {
      "c99name" : "NetTrace",
      "module_type" : "SwiftTarget",
      "name" : "NetTrace",
      "path" : "Sources/NetTrace",
      "product_memberships" : [
        "NetTrace"
      ],
      "sources" : [
        "Core/ErrorLog.swift",
        "Core/HARExporter.swift",
        "Core/HTTPRequestLog.swift",
        "Core/HTTPResponseLog.swift",
        "Core/NetRecorder.swift",
        "Core/NetTrace.swift",
        "Core/URLSession+Interception.swift",
        "UI/Helpers/JSONNodeType.swift",
        "UI/ViewControllers/JSONTreeViewController.swift",
        "UI/ViewControllers/RequestDetailViewController.swift",
        "UI/ViewControllers/RequestListViewController.swift",
        "UI/Views/JSONTreeCell.swift",
        "UI/Windows/OverlayWindow.swift"
      ],
      "type" : "library"
    }
  ],
  "tools_version" : "5.10"
}
{
  "workspace" : {
    "name" : "NetTrace",
    "schemes" : [
      "NetTrace"
    ]
  }
}
2026-09-24 01:32:05.547 xcodebuild[660:3909] [MT] IDERunDestination: Supported platforms for the buildables in the current scheme is empty.
Running build ...
env DEVELOPER_DIR=/Applications/Xcode-27.0.0-Release.Candidate.app xcrun xcodebuild -IDEClonedSourcePackagesDirPathOverride=$PWD/.dependencies -skipMacroValidation -skipPackagePluginValidation -derivedDataPath $PWD/.derivedData build -scheme NetTrace -destination generic/platform=tvOS
Command line invocation:
    /Applications/Xcode-27.0.0-Release.Candidate.app/Contents/Developer/usr/bin/xcodebuild -IDEClonedSourcePackagesDirPathOverride=/Users/admin/builder/spi-builder-workspace/.dependencies -skipMacroValidation -skipPackagePluginValidation -derivedDataPath /Users/admin/builder/spi-builder-workspace/.derivedData build -scheme NetTrace -destination generic/platform=tvOS
Resolve Package Graph
Resolved source packages:
  NetTrace: /Users/admin/builder/spi-builder-workspace
ComputePackagePrebuildTargetDependencyGraph
Prepare packages
CreateBuildRequest
SendProjectDescription
CreateBuildOperation
ComputeTargetDependencyGraph
note: Building targets in dependency order
note: Target dependency graph (2 targets)
    Target 'NetTrace-product' in project 'NetTrace'
        ➜ Explicit dependency on target 'NetTrace' in project 'NetTrace'
    Target 'NetTrace' in project 'NetTrace' (no dependencies)
GatherProvisioningInputs
CreateBuildDescription
ExecuteExternalTool /Applications/Xcode-27.0.0-Release.Candidate.app/Contents/Developer/Toolchains/XcodeDefault.xctoolchain/usr/bin/clang -v -E -dM -isysroot /Applications/Xcode-27.0.0-Release.Candidate.app/Contents/Developer/Platforms/AppleTVOS.platform/Developer/SDKs/AppleTVOS27.0.sdk -x c -c /dev/null
ExecuteExternalTool /Applications/Xcode-27.0.0-Release.Candidate.app/Contents/Developer/Toolchains/XcodeDefault.xctoolchain/usr/bin/swiftc --version
ExecuteExternalTool /Applications/Xcode-27.0.0-Release.Candidate.app/Contents/Developer/Toolchains/XcodeDefault.xctoolchain/usr/bin/ld -version_details
Build description signature: c6efe9748e5e4b14907871d5c3f81f30
Build description path: /Users/admin/builder/spi-builder-workspace/.derivedData/Build/Intermediates.noindex/XCBuildData/c6efe9748e5e4b14907871d5c3f81f30.xcbuilddata
CreateBuildDirectory /Users/admin/builder/spi-builder-workspace/.derivedData/SDKExplicitPrecompiledModules
    cd /Users/admin/builder/spi-builder-workspace/.swiftpm/xcode
    builtin-create-build-directory /Users/admin/builder/spi-builder-workspace/.derivedData/SDKExplicitPrecompiledModules
CreateBuildDirectory /Users/admin/builder/spi-builder-workspace/.derivedData/ModuleCache.noindex
    cd /Users/admin/builder/spi-builder-workspace/.swiftpm/xcode
    builtin-create-build-directory /Users/admin/builder/spi-builder-workspace/.derivedData/ModuleCache.noindex
CreateBuildDirectory /Users/admin/builder/spi-builder-workspace/.derivedData/CompilationCache.noindex
    cd /Users/admin/builder/spi-builder-workspace/.swiftpm/xcode
    builtin-create-build-directory /Users/admin/builder/spi-builder-workspace/.derivedData/CompilationCache.noindex
CreateBuildDirectory /Users/admin/builder/spi-builder-workspace/.derivedData/Build/Intermediates.noindex
    cd /Users/admin/builder/spi-builder-workspace/.swiftpm/xcode
    builtin-create-build-directory /Users/admin/builder/spi-builder-workspace/.derivedData/Build/Intermediates.noindex
CreateBuildDirectory /Users/admin/builder/spi-builder-workspace/.derivedData/Build/Products
    cd /Users/admin/builder/spi-builder-workspace/.swiftpm/xcode
    builtin-create-build-directory /Users/admin/builder/spi-builder-workspace/.derivedData/Build/Products
ClangStatCache /Applications/Xcode-27.0.0-Release.Candidate.app/Contents/Developer/Toolchains/XcodeDefault.xctoolchain/usr/bin/clang-stat-cache /Applications/Xcode-27.0.0-Release.Candidate.app/Contents/Developer/Platforms/AppleTVOS.platform/Developer/SDKs/AppleTVOS27.0.sdk /Users/admin/builder/spi-builder-workspace/.derivedData/SDKStatCaches.noindex/appletvos27.0-24J360-e829b21a6f8c9b70876ba0858053c044b32bfd8d43560033f8d89884cdb90028.sdkstatcache
    cd /Users/admin/builder/spi-builder-workspace/.swiftpm/xcode
    /Applications/Xcode-27.0.0-Release.Candidate.app/Contents/Developer/Toolchains/XcodeDefault.xctoolchain/usr/bin/clang-stat-cache /Applications/Xcode-27.0.0-Release.Candidate.app/Contents/Developer/Platforms/AppleTVOS.platform/Developer/SDKs/AppleTVOS27.0.sdk -o /Users/admin/builder/spi-builder-workspace/.derivedData/SDKStatCaches.noindex/appletvos27.0-24J360-e829b21a6f8c9b70876ba0858053c044b32bfd8d43560033f8d89884cdb90028.sdkstatcache
CreateBuildDirectory /Users/admin/builder/spi-builder-workspace/.derivedData/Build/Products/Debug-appletvos
    cd /Users/admin/builder/spi-builder-workspace/.swiftpm/xcode
    builtin-create-build-directory /Users/admin/builder/spi-builder-workspace/.derivedData/Build/Products/Debug-appletvos
CreateBuildDirectory /Users/admin/builder/spi-builder-workspace/.derivedData/Build/Intermediates.noindex/PrecompiledHeaders
    cd /Users/admin/builder/spi-builder-workspace/.swiftpm/xcode
    builtin-create-build-directory /Users/admin/builder/spi-builder-workspace/.derivedData/Build/Intermediates.noindex/PrecompiledHeaders
CreateBuildDirectory /Users/admin/builder/spi-builder-workspace/.derivedData/Build/Intermediates.noindex/SwiftExplicitPrecompiledModules
    cd /Users/admin/builder/spi-builder-workspace/.swiftpm/xcode
    builtin-create-build-directory /Users/admin/builder/spi-builder-workspace/.derivedData/Build/Intermediates.noindex/SwiftExplicitPrecompiledModules
CreateBuildDirectory /Users/admin/builder/spi-builder-workspace/.derivedData/Build/Intermediates.noindex/ExplicitPrecompiledModules
    cd /Users/admin/builder/spi-builder-workspace/.swiftpm/xcode
    builtin-create-build-directory /Users/admin/builder/spi-builder-workspace/.derivedData/Build/Intermediates.noindex/ExplicitPrecompiledModules
CreateBuildDirectory /Users/admin/builder/spi-builder-workspace/.derivedData/Build/Intermediates.noindex/EagerLinkingTBDs/Debug-appletvos
    cd /Users/admin/builder/spi-builder-workspace/.swiftpm/xcode
    builtin-create-build-directory /Users/admin/builder/spi-builder-workspace/.derivedData/Build/Intermediates.noindex/EagerLinkingTBDs/Debug-appletvos
CreateBuildDirectory /Users/admin/builder/spi-builder-workspace/.derivedData/Build/Products/Debug-appletvos/PackageFrameworks
    cd /Users/admin/builder/spi-builder-workspace/.swiftpm/xcode
    builtin-create-build-directory /Users/admin/builder/spi-builder-workspace/.derivedData/Build/Products/Debug-appletvos/PackageFrameworks
WriteAuxiliaryFile /Users/admin/builder/spi-builder-workspace/.derivedData/Build/Intermediates.noindex/NetTrace.build/Debug-appletvos/NetTrace-t.build/NetTrace.DependencyStaticMetadataFileList (in target 'NetTrace' from project 'NetTrace')
    cd /Users/admin/builder/spi-builder-workspace
    write-file /Users/admin/builder/spi-builder-workspace/.derivedData/Build/Intermediates.noindex/NetTrace.build/Debug-appletvos/NetTrace-t.build/NetTrace.DependencyStaticMetadataFileList
WriteAuxiliaryFile /Users/admin/builder/spi-builder-workspace/.derivedData/Build/Intermediates.noindex/NetTrace.build/Debug-appletvos/NetTrace-t.build/NetTrace.DependencyMetadataFileList (in target 'NetTrace' from project 'NetTrace')
    cd /Users/admin/builder/spi-builder-workspace
    write-file /Users/admin/builder/spi-builder-workspace/.derivedData/Build/Intermediates.noindex/NetTrace.build/Debug-appletvos/NetTrace-t.build/NetTrace.DependencyMetadataFileList
WriteAuxiliaryFile /Users/admin/builder/spi-builder-workspace/.derivedData/Build/Intermediates.noindex/NetTrace.build/Debug-appletvos/NetTrace-t.build/NetTrace.modulemap (in target 'NetTrace' from project 'NetTrace')
    cd /Users/admin/builder/spi-builder-workspace
    write-file /Users/admin/builder/spi-builder-workspace/.derivedData/Build/Intermediates.noindex/NetTrace.build/Debug-appletvos/NetTrace-t.build/NetTrace.modulemap
WriteAuxiliaryFile /Users/admin/builder/spi-builder-workspace/.derivedData/Build/Intermediates.noindex/NetTrace.build/Debug-appletvos/NetTrace-t.build/Objects-normal/arm64/NetTrace-OutputFileMap.json (in target 'NetTrace' from project 'NetTrace')
    cd /Users/admin/builder/spi-builder-workspace
    write-file /Users/admin/builder/spi-builder-workspace/.derivedData/Build/Intermediates.noindex/NetTrace.build/Debug-appletvos/NetTrace-t.build/Objects-normal/arm64/NetTrace-OutputFileMap.json
WriteAuxiliaryFile /Users/admin/builder/spi-builder-workspace/.derivedData/Build/Intermediates.noindex/NetTrace.build/Debug-appletvos/NetTrace-t.build/Objects-normal/arm64/NetTrace.SwiftFileList (in target 'NetTrace' from project 'NetTrace')
    cd /Users/admin/builder/spi-builder-workspace
    write-file /Users/admin/builder/spi-builder-workspace/.derivedData/Build/Intermediates.noindex/NetTrace.build/Debug-appletvos/NetTrace-t.build/Objects-normal/arm64/NetTrace.SwiftFileList
WriteAuxiliaryFile /Users/admin/builder/spi-builder-workspace/.derivedData/Build/Intermediates.noindex/NetTrace.build/Debug-appletvos/NetTrace-t.build/Objects-normal/arm64/NetTrace.LinkFileList (in target 'NetTrace' from project 'NetTrace')
    cd /Users/admin/builder/spi-builder-workspace
    write-file /Users/admin/builder/spi-builder-workspace/.derivedData/Build/Intermediates.noindex/NetTrace.build/Debug-appletvos/NetTrace-t.build/Objects-normal/arm64/NetTrace.LinkFileList
WriteAuxiliaryFile /Users/admin/builder/spi-builder-workspace/.derivedData/Build/Intermediates.noindex/NetTrace.build/Debug-appletvos/NetTrace-t.build/Objects-normal/arm64/NetTrace_const_extract_protocols.json (in target 'NetTrace' from project 'NetTrace')
    cd /Users/admin/builder/spi-builder-workspace
    write-file /Users/admin/builder/spi-builder-workspace/.derivedData/Build/Intermediates.noindex/NetTrace.build/Debug-appletvos/NetTrace-t.build/Objects-normal/arm64/NetTrace_const_extract_protocols.json
WriteAuxiliaryFile /Users/admin/builder/spi-builder-workspace/.derivedData/Build/Intermediates.noindex/NetTrace.build/Debug-appletvos/NetTrace-t.build/Objects-normal/arm64/NetTrace.SwiftConstValuesFileList (in target 'NetTrace' from project 'NetTrace')
    cd /Users/admin/builder/spi-builder-workspace
    write-file /Users/admin/builder/spi-builder-workspace/.derivedData/Build/Intermediates.noindex/NetTrace.build/Debug-appletvos/NetTrace-t.build/Objects-normal/arm64/NetTrace.SwiftConstValuesFileList
Copy /Users/admin/builder/spi-builder-workspace/.derivedData/Build/Intermediates.noindex/GeneratedModuleMaps-appletvos/NetTrace.modulemap /Users/admin/builder/spi-builder-workspace/.derivedData/Build/Intermediates.noindex/NetTrace.build/Debug-appletvos/NetTrace-t.build/NetTrace.modulemap (in target 'NetTrace' from project 'NetTrace')
    cd /Users/admin/builder/spi-builder-workspace
    builtin-copy -exclude .DS_Store -exclude CVS -exclude .svn -exclude .git -exclude .hg -resolve-src-symlinks /Users/admin/builder/spi-builder-workspace/.derivedData/Build/Intermediates.noindex/NetTrace.build/Debug-appletvos/NetTrace-t.build/NetTrace.modulemap /Users/admin/builder/spi-builder-workspace/.derivedData/Build/Intermediates.noindex/GeneratedModuleMaps-appletvos
SwiftDriver NetTrace normal arm64 com.apple.xcode.tools.swift.compiler (in target 'NetTrace' from project 'NetTrace')
    cd /Users/admin/builder/spi-builder-workspace/.swiftpm/xcode
    builtin-SwiftDriver -- /Applications/Xcode-27.0.0-Release.Candidate.app/Contents/Developer/Toolchains/XcodeDefault.xctoolchain/usr/bin/swiftc -parse-as-library -module-name NetTrace -Onone @/Users/admin/builder/spi-builder-workspace/.derivedData/Build/Intermediates.noindex/NetTrace.build/Debug-appletvos/NetTrace-t.build/Objects-normal/arm64/NetTrace.SwiftFileList -DSWIFT_PACKAGE -DDEBUG -DSWIFT_MODULE_RESOURCE_BUNDLE_UNAVAILABLE -DXcode -enable-upcoming-feature StrictConcurrency -plugin-path /Applications/Xcode-27.0.0-Release.Candidate.app/Contents/Developer/Toolchains/XcodeDefault.xctoolchain/usr/lib/swift/host/plugins/testing -enable-experimental-feature DebugDescriptionMacro -sdk /Applications/Xcode-27.0.0-Release.Candidate.app/Contents/Developer/Platforms/AppleTVOS.platform/Developer/SDKs/AppleTVOS27.0.sdk -target arm64-apple-tvos15.0 -g -module-cache-path /Users/admin/builder/spi-builder-workspace/.derivedData/ModuleCache.noindex -Xfrontend -serialize-debugging-options -enable-testing -index-store-path /Users/admin/builder/spi-builder-workspace/.derivedData/Index.noindex/DataStore -Xcc -D_LIBCPP_HARDENING_MODE\=_LIBCPP_HARDENING_MODE_DEBUG -swift-version 5 -I /Users/admin/builder/spi-builder-workspace/.derivedData/Build/Products/Debug-appletvos -Isystem /Applications/Xcode-27.0.0-Release.Candidate.app/Contents/Developer/Platforms/AppleTVOS.platform/Developer/usr/lib -F /Users/admin/builder/spi-builder-workspace/.derivedData/Build/Products/Debug-appletvos -F /Applications/Xcode-27.0.0-Release.Candidate.app/Contents/Developer/Platforms/AppleTVOS.platform/Developer/Library/Frameworks -F /Applications/Xcode-27.0.0-Release.Candidate.app/Contents/Developer/Platforms/AppleTVOS.platform/Developer/SDKs/AppleTVOS27.0.sdk/Developer/Library/Frameworks -c -j10 -enable-batch-mode -incremental -Xcc -ivfsstatcache -Xcc /Users/admin/builder/spi-builder-workspace/.derivedData/SDKStatCaches.noindex/appletvos27.0-24J360-e829b21a6f8c9b70876ba0858053c044b32bfd8d43560033f8d89884cdb90028.sdkstatcache -output-file-map /Users/admin/builder/spi-builder-workspace/.derivedData/Build/Intermediates.noindex/NetTrace.build/Debug-appletvos/NetTrace-t.build/Objects-normal/arm64/NetTrace-OutputFileMap.json -save-temps -no-color-diagnostics -explicit-module-build -module-cache-path /Users/admin/builder/spi-builder-workspace/.derivedData/Build/Intermediates.noindex/SwiftExplicitPrecompiledModules -clang-scanner-module-cache-path /Users/admin/builder/spi-builder-workspace/.derivedData/ModuleCache.noindex -sdk-module-cache-path /Users/admin/builder/spi-builder-workspace/.derivedData/SDKExplicitPrecompiledModules -emit-dependencies -emit-module -emit-module-path /Users/admin/builder/spi-builder-workspace/.derivedData/Build/Intermediates.noindex/NetTrace.build/Debug-appletvos/NetTrace-t.build/Objects-normal/arm64/NetTrace.swiftmodule -serialize-diagnostics -dependency-scan-serialize-diagnostics-path /Users/admin/builder/spi-builder-workspace/.derivedData/Build/Intermediates.noindex/NetTrace.build/Debug-appletvos/NetTrace-t.build/Objects-normal/arm64/NetTrace-dependency-scan.dia -validate-clang-modules-once -clang-build-session-file /Users/admin/builder/spi-builder-workspace/.derivedData/ModuleCache.noindex/Session.modulevalidation -Xcc -fmodules-prune-interval\=86400 -Xcc -fmodules-prune-after\=345600 -package-name spi_builder_workspace -emit-const-values -const-gather-protocols-list /Users/admin/builder/spi-builder-workspace/.derivedData/Build/Intermediates.noindex/NetTrace.build/Debug-appletvos/NetTrace-t.build/Objects-normal/arm64/NetTrace_const_extract_protocols.json -Xcc -I/Users/admin/builder/spi-builder-workspace/.derivedData/Build/Products/Debug-appletvos/include -Xcc -I/Users/admin/builder/spi-builder-workspace/.derivedData/Build/Intermediates.noindex/NetTrace.build/Debug-appletvos/NetTrace-t.build/DerivedSources-normal/arm64 -Xcc -I/Users/admin/builder/spi-builder-workspace/.derivedData/Build/Intermediates.noindex/NetTrace.build/Debug-appletvos/NetTrace-t.build/DerivedSources/arm64 -Xcc -I/Users/admin/builder/spi-builder-workspace/.derivedData/Build/Intermediates.noindex/NetTrace.build/Debug-appletvos/NetTrace-t.build/DerivedSources -Xcc -DSWIFT_PACKAGE -Xcc -DDEBUG\=1 -emit-objc-header -emit-objc-header-path /Users/admin/builder/spi-builder-workspace/.derivedData/Build/Intermediates.noindex/NetTrace.build/Debug-appletvos/NetTrace-t.build/Objects-normal/arm64/NetTrace-Swift.h -working-directory /Users/admin/builder/spi-builder-workspace/.swiftpm/xcode -experimental-emit-module-separately -disable-cmo
SwiftExplicitDependencyGeneratePcm arm64 /Users/admin/builder/spi-builder-workspace/.derivedData/SDKExplicitPrecompiledModules/_Builtin_float-8ZJAYZ85YBOAOP52Y9H6IUNP3.pcm
SwiftExplicitDependencyGeneratePcm arm64 /Users/admin/builder/spi-builder-workspace/.derivedData/SDKExplicitPrecompiledModules/_Builtin_stddef-9ZJZ6FDEZNKTZU8YLPMFT9RAQ.pcm
SwiftExplicitDependencyGeneratePcm arm64 /Users/admin/builder/spi-builder-workspace/.derivedData/SDKExplicitPrecompiledModules/_AvailabilityInternal-BV2EDDP0MI5QJDDPEEV4D9D3V.pcm
SwiftExplicitDependencyGeneratePcm arm64 /Users/admin/builder/spi-builder-workspace/.derivedData/SDKExplicitPrecompiledModules/SwiftShims-8N4EXJ4RUJTR8K9OO3CMOH1EP.pcm
SwiftExplicitDependencyGeneratePcm arm64 /Users/admin/builder/spi-builder-workspace/.derivedData/SDKExplicitPrecompiledModules/DeveloperToolsSupport-B1X8RI63V48AJRTH2RK6JAARV.pcm
SwiftExplicitDependencyGeneratePcm arm64 /Users/admin/builder/spi-builder-workspace/.derivedData/SDKExplicitPrecompiledModules/ptrcheck-2AZ6B5IBYD3RRRTFWN2ONASY3.pcm
SwiftExplicitDependencyGeneratePcm arm64 /Users/admin/builder/spi-builder-workspace/.derivedData/SDKExplicitPrecompiledModules/_SwiftConcurrencyShims-BY5PD8KF1L5KF6F4Q69HE3TJ4.pcm
SwiftExplicitDependencyGeneratePcm arm64 /Users/admin/builder/spi-builder-workspace/.derivedData/SDKExplicitPrecompiledModules/_Builtin_stdarg-BO2OCAUYVAXDRVQWQ8ISKGNUQ.pcm
SwiftExplicitDependencyGeneratePcm arm64 /Users/admin/builder/spi-builder-workspace/.derivedData/SDKExplicitPrecompiledModules/_Builtin_stdbool-AHRDH5EKLY6D04C5E42F3VCQI.pcm
SwiftExplicitDependencyGeneratePcm arm64 /Users/admin/builder/spi-builder-workspace/.derivedData/SDKExplicitPrecompiledModules/ptrauth-8X2KEPL7CTRPS40TUB9APHPK6.pcm
SwiftExplicitDependencyGeneratePcm arm64 /Users/admin/builder/spi-builder-workspace/.derivedData/SDKExplicitPrecompiledModules/_DarwinFoundation1-JOTYMOA1YZCIJ2NON6FQ848O.pcm
SwiftExplicitDependencyGeneratePcm arm64 /Users/admin/builder/spi-builder-workspace/.derivedData/SDKExplicitPrecompiledModules/_Builtin_limits-7JU2HP127LIT1X9E2V3D8WZ1.pcm
SwiftExplicitDependencyGeneratePcm arm64 /Users/admin/builder/spi-builder-workspace/.derivedData/SDKExplicitPrecompiledModules/_DarwinFoundation2-AOGAN1O02NKXRJN5V73AV3V3M.pcm
SwiftExplicitDependencyGeneratePcm arm64 /Users/admin/builder/spi-builder-workspace/.derivedData/SDKExplicitPrecompiledModules/_Builtin_stdint-6NFTB6IBKS143IVPGT1EKB7HO.pcm
SwiftExplicitDependencyGeneratePcm arm64 /Users/admin/builder/spi-builder-workspace/.derivedData/SDKExplicitPrecompiledModules/string_h-6EVHP7A717OUS5DMC78F79HWO.pcm
SwiftExplicitDependencyGeneratePcm arm64 /Users/admin/builder/spi-builder-workspace/.derivedData/SDKExplicitPrecompiledModules/_Builtin_tgmath-7ULT1EUHDHW4OZPSTT33H6QGE.pcm
SwiftExplicitDependencyGeneratePcm arm64 /Users/admin/builder/spi-builder-workspace/.derivedData/SDKExplicitPrecompiledModules/sys_types-8GCAV1YMG5UUGHUID3CA20TCH.pcm
SwiftExplicitDependencyGeneratePcm arm64 /Users/admin/builder/spi-builder-workspace/.derivedData/SDKExplicitPrecompiledModules/_DarwinFoundation3-8SR3855WDFHQPR6G9GHOI2C07.pcm
SwiftExplicitDependencyGeneratePcm arm64 /Users/admin/builder/spi-builder-workspace/.derivedData/SDKExplicitPrecompiledModules/_Builtin_intrinsics-437O2R2NID4WAQVENR63GR82C.pcm
SwiftExplicitDependencyGeneratePcm arm64 /Users/admin/builder/spi-builder-workspace/.derivedData/SDKExplicitPrecompiledModules/_Builtin_stdatomic-3YXHN678NGYM3NL9POJ2HVEIF.pcm
SwiftExplicitDependencyGeneratePcm arm64 /Users/admin/builder/spi-builder-workspace/.derivedData/SDKExplicitPrecompiledModules/_Builtin_inttypes-6X1IQ3QK9KEVKXOK9Y79EW7J3.pcm
SwiftExplicitDependencyGeneratePcm arm64 /Users/admin/builder/spi-builder-workspace/.derivedData/SDKExplicitPrecompiledModules/Darwin-DBSQAVBBPC3D2OMU5ZI2RXMST.pcm
SwiftExplicitDependencyGeneratePcm arm64 /Users/admin/builder/spi-builder-workspace/.derivedData/SDKExplicitPrecompiledModules/simd-117QUXEUT3Z7UQCUYWV2UA228.pcm
SwiftExplicitDependencyGeneratePcm arm64 /Users/admin/builder/spi-builder-workspace/.derivedData/SDKExplicitPrecompiledModules/ObjectiveC-5250FDCE56N8508OR6XUYDKZM.pcm
SwiftExplicitDependencyGeneratePcm arm64 /Users/admin/builder/spi-builder-workspace/.derivedData/SDKExplicitPrecompiledModules/MachO-EH3F5PJCIZG05NO51CEFSZYPW.pcm
SwiftExplicitDependencyGeneratePcm arm64 /Users/admin/builder/spi-builder-workspace/.derivedData/SDKExplicitPrecompiledModules/os_object-E2DGZ0SX0TULQHULZRPO6OKNW.pcm
SwiftExplicitDependencyGeneratePcm arm64 /Users/admin/builder/spi-builder-workspace/.derivedData/SDKExplicitPrecompiledModules/os_workgroup-DBUFF7811DKMX7VPBOJPGGF1U.pcm
SwiftExplicitDependencyGeneratePcm arm64 /Users/admin/builder/spi-builder-workspace/.derivedData/SDKExplicitPrecompiledModules/Spatial-7U8NLEFXSB8BR7PJQGVMF5A4Q.pcm
SwiftExplicitDependencyGeneratePcm arm64 /Users/admin/builder/spi-builder-workspace/.derivedData/SDKExplicitPrecompiledModules/Dispatch-1QL58A0V50C39KVAIC6C38SHL.pcm
SwiftExplicitDependencyGeneratePcm arm64 /Users/admin/builder/spi-builder-workspace/.derivedData/SDKExplicitPrecompiledModules/CoreFoundation-7TPJ7ENDC4L1A1ESHYI9TXS0D.pcm
SwiftExplicitDependencyGeneratePcm arm64 /Users/admin/builder/spi-builder-workspace/.derivedData/SDKExplicitPrecompiledModules/XPC-6O2DJFT3QUJ7QKTD3SNUB6PCR.pcm
SwiftExplicitDependencyGeneratePcm arm64 /Users/admin/builder/spi-builder-workspace/.derivedData/SDKExplicitPrecompiledModules/os-3GJI8H0BNAEZPQPQ1V0VVY3FY.pcm
SwiftExplicitDependencyGeneratePcm arm64 /Users/admin/builder/spi-builder-workspace/.derivedData/SDKExplicitPrecompiledModules/CoreGraphics-CWSP3J98S2658BYCVL6RP99T3.pcm
SwiftExplicitDependencyGeneratePcm arm64 /Users/admin/builder/spi-builder-workspace/.derivedData/SDKExplicitPrecompiledModules/Security-8VMXEKVDA3MHUH9AOTP905DID.pcm
SwiftExplicitDependencyGeneratePcm arm64 /Users/admin/builder/spi-builder-workspace/.derivedData/SDKExplicitPrecompiledModules/CFNetwork-2CUR2VK9S3S3WPFXPNXNUWYGN.pcm
SwiftExplicitDependencyGeneratePcm arm64 /Users/admin/builder/spi-builder-workspace/.derivedData/SDKExplicitPrecompiledModules/Foundation-BSSIP64DIGUKMAYJOG1WPQ78X.pcm
SwiftExplicitDependencyGeneratePcm arm64 /Users/admin/builder/spi-builder-workspace/.derivedData/SDKExplicitPrecompiledModules/CoreText-59NY7PABM0I4V978161FOC04A.pcm
SwiftExplicitDependencyGeneratePcm arm64 /Users/admin/builder/spi-builder-workspace/.derivedData/SDKExplicitPrecompiledModules/ImageIO-88D4CLEBD4CLWQKT78PZ6H1O8.pcm
SwiftExplicitDependencyGeneratePcm arm64 /Users/admin/builder/spi-builder-workspace/.derivedData/SDKExplicitPrecompiledModules/Symbols-B5AU9VM9Y7NU79RLMH13Z4IFM.pcm
SwiftExplicitDependencyGeneratePcm arm64 /Users/admin/builder/spi-builder-workspace/.derivedData/SDKExplicitPrecompiledModules/OSLog-7OT6HHTMY0ZFEQJ095LJZ6NLC.pcm
SwiftExplicitDependencyGeneratePcm arm64 /Users/admin/builder/spi-builder-workspace/.derivedData/SDKExplicitPrecompiledModules/CoreTransferable-7V4O8DATEQ9F7SDNTCW8YWLG3.pcm
SwiftExplicitDependencyGeneratePcm arm64 /Users/admin/builder/spi-builder-workspace/.derivedData/SDKExplicitPrecompiledModules/DataDetection-37JIYZ2GWDA1L166PP1D9JKAF.pcm
SwiftExplicitDependencyGeneratePcm arm64 /Users/admin/builder/spi-builder-workspace/.derivedData/SDKExplicitPrecompiledModules/IOSurface-38FJ1CKX9FV2RD97O64Z7QB17.pcm
SwiftExplicitDependencyGeneratePcm arm64 /Users/admin/builder/spi-builder-workspace/.derivedData/SDKExplicitPrecompiledModules/UniformTypeIdentifiers-95CC8U42ZA9STP5K6GP9ZVJS5.pcm
SwiftExplicitDependencyGeneratePcm arm64 /Users/admin/builder/spi-builder-workspace/.derivedData/SDKExplicitPrecompiledModules/Accessibility-B6BODGZ4MQQTY0PBC4SHRP009.pcm
SwiftExplicitDependencyGeneratePcm arm64 /Users/admin/builder/spi-builder-workspace/.derivedData/SDKExplicitPrecompiledModules/UIUtilities-6ZFJ1AK4H8IBGEBMYQBWGBYLK.pcm
SwiftExplicitDependencyGeneratePcm arm64 /Users/admin/builder/spi-builder-workspace/.derivedData/SDKExplicitPrecompiledModules/UserNotifications-E9ZW5TH066WIJWH9080RC5NG4.pcm
SwiftExplicitDependencyGeneratePcm arm64 /Users/admin/builder/spi-builder-workspace/.derivedData/SDKExplicitPrecompiledModules/_LocationEssentials-ETSJ65FELPWR8WH8G49R1DF2E.pcm
SwiftExplicitDependencyGeneratePcm arm64 /Users/admin/builder/spi-builder-workspace/.derivedData/SDKExplicitPrecompiledModules/CoreLocation-YVXXAOMVX0JH2KO1XTTKTY51.pcm
SwiftExplicitDependencyGeneratePcm arm64 /Users/admin/builder/spi-builder-workspace/.derivedData/SDKExplicitPrecompiledModules/OpenGLES-4NY99CNDU9WUNUYEIXSS1QFGE.pcm
SwiftExplicitDependencyGeneratePcm arm64 /Users/admin/builder/spi-builder-workspace/.derivedData/SDKExplicitPrecompiledModules/Metal-2KYBS7IML1SD788M91YV7Q0CC.pcm
SwiftExplicitDependencyGeneratePcm arm64 /Users/admin/builder/spi-builder-workspace/.derivedData/SDKExplicitPrecompiledModules/CoreVideo-DPU0PB5X0XLSVA2ETRGI6FJBM.pcm
SwiftExplicitDependencyGeneratePcm arm64 /Users/admin/builder/spi-builder-workspace/.derivedData/SDKExplicitPrecompiledModules/CoreImage-7S2AFJ8EIY3DUFYLEAX1JR1QV.pcm
SwiftExplicitDependencyGeneratePcm arm64 /Users/admin/builder/spi-builder-workspace/.derivedData/SDKExplicitPrecompiledModules/QuartzCore-DJSYAWKXFGVSAK5CQMOB3JSR.pcm
SwiftExplicitDependencyGeneratePcm arm64 /Users/admin/builder/spi-builder-workspace/.derivedData/SDKExplicitPrecompiledModules/SwiftUICore-543QU5V2NHKUFCYFJDKUJ7NYG.pcm
SwiftExplicitDependencyGeneratePcm arm64 /Users/admin/builder/spi-builder-workspace/.derivedData/SDKExplicitPrecompiledModules/UIKit-1TKWN7VC2X6N3ITMRVA2G0EB2.pcm
SwiftCompile normal arm64 Compiling\ RequestListViewController.swift /Users/admin/builder/spi-builder-workspace/Sources/NetTrace/UI/ViewControllers/RequestListViewController.swift (in target 'NetTrace' from project 'NetTrace')
SwiftCompile normal arm64 /Users/admin/builder/spi-builder-workspace/Sources/NetTrace/UI/ViewControllers/RequestListViewController.swift (in target 'NetTrace' from project 'NetTrace')
    cd /Users/admin/builder/spi-builder-workspace/.swiftpm/xcode
    builtin-SwiftPerFileCompile RequestListViewController.swift
/Users/admin/builder/spi-builder-workspace/Sources/NetTrace/UI/ViewControllers/RequestListViewController.swift:25:33: error: 'systemBackground' is unavailable in tvOS
 23 |         super.viewDidLoad()
 24 |
 25 |         view.backgroundColor = .systemBackground
    |                                 `- error: 'systemBackground' is unavailable in tvOS
 26 |
 27 |         setupSearchController()
/Applications/Xcode-27.0.0-Release.Candidate.app/Contents/Developer/Platforms/AppleTVOS.platform/Developer/SDKs/AppleTVOS27.0.sdk/System/Library/Frameworks/UIKit.framework/Headers/UIInterface.h:208:49: note: 'systemBackground' has been explicitly marked unavailable here
206 |  *    primary background in light mode.
207 |  */
208 | @property (class, nonatomic, readonly) UIColor *systemBackgroundColor                   API_AVAILABLE(ios(13.0)) API_UNAVAILABLE(tvos, watchos);
    |                                                 `- note: 'systemBackground' has been explicitly marked unavailable here
209 | @property (class, nonatomic, readonly) UIColor *secondarySystemBackgroundColor          API_AVAILABLE(ios(13.0)) API_UNAVAILABLE(tvos, watchos);
210 | @property (class, nonatomic, readonly) UIColor *tertiarySystemBackgroundColor           API_AVAILABLE(ios(13.0)) API_UNAVAILABLE(tvos, watchos);
/Users/admin/builder/spi-builder-workspace/Sources/NetTrace/UI/ViewControllers/RequestListViewController.swift:52:24: error: 'searchController' is unavailable in tvOS
 50 |         searchController.obscuresBackgroundDuringPresentation = false
 51 |         searchController.searchBar.placeholder = "Search requests..."
 52 |         navigationItem.searchController = searchController
    |                        `- error: 'searchController' is unavailable in tvOS
 53 |         navigationItem.hidesSearchBarWhenScrolling = false
 54 |         definesPresentationContext = true
/Applications/Xcode-27.0.0-Release.Candidate.app/Contents/Developer/Platforms/AppleTVOS.platform/Developer/SDKs/AppleTVOS27.0.sdk/System/Library/Frameworks/UIKit.framework/Headers/UINavigationItem.h:234:72: note: 'searchController' has been explicitly marked unavailable here
232 |
233 | /// A view controller that will be shown inside of a navigation controller can assign a UISearchController to this property to display the search controller’s search bar in its containing navigation controller’s navigation bar.
234 | @property (nonatomic, readwrite, strong, nullable) UISearchController *searchController API_AVAILABLE(ios(11.0)) API_UNAVAILABLE(watchos) API_UNAVAILABLE(tvos);
    |                                                                        `- note: 'searchController' has been explicitly marked unavailable here
235 |
236 | /// If this property is true (the default), the searchController’s search bar will hide as the user scrolls in the top view controller’s scroll view. If false, the search bar will remain visible and pinned underneath the navigation bar.
/Users/admin/builder/spi-builder-workspace/Sources/NetTrace/UI/ViewControllers/RequestListViewController.swift:53:24: error: 'hidesSearchBarWhenScrolling' is unavailable in tvOS
 51 |         searchController.searchBar.placeholder = "Search requests..."
 52 |         navigationItem.searchController = searchController
 53 |         navigationItem.hidesSearchBarWhenScrolling = false
    |                        `- error: 'hidesSearchBarWhenScrolling' is unavailable in tvOS
 54 |         definesPresentationContext = true
 55 |     }
/Applications/Xcode-27.0.0-Release.Candidate.app/Contents/Developer/Platforms/AppleTVOS.platform/Developer/SDKs/AppleTVOS27.0.sdk/System/Library/Frameworks/UIKit.framework/Headers/UINavigationItem.h:238:47: note: 'hidesSearchBarWhenScrolling' has been explicitly marked unavailable here
236 | /// If this property is true (the default), the searchController’s search bar will hide as the user scrolls in the top view controller’s scroll view. If false, the search bar will remain visible and pinned underneath the navigation bar.
237 | /// Not applicable and ignored for `UINavigationItemSearchBarPlacementIntegrated`
238 | @property (nonatomic, readwrite, assign) BOOL hidesSearchBarWhenScrolling API_AVAILABLE(ios(11.0)) API_UNAVAILABLE(watchos) API_UNAVAILABLE(tvos);
    |                                               `- note: 'hidesSearchBarWhenScrolling' has been explicitly marked unavailable here
239 |
240 | /// The preferred search bar placement, when a search controller is assigned to this item.
/Users/admin/builder/spi-builder-workspace/Sources/NetTrace/UI/ViewControllers/RequestListViewController.swift:61:35: error: 'close' is unavailable in tvOS
 59 |
 60 |         navigationItem.leftBarButtonItem = UIBarButtonItem(
 61 |             barButtonSystemItem: .close,
    |                                   `- error: 'close' is unavailable in tvOS
 62 |             target: self,
 63 |             action: #selector(closeTapped)
UIKit.UIBarButtonItem.SystemItem.close:4:10: note: 'close' has been explicitly marked unavailable here
2 |   enum SystemItem {
3 | @available(tvOS, unavailable)
4 |     case close  }
  |          `- note: 'close' has been explicitly marked unavailable here
5 | }
6 |
SwiftCompile normal arm64 Compiling\ OverlayWindow.swift /Users/admin/builder/spi-builder-workspace/Sources/NetTrace/UI/Windows/OverlayWindow.swift (in target 'NetTrace' from project 'NetTrace')
/Users/admin/builder/spi-builder-workspace/Sources/NetTrace/UI/Windows/OverlayWindow.swift:17:53: error: 'systemBackground' is unavailable in tvOS
 15 |         configuration.image = UIImage(systemName: "arrow.up.arrow.down.circle", withConfiguration: UIImage.SymbolConfiguration(pointSize: 24))
 16 |         configuration.baseBackgroundColor = UIColor.label
 17 |         configuration.baseForegroundColor = UIColor.systemBackground
    |                                                     `- error: 'systemBackground' is unavailable in tvOS
 18 |         configuration.contentInsets = .init(top: 4, leading: 4, bottom: 4, trailing: 4)
 19 |         configuration.imagePlacement = .leading
/Applications/Xcode-27.0.0-Release.Candidate.app/Contents/Developer/Platforms/AppleTVOS.platform/Developer/SDKs/AppleTVOS27.0.sdk/System/Library/Frameworks/UIKit.framework/Headers/UIInterface.h:208:49: note: 'systemBackground' has been explicitly marked unavailable here
206 |  *    primary background in light mode.
207 |  */
208 | @property (class, nonatomic, readonly) UIColor *systemBackgroundColor                   API_AVAILABLE(ios(13.0)) API_UNAVAILABLE(tvos, watchos);
    |                                                 `- note: 'systemBackground' has been explicitly marked unavailable here
209 | @property (class, nonatomic, readonly) UIColor *secondarySystemBackgroundColor          API_AVAILABLE(ios(13.0)) API_UNAVAILABLE(tvos, watchos);
210 | @property (class, nonatomic, readonly) UIColor *tertiarySystemBackgroundColor           API_AVAILABLE(ios(13.0)) API_UNAVAILABLE(tvos, watchos);
/Users/admin/builder/spi-builder-workspace/Sources/NetTrace/UI/Windows/OverlayWindow.swift:24:48: error: 'systemBackground' is unavailable in tvOS
 22 |         configuration.titleTextAttributesTransformer = UIConfigurationTextAttributesTransformer { incoming in
 23 |             var outgoing = incoming
 24 |             outgoing.foregroundColor = UIColor.systemBackground
    |                                                `- error: 'systemBackground' is unavailable in tvOS
 25 |             outgoing.font = UIFont.boldSystemFont(ofSize: 13)
 26 |             return outgoing
/Applications/Xcode-27.0.0-Release.Candidate.app/Contents/Developer/Platforms/AppleTVOS.platform/Developer/SDKs/AppleTVOS27.0.sdk/System/Library/Frameworks/UIKit.framework/Headers/UIInterface.h:208:49: note: 'systemBackground' has been explicitly marked unavailable here
206 |  *    primary background in light mode.
207 |  */
208 | @property (class, nonatomic, readonly) UIColor *systemBackgroundColor                   API_AVAILABLE(ios(13.0)) API_UNAVAILABLE(tvos, watchos);
    |                                                 `- note: 'systemBackground' has been explicitly marked unavailable here
209 | @property (class, nonatomic, readonly) UIColor *secondarySystemBackgroundColor          API_AVAILABLE(ios(13.0)) API_UNAVAILABLE(tvos, watchos);
210 | @property (class, nonatomic, readonly) UIColor *tertiarySystemBackgroundColor           API_AVAILABLE(ios(13.0)) API_UNAVAILABLE(tvos, watchos);
<unknown>:0: warning: cannot form key path that captures non-Sendable type 'KeyPath<AttributeScopes.UIKitAttributes, AttributeScopes.UIKitAttributes.ForegroundColorAttribute>'; this is an error in the Swift 6 language mode
Swift.KeyPath:1:14: note: generic class 'KeyPath' does not conform to the 'Sendable' protocol
1 | public class KeyPath<Root, Value> : PartialKeyPath<Root> {
  |              `- note: generic class 'KeyPath' does not conform to the 'Sendable' protocol
2 |     @objc deinit
3 | }
<unknown>:0: warning: cannot form key path that captures non-Sendable type 'KeyPath<AttributeScopes.UIKitAttributes, AttributeScopes.UIKitAttributes.FontAttribute>'; this is an error in the Swift 6 language mode
Swift.KeyPath:1:14: note: generic class 'KeyPath' does not conform to the 'Sendable' protocol
1 | public class KeyPath<Root, Value> : PartialKeyPath<Root> {
  |              `- note: generic class 'KeyPath' does not conform to the 'Sendable' protocol
2 |     @objc deinit
3 | }
SwiftCompile normal arm64 /Users/admin/builder/spi-builder-workspace/Sources/NetTrace/UI/Windows/OverlayWindow.swift (in target 'NetTrace' from project 'NetTrace')
    cd /Users/admin/builder/spi-builder-workspace/.swiftpm/xcode
    builtin-SwiftPerFileCompile OverlayWindow.swift
SwiftCompile normal arm64 Compiling\ RequestDetailViewController.swift /Users/admin/builder/spi-builder-workspace/Sources/NetTrace/UI/ViewControllers/RequestDetailViewController.swift (in target 'NetTrace' from project 'NetTrace')
/Users/admin/builder/spi-builder-workspace/Sources/NetTrace/UI/ViewControllers/RequestDetailViewController.swift:28:33: error: 'systemBackground' is unavailable in tvOS
 26 |         super.viewDidLoad()
 27 |
 28 |         view.backgroundColor = .systemBackground
    |                                 `- error: 'systemBackground' is unavailable in tvOS
 29 |         title = "Request Details"
 30 |
/Applications/Xcode-27.0.0-Release.Candidate.app/Contents/Developer/Platforms/AppleTVOS.platform/Developer/SDKs/AppleTVOS27.0.sdk/System/Library/Frameworks/UIKit.framework/Headers/UIInterface.h:208:49: note: 'systemBackground' has been explicitly marked unavailable here
206 |  *    primary background in light mode.
207 |  */
208 | @property (class, nonatomic, readonly) UIColor *systemBackgroundColor                   API_AVAILABLE(ios(13.0)) API_UNAVAILABLE(tvos, watchos);
    |                                                 `- note: 'systemBackground' has been explicitly marked unavailable here
209 | @property (class, nonatomic, readonly) UIColor *secondarySystemBackgroundColor          API_AVAILABLE(ios(13.0)) API_UNAVAILABLE(tvos, watchos);
210 | @property (class, nonatomic, readonly) UIColor *tertiarySystemBackgroundColor           API_AVAILABLE(ios(13.0)) API_UNAVAILABLE(tvos, watchos);
/Users/admin/builder/spi-builder-workspace/Sources/NetTrace/UI/ViewControllers/RequestDetailViewController.swift:188:43: error: 'secondarySystemBackground' is unavailable in tvOS
186 |     private func addHeadersTable(_ headers: [String: String]) {
187 |         let tableContainer = UIView()
188 |         tableContainer.backgroundColor = .secondarySystemBackground
    |                                           `- error: 'secondarySystemBackground' is unavailable in tvOS
189 |         tableContainer.layer.cornerRadius = 8
190 |         tableContainer.translatesAutoresizingMaskIntoConstraints = false
/Applications/Xcode-27.0.0-Release.Candidate.app/Contents/Developer/Platforms/AppleTVOS.platform/Developer/SDKs/AppleTVOS27.0.sdk/System/Library/Frameworks/UIKit.framework/Headers/UIInterface.h:209:49: note: 'secondarySystemBackground' has been explicitly marked unavailable here
207 |  */
208 | @property (class, nonatomic, readonly) UIColor *systemBackgroundColor                   API_AVAILABLE(ios(13.0)) API_UNAVAILABLE(tvos, watchos);
209 | @property (class, nonatomic, readonly) UIColor *secondarySystemBackgroundColor          API_AVAILABLE(ios(13.0)) API_UNAVAILABLE(tvos, watchos);
    |                                                 `- note: 'secondarySystemBackground' has been explicitly marked unavailable here
210 | @property (class, nonatomic, readonly) UIColor *tertiarySystemBackgroundColor           API_AVAILABLE(ios(13.0)) API_UNAVAILABLE(tvos, watchos);
211 |
/Users/admin/builder/spi-builder-workspace/Sources/NetTrace/UI/ViewControllers/RequestDetailViewController.swift:253:37: error: 'secondarySystemBackground' is unavailable in tvOS
251 |         textView.font = UIFont.monospacedSystemFont(ofSize: 12, weight: .regular)
252 |         textView.textColor = .label
253 |         textView.backgroundColor = .secondarySystemBackground
    |                                     `- error: 'secondarySystemBackground' is unavailable in tvOS
254 |         textView.layer.cornerRadius = 8
255 |         textView.isEditable = false
/Applications/Xcode-27.0.0-Release.Candidate.app/Contents/Developer/Platforms/AppleTVOS.platform/Developer/SDKs/AppleTVOS27.0.sdk/System/Library/Frameworks/UIKit.framework/Headers/UIInterface.h:209:49: note: 'secondarySystemBackground' has been explicitly marked unavailable here
207 |  */
208 | @property (class, nonatomic, readonly) UIColor *systemBackgroundColor                   API_AVAILABLE(ios(13.0)) API_UNAVAILABLE(tvos, watchos);
209 | @property (class, nonatomic, readonly) UIColor *secondarySystemBackgroundColor          API_AVAILABLE(ios(13.0)) API_UNAVAILABLE(tvos, watchos);
    |                                                 `- note: 'secondarySystemBackground' has been explicitly marked unavailable here
210 | @property (class, nonatomic, readonly) UIColor *tertiarySystemBackgroundColor           API_AVAILABLE(ios(13.0)) API_UNAVAILABLE(tvos, watchos);
211 |
/Users/admin/builder/spi-builder-workspace/Sources/NetTrace/UI/ViewControllers/RequestDetailViewController.swift:255:18: error: 'isEditable' is unavailable in tvOS
253 |         textView.backgroundColor = .secondarySystemBackground
254 |         textView.layer.cornerRadius = 8
255 |         textView.isEditable = false
    |                  `- error: 'isEditable' is unavailable in tvOS
256 |         textView.isScrollEnabled = false
257 |         textView.textContainerInset = UIEdgeInsets(top: 12, left: 12, bottom: 12, right: 12)
/Applications/Xcode-27.0.0-Release.Candidate.app/Contents/Developer/Platforms/AppleTVOS.platform/Developer/SDKs/AppleTVOS27.0.sdk/System/Library/Frameworks/UIKit.framework/Headers/UITextView.h:238:45: note: 'isEditable' has been explicitly marked unavailable here
236 | @property(nonatomic, copy, nonnull) NSArray<NSValue *> *selectedRanges API_AVAILABLE(ios(26.0), tvos(26.0), visionos(26.0), watchos(26.0)) NS_REFINED_FOR_SWIFT;
237 |
238 | @property(nonatomic,getter=isEditable) BOOL editable API_UNAVAILABLE(tvos);
    |                                             `- note: 'isEditable' has been explicitly marked unavailable here
239 | // Toggle selectability, which controls the ability of the user to select content and interact with URLs & attachments. On tvOS this also makes the text view focusable.
240 | // By default, text item interaction follows selectable if the text item methods on UITextViewDelegate are not implemented; otherwise, they follow the result of the specified delegate methods.
/Users/admin/builder/spi-builder-workspace/Sources/NetTrace/UI/ViewControllers/RequestDetailViewController.swift:270:13: error: 'UIPasteboard' is unavailable in tvOS
268 |
269 |         let copyJsonButton = UIButton(primaryAction: UIAction { _ in
270 |             UIPasteboard.general.string = text
    |             `- error: 'UIPasteboard' is unavailable in tvOS
271 |
272 |             let alertController = UIAlertController(title: "Copied!", message: "The JSON string is now in your pasteboard.", preferredStyle: .alert)
/Applications/Xcode-27.0.0-Release.Candidate.app/Contents/Developer/Platforms/AppleTVOS.platform/Developer/SDKs/AppleTVOS27.0.sdk/System/Library/Frameworks/UIKit.framework/Headers/UIPasteboard.h:50:12: note: 'UIPasteboard' has been explicitly marked unavailable here
 48 |
 49 | UIKIT_EXTERN API_AVAILABLE(ios(3.0)) API_UNAVAILABLE(tvos) API_UNAVAILABLE(watchos) NS_SWIFT_SENDABLE
 50 | @interface UIPasteboard : NSObject
    |            `- note: 'UIPasteboard' has been explicitly marked unavailable here
 51 |
 52 | @property(class, nonatomic, readonly) UIPasteboard *generalPasteboard;
/Users/admin/builder/spi-builder-workspace/Sources/NetTrace/UI/ViewControllers/RequestDetailViewController.swift:270:34: error: 'string' is unavailable in tvOS
268 |
269 |         let copyJsonButton = UIButton(primaryAction: UIAction { _ in
270 |             UIPasteboard.general.string = text
    |                                  `- error: 'string' is unavailable in tvOS
271 |
272 |             let alertController = UIAlertController(title: "Copied!", message: "The JSON string is now in your pasteboard.", preferredStyle: .alert)
/Applications/Xcode-27.0.0-Release.Candidate.app/Contents/Developer/Platforms/AppleTVOS.platform/Developer/SDKs/AppleTVOS27.0.sdk/System/Library/Frameworks/UIKit.framework/Headers/UIPasteboard.h:108:46: note: 'string' has been explicitly marked unavailable here
106 | - (void)setItems:(NSArray<NSDictionary<NSString *, id> *> *)items options:(NSDictionary<UIPasteboardOption, id> *)options API_AVAILABLE(ios(10.0));
107 |
108 | @property(nullable,nonatomic,copy) NSString *string API_UNAVAILABLE(tvos) API_UNAVAILABLE(watchos);
    |                                              `- note: 'string' has been explicitly marked unavailable here
109 | @property(nullable,nonatomic,copy) NSArray<NSString *> *strings API_UNAVAILABLE(tvos) API_UNAVAILABLE(watchos);
110 |
SwiftCompile normal arm64 /Users/admin/builder/spi-builder-workspace/Sources/NetTrace/UI/ViewControllers/RequestDetailViewController.swift (in target 'NetTrace' from project 'NetTrace')
    cd /Users/admin/builder/spi-builder-workspace/.swiftpm/xcode
    builtin-SwiftPerFileCompile RequestDetailViewController.swift
SwiftCompile normal arm64 Compiling\ JSONTreeCell.swift /Users/admin/builder/spi-builder-workspace/Sources/NetTrace/UI/Views/JSONTreeCell.swift (in target 'NetTrace' from project 'NetTrace')
SwiftCompile normal arm64 /Users/admin/builder/spi-builder-workspace/Sources/NetTrace/UI/Views/JSONTreeCell.swift (in target 'NetTrace' from project 'NetTrace')
    cd /Users/admin/builder/spi-builder-workspace/.swiftpm/xcode
    builtin-SwiftPerFileCompile JSONTreeCell.swift
SwiftEmitModule normal arm64 Emitting\ module\ for\ NetTrace (in target 'NetTrace' from project 'NetTrace')
/Users/admin/builder/spi-builder-workspace/Sources/NetTrace/UI/ViewControllers/JSONTreeViewController.swift:15:15: error: 'separatorStyle' is unavailable in tvOS
 13 |         let table = UITableView()
 14 |         table.translatesAutoresizingMaskIntoConstraints = false
 15 |         table.separatorStyle = .singleLine
    |               `- error: 'separatorStyle' is unavailable in tvOS
 16 |         table.rowHeight = 44
 17 |         return table
/Applications/Xcode-27.0.0-Release.Candidate.app/Contents/Developer/Platforms/AppleTVOS.platform/Developer/SDKs/AppleTVOS27.0.sdk/System/Library/Frameworks/UIKit.framework/Headers/UITableView.h:469:53: note: 'separatorStyle' has been explicitly marked unavailable here
467 | @property (nonatomic, strong, nullable) UIColor *sectionIndexTrackingBackgroundColor API_AVAILABLE(ios(6.0)) UI_APPEARANCE_SELECTOR; // the background color of the section index while it is being touched
468 |
469 | @property (nonatomic) UITableViewCellSeparatorStyle separatorStyle API_UNAVAILABLE(tvos); // default is UITableViewCellSeparatorStyleSingleLine
    |                                                     `- note: 'separatorStyle' has been explicitly marked unavailable here
470 | @property (nonatomic, strong, nullable) UIColor *separatorColor UI_APPEARANCE_SELECTOR API_UNAVAILABLE(tvos); // default is the standard separator gray
471 | @property (nonatomic, copy, nullable) UIVisualEffect *separatorEffect API_AVAILABLE(ios(8.0)) UI_APPEARANCE_SELECTOR API_UNAVAILABLE(tvos); // effect to apply to table separators
/Users/admin/builder/spi-builder-workspace/Sources/NetTrace/UI/Windows/OverlayWindow.swift:17:53: error: 'systemBackground' is unavailable in tvOS
 15 |         configuration.image = UIImage(systemName: "arrow.up.arrow.down.circle", withConfiguration: UIImage.SymbolConfiguration(pointSize: 24))
 16 |         configuration.baseBackgroundColor = UIColor.label
 17 |         configuration.baseForegroundColor = UIColor.systemBackground
    |                                                     `- error: 'systemBackground' is unavailable in tvOS
 18 |         configuration.contentInsets = .init(top: 4, leading: 4, bottom: 4, trailing: 4)
 19 |         configuration.imagePlacement = .leading
/Applications/Xcode-27.0.0-Release.Candidate.app/Contents/Developer/Platforms/AppleTVOS.platform/Developer/SDKs/AppleTVOS27.0.sdk/System/Library/Frameworks/UIKit.framework/Headers/UIInterface.h:208:49: note: 'systemBackground' has been explicitly marked unavailable here
206 |  *    primary background in light mode.
207 |  */
208 | @property (class, nonatomic, readonly) UIColor *systemBackgroundColor                   API_AVAILABLE(ios(13.0)) API_UNAVAILABLE(tvos, watchos);
    |                                                 `- note: 'systemBackground' has been explicitly marked unavailable here
209 | @property (class, nonatomic, readonly) UIColor *secondarySystemBackgroundColor          API_AVAILABLE(ios(13.0)) API_UNAVAILABLE(tvos, watchos);
210 | @property (class, nonatomic, readonly) UIColor *tertiarySystemBackgroundColor           API_AVAILABLE(ios(13.0)) API_UNAVAILABLE(tvos, watchos);
/Users/admin/builder/spi-builder-workspace/Sources/NetTrace/UI/Windows/OverlayWindow.swift:24:48: error: 'systemBackground' is unavailable in tvOS
 22 |         configuration.titleTextAttributesTransformer = UIConfigurationTextAttributesTransformer { incoming in
 23 |             var outgoing = incoming
 24 |             outgoing.foregroundColor = UIColor.systemBackground
    |                                                `- error: 'systemBackground' is unavailable in tvOS
 25 |             outgoing.font = UIFont.boldSystemFont(ofSize: 13)
 26 |             return outgoing
/Applications/Xcode-27.0.0-Release.Candidate.app/Contents/Developer/Platforms/AppleTVOS.platform/Developer/SDKs/AppleTVOS27.0.sdk/System/Library/Frameworks/UIKit.framework/Headers/UIInterface.h:208:49: note: 'systemBackground' has been explicitly marked unavailable here
206 |  *    primary background in light mode.
207 |  */
208 | @property (class, nonatomic, readonly) UIColor *systemBackgroundColor                   API_AVAILABLE(ios(13.0)) API_UNAVAILABLE(tvos, watchos);
    |                                                 `- note: 'systemBackground' has been explicitly marked unavailable here
209 | @property (class, nonatomic, readonly) UIColor *secondarySystemBackgroundColor          API_AVAILABLE(ios(13.0)) API_UNAVAILABLE(tvos, watchos);
210 | @property (class, nonatomic, readonly) UIColor *tertiarySystemBackgroundColor           API_AVAILABLE(ios(13.0)) API_UNAVAILABLE(tvos, watchos);
<unknown>:0: warning: cannot form key path that captures non-Sendable type 'KeyPath<AttributeScopes.UIKitAttributes, AttributeScopes.UIKitAttributes.ForegroundColorAttribute>'; this is an error in the Swift 6 language mode
Swift.KeyPath:1:14: note: generic class 'KeyPath' does not conform to the 'Sendable' protocol
1 | public class KeyPath<Root, Value> : PartialKeyPath<Root> {
  |              `- note: generic class 'KeyPath' does not conform to the 'Sendable' protocol
2 |     @objc deinit
3 | }
<unknown>:0: warning: cannot form key path that captures non-Sendable type 'KeyPath<AttributeScopes.UIKitAttributes, AttributeScopes.UIKitAttributes.FontAttribute>'; this is an error in the Swift 6 language mode
Swift.KeyPath:1:14: note: generic class 'KeyPath' does not conform to the 'Sendable' protocol
1 | public class KeyPath<Root, Value> : PartialKeyPath<Root> {
  |              `- note: generic class 'KeyPath' does not conform to the 'Sendable' protocol
2 |     @objc deinit
3 | }
Failed frontend command:
/Applications/Xcode-27.0.0-Release.Candidate.app/Contents/Developer/Toolchains/XcodeDefault.xctoolchain/usr/bin/swift-frontend -frontend -emit-module -experimental-skip-non-inlinable-function-bodies-without-types /Users/admin/builder/spi-builder-workspace/Sources/NetTrace/Core/ErrorLog.swift /Users/admin/builder/spi-builder-workspace/Sources/NetTrace/Core/HARExporter.swift /Users/admin/builder/spi-builder-workspace/Sources/NetTrace/Core/HTTPRequestLog.swift /Users/admin/builder/spi-builder-workspace/Sources/NetTrace/Core/HTTPResponseLog.swift /Users/admin/builder/spi-builder-workspace/Sources/NetTrace/Core/NetRecorder.swift /Users/admin/builder/spi-builder-workspace/Sources/NetTrace/Core/NetTrace.swift /Users/admin/builder/spi-builder-workspace/Sources/NetTrace/Core/URLSession+Interception.swift /Users/admin/builder/spi-builder-workspace/Sources/NetTrace/UI/Helpers/JSONNodeType.swift /Users/admin/builder/spi-builder-workspace/Sources/NetTrace/UI/ViewControllers/JSONTreeViewController.swift /Users/admin/builder/spi-builder-workspace/Sources/NetTrace/UI/ViewControllers/RequestDetailViewController.swift /Users/admin/builder/spi-builder-workspace/Sources/NetTrace/UI/ViewControllers/RequestListViewController.swift /Users/admin/builder/spi-builder-workspace/Sources/NetTrace/UI/Views/JSONTreeCell.swift /Users/admin/builder/spi-builder-workspace/Sources/NetTrace/UI/Windows/OverlayWindow.swift -target arm64-apple-tvos15.0 -disable-cross-import-overlay-search -load-resolved-plugin /Applications/Xcode-27.0.0-Release.Candidate.app/Contents/Developer/Platforms/AppleTVOS.platform/Developer/usr/lib/swift/host/plugins/libFoundationMacros.dylib\#/Applications/Xcode-27.0.0-Release.Candidate.app/Contents/Developer/Platforms/AppleTVOS.platform/Developer/usr/bin/swift-plugin-server\#FoundationMacros -load-resolved-plugin /Applications/Xcode-27.0.0-Release.Candidate.app/Contents/Developer/Platforms/AppleTVOS.platform/Developer/usr/lib/swift/host/plugins/libObservationMacros.dylib\#/Applications/Xcode-27.0.0-Release.Candidate.app/Contents/Developer/Platforms/AppleTVOS.platform/Developer/usr/bin/swift-plugin-server\#ObservationMacros -load-resolved-plugin /Applications/Xcode-27.0.0-Release.Candidate.app/Contents/Developer/Platforms/AppleTVOS.platform/Developer/usr/lib/swift/host/plugins/libPreviewsMacros.dylib\#/Applications/Xcode-27.0.0-Release.Candidate.app/Contents/Developer/Platforms/AppleTVOS.platform/Developer/usr/bin/swift-plugin-server\#PreviewsMacros -load-resolved-plugin /Applications/Xcode-27.0.0-Release.Candidate.app/Contents/Developer/Platforms/AppleTVOS.platform/Developer/usr/lib/swift/host/plugins/libSwiftMacros.dylib\#/Applications/Xcode-27.0.0-Release.Candidate.app/Contents/Developer/Platforms/AppleTVOS.platform/Developer/usr/bin/swift-plugin-server\#SwiftMacros -load-resolved-plugin /Applications/Xcode-27.0.0-Release.Candidate.app/Contents/Developer/Platforms/AppleTVOS.platform/Developer/usr/lib/swift/host/plugins/libSwiftUIMacros.dylib\#/Applications/Xcode-27.0.0-Release.Candidate.app/Contents/Developer/Platforms/AppleTVOS.platform/Developer/usr/bin/swift-plugin-server\#SwiftUIMacros -disable-implicit-swift-modules -Xcc -fno-implicit-modules -Xcc -fno-implicit-module-maps -explicit-swift-module-map-file /Users/admin/builder/spi-builder-workspace/.derivedData/Build/Intermediates.noindex/NetTrace.build/Debug-appletvos/NetTrace-t.build/Objects-normal/arm64/NetTrace-dependencies-1.json -Xllvm -aarch64-use-tbi -enable-objc-interop -stack-check -sdk /Applications/Xcode-27.0.0-Release.Candidate.app/Contents/Developer/Platforms/AppleTVOS.platform/Developer/SDKs/AppleTVOS27.0.sdk -I /Users/admin/builder/spi-builder-workspace/.derivedData/Build/Products/Debug-appletvos -Isystem /Applications/Xcode-27.0.0-Release.Candidate.app/Contents/Developer/Platforms/AppleTVOS.platform/Developer/usr/lib -F /Users/admin/builder/spi-builder-workspace/.derivedData/Build/Products/Debug-appletvos -F /Applications/Xcode-27.0.0-Release.Candidate.app/Contents/Developer/Platforms/AppleTVOS.platform/Developer/Library/Frameworks -F /Applications/Xcode-27.0.0-Release.Candidate.app/Contents/Developer/Platforms/AppleTVOS.platform/Developer/SDKs/AppleTVOS27.0.sdk/Developer/Library/Frameworks -module-cache-path /Users/admin/builder/spi-builder-workspace/.derivedData/Build/Intermediates.noindex/SwiftExplicitPrecompiledModules -no-color-diagnostics -Xcc -fno-color-diagnostics -enable-testing -g -debug-info-format\=dwarf -dwarf-version\=4 -swift-version 5 -Onone -D SWIFT_PACKAGE -D DEBUG -D SWIFT_MODULE_RESOURCE_BUNDLE_UNAVAILABLE -D Xcode -serialize-debugging-options -enable-upcoming-feature StrictConcurrency -enable-experimental-feature DebugDescriptionMacro -empty-abi-descriptor -validate-clang-modules-once -clang-build-session-file /Users/admin/builder/spi-builder-workspace/.derivedData/ModuleCache.noindex/Session.modulevalidation -Xcc -working-directory -Xcc /Users/admin/builder/spi-builder-workspace/.swiftpm/xcode -enable-anonymous-context-mangled-names -file-compilation-dir /Users/admin/builder/spi-builder-workspace/.swiftpm/xcode -Xcc -D_LIBCPP_HARDENING_MODE\=_LIBCPP_HARDENING_MODE_DEBUG -Xcc -ivfsstatcache -Xcc /Users/admin/builder/spi-builder-workspace/.derivedData/SDKStatCaches.noindex/appletvos27.0-24J360-e829b21a6f8c9b70876ba0858053c044b32bfd8d43560033f8d89884cdb90028.sdkstatcache -Xcc -fmodules-prune-interval\=86400 -Xcc -fmodules-prune-after\=345600 -Xcc -I/Users/admin/builder/spi-builder-workspace/.derivedData/Build/Products/Debug-appletvos/include -Xcc -I/Users/admin/builder/spi-builder-workspace/.derivedData/Build/Intermediates.noindex/NetTrace.build/Debug-appletvos/NetTrace-t.build/DerivedSources-normal/arm64 -Xcc -I/Users/admin/builder/spi-builder-workspace/.derivedData/Build/Intermediates.noindex/NetTrace.build/Debug-appletvos/NetTrace-t.build/DerivedSources/arm64 -Xcc -I/Users/admin/builder/spi-builder-workspace/.derivedData/Build/Intermediates.noindex/NetTrace.build/Debug-appletvos/NetTrace-t.build/DerivedSources -Xcc -DSWIFT_PACKAGE -Xcc -DDEBUG\=1 -no-auto-bridging-header-chaining -module-name NetTrace -package-name spi_builder_workspace -const-gather-protocols-file /Users/admin/builder/spi-builder-workspace/.derivedData/Build/Intermediates.noindex/NetTrace.build/Debug-appletvos/NetTrace-t.build/Objects-normal/arm64/NetTrace_const_extract_protocols.json -disable-clang-spi -clang-target arm64-apple-tvos27.0 -target-sdk-version 27.0 -target-sdk-name appletvos27.0 -in-process-plugin-server-path /Applications/Xcode-27.0.0-Release.Candidate.app/Contents/Developer/Toolchains/XcodeDefault.xctoolchain/usr/lib/swift/host/libSwiftInProcPluginServer.dylib -emit-module-doc-path /Users/admin/builder/spi-builder-workspace/.derivedData/Build/Intermediates.noindex/NetTrace.build/Debug-appletvos/NetTrace-t.build/Objects-normal/arm64/NetTrace.swiftdoc -emit-module-source-info-path /Users/admin/builder/spi-builder-workspace/.derivedData/Build/Intermediates.noindex/NetTrace.build/Debug-appletvos/NetTrace-t.build/Objects-normal/arm64/NetTrace.swiftsourceinfo -emit-objc-header-path /Users/admin/builder/spi-builder-workspace/.derivedData/Build/Intermediates.noindex/NetTrace.build/Debug-appletvos/NetTrace-t.build/Objects-normal/arm64/NetTrace-Swift.h -serialize-diagnostics-path /Users/admin/builder/spi-builder-workspace/.derivedData/Build/Intermediates.noindex/NetTrace.build/Debug-appletvos/NetTrace-t.build/Objects-normal/arm64/NetTrace-primary-emit-module.dia -emit-dependencies-path /Users/admin/builder/spi-builder-workspace/.derivedData/Build/Intermediates.noindex/NetTrace.build/Debug-appletvos/NetTrace-t.build/Objects-normal/arm64/NetTrace-primary-emit-module.d -parse-as-library -o /Users/admin/builder/spi-builder-workspace/.derivedData/Build/Intermediates.noindex/NetTrace.build/Debug-appletvos/NetTrace-t.build/Objects-normal/arm64/NetTrace.swiftmodule -emit-abi-descriptor-path /Users/admin/builder/spi-builder-workspace/.derivedData/Build/Intermediates.noindex/NetTrace.build/Debug-appletvos/NetTrace-t.build/Objects-normal/arm64/NetTrace.abi.json
SwiftCompile normal arm64 (in target 'NetTrace' from project 'NetTrace')
    cd /Users/admin/builder/spi-builder-workspace/.swiftpm/xcode

SwiftCompile normal arm64 Compiling\ NetRecorder.swift,\ NetTrace.swift /Users/admin/builder/spi-builder-workspace/Sources/NetTrace/Core/NetRecorder.swift /Users/admin/builder/spi-builder-workspace/Sources/NetTrace/Core/NetTrace.swift (in target 'NetTrace' from project 'NetTrace')
SwiftCompile normal arm64 /Users/admin/builder/spi-builder-workspace/Sources/NetTrace/Core/NetRecorder.swift (in target 'NetTrace' from project 'NetTrace')
    cd /Users/admin/builder/spi-builder-workspace/.swiftpm/xcode
    builtin-SwiftPerFileCompile NetRecorder.swift
SwiftCompile normal arm64 /Users/admin/builder/spi-builder-workspace/Sources/NetTrace/Core/NetTrace.swift (in target 'NetTrace' from project 'NetTrace')
    cd /Users/admin/builder/spi-builder-workspace/.swiftpm/xcode
    builtin-SwiftPerFileCompile NetTrace.swift
SwiftCompile normal arm64 Compiling\ URLSession+Interception.swift /Users/admin/builder/spi-builder-workspace/Sources/NetTrace/Core/URLSession+Interception.swift (in target 'NetTrace' from project 'NetTrace')
SwiftCompile normal arm64 /Users/admin/builder/spi-builder-workspace/Sources/NetTrace/Core/URLSession+Interception.swift (in target 'NetTrace' from project 'NetTrace')
    cd /Users/admin/builder/spi-builder-workspace/.swiftpm/xcode
    builtin-SwiftPerFileCompile URLSession+Interception.swift
SwiftCompile normal arm64 Compiling\ JSONNodeType.swift /Users/admin/builder/spi-builder-workspace/Sources/NetTrace/UI/Helpers/JSONNodeType.swift (in target 'NetTrace' from project 'NetTrace')
SwiftCompile normal arm64 /Users/admin/builder/spi-builder-workspace/Sources/NetTrace/UI/Helpers/JSONNodeType.swift (in target 'NetTrace' from project 'NetTrace')
    cd /Users/admin/builder/spi-builder-workspace/.swiftpm/xcode
    builtin-SwiftPerFileCompile JSONNodeType.swift
SwiftCompile normal arm64 Compiling\ HTTPRequestLog.swift,\ HTTPResponseLog.swift /Users/admin/builder/spi-builder-workspace/Sources/NetTrace/Core/HTTPRequestLog.swift /Users/admin/builder/spi-builder-workspace/Sources/NetTrace/Core/HTTPResponseLog.swift (in target 'NetTrace' from project 'NetTrace')
SwiftCompile normal arm64 /Users/admin/builder/spi-builder-workspace/Sources/NetTrace/Core/HTTPRequestLog.swift (in target 'NetTrace' from project 'NetTrace')
    cd /Users/admin/builder/spi-builder-workspace/.swiftpm/xcode
    builtin-SwiftPerFileCompile HTTPRequestLog.swift
SwiftCompile normal arm64 /Users/admin/builder/spi-builder-workspace/Sources/NetTrace/Core/HTTPResponseLog.swift (in target 'NetTrace' from project 'NetTrace')
    cd /Users/admin/builder/spi-builder-workspace/.swiftpm/xcode
    builtin-SwiftPerFileCompile HTTPResponseLog.swift
SwiftCompile normal arm64 Compiling\ JSONTreeViewController.swift /Users/admin/builder/spi-builder-workspace/Sources/NetTrace/UI/ViewControllers/JSONTreeViewController.swift (in target 'NetTrace' from project 'NetTrace')
/Users/admin/builder/spi-builder-workspace/Sources/NetTrace/UI/ViewControllers/JSONTreeViewController.swift:15:15: error: 'separatorStyle' is unavailable in tvOS
 13 |         let table = UITableView()
 14 |         table.translatesAutoresizingMaskIntoConstraints = false
 15 |         table.separatorStyle = .singleLine
    |               `- error: 'separatorStyle' is unavailable in tvOS
 16 |         table.rowHeight = 44
 17 |         return table
/Applications/Xcode-27.0.0-Release.Candidate.app/Contents/Developer/Platforms/AppleTVOS.platform/Developer/SDKs/AppleTVOS27.0.sdk/System/Library/Frameworks/UIKit.framework/Headers/UITableView.h:469:53: note: 'separatorStyle' has been explicitly marked unavailable here
467 | @property (nonatomic, strong, nullable) UIColor *sectionIndexTrackingBackgroundColor API_AVAILABLE(ios(6.0)) UI_APPEARANCE_SELECTOR; // the background color of the section index while it is being touched
468 |
469 | @property (nonatomic) UITableViewCellSeparatorStyle separatorStyle API_UNAVAILABLE(tvos); // default is UITableViewCellSeparatorStyleSingleLine
    |                                                     `- note: 'separatorStyle' has been explicitly marked unavailable here
470 | @property (nonatomic, strong, nullable) UIColor *separatorColor UI_APPEARANCE_SELECTOR API_UNAVAILABLE(tvos); // default is the standard separator gray
471 | @property (nonatomic, copy, nullable) UIVisualEffect *separatorEffect API_AVAILABLE(ios(8.0)) UI_APPEARANCE_SELECTOR API_UNAVAILABLE(tvos); // effect to apply to table separators
SwiftCompile normal arm64 /Users/admin/builder/spi-builder-workspace/Sources/NetTrace/UI/ViewControllers/JSONTreeViewController.swift (in target 'NetTrace' from project 'NetTrace')
    cd /Users/admin/builder/spi-builder-workspace/.swiftpm/xcode
    builtin-SwiftPerFileCompile JSONTreeViewController.swift
SwiftCompile normal arm64 Compiling\ ErrorLog.swift,\ HARExporter.swift /Users/admin/builder/spi-builder-workspace/Sources/NetTrace/Core/ErrorLog.swift /Users/admin/builder/spi-builder-workspace/Sources/NetTrace/Core/HARExporter.swift (in target 'NetTrace' from project 'NetTrace')
SwiftCompile normal arm64 /Users/admin/builder/spi-builder-workspace/Sources/NetTrace/Core/ErrorLog.swift (in target 'NetTrace' from project 'NetTrace')
    cd /Users/admin/builder/spi-builder-workspace/.swiftpm/xcode
    builtin-SwiftPerFileCompile ErrorLog.swift
SwiftCompile normal arm64 /Users/admin/builder/spi-builder-workspace/Sources/NetTrace/Core/HARExporter.swift (in target 'NetTrace' from project 'NetTrace')
    cd /Users/admin/builder/spi-builder-workspace/.swiftpm/xcode
    builtin-SwiftPerFileCompile HARExporter.swift
PruneExplicitPrecompiledModules /Users/admin/builder/spi-builder-workspace/.derivedData/SDKExplicitPrecompiledModules
PruneExplicitPrecompiledModules /Users/admin/builder/spi-builder-workspace/.derivedData/Build/Intermediates.noindex/SwiftExplicitPrecompiledModules
PruneExplicitPrecompiledModules /Users/admin/builder/spi-builder-workspace/.derivedData/Build/Intermediates.noindex/ExplicitPrecompiledModules
2026-09-24 01:32:07.137 xcodebuild[661:3955] [MT] IDERunDestination: Supported platforms for the buildables in the current scheme is empty.
** BUILD FAILED **
The following build commands failed:
	SwiftEmitModule normal arm64 Emitting\ module\ for\ NetTrace (in target 'NetTrace' from project 'NetTrace')
	SwiftCompile normal arm64 (in target 'NetTrace' from project 'NetTrace')
	Building workspace NetTrace with scheme NetTrace
(3 failures)
Command line invocation:
    /Applications/Xcode-27.0.0-Release.Candidate.app/Contents/Developer/usr/bin/xcodebuild -IDEClonedSourcePackagesDirPathOverride=/Users/admin/builder/spi-builder-workspace/.dependencies -resolvePackageDependencies
Resolve Package Graph
Resolved source packages:
  NetTrace: /Users/admin/builder/spi-builder-workspace
resolved source packages: NetTrace
2026-09-24 01:32:13.692 xcodebuild[763:4475] [MT] IDERunDestination: Supported platforms for the buildables in the current scheme is empty.
{
  "dependencies" : [
  ],
  "manifest_display_name" : "NetTrace",
  "name" : "NetTrace",
  "path" : "/Users/admin/builder/spi-builder-workspace",
  "platforms" : [
    {
      "name" : "ios",
      "version" : "15.0"
    }
  ],
  "products" : [
    {
      "name" : "NetTrace",
      "targets" : [
        "NetTrace"
      ],
      "type" : {
        "library" : [
          "automatic"
        ]
      }
    }
  ],
  "targets" : [
    {
      "c99name" : "NetTrace",
      "module_type" : "SwiftTarget",
      "name" : "NetTrace",
      "path" : "Sources/NetTrace",
      "product_memberships" : [
        "NetTrace"
      ],
      "sources" : [
        "Core/ErrorLog.swift",
        "Core/HARExporter.swift",
        "Core/HTTPRequestLog.swift",
        "Core/HTTPResponseLog.swift",
        "Core/NetRecorder.swift",
        "Core/NetTrace.swift",
        "Core/URLSession+Interception.swift",
        "UI/Helpers/JSONNodeType.swift",
        "UI/ViewControllers/JSONTreeViewController.swift",
        "UI/ViewControllers/RequestDetailViewController.swift",
        "UI/ViewControllers/RequestListViewController.swift",
        "UI/Views/JSONTreeCell.swift",
        "UI/Windows/OverlayWindow.swift"
      ],
      "type" : "library"
    }
  ],
  "tools_version" : "5.10"
}
{
  "workspace" : {
    "name" : "NetTrace",
    "schemes" : [
      "NetTrace"
    ]
  }
}
2026-09-24 01:32:14.921 xcodebuild[771:4539] [MT] IDERunDestination: Supported platforms for the buildables in the current scheme is empty.
Running build ...
env DEVELOPER_DIR=/Applications/Xcode-27.0.0-Release.Candidate.app xcrun xcodebuild -IDEClonedSourcePackagesDirPathOverride=$PWD/.dependencies -skipMacroValidation -skipPackagePluginValidation -derivedDataPath $PWD/.derivedData build -scheme NetTrace -destination generic/platform=tvOS
Command line invocation:
    /Applications/Xcode-27.0.0-Release.Candidate.app/Contents/Developer/usr/bin/xcodebuild -IDEClonedSourcePackagesDirPathOverride=/Users/admin/builder/spi-builder-workspace/.dependencies -skipMacroValidation -skipPackagePluginValidation -derivedDataPath /Users/admin/builder/spi-builder-workspace/.derivedData build -scheme NetTrace -destination generic/platform=tvOS
Resolve Package Graph
Resolved source packages:
  NetTrace: /Users/admin/builder/spi-builder-workspace
ComputePackagePrebuildTargetDependencyGraph
Prepare packages
CreateBuildRequest
SendProjectDescription
CreateBuildOperation
ComputeTargetDependencyGraph
note: Building targets in dependency order
note: Target dependency graph (2 targets)
    Target 'NetTrace-product' in project 'NetTrace'
        ➜ Explicit dependency on target 'NetTrace' in project 'NetTrace'
    Target 'NetTrace' in project 'NetTrace' (no dependencies)
GatherProvisioningInputs
CreateBuildDescription
ClangStatCache /Applications/Xcode-27.0.0-Release.Candidate.app/Contents/Developer/Toolchains/XcodeDefault.xctoolchain/usr/bin/clang-stat-cache /Applications/Xcode-27.0.0-Release.Candidate.app/Contents/Developer/Platforms/AppleTVOS.platform/Developer/SDKs/AppleTVOS27.0.sdk /Users/admin/builder/spi-builder-workspace/.derivedData/SDKStatCaches.noindex/appletvos27.0-24J360-e829b21a6f8c9b70876ba0858053c044b32bfd8d43560033f8d89884cdb90028.sdkstatcache
    cd /Users/admin/builder/spi-builder-workspace/.swiftpm/xcode
    /Applications/Xcode-27.0.0-Release.Candidate.app/Contents/Developer/Toolchains/XcodeDefault.xctoolchain/usr/bin/clang-stat-cache /Applications/Xcode-27.0.0-Release.Candidate.app/Contents/Developer/Platforms/AppleTVOS.platform/Developer/SDKs/AppleTVOS27.0.sdk -o /Users/admin/builder/spi-builder-workspace/.derivedData/SDKStatCaches.noindex/appletvos27.0-24J360-e829b21a6f8c9b70876ba0858053c044b32bfd8d43560033f8d89884cdb90028.sdkstatcache
SwiftDriver NetTrace normal arm64 com.apple.xcode.tools.swift.compiler (in target 'NetTrace' from project 'NetTrace')
    cd /Users/admin/builder/spi-builder-workspace/.swiftpm/xcode
    builtin-SwiftDriver -- /Applications/Xcode-27.0.0-Release.Candidate.app/Contents/Developer/Toolchains/XcodeDefault.xctoolchain/usr/bin/swiftc -parse-as-library -module-name NetTrace -Onone @/Users/admin/builder/spi-builder-workspace/.derivedData/Build/Intermediates.noindex/NetTrace.build/Debug-appletvos/NetTrace-t.build/Objects-normal/arm64/NetTrace.SwiftFileList -DSWIFT_PACKAGE -DDEBUG -DSWIFT_MODULE_RESOURCE_BUNDLE_UNAVAILABLE -DXcode -enable-upcoming-feature StrictConcurrency -plugin-path /Applications/Xcode-27.0.0-Release.Candidate.app/Contents/Developer/Toolchains/XcodeDefault.xctoolchain/usr/lib/swift/host/plugins/testing -enable-experimental-feature DebugDescriptionMacro -sdk /Applications/Xcode-27.0.0-Release.Candidate.app/Contents/Developer/Platforms/AppleTVOS.platform/Developer/SDKs/AppleTVOS27.0.sdk -target arm64-apple-tvos15.0 -g -module-cache-path /Users/admin/builder/spi-builder-workspace/.derivedData/ModuleCache.noindex -Xfrontend -serialize-debugging-options -enable-testing -index-store-path /Users/admin/builder/spi-builder-workspace/.derivedData/Index.noindex/DataStore -Xcc -D_LIBCPP_HARDENING_MODE\=_LIBCPP_HARDENING_MODE_DEBUG -swift-version 5 -I /Users/admin/builder/spi-builder-workspace/.derivedData/Build/Products/Debug-appletvos -Isystem /Applications/Xcode-27.0.0-Release.Candidate.app/Contents/Developer/Platforms/AppleTVOS.platform/Developer/usr/lib -F /Users/admin/builder/spi-builder-workspace/.derivedData/Build/Products/Debug-appletvos -F /Applications/Xcode-27.0.0-Release.Candidate.app/Contents/Developer/Platforms/AppleTVOS.platform/Developer/Library/Frameworks -F /Applications/Xcode-27.0.0-Release.Candidate.app/Contents/Developer/Platforms/AppleTVOS.platform/Developer/SDKs/AppleTVOS27.0.sdk/Developer/Library/Frameworks -c -j10 -enable-batch-mode -incremental -Xcc -ivfsstatcache -Xcc /Users/admin/builder/spi-builder-workspace/.derivedData/SDKStatCaches.noindex/appletvos27.0-24J360-e829b21a6f8c9b70876ba0858053c044b32bfd8d43560033f8d89884cdb90028.sdkstatcache -output-file-map /Users/admin/builder/spi-builder-workspace/.derivedData/Build/Intermediates.noindex/NetTrace.build/Debug-appletvos/NetTrace-t.build/Objects-normal/arm64/NetTrace-OutputFileMap.json -save-temps -no-color-diagnostics -explicit-module-build -module-cache-path /Users/admin/builder/spi-builder-workspace/.derivedData/Build/Intermediates.noindex/SwiftExplicitPrecompiledModules -clang-scanner-module-cache-path /Users/admin/builder/spi-builder-workspace/.derivedData/ModuleCache.noindex -sdk-module-cache-path /Users/admin/builder/spi-builder-workspace/.derivedData/SDKExplicitPrecompiledModules -emit-dependencies -emit-module -emit-module-path /Users/admin/builder/spi-builder-workspace/.derivedData/Build/Intermediates.noindex/NetTrace.build/Debug-appletvos/NetTrace-t.build/Objects-normal/arm64/NetTrace.swiftmodule -serialize-diagnostics -dependency-scan-serialize-diagnostics-path /Users/admin/builder/spi-builder-workspace/.derivedData/Build/Intermediates.noindex/NetTrace.build/Debug-appletvos/NetTrace-t.build/Objects-normal/arm64/NetTrace-dependency-scan.dia -validate-clang-modules-once -clang-build-session-file /Users/admin/builder/spi-builder-workspace/.derivedData/ModuleCache.noindex/Session.modulevalidation -Xcc -fmodules-prune-interval\=86400 -Xcc -fmodules-prune-after\=345600 -package-name spi_builder_workspace -emit-const-values -const-gather-protocols-list /Users/admin/builder/spi-builder-workspace/.derivedData/Build/Intermediates.noindex/NetTrace.build/Debug-appletvos/NetTrace-t.build/Objects-normal/arm64/NetTrace_const_extract_protocols.json -Xcc -I/Users/admin/builder/spi-builder-workspace/.derivedData/Build/Products/Debug-appletvos/include -Xcc -I/Users/admin/builder/spi-builder-workspace/.derivedData/Build/Intermediates.noindex/NetTrace.build/Debug-appletvos/NetTrace-t.build/DerivedSources-normal/arm64 -Xcc -I/Users/admin/builder/spi-builder-workspace/.derivedData/Build/Intermediates.noindex/NetTrace.build/Debug-appletvos/NetTrace-t.build/DerivedSources/arm64 -Xcc -I/Users/admin/builder/spi-builder-workspace/.derivedData/Build/Intermediates.noindex/NetTrace.build/Debug-appletvos/NetTrace-t.build/DerivedSources -Xcc -DSWIFT_PACKAGE -Xcc -DDEBUG\=1 -emit-objc-header -emit-objc-header-path /Users/admin/builder/spi-builder-workspace/.derivedData/Build/Intermediates.noindex/NetTrace.build/Debug-appletvos/NetTrace-t.build/Objects-normal/arm64/NetTrace-Swift.h -working-directory /Users/admin/builder/spi-builder-workspace/.swiftpm/xcode -experimental-emit-module-separately -disable-cmo
SwiftCompile normal arm64 Compiling\ NetRecorder.swift,\ NetTrace.swift /Users/admin/builder/spi-builder-workspace/Sources/NetTrace/Core/NetRecorder.swift /Users/admin/builder/spi-builder-workspace/Sources/NetTrace/Core/NetTrace.swift (in target 'NetTrace' from project 'NetTrace')
SwiftCompile normal arm64 /Users/admin/builder/spi-builder-workspace/Sources/NetTrace/Core/NetRecorder.swift (in target 'NetTrace' from project 'NetTrace')
    cd /Users/admin/builder/spi-builder-workspace/.swiftpm/xcode
    builtin-SwiftPerFileCompile NetRecorder.swift
SwiftCompile normal arm64 /Users/admin/builder/spi-builder-workspace/Sources/NetTrace/Core/NetTrace.swift (in target 'NetTrace' from project 'NetTrace')
    cd /Users/admin/builder/spi-builder-workspace/.swiftpm/xcode
    builtin-SwiftPerFileCompile NetTrace.swift
SwiftCompile normal arm64 Compiling\ JSONNodeType.swift /Users/admin/builder/spi-builder-workspace/Sources/NetTrace/UI/Helpers/JSONNodeType.swift (in target 'NetTrace' from project 'NetTrace')
SwiftCompile normal arm64 /Users/admin/builder/spi-builder-workspace/Sources/NetTrace/UI/Helpers/JSONNodeType.swift (in target 'NetTrace' from project 'NetTrace')
    cd /Users/admin/builder/spi-builder-workspace/.swiftpm/xcode
    builtin-SwiftPerFileCompile JSONNodeType.swift
SwiftCompile normal arm64 Compiling\ HTTPRequestLog.swift,\ HTTPResponseLog.swift /Users/admin/builder/spi-builder-workspace/Sources/NetTrace/Core/HTTPRequestLog.swift /Users/admin/builder/spi-builder-workspace/Sources/NetTrace/Core/HTTPResponseLog.swift (in target 'NetTrace' from project 'NetTrace')
SwiftCompile normal arm64 /Users/admin/builder/spi-builder-workspace/Sources/NetTrace/Core/HTTPRequestLog.swift (in target 'NetTrace' from project 'NetTrace')
    cd /Users/admin/builder/spi-builder-workspace/.swiftpm/xcode
    builtin-SwiftPerFileCompile HTTPRequestLog.swift
SwiftCompile normal arm64 /Users/admin/builder/spi-builder-workspace/Sources/NetTrace/Core/HTTPResponseLog.swift (in target 'NetTrace' from project 'NetTrace')
    cd /Users/admin/builder/spi-builder-workspace/.swiftpm/xcode
    builtin-SwiftPerFileCompile HTTPResponseLog.swift
SwiftCompile normal arm64 Compiling\ RequestDetailViewController.swift /Users/admin/builder/spi-builder-workspace/Sources/NetTrace/UI/ViewControllers/RequestDetailViewController.swift (in target 'NetTrace' from project 'NetTrace')
/Users/admin/builder/spi-builder-workspace/Sources/NetTrace/UI/ViewControllers/RequestDetailViewController.swift:28:33: error: 'systemBackground' is unavailable in tvOS
 26 |         super.viewDidLoad()
 27 |
 28 |         view.backgroundColor = .systemBackground
    |                                 `- error: 'systemBackground' is unavailable in tvOS
 29 |         title = "Request Details"
 30 |
/Applications/Xcode-27.0.0-Release.Candidate.app/Contents/Developer/Platforms/AppleTVOS.platform/Developer/SDKs/AppleTVOS27.0.sdk/System/Library/Frameworks/UIKit.framework/Headers/UIInterface.h:208:49: note: 'systemBackground' has been explicitly marked unavailable here
206 |  *    primary background in light mode.
207 |  */
208 | @property (class, nonatomic, readonly) UIColor *systemBackgroundColor                   API_AVAILABLE(ios(13.0)) API_UNAVAILABLE(tvos, watchos);
    |                                                 `- note: 'systemBackground' has been explicitly marked unavailable here
209 | @property (class, nonatomic, readonly) UIColor *secondarySystemBackgroundColor          API_AVAILABLE(ios(13.0)) API_UNAVAILABLE(tvos, watchos);
210 | @property (class, nonatomic, readonly) UIColor *tertiarySystemBackgroundColor           API_AVAILABLE(ios(13.0)) API_UNAVAILABLE(tvos, watchos);
/Users/admin/builder/spi-builder-workspace/Sources/NetTrace/UI/ViewControllers/RequestDetailViewController.swift:188:43: error: 'secondarySystemBackground' is unavailable in tvOS
186 |     private func addHeadersTable(_ headers: [String: String]) {
187 |         let tableContainer = UIView()
188 |         tableContainer.backgroundColor = .secondarySystemBackground
    |                                           `- error: 'secondarySystemBackground' is unavailable in tvOS
189 |         tableContainer.layer.cornerRadius = 8
190 |         tableContainer.translatesAutoresizingMaskIntoConstraints = false
/Applications/Xcode-27.0.0-Release.Candidate.app/Contents/Developer/Platforms/AppleTVOS.platform/Developer/SDKs/AppleTVOS27.0.sdk/System/Library/Frameworks/UIKit.framework/Headers/UIInterface.h:209:49: note: 'secondarySystemBackground' has been explicitly marked unavailable here
207 |  */
208 | @property (class, nonatomic, readonly) UIColor *systemBackgroundColor                   API_AVAILABLE(ios(13.0)) API_UNAVAILABLE(tvos, watchos);
209 | @property (class, nonatomic, readonly) UIColor *secondarySystemBackgroundColor          API_AVAILABLE(ios(13.0)) API_UNAVAILABLE(tvos, watchos);
    |                                                 `- note: 'secondarySystemBackground' has been explicitly marked unavailable here
210 | @property (class, nonatomic, readonly) UIColor *tertiarySystemBackgroundColor           API_AVAILABLE(ios(13.0)) API_UNAVAILABLE(tvos, watchos);
211 |
/Users/admin/builder/spi-builder-workspace/Sources/NetTrace/UI/ViewControllers/RequestDetailViewController.swift:253:37: error: 'secondarySystemBackground' is unavailable in tvOS
251 |         textView.font = UIFont.monospacedSystemFont(ofSize: 12, weight: .regular)
252 |         textView.textColor = .label
253 |         textView.backgroundColor = .secondarySystemBackground
    |                                     `- error: 'secondarySystemBackground' is unavailable in tvOS
254 |         textView.layer.cornerRadius = 8
255 |         textView.isEditable = false
/Applications/Xcode-27.0.0-Release.Candidate.app/Contents/Developer/Platforms/AppleTVOS.platform/Developer/SDKs/AppleTVOS27.0.sdk/System/Library/Frameworks/UIKit.framework/Headers/UIInterface.h:209:49: note: 'secondarySystemBackground' has been explicitly marked unavailable here
207 |  */
208 | @property (class, nonatomic, readonly) UIColor *systemBackgroundColor                   API_AVAILABLE(ios(13.0)) API_UNAVAILABLE(tvos, watchos);
209 | @property (class, nonatomic, readonly) UIColor *secondarySystemBackgroundColor          API_AVAILABLE(ios(13.0)) API_UNAVAILABLE(tvos, watchos);
    |                                                 `- note: 'secondarySystemBackground' has been explicitly marked unavailable here
210 | @property (class, nonatomic, readonly) UIColor *tertiarySystemBackgroundColor           API_AVAILABLE(ios(13.0)) API_UNAVAILABLE(tvos, watchos);
211 |
/Users/admin/builder/spi-builder-workspace/Sources/NetTrace/UI/ViewControllers/RequestDetailViewController.swift:255:18: error: 'isEditable' is unavailable in tvOS
253 |         textView.backgroundColor = .secondarySystemBackground
254 |         textView.layer.cornerRadius = 8
255 |         textView.isEditable = false
    |                  `- error: 'isEditable' is unavailable in tvOS
256 |         textView.isScrollEnabled = false
257 |         textView.textContainerInset = UIEdgeInsets(top: 12, left: 12, bottom: 12, right: 12)
/Applications/Xcode-27.0.0-Release.Candidate.app/Contents/Developer/Platforms/AppleTVOS.platform/Developer/SDKs/AppleTVOS27.0.sdk/System/Library/Frameworks/UIKit.framework/Headers/UITextView.h:238:45: note: 'isEditable' has been explicitly marked unavailable here
236 | @property(nonatomic, copy, nonnull) NSArray<NSValue *> *selectedRanges API_AVAILABLE(ios(26.0), tvos(26.0), visionos(26.0), watchos(26.0)) NS_REFINED_FOR_SWIFT;
237 |
238 | @property(nonatomic,getter=isEditable) BOOL editable API_UNAVAILABLE(tvos);
    |                                             `- note: 'isEditable' has been explicitly marked unavailable here
239 | // Toggle selectability, which controls the ability of the user to select content and interact with URLs & attachments. On tvOS this also makes the text view focusable.
240 | // By default, text item interaction follows selectable if the text item methods on UITextViewDelegate are not implemented; otherwise, they follow the result of the specified delegate methods.
/Users/admin/builder/spi-builder-workspace/Sources/NetTrace/UI/ViewControllers/RequestDetailViewController.swift:270:13: error: 'UIPasteboard' is unavailable in tvOS
268 |
269 |         let copyJsonButton = UIButton(primaryAction: UIAction { _ in
270 |             UIPasteboard.general.string = text
    |             `- error: 'UIPasteboard' is unavailable in tvOS
271 |
272 |             let alertController = UIAlertController(title: "Copied!", message: "The JSON string is now in your pasteboard.", preferredStyle: .alert)
/Applications/Xcode-27.0.0-Release.Candidate.app/Contents/Developer/Platforms/AppleTVOS.platform/Developer/SDKs/AppleTVOS27.0.sdk/System/Library/Frameworks/UIKit.framework/Headers/UIPasteboard.h:50:12: note: 'UIPasteboard' has been explicitly marked unavailable here
 48 |
 49 | UIKIT_EXTERN API_AVAILABLE(ios(3.0)) API_UNAVAILABLE(tvos) API_UNAVAILABLE(watchos) NS_SWIFT_SENDABLE
 50 | @interface UIPasteboard : NSObject
    |            `- note: 'UIPasteboard' has been explicitly marked unavailable here
 51 |
 52 | @property(class, nonatomic, readonly) UIPasteboard *generalPasteboard;
/Users/admin/builder/spi-builder-workspace/Sources/NetTrace/UI/ViewControllers/RequestDetailViewController.swift:270:34: error: 'string' is unavailable in tvOS
268 |
269 |         let copyJsonButton = UIButton(primaryAction: UIAction { _ in
270 |             UIPasteboard.general.string = text
    |                                  `- error: 'string' is unavailable in tvOS
271 |
272 |             let alertController = UIAlertController(title: "Copied!", message: "The JSON string is now in your pasteboard.", preferredStyle: .alert)
/Applications/Xcode-27.0.0-Release.Candidate.app/Contents/Developer/Platforms/AppleTVOS.platform/Developer/SDKs/AppleTVOS27.0.sdk/System/Library/Frameworks/UIKit.framework/Headers/UIPasteboard.h:108:46: note: 'string' has been explicitly marked unavailable here
106 | - (void)setItems:(NSArray<NSDictionary<NSString *, id> *> *)items options:(NSDictionary<UIPasteboardOption, id> *)options API_AVAILABLE(ios(10.0));
107 |
108 | @property(nullable,nonatomic,copy) NSString *string API_UNAVAILABLE(tvos) API_UNAVAILABLE(watchos);
    |                                              `- note: 'string' has been explicitly marked unavailable here
109 | @property(nullable,nonatomic,copy) NSArray<NSString *> *strings API_UNAVAILABLE(tvos) API_UNAVAILABLE(watchos);
110 |
SwiftCompile normal arm64 /Users/admin/builder/spi-builder-workspace/Sources/NetTrace/UI/ViewControllers/RequestDetailViewController.swift (in target 'NetTrace' from project 'NetTrace')
    cd /Users/admin/builder/spi-builder-workspace/.swiftpm/xcode
    builtin-SwiftPerFileCompile RequestDetailViewController.swift
SwiftCompile normal arm64 Compiling\ ErrorLog.swift,\ HARExporter.swift /Users/admin/builder/spi-builder-workspace/Sources/NetTrace/Core/ErrorLog.swift /Users/admin/builder/spi-builder-workspace/Sources/NetTrace/Core/HARExporter.swift (in target 'NetTrace' from project 'NetTrace')
SwiftCompile normal arm64 /Users/admin/builder/spi-builder-workspace/Sources/NetTrace/Core/ErrorLog.swift (in target 'NetTrace' from project 'NetTrace')
    cd /Users/admin/builder/spi-builder-workspace/.swiftpm/xcode
    builtin-SwiftPerFileCompile ErrorLog.swift
SwiftCompile normal arm64 /Users/admin/builder/spi-builder-workspace/Sources/NetTrace/Core/HARExporter.swift (in target 'NetTrace' from project 'NetTrace')
    cd /Users/admin/builder/spi-builder-workspace/.swiftpm/xcode
    builtin-SwiftPerFileCompile HARExporter.swift
SwiftCompile normal arm64 Compiling\ JSONTreeViewController.swift /Users/admin/builder/spi-builder-workspace/Sources/NetTrace/UI/ViewControllers/JSONTreeViewController.swift (in target 'NetTrace' from project 'NetTrace')
/Users/admin/builder/spi-builder-workspace/Sources/NetTrace/UI/ViewControllers/JSONTreeViewController.swift:15:15: error: 'separatorStyle' is unavailable in tvOS
 13 |         let table = UITableView()
 14 |         table.translatesAutoresizingMaskIntoConstraints = false
 15 |         table.separatorStyle = .singleLine
    |               `- error: 'separatorStyle' is unavailable in tvOS
 16 |         table.rowHeight = 44
 17 |         return table
/Applications/Xcode-27.0.0-Release.Candidate.app/Contents/Developer/Platforms/AppleTVOS.platform/Developer/SDKs/AppleTVOS27.0.sdk/System/Library/Frameworks/UIKit.framework/Headers/UITableView.h:469:53: note: 'separatorStyle' has been explicitly marked unavailable here
467 | @property (nonatomic, strong, nullable) UIColor *sectionIndexTrackingBackgroundColor API_AVAILABLE(ios(6.0)) UI_APPEARANCE_SELECTOR; // the background color of the section index while it is being touched
468 |
469 | @property (nonatomic) UITableViewCellSeparatorStyle separatorStyle API_UNAVAILABLE(tvos); // default is UITableViewCellSeparatorStyleSingleLine
    |                                                     `- note: 'separatorStyle' has been explicitly marked unavailable here
470 | @property (nonatomic, strong, nullable) UIColor *separatorColor UI_APPEARANCE_SELECTOR API_UNAVAILABLE(tvos); // default is the standard separator gray
471 | @property (nonatomic, copy, nullable) UIVisualEffect *separatorEffect API_AVAILABLE(ios(8.0)) UI_APPEARANCE_SELECTOR API_UNAVAILABLE(tvos); // effect to apply to table separators
SwiftCompile normal arm64 /Users/admin/builder/spi-builder-workspace/Sources/NetTrace/UI/ViewControllers/JSONTreeViewController.swift (in target 'NetTrace' from project 'NetTrace')
    cd /Users/admin/builder/spi-builder-workspace/.swiftpm/xcode
    builtin-SwiftPerFileCompile JSONTreeViewController.swift
SwiftCompile normal arm64 Compiling\ URLSession+Interception.swift /Users/admin/builder/spi-builder-workspace/Sources/NetTrace/Core/URLSession+Interception.swift (in target 'NetTrace' from project 'NetTrace')
SwiftCompile normal arm64 /Users/admin/builder/spi-builder-workspace/Sources/NetTrace/Core/URLSession+Interception.swift (in target 'NetTrace' from project 'NetTrace')
    cd /Users/admin/builder/spi-builder-workspace/.swiftpm/xcode
    builtin-SwiftPerFileCompile URLSession+Interception.swift
SwiftEmitModule normal arm64 Emitting\ module\ for\ NetTrace (in target 'NetTrace' from project 'NetTrace')
/Users/admin/builder/spi-builder-workspace/Sources/NetTrace/UI/ViewControllers/JSONTreeViewController.swift:15:15: error: 'separatorStyle' is unavailable in tvOS
 13 |         let table = UITableView()
 14 |         table.translatesAutoresizingMaskIntoConstraints = false
 15 |         table.separatorStyle = .singleLine
    |               `- error: 'separatorStyle' is unavailable in tvOS
 16 |         table.rowHeight = 44
 17 |         return table
/Applications/Xcode-27.0.0-Release.Candidate.app/Contents/Developer/Platforms/AppleTVOS.platform/Developer/SDKs/AppleTVOS27.0.sdk/System/Library/Frameworks/UIKit.framework/Headers/UITableView.h:469:53: note: 'separatorStyle' has been explicitly marked unavailable here
467 | @property (nonatomic, strong, nullable) UIColor *sectionIndexTrackingBackgroundColor API_AVAILABLE(ios(6.0)) UI_APPEARANCE_SELECTOR; // the background color of the section index while it is being touched
468 |
469 | @property (nonatomic) UITableViewCellSeparatorStyle separatorStyle API_UNAVAILABLE(tvos); // default is UITableViewCellSeparatorStyleSingleLine
    |                                                     `- note: 'separatorStyle' has been explicitly marked unavailable here
470 | @property (nonatomic, strong, nullable) UIColor *separatorColor UI_APPEARANCE_SELECTOR API_UNAVAILABLE(tvos); // default is the standard separator gray
471 | @property (nonatomic, copy, nullable) UIVisualEffect *separatorEffect API_AVAILABLE(ios(8.0)) UI_APPEARANCE_SELECTOR API_UNAVAILABLE(tvos); // effect to apply to table separators
/Users/admin/builder/spi-builder-workspace/Sources/NetTrace/UI/Windows/OverlayWindow.swift:17:53: error: 'systemBackground' is unavailable in tvOS
 15 |         configuration.image = UIImage(systemName: "arrow.up.arrow.down.circle", withConfiguration: UIImage.SymbolConfiguration(pointSize: 24))
 16 |         configuration.baseBackgroundColor = UIColor.label
 17 |         configuration.baseForegroundColor = UIColor.systemBackground
    |                                                     `- error: 'systemBackground' is unavailable in tvOS
 18 |         configuration.contentInsets = .init(top: 4, leading: 4, bottom: 4, trailing: 4)
 19 |         configuration.imagePlacement = .leading
/Applications/Xcode-27.0.0-Release.Candidate.app/Contents/Developer/Platforms/AppleTVOS.platform/Developer/SDKs/AppleTVOS27.0.sdk/System/Library/Frameworks/UIKit.framework/Headers/UIInterface.h:208:49: note: 'systemBackground' has been explicitly marked unavailable here
206 |  *    primary background in light mode.
207 |  */
208 | @property (class, nonatomic, readonly) UIColor *systemBackgroundColor                   API_AVAILABLE(ios(13.0)) API_UNAVAILABLE(tvos, watchos);
    |                                                 `- note: 'systemBackground' has been explicitly marked unavailable here
209 | @property (class, nonatomic, readonly) UIColor *secondarySystemBackgroundColor          API_AVAILABLE(ios(13.0)) API_UNAVAILABLE(tvos, watchos);
210 | @property (class, nonatomic, readonly) UIColor *tertiarySystemBackgroundColor           API_AVAILABLE(ios(13.0)) API_UNAVAILABLE(tvos, watchos);
/Users/admin/builder/spi-builder-workspace/Sources/NetTrace/UI/Windows/OverlayWindow.swift:24:48: error: 'systemBackground' is unavailable in tvOS
 22 |         configuration.titleTextAttributesTransformer = UIConfigurationTextAttributesTransformer { incoming in
 23 |             var outgoing = incoming
 24 |             outgoing.foregroundColor = UIColor.systemBackground
    |                                                `- error: 'systemBackground' is unavailable in tvOS
 25 |             outgoing.font = UIFont.boldSystemFont(ofSize: 13)
 26 |             return outgoing
/Applications/Xcode-27.0.0-Release.Candidate.app/Contents/Developer/Platforms/AppleTVOS.platform/Developer/SDKs/AppleTVOS27.0.sdk/System/Library/Frameworks/UIKit.framework/Headers/UIInterface.h:208:49: note: 'systemBackground' has been explicitly marked unavailable here
206 |  *    primary background in light mode.
207 |  */
208 | @property (class, nonatomic, readonly) UIColor *systemBackgroundColor                   API_AVAILABLE(ios(13.0)) API_UNAVAILABLE(tvos, watchos);
    |                                                 `- note: 'systemBackground' has been explicitly marked unavailable here
209 | @property (class, nonatomic, readonly) UIColor *secondarySystemBackgroundColor          API_AVAILABLE(ios(13.0)) API_UNAVAILABLE(tvos, watchos);
210 | @property (class, nonatomic, readonly) UIColor *tertiarySystemBackgroundColor           API_AVAILABLE(ios(13.0)) API_UNAVAILABLE(tvos, watchos);
<unknown>:0: warning: cannot form key path that captures non-Sendable type 'KeyPath<AttributeScopes.UIKitAttributes, AttributeScopes.UIKitAttributes.ForegroundColorAttribute>'; this is an error in the Swift 6 language mode
Swift.KeyPath:1:14: note: generic class 'KeyPath' does not conform to the 'Sendable' protocol
1 | public class KeyPath<Root, Value> : PartialKeyPath<Root> {
  |              `- note: generic class 'KeyPath' does not conform to the 'Sendable' protocol
2 |     @objc deinit
3 | }
<unknown>:0: warning: cannot form key path that captures non-Sendable type 'KeyPath<AttributeScopes.UIKitAttributes, AttributeScopes.UIKitAttributes.FontAttribute>'; this is an error in the Swift 6 language mode
Swift.KeyPath:1:14: note: generic class 'KeyPath' does not conform to the 'Sendable' protocol
1 | public class KeyPath<Root, Value> : PartialKeyPath<Root> {
  |              `- note: generic class 'KeyPath' does not conform to the 'Sendable' protocol
2 |     @objc deinit
3 | }
Failed frontend command:
/Applications/Xcode-27.0.0-Release.Candidate.app/Contents/Developer/Toolchains/XcodeDefault.xctoolchain/usr/bin/swift-frontend -frontend -emit-module -experimental-skip-non-inlinable-function-bodies-without-types /Users/admin/builder/spi-builder-workspace/Sources/NetTrace/Core/ErrorLog.swift /Users/admin/builder/spi-builder-workspace/Sources/NetTrace/Core/HARExporter.swift /Users/admin/builder/spi-builder-workspace/Sources/NetTrace/Core/HTTPRequestLog.swift /Users/admin/builder/spi-builder-workspace/Sources/NetTrace/Core/HTTPResponseLog.swift /Users/admin/builder/spi-builder-workspace/Sources/NetTrace/Core/NetRecorder.swift /Users/admin/builder/spi-builder-workspace/Sources/NetTrace/Core/NetTrace.swift /Users/admin/builder/spi-builder-workspace/Sources/NetTrace/Core/URLSession+Interception.swift /Users/admin/builder/spi-builder-workspace/Sources/NetTrace/UI/Helpers/JSONNodeType.swift /Users/admin/builder/spi-builder-workspace/Sources/NetTrace/UI/ViewControllers/JSONTreeViewController.swift /Users/admin/builder/spi-builder-workspace/Sources/NetTrace/UI/ViewControllers/RequestDetailViewController.swift /Users/admin/builder/spi-builder-workspace/Sources/NetTrace/UI/ViewControllers/RequestListViewController.swift /Users/admin/builder/spi-builder-workspace/Sources/NetTrace/UI/Views/JSONTreeCell.swift /Users/admin/builder/spi-builder-workspace/Sources/NetTrace/UI/Windows/OverlayWindow.swift -target arm64-apple-tvos15.0 -disable-cross-import-overlay-search -load-resolved-plugin /Applications/Xcode-27.0.0-Release.Candidate.app/Contents/Developer/Platforms/AppleTVOS.platform/Developer/usr/lib/swift/host/plugins/libFoundationMacros.dylib\#/Applications/Xcode-27.0.0-Release.Candidate.app/Contents/Developer/Platforms/AppleTVOS.platform/Developer/usr/bin/swift-plugin-server\#FoundationMacros -load-resolved-plugin /Applications/Xcode-27.0.0-Release.Candidate.app/Contents/Developer/Platforms/AppleTVOS.platform/Developer/usr/lib/swift/host/plugins/libObservationMacros.dylib\#/Applications/Xcode-27.0.0-Release.Candidate.app/Contents/Developer/Platforms/AppleTVOS.platform/Developer/usr/bin/swift-plugin-server\#ObservationMacros -load-resolved-plugin /Applications/Xcode-27.0.0-Release.Candidate.app/Contents/Developer/Platforms/AppleTVOS.platform/Developer/usr/lib/swift/host/plugins/libPreviewsMacros.dylib\#/Applications/Xcode-27.0.0-Release.Candidate.app/Contents/Developer/Platforms/AppleTVOS.platform/Developer/usr/bin/swift-plugin-server\#PreviewsMacros -load-resolved-plugin /Applications/Xcode-27.0.0-Release.Candidate.app/Contents/Developer/Platforms/AppleTVOS.platform/Developer/usr/lib/swift/host/plugins/libSwiftMacros.dylib\#/Applications/Xcode-27.0.0-Release.Candidate.app/Contents/Developer/Platforms/AppleTVOS.platform/Developer/usr/bin/swift-plugin-server\#SwiftMacros -load-resolved-plugin /Applications/Xcode-27.0.0-Release.Candidate.app/Contents/Developer/Platforms/AppleTVOS.platform/Developer/usr/lib/swift/host/plugins/libSwiftUIMacros.dylib\#/Applications/Xcode-27.0.0-Release.Candidate.app/Contents/Developer/Platforms/AppleTVOS.platform/Developer/usr/bin/swift-plugin-server\#SwiftUIMacros -disable-implicit-swift-modules -Xcc -fno-implicit-modules -Xcc -fno-implicit-module-maps -explicit-swift-module-map-file /Users/admin/builder/spi-builder-workspace/.derivedData/Build/Intermediates.noindex/NetTrace.build/Debug-appletvos/NetTrace-t.build/Objects-normal/arm64/NetTrace-dependencies-1.json -Xllvm -aarch64-use-tbi -enable-objc-interop -stack-check -sdk /Applications/Xcode-27.0.0-Release.Candidate.app/Contents/Developer/Platforms/AppleTVOS.platform/Developer/SDKs/AppleTVOS27.0.sdk -I /Users/admin/builder/spi-builder-workspace/.derivedData/Build/Products/Debug-appletvos -Isystem /Applications/Xcode-27.0.0-Release.Candidate.app/Contents/Developer/Platforms/AppleTVOS.platform/Developer/usr/lib -F /Users/admin/builder/spi-builder-workspace/.derivedData/Build/Products/Debug-appletvos -F /Applications/Xcode-27.0.0-Release.Candidate.app/Contents/Developer/Platforms/AppleTVOS.platform/Developer/Library/Frameworks -F /Applications/Xcode-27.0.0-Release.Candidate.app/Contents/Developer/Platforms/AppleTVOS.platform/Developer/SDKs/AppleTVOS27.0.sdk/Developer/Library/Frameworks -module-cache-path /Users/admin/builder/spi-builder-workspace/.derivedData/Build/Intermediates.noindex/SwiftExplicitPrecompiledModules -no-color-diagnostics -Xcc -fno-color-diagnostics -enable-testing -g -debug-info-format\=dwarf -dwarf-version\=4 -swift-version 5 -Onone -D SWIFT_PACKAGE -D DEBUG -D SWIFT_MODULE_RESOURCE_BUNDLE_UNAVAILABLE -D Xcode -serialize-debugging-options -enable-upcoming-feature StrictConcurrency -enable-experimental-feature DebugDescriptionMacro -empty-abi-descriptor -validate-clang-modules-once -clang-build-session-file /Users/admin/builder/spi-builder-workspace/.derivedData/ModuleCache.noindex/Session.modulevalidation -Xcc -working-directory -Xcc /Users/admin/builder/spi-builder-workspace/.swiftpm/xcode -enable-anonymous-context-mangled-names -file-compilation-dir /Users/admin/builder/spi-builder-workspace/.swiftpm/xcode -Xcc -D_LIBCPP_HARDENING_MODE\=_LIBCPP_HARDENING_MODE_DEBUG -Xcc -ivfsstatcache -Xcc /Users/admin/builder/spi-builder-workspace/.derivedData/SDKStatCaches.noindex/appletvos27.0-24J360-e829b21a6f8c9b70876ba0858053c044b32bfd8d43560033f8d89884cdb90028.sdkstatcache -Xcc -fmodules-prune-interval\=86400 -Xcc -fmodules-prune-after\=345600 -Xcc -I/Users/admin/builder/spi-builder-workspace/.derivedData/Build/Products/Debug-appletvos/include -Xcc -I/Users/admin/builder/spi-builder-workspace/.derivedData/Build/Intermediates.noindex/NetTrace.build/Debug-appletvos/NetTrace-t.build/DerivedSources-normal/arm64 -Xcc -I/Users/admin/builder/spi-builder-workspace/.derivedData/Build/Intermediates.noindex/NetTrace.build/Debug-appletvos/NetTrace-t.build/DerivedSources/arm64 -Xcc -I/Users/admin/builder/spi-builder-workspace/.derivedData/Build/Intermediates.noindex/NetTrace.build/Debug-appletvos/NetTrace-t.build/DerivedSources -Xcc -DSWIFT_PACKAGE -Xcc -DDEBUG\=1 -no-auto-bridging-header-chaining -module-name NetTrace -package-name spi_builder_workspace -const-gather-protocols-file /Users/admin/builder/spi-builder-workspace/.derivedData/Build/Intermediates.noindex/NetTrace.build/Debug-appletvos/NetTrace-t.build/Objects-normal/arm64/NetTrace_const_extract_protocols.json -disable-clang-spi -clang-target arm64-apple-tvos27.0 -target-sdk-version 27.0 -target-sdk-name appletvos27.0 -in-process-plugin-server-path /Applications/Xcode-27.0.0-Release.Candidate.app/Contents/Developer/Toolchains/XcodeDefault.xctoolchain/usr/lib/swift/host/libSwiftInProcPluginServer.dylib -emit-module-doc-path /Users/admin/builder/spi-builder-workspace/.derivedData/Build/Intermediates.noindex/NetTrace.build/Debug-appletvos/NetTrace-t.build/Objects-normal/arm64/NetTrace.swiftdoc -emit-module-source-info-path /Users/admin/builder/spi-builder-workspace/.derivedData/Build/Intermediates.noindex/NetTrace.build/Debug-appletvos/NetTrace-t.build/Objects-normal/arm64/NetTrace.swiftsourceinfo -emit-objc-header-path /Users/admin/builder/spi-builder-workspace/.derivedData/Build/Intermediates.noindex/NetTrace.build/Debug-appletvos/NetTrace-t.build/Objects-normal/arm64/NetTrace-Swift.h -serialize-diagnostics-path /Users/admin/builder/spi-builder-workspace/.derivedData/Build/Intermediates.noindex/NetTrace.build/Debug-appletvos/NetTrace-t.build/Objects-normal/arm64/NetTrace-primary-emit-module.dia -emit-dependencies-path /Users/admin/builder/spi-builder-workspace/.derivedData/Build/Intermediates.noindex/NetTrace.build/Debug-appletvos/NetTrace-t.build/Objects-normal/arm64/NetTrace-primary-emit-module.d -parse-as-library -o /Users/admin/builder/spi-builder-workspace/.derivedData/Build/Intermediates.noindex/NetTrace.build/Debug-appletvos/NetTrace-t.build/Objects-normal/arm64/NetTrace.swiftmodule -emit-abi-descriptor-path /Users/admin/builder/spi-builder-workspace/.derivedData/Build/Intermediates.noindex/NetTrace.build/Debug-appletvos/NetTrace-t.build/Objects-normal/arm64/NetTrace.abi.json
SwiftCompile normal arm64 (in target 'NetTrace' from project 'NetTrace')
    cd /Users/admin/builder/spi-builder-workspace/.swiftpm/xcode

SwiftCompile normal arm64 Compiling\ JSONTreeCell.swift /Users/admin/builder/spi-builder-workspace/Sources/NetTrace/UI/Views/JSONTreeCell.swift (in target 'NetTrace' from project 'NetTrace')
SwiftCompile normal arm64 /Users/admin/builder/spi-builder-workspace/Sources/NetTrace/UI/Views/JSONTreeCell.swift (in target 'NetTrace' from project 'NetTrace')
    cd /Users/admin/builder/spi-builder-workspace/.swiftpm/xcode
    builtin-SwiftPerFileCompile JSONTreeCell.swift
SwiftCompile normal arm64 Compiling\ RequestListViewController.swift /Users/admin/builder/spi-builder-workspace/Sources/NetTrace/UI/ViewControllers/RequestListViewController.swift (in target 'NetTrace' from project 'NetTrace')
/Users/admin/builder/spi-builder-workspace/Sources/NetTrace/UI/ViewControllers/RequestListViewController.swift:25:33: error: 'systemBackground' is unavailable in tvOS
 23 |         super.viewDidLoad()
 24 |
 25 |         view.backgroundColor = .systemBackground
    |                                 `- error: 'systemBackground' is unavailable in tvOS
 26 |
 27 |         setupSearchController()
/Applications/Xcode-27.0.0-Release.Candidate.app/Contents/Developer/Platforms/AppleTVOS.platform/Developer/SDKs/AppleTVOS27.0.sdk/System/Library/Frameworks/UIKit.framework/Headers/UIInterface.h:208:49: note: 'systemBackground' has been explicitly marked unavailable here
206 |  *    primary background in light mode.
207 |  */
208 | @property (class, nonatomic, readonly) UIColor *systemBackgroundColor                   API_AVAILABLE(ios(13.0)) API_UNAVAILABLE(tvos, watchos);
    |                                                 `- note: 'systemBackground' has been explicitly marked unavailable here
209 | @property (class, nonatomic, readonly) UIColor *secondarySystemBackgroundColor          API_AVAILABLE(ios(13.0)) API_UNAVAILABLE(tvos, watchos);
210 | @property (class, nonatomic, readonly) UIColor *tertiarySystemBackgroundColor           API_AVAILABLE(ios(13.0)) API_UNAVAILABLE(tvos, watchos);
/Users/admin/builder/spi-builder-workspace/Sources/NetTrace/UI/ViewControllers/RequestListViewController.swift:52:24: error: 'searchController' is unavailable in tvOS
 50 |         searchController.obscuresBackgroundDuringPresentation = false
 51 |         searchController.searchBar.placeholder = "Search requests..."
 52 |         navigationItem.searchController = searchController
    |                        `- error: 'searchController' is unavailable in tvOS
 53 |         navigationItem.hidesSearchBarWhenScrolling = false
 54 |         definesPresentationContext = true
/Applications/Xcode-27.0.0-Release.Candidate.app/Contents/Developer/Platforms/AppleTVOS.platform/Developer/SDKs/AppleTVOS27.0.sdk/System/Library/Frameworks/UIKit.framework/Headers/UINavigationItem.h:234:72: note: 'searchController' has been explicitly marked unavailable here
232 |
233 | /// A view controller that will be shown inside of a navigation controller can assign a UISearchController to this property to display the search controller’s search bar in its containing navigation controller’s navigation bar.
234 | @property (nonatomic, readwrite, strong, nullable) UISearchController *searchController API_AVAILABLE(ios(11.0)) API_UNAVAILABLE(watchos) API_UNAVAILABLE(tvos);
    |                                                                        `- note: 'searchController' has been explicitly marked unavailable here
235 |
236 | /// If this property is true (the default), the searchController’s search bar will hide as the user scrolls in the top view controller’s scroll view. If false, the search bar will remain visible and pinned underneath the navigation bar.
/Users/admin/builder/spi-builder-workspace/Sources/NetTrace/UI/ViewControllers/RequestListViewController.swift:53:24: error: 'hidesSearchBarWhenScrolling' is unavailable in tvOS
 51 |         searchController.searchBar.placeholder = "Search requests..."
 52 |         navigationItem.searchController = searchController
 53 |         navigationItem.hidesSearchBarWhenScrolling = false
    |                        `- error: 'hidesSearchBarWhenScrolling' is unavailable in tvOS
 54 |         definesPresentationContext = true
 55 |     }
/Applications/Xcode-27.0.0-Release.Candidate.app/Contents/Developer/Platforms/AppleTVOS.platform/Developer/SDKs/AppleTVOS27.0.sdk/System/Library/Frameworks/UIKit.framework/Headers/UINavigationItem.h:238:47: note: 'hidesSearchBarWhenScrolling' has been explicitly marked unavailable here
236 | /// If this property is true (the default), the searchController’s search bar will hide as the user scrolls in the top view controller’s scroll view. If false, the search bar will remain visible and pinned underneath the navigation bar.
237 | /// Not applicable and ignored for `UINavigationItemSearchBarPlacementIntegrated`
238 | @property (nonatomic, readwrite, assign) BOOL hidesSearchBarWhenScrolling API_AVAILABLE(ios(11.0)) API_UNAVAILABLE(watchos) API_UNAVAILABLE(tvos);
    |                                               `- note: 'hidesSearchBarWhenScrolling' has been explicitly marked unavailable here
239 |
240 | /// The preferred search bar placement, when a search controller is assigned to this item.
/Users/admin/builder/spi-builder-workspace/Sources/NetTrace/UI/ViewControllers/RequestListViewController.swift:61:35: error: 'close' is unavailable in tvOS
 59 |
 60 |         navigationItem.leftBarButtonItem = UIBarButtonItem(
 61 |             barButtonSystemItem: .close,
    |                                   `- error: 'close' is unavailable in tvOS
 62 |             target: self,
 63 |             action: #selector(closeTapped)
UIKit.UIBarButtonItem.SystemItem.close:4:10: note: 'close' has been explicitly marked unavailable here
2 |   enum SystemItem {
3 | @available(tvOS, unavailable)
4 |     case close  }
  |          `- note: 'close' has been explicitly marked unavailable here
5 | }
6 |
SwiftCompile normal arm64 /Users/admin/builder/spi-builder-workspace/Sources/NetTrace/UI/ViewControllers/RequestListViewController.swift (in target 'NetTrace' from project 'NetTrace')
    cd /Users/admin/builder/spi-builder-workspace/.swiftpm/xcode
    builtin-SwiftPerFileCompile RequestListViewController.swift
SwiftCompile normal arm64 Compiling\ OverlayWindow.swift /Users/admin/builder/spi-builder-workspace/Sources/NetTrace/UI/Windows/OverlayWindow.swift (in target 'NetTrace' from project 'NetTrace')
SwiftCompile normal arm64 /Users/admin/builder/spi-builder-workspace/Sources/NetTrace/UI/Windows/OverlayWindow.swift (in target 'NetTrace' from project 'NetTrace')
    cd /Users/admin/builder/spi-builder-workspace/.swiftpm/xcode
    builtin-SwiftPerFileCompile OverlayWindow.swift
PruneExplicitPrecompiledModules /Users/admin/builder/spi-builder-workspace/.derivedData/Build/Intermediates.noindex/ExplicitPrecompiledModules
PruneExplicitPrecompiledModules /Users/admin/builder/spi-builder-workspace/.derivedData/SDKExplicitPrecompiledModules
PruneExplicitPrecompiledModules /Users/admin/builder/spi-builder-workspace/.derivedData/Build/Intermediates.noindex/SwiftExplicitPrecompiledModules
2026-09-24 01:32:15.906 xcodebuild[772:4568] [MT] IDERunDestination: Supported platforms for the buildables in the current scheme is empty.
** BUILD FAILED **
The following build commands failed:
	SwiftEmitModule normal arm64 Emitting\ module\ for\ NetTrace (in target 'NetTrace' from project 'NetTrace')
	SwiftCompile normal arm64 (in target 'NetTrace' from project 'NetTrace')
	Building workspace NetTrace with scheme NetTrace
(3 failures)
BUILD FAILURE 6.4 tvOS