The Swift Package Index logo.Swift Package Index

Build Information

Failed to build PopupView, reference 5.0.8 (996953), with Swift 6.1 for visionOS using Xcode 16.3 on 9 Oct 2026 11:37:35 UTC.

Build Command

env DEVELOPER_DIR=/Applications/Xcode-16.3.0.app xcrun xcodebuild -IDEClonedSourcePackagesDirPathOverride=$PWD/.dependencies -skipMacroValidation -skipPackagePluginValidation -derivedDataPath $PWD/.derivedData build -scheme PopupView -destination generic/platform=xrOS

Build Log

========================================
RunAll
========================================
Builder version: 5.1.1
Interrupt handler set up.
========================================
Checkout
========================================
Clone URL: https://github.com/exyte/PopupView.git
Reference: 5.0.8
Initialized empty Git repository in /Users/admin/builder/spi-builder-workspace/.git/
From https://github.com/exyte/PopupView
 * tag               5.0.8      -> FETCH_HEAD
HEAD is now at 9969533 Merge pull request #300 from JustSAT/fix/watchos-safe-area-insets
Cloned https://github.com/exyte/PopupView.git
Revision (git rev-parse @):
99695337ce9e965b70e4aa14b49b1a9920017333
SUCCESS checkout https://github.com/exyte/PopupView.git at 5.0.8
========================================
Build
========================================
Selected platform:         visionOS
Swift version:             6.1
Building package at path:  $PWD
https://github.com/exyte/PopupView.git
https://github.com/exyte/PopupView.git
{
  "dependencies" : [
  ],
  "manifest_display_name" : "PopupView",
  "name" : "PopupView",
  "path" : "/Users/admin/builder/spi-builder-workspace",
  "platforms" : [
    {
      "name" : "ios",
      "version" : "17.0"
    },
    {
      "name" : "macos",
      "version" : "14.0"
    },
    {
      "name" : "tvos",
      "version" : "17.0"
    },
    {
      "name" : "watchos",
      "version" : "10.0"
    }
  ],
  "products" : [
    {
      "name" : "PopupView",
      "targets" : [
        "PopupView"
      ],
      "type" : {
        "library" : [
          "automatic"
        ]
      }
    }
  ],
  "targets" : [
    {
      "c99name" : "PopupView",
      "module_type" : "SwiftTarget",
      "name" : "PopupView",
      "path" : "Sources/PopupView",
      "product_memberships" : [
        "PopupView"
      ],
      "sources" : [
        "PopupBackgroundView.swift",
        "PopupBody.swift",
        "PopupModifier.swift",
        "PublicAPI.swift",
        "PublicModifiers.swift",
        "Utils/DragToDismissHelper.swift",
        "Utils/KeyboardHeightHelper.swift",
        "Utils/ScrollPopupModifier.swift",
        "Utils/ScrollViewResolver.swift",
        "Utils/TransparentNonAnimatableFullScreenModifier.swift",
        "Utils/Utils.swift",
        "Utils/WindowManager.swift"
      ],
      "type" : "library"
    }
  ],
  "tools_version" : "6.0"
}
Command line invocation:
    /Applications/Xcode-16.3.0.app/Contents/Developer/usr/bin/xcodebuild -IDEClonedSourcePackagesDirPathOverride=/Users/admin/builder/spi-builder-workspace/.dependencies -resolvePackageDependencies
Resolve Package Graph
Resolve Package Graph
Resolved source packages:
  PopupView: /Users/admin/builder/spi-builder-workspace
resolved source packages: PopupView
{
  "dependencies" : [
  ],
  "manifest_display_name" : "PopupView",
  "name" : "PopupView",
  "path" : "/Users/admin/builder/spi-builder-workspace",
  "platforms" : [
    {
      "name" : "ios",
      "version" : "17.0"
    },
    {
      "name" : "macos",
      "version" : "14.0"
    },
    {
      "name" : "tvos",
      "version" : "17.0"
    },
    {
      "name" : "watchos",
      "version" : "10.0"
    }
  ],
  "products" : [
    {
      "name" : "PopupView",
      "targets" : [
        "PopupView"
      ],
      "type" : {
        "library" : [
          "automatic"
        ]
      }
    }
  ],
  "targets" : [
    {
      "c99name" : "PopupView",
      "module_type" : "SwiftTarget",
      "name" : "PopupView",
      "path" : "Sources/PopupView",
      "product_memberships" : [
        "PopupView"
      ],
      "sources" : [
        "PopupBackgroundView.swift",
        "PopupBody.swift",
        "PopupModifier.swift",
        "PublicAPI.swift",
        "PublicModifiers.swift",
        "Utils/DragToDismissHelper.swift",
        "Utils/KeyboardHeightHelper.swift",
        "Utils/ScrollPopupModifier.swift",
        "Utils/ScrollViewResolver.swift",
        "Utils/TransparentNonAnimatableFullScreenModifier.swift",
        "Utils/Utils.swift",
        "Utils/WindowManager.swift"
      ],
      "type" : "library"
    }
  ],
  "tools_version" : "6.0"
}
{
  "workspace" : {
    "name" : "spi-builder-workspace",
    "schemes" : [
      "PopupView"
    ]
  }
}
Running build ...
env DEVELOPER_DIR=/Applications/Xcode-16.3.0.app xcrun xcodebuild -IDEClonedSourcePackagesDirPathOverride=$PWD/.dependencies -skipMacroValidation -skipPackagePluginValidation -derivedDataPath $PWD/.derivedData build -scheme PopupView -destination generic/platform=xrOS OTHER_SWIFT_FLAGS=-stats-output-dir .stats
Command line invocation:
    /Applications/Xcode-16.3.0.app/Contents/Developer/usr/bin/xcodebuild -IDEClonedSourcePackagesDirPathOverride=/Users/admin/builder/spi-builder-workspace/.dependencies -skipMacroValidation -skipPackagePluginValidation -derivedDataPath /Users/admin/builder/spi-builder-workspace/.derivedData build -scheme PopupView -destination generic/platform=xrOS "OTHER_SWIFT_FLAGS=-stats-output-dir .stats"
Build settings from command line:
    OTHER_SWIFT_FLAGS = -stats-output-dir .stats
Resolve Package Graph
Resolved source packages:
  PopupView: /Users/admin/builder/spi-builder-workspace
ComputePackagePrebuildTargetDependencyGraph
Prepare packages
CreateBuildRequest
SendProjectDescription
CreateBuildOperation
ComputeTargetDependencyGraph
note: Building targets in dependency order
note: Target dependency graph (2 targets)
    Target 'PopupView' in project 'PopupView'
        ➜ Explicit dependency on target 'PopupView' in project 'PopupView'
    Target 'PopupView' in project 'PopupView' (no dependencies)
GatherProvisioningInputs
CreateBuildDescription
ExecuteExternalTool /Applications/Xcode-16.3.0.app/Contents/Developer/Toolchains/XcodeDefault.xctoolchain/usr/bin/clang -v -E -dM -isysroot /Applications/Xcode-16.3.0.app/Contents/Developer/Platforms/XROS.platform/Developer/SDKs/XROS2.4.sdk -x c -c /dev/null
ExecuteExternalTool /Applications/Xcode-16.3.0.app/Contents/Developer/Toolchains/XcodeDefault.xctoolchain/usr/bin/swiftc --version
ExecuteExternalTool /Applications/Xcode-16.3.0.app/Contents/Developer/Toolchains/XcodeDefault.xctoolchain/usr/bin/ld -version_details
Build description signature: ffb1115aaa05ea7d8de03a99a126ff91
Build description path: /Users/admin/builder/spi-builder-workspace/.derivedData/Build/Intermediates.noindex/XCBuildData/ffb1115aaa05ea7d8de03a99a126ff91.xcbuilddata
ClangStatCache /Applications/Xcode-16.3.0.app/Contents/Developer/Toolchains/XcodeDefault.xctoolchain/usr/bin/clang-stat-cache /Applications/Xcode-16.3.0.app/Contents/Developer/Platforms/XROS.platform/Developer/SDKs/XROS2.4.sdk /Users/admin/builder/spi-builder-workspace/.derivedData/SDKStatCaches.noindex/xros2.4-22O233-407b76dbb837030756cbe1ab3f0b01b6.sdkstatcache
    cd /Users/admin/builder/spi-builder-workspace/.swiftpm/xcode
    /Applications/Xcode-16.3.0.app/Contents/Developer/Toolchains/XcodeDefault.xctoolchain/usr/bin/clang-stat-cache /Applications/Xcode-16.3.0.app/Contents/Developer/Platforms/XROS.platform/Developer/SDKs/XROS2.4.sdk -o /Users/admin/builder/spi-builder-workspace/.derivedData/SDKStatCaches.noindex/xros2.4-22O233-407b76dbb837030756cbe1ab3f0b01b6.sdkstatcache
CreateBuildDirectory /Users/admin/builder/spi-builder-workspace/.derivedData/Build/Intermediates.noindex
    cd /Users/admin/builder/spi-builder-workspace/.swiftpm/xcode
    builtin-create-build-directory /Users/admin/builder/spi-builder-workspace/.derivedData/Build/Intermediates.noindex
CreateBuildDirectory /Users/admin/builder/spi-builder-workspace/.derivedData/Build/Products
    cd /Users/admin/builder/spi-builder-workspace/.swiftpm/xcode
    builtin-create-build-directory /Users/admin/builder/spi-builder-workspace/.derivedData/Build/Products
CreateBuildDirectory /Users/admin/builder/spi-builder-workspace/.derivedData/Build/Intermediates.noindex/EagerLinkingTBDs/Debug-xros
    cd /Users/admin/builder/spi-builder-workspace/.swiftpm/xcode
    builtin-create-build-directory /Users/admin/builder/spi-builder-workspace/.derivedData/Build/Intermediates.noindex/EagerLinkingTBDs/Debug-xros
CreateBuildDirectory /Users/admin/builder/spi-builder-workspace/.derivedData/Build/Products/Debug-xros
    cd /Users/admin/builder/spi-builder-workspace/.swiftpm/xcode
    builtin-create-build-directory /Users/admin/builder/spi-builder-workspace/.derivedData/Build/Products/Debug-xros
CreateBuildDirectory /Users/admin/builder/spi-builder-workspace/.derivedData/Build/Products/Debug-xros/PackageFrameworks
    cd /Users/admin/builder/spi-builder-workspace/.swiftpm/xcode
    builtin-create-build-directory /Users/admin/builder/spi-builder-workspace/.derivedData/Build/Products/Debug-xros/PackageFrameworks
WriteAuxiliaryFile /Users/admin/builder/spi-builder-workspace/.derivedData/Build/Intermediates.noindex/PopupView.build/Debug-xros/PopupView.build/PopupView.modulemap (in target 'PopupView' from project 'PopupView')
    cd /Users/admin/builder/spi-builder-workspace
    write-file /Users/admin/builder/spi-builder-workspace/.derivedData/Build/Intermediates.noindex/PopupView.build/Debug-xros/PopupView.build/PopupView.modulemap
WriteAuxiliaryFile /Users/admin/builder/spi-builder-workspace/.derivedData/Build/Intermediates.noindex/PopupView.build/Debug-xros/PopupView.build/PopupView.DependencyStaticMetadataFileList (in target 'PopupView' from project 'PopupView')
    cd /Users/admin/builder/spi-builder-workspace
    write-file /Users/admin/builder/spi-builder-workspace/.derivedData/Build/Intermediates.noindex/PopupView.build/Debug-xros/PopupView.build/PopupView.DependencyStaticMetadataFileList
WriteAuxiliaryFile /Users/admin/builder/spi-builder-workspace/.derivedData/Build/Intermediates.noindex/PopupView.build/Debug-xros/PopupView.build/PopupView.DependencyMetadataFileList (in target 'PopupView' from project 'PopupView')
    cd /Users/admin/builder/spi-builder-workspace
    write-file /Users/admin/builder/spi-builder-workspace/.derivedData/Build/Intermediates.noindex/PopupView.build/Debug-xros/PopupView.build/PopupView.DependencyMetadataFileList
WriteAuxiliaryFile /Users/admin/builder/spi-builder-workspace/.derivedData/Build/Intermediates.noindex/PopupView.build/Debug-xros/PopupView.build/Objects-normal/arm64/PopupView.LinkFileList (in target 'PopupView' from project 'PopupView')
    cd /Users/admin/builder/spi-builder-workspace
    write-file /Users/admin/builder/spi-builder-workspace/.derivedData/Build/Intermediates.noindex/PopupView.build/Debug-xros/PopupView.build/Objects-normal/arm64/PopupView.LinkFileList
WriteAuxiliaryFile /Users/admin/builder/spi-builder-workspace/.derivedData/Build/Intermediates.noindex/PopupView.build/Debug-xros/PopupView.build/Objects-normal/arm64/PopupView_const_extract_protocols.json (in target 'PopupView' from project 'PopupView')
    cd /Users/admin/builder/spi-builder-workspace
    write-file /Users/admin/builder/spi-builder-workspace/.derivedData/Build/Intermediates.noindex/PopupView.build/Debug-xros/PopupView.build/Objects-normal/arm64/PopupView_const_extract_protocols.json
WriteAuxiliaryFile /Users/admin/builder/spi-builder-workspace/.derivedData/Build/Intermediates.noindex/PopupView.build/Debug-xros/PopupView.build/Objects-normal/arm64/PopupView.SwiftFileList (in target 'PopupView' from project 'PopupView')
    cd /Users/admin/builder/spi-builder-workspace
    write-file /Users/admin/builder/spi-builder-workspace/.derivedData/Build/Intermediates.noindex/PopupView.build/Debug-xros/PopupView.build/Objects-normal/arm64/PopupView.SwiftFileList
WriteAuxiliaryFile /Users/admin/builder/spi-builder-workspace/.derivedData/Build/Intermediates.noindex/PopupView.build/Debug-xros/PopupView.build/Objects-normal/arm64/PopupView.SwiftConstValuesFileList (in target 'PopupView' from project 'PopupView')
    cd /Users/admin/builder/spi-builder-workspace
    write-file /Users/admin/builder/spi-builder-workspace/.derivedData/Build/Intermediates.noindex/PopupView.build/Debug-xros/PopupView.build/Objects-normal/arm64/PopupView.SwiftConstValuesFileList
WriteAuxiliaryFile /Users/admin/builder/spi-builder-workspace/.derivedData/Build/Intermediates.noindex/PopupView.build/Debug-xros/PopupView.build/Objects-normal/arm64/PopupView-OutputFileMap.json (in target 'PopupView' from project 'PopupView')
    cd /Users/admin/builder/spi-builder-workspace
    write-file /Users/admin/builder/spi-builder-workspace/.derivedData/Build/Intermediates.noindex/PopupView.build/Debug-xros/PopupView.build/Objects-normal/arm64/PopupView-OutputFileMap.json
Copy /Users/admin/builder/spi-builder-workspace/.derivedData/Build/Intermediates.noindex/GeneratedModuleMaps-xros/PopupView.modulemap /Users/admin/builder/spi-builder-workspace/.derivedData/Build/Intermediates.noindex/PopupView.build/Debug-xros/PopupView.build/PopupView.modulemap (in target 'PopupView' from project 'PopupView')
    cd /Users/admin/builder/spi-builder-workspace
    builtin-copy -exclude .DS_Store -exclude CVS -exclude .svn -exclude .git -exclude .hg -resolve-src-symlinks /Users/admin/builder/spi-builder-workspace/.derivedData/Build/Intermediates.noindex/PopupView.build/Debug-xros/PopupView.build/PopupView.modulemap /Users/admin/builder/spi-builder-workspace/.derivedData/Build/Intermediates.noindex/GeneratedModuleMaps-xros
SwiftDriver PopupView normal arm64 com.apple.xcode.tools.swift.compiler (in target 'PopupView' from project 'PopupView')
    cd /Users/admin/builder/spi-builder-workspace/.swiftpm/xcode
    builtin-SwiftDriver -- /Applications/Xcode-16.3.0.app/Contents/Developer/Toolchains/XcodeDefault.xctoolchain/usr/bin/swiftc -module-name PopupView -Onone -enforce-exclusivity\=checked @/Users/admin/builder/spi-builder-workspace/.derivedData/Build/Intermediates.noindex/PopupView.build/Debug-xros/PopupView.build/Objects-normal/arm64/PopupView.SwiftFileList -DSWIFT_PACKAGE -DDEBUG -stats-output-dir .stats -plugin-path /Applications/Xcode-16.3.0.app/Contents/Developer/Toolchains/XcodeDefault.xctoolchain/usr/lib/swift/host/plugins/testing -enable-experimental-feature DebugDescriptionMacro -sdk /Applications/Xcode-16.3.0.app/Contents/Developer/Platforms/XROS.platform/Developer/SDKs/XROS2.4.sdk -target arm64-apple-xros1.0 -g -module-cache-path /Users/admin/builder/spi-builder-workspace/.derivedData/ModuleCache.noindex -Xfrontend -serialize-debugging-options -enable-testing -index-store-path /Users/admin/builder/spi-builder-workspace/.derivedData/Index.noindex/DataStore -swift-version 6 -I /Users/admin/builder/spi-builder-workspace/.derivedData/Build/Products/Debug-xros -I /Applications/Xcode-16.3.0.app/Contents/Developer/Platforms/XROS.platform/Developer/usr/lib -F /Users/admin/builder/spi-builder-workspace/.derivedData/Build/Products/Debug-xros -F /Applications/Xcode-16.3.0.app/Contents/Developer/Platforms/XROS.platform/Developer/Library/Frameworks -F /Applications/Xcode-16.3.0.app/Contents/Developer/Platforms/XROS.platform/Developer/SDKs/XROS2.4.sdk/Developer/Library/Frameworks -c -j10 -enable-batch-mode -incremental -Xcc -ivfsstatcache -Xcc /Users/admin/builder/spi-builder-workspace/.derivedData/SDKStatCaches.noindex/xros2.4-22O233-407b76dbb837030756cbe1ab3f0b01b6.sdkstatcache -output-file-map /Users/admin/builder/spi-builder-workspace/.derivedData/Build/Intermediates.noindex/PopupView.build/Debug-xros/PopupView.build/Objects-normal/arm64/PopupView-OutputFileMap.json -use-frontend-parseable-output -save-temps -no-color-diagnostics -serialize-diagnostics -emit-dependencies -emit-module -emit-module-path /Users/admin/builder/spi-builder-workspace/.derivedData/Build/Intermediates.noindex/PopupView.build/Debug-xros/PopupView.build/Objects-normal/arm64/PopupView.swiftmodule -validate-clang-modules-once -clang-build-session-file /Users/admin/builder/spi-builder-workspace/.derivedData/ModuleCache.noindex/Session.modulevalidation -package-name spi_builder_workspace -Xcc -I/Users/admin/builder/spi-builder-workspace/.derivedData/Build/Intermediates.noindex/PopupView.build/Debug-xros/PopupView.build/swift-overrides.hmap -emit-const-values -Xfrontend -const-gather-protocols-file -Xfrontend /Users/admin/builder/spi-builder-workspace/.derivedData/Build/Intermediates.noindex/PopupView.build/Debug-xros/PopupView.build/Objects-normal/arm64/PopupView_const_extract_protocols.json -Xcc -I/Users/admin/builder/spi-builder-workspace/.derivedData/Build/Products/Debug-xros/include -Xcc -I/Users/admin/builder/spi-builder-workspace/.derivedData/Build/Intermediates.noindex/PopupView.build/Debug-xros/PopupView.build/DerivedSources-normal/arm64 -Xcc -I/Users/admin/builder/spi-builder-workspace/.derivedData/Build/Intermediates.noindex/PopupView.build/Debug-xros/PopupView.build/DerivedSources/arm64 -Xcc -I/Users/admin/builder/spi-builder-workspace/.derivedData/Build/Intermediates.noindex/PopupView.build/Debug-xros/PopupView.build/DerivedSources -Xcc -DSWIFT_PACKAGE -Xcc -DDEBUG\=1 -emit-objc-header -emit-objc-header-path /Users/admin/builder/spi-builder-workspace/.derivedData/Build/Intermediates.noindex/PopupView.build/Debug-xros/PopupView.build/Objects-normal/arm64/PopupView-Swift.h -working-directory /Users/admin/builder/spi-builder-workspace/.swiftpm/xcode -experimental-emit-module-separately -disable-cmo
SwiftCompile normal arm64 Compiling\ PopupBackgroundView.swift,\ PopupBody.swift /Users/admin/builder/spi-builder-workspace/Sources/PopupView/PopupBackgroundView.swift /Users/admin/builder/spi-builder-workspace/Sources/PopupView/PopupBody.swift (in target 'PopupView' from project 'PopupView')
SwiftCompile normal arm64 /Users/admin/builder/spi-builder-workspace/Sources/PopupView/PopupBackgroundView.swift (in target 'PopupView' from project 'PopupView')
    cd /Users/admin/builder/spi-builder-workspace/.swiftpm/xcode

SwiftCompile normal arm64 /Users/admin/builder/spi-builder-workspace/Sources/PopupView/PopupBody.swift (in target 'PopupView' from project 'PopupView')
    cd /Users/admin/builder/spi-builder-workspace/.swiftpm/xcode

SwiftCompile normal arm64 Compiling\ ScrollPopupModifier.swift /Users/admin/builder/spi-builder-workspace/Sources/PopupView/Utils/ScrollPopupModifier.swift (in target 'PopupView' from project 'PopupView')
SwiftCompile normal arm64 /Users/admin/builder/spi-builder-workspace/Sources/PopupView/Utils/ScrollPopupModifier.swift (in target 'PopupView' from project 'PopupView')
    cd /Users/admin/builder/spi-builder-workspace/.swiftpm/xcode

SwiftCompile normal arm64 Compiling\ PopupModifier.swift,\ PublicAPI.swift /Users/admin/builder/spi-builder-workspace/Sources/PopupView/PopupModifier.swift /Users/admin/builder/spi-builder-workspace/Sources/PopupView/PublicAPI.swift (in target 'PopupView' from project 'PopupView')
SwiftCompile normal arm64 /Users/admin/builder/spi-builder-workspace/Sources/PopupView/PopupModifier.swift (in target 'PopupView' from project 'PopupView')
    cd /Users/admin/builder/spi-builder-workspace/.swiftpm/xcode

SwiftCompile normal arm64 /Users/admin/builder/spi-builder-workspace/Sources/PopupView/PublicAPI.swift (in target 'PopupView' from project 'PopupView')
    cd /Users/admin/builder/spi-builder-workspace/.swiftpm/xcode

SwiftCompile normal arm64 Compiling\ PublicModifiers.swift /Users/admin/builder/spi-builder-workspace/Sources/PopupView/PublicModifiers.swift (in target 'PopupView' from project 'PopupView')
SwiftCompile normal arm64 /Users/admin/builder/spi-builder-workspace/Sources/PopupView/PublicModifiers.swift (in target 'PopupView' from project 'PopupView')
    cd /Users/admin/builder/spi-builder-workspace/.swiftpm/xcode

SwiftCompile normal arm64 Compiling\ ScrollViewResolver.swift /Users/admin/builder/spi-builder-workspace/Sources/PopupView/Utils/ScrollViewResolver.swift (in target 'PopupView' from project 'PopupView')
SwiftCompile normal arm64 /Users/admin/builder/spi-builder-workspace/Sources/PopupView/Utils/ScrollViewResolver.swift (in target 'PopupView' from project 'PopupView')
    cd /Users/admin/builder/spi-builder-workspace/.swiftpm/xcode

SwiftCompile normal arm64 Compiling\ KeyboardHeightHelper.swift /Users/admin/builder/spi-builder-workspace/Sources/PopupView/Utils/KeyboardHeightHelper.swift (in target 'PopupView' from project 'PopupView')
SwiftCompile normal arm64 /Users/admin/builder/spi-builder-workspace/Sources/PopupView/Utils/KeyboardHeightHelper.swift (in target 'PopupView' from project 'PopupView')
    cd /Users/admin/builder/spi-builder-workspace/.swiftpm/xcode

SwiftCompile normal arm64 Compiling\ DragToDismissHelper.swift /Users/admin/builder/spi-builder-workspace/Sources/PopupView/Utils/DragToDismissHelper.swift (in target 'PopupView' from project 'PopupView')
SwiftCompile normal arm64 /Users/admin/builder/spi-builder-workspace/Sources/PopupView/Utils/DragToDismissHelper.swift (in target 'PopupView' from project 'PopupView')
    cd /Users/admin/builder/spi-builder-workspace/.swiftpm/xcode

SwiftCompile normal arm64 Compiling\ WindowManager.swift /Users/admin/builder/spi-builder-workspace/Sources/PopupView/Utils/WindowManager.swift (in target 'PopupView' from project 'PopupView')
SwiftCompile normal arm64 /Users/admin/builder/spi-builder-workspace/Sources/PopupView/Utils/WindowManager.swift (in target 'PopupView' from project 'PopupView')
    cd /Users/admin/builder/spi-builder-workspace/.swiftpm/xcode

SwiftEmitModule normal arm64 Emitting\ module\ for\ PopupView (in target 'PopupView' from project 'PopupView')
EmitSwiftModule normal arm64 (in target 'PopupView' from project 'PopupView')
    cd /Users/admin/builder/spi-builder-workspace/.swiftpm/xcode

SwiftCompile normal arm64 Compiling\ TransparentNonAnimatableFullScreenModifier.swift /Users/admin/builder/spi-builder-workspace/Sources/PopupView/Utils/TransparentNonAnimatableFullScreenModifier.swift (in target 'PopupView' from project 'PopupView')
SwiftCompile normal arm64 /Users/admin/builder/spi-builder-workspace/Sources/PopupView/Utils/TransparentNonAnimatableFullScreenModifier.swift (in target 'PopupView' from project 'PopupView')
    cd /Users/admin/builder/spi-builder-workspace/.swiftpm/xcode

SwiftCompile normal arm64 Compiling\ Utils.swift /Users/admin/builder/spi-builder-workspace/Sources/PopupView/Utils/Utils.swift (in target 'PopupView' from project 'PopupView')
Failed frontend command:
/Applications/Xcode-16.3.0.app/Contents/Developer/Toolchains/XcodeDefault.xctoolchain/usr/bin/swift-frontend -frontend -c /Users/admin/builder/spi-builder-workspace/Sources/PopupView/PopupBackgroundView.swift /Users/admin/builder/spi-builder-workspace/Sources/PopupView/PopupBody.swift /Users/admin/builder/spi-builder-workspace/Sources/PopupView/PopupModifier.swift /Users/admin/builder/spi-builder-workspace/Sources/PopupView/PublicAPI.swift /Users/admin/builder/spi-builder-workspace/Sources/PopupView/PublicModifiers.swift /Users/admin/builder/spi-builder-workspace/Sources/PopupView/Utils/DragToDismissHelper.swift /Users/admin/builder/spi-builder-workspace/Sources/PopupView/Utils/KeyboardHeightHelper.swift /Users/admin/builder/spi-builder-workspace/Sources/PopupView/Utils/ScrollPopupModifier.swift /Users/admin/builder/spi-builder-workspace/Sources/PopupView/Utils/ScrollViewResolver.swift /Users/admin/builder/spi-builder-workspace/Sources/PopupView/Utils/TransparentNonAnimatableFullScreenModifier.swift -primary-file /Users/admin/builder/spi-builder-workspace/Sources/PopupView/Utils/Utils.swift /Users/admin/builder/spi-builder-workspace/Sources/PopupView/Utils/WindowManager.swift -emit-dependencies-path /Users/admin/builder/spi-builder-workspace/.derivedData/Build/Intermediates.noindex/PopupView.build/Debug-xros/PopupView.build/Objects-normal/arm64/Utils.d -emit-const-values-path /Users/admin/builder/spi-builder-workspace/.derivedData/Build/Intermediates.noindex/PopupView.build/Debug-xros/PopupView.build/Objects-normal/arm64/Utils.swiftconstvalues -emit-reference-dependencies-path /Users/admin/builder/spi-builder-workspace/.derivedData/Build/Intermediates.noindex/PopupView.build/Debug-xros/PopupView.build/Objects-normal/arm64/Utils.swiftdeps -serialize-diagnostics-path /Users/admin/builder/spi-builder-workspace/.derivedData/Build/Intermediates.noindex/PopupView.build/Debug-xros/PopupView.build/Objects-normal/arm64/Utils.dia -target arm64-apple-xros1.0 -Xllvm -aarch64-use-tbi -enable-objc-interop -stack-check -sdk /Applications/Xcode-16.3.0.app/Contents/Developer/Platforms/XROS.platform/Developer/SDKs/XROS2.4.sdk -I /Users/admin/builder/spi-builder-workspace/.derivedData/Build/Products/Debug-xros -I /Applications/Xcode-16.3.0.app/Contents/Developer/Platforms/XROS.platform/Developer/usr/lib -F /Users/admin/builder/spi-builder-workspace/.derivedData/Build/Products/Debug-xros -F /Applications/Xcode-16.3.0.app/Contents/Developer/Platforms/XROS.platform/Developer/Library/Frameworks -F /Applications/Xcode-16.3.0.app/Contents/Developer/Platforms/XROS.platform/Developer/SDKs/XROS2.4.sdk/Developer/Library/Frameworks -no-color-diagnostics -enable-testing -g -debug-info-format\=dwarf -dwarf-version\=4 -module-cache-path /Users/admin/builder/spi-builder-workspace/.derivedData/ModuleCache.noindex -swift-version 6 -enforce-exclusivity\=checked -stats-output-dir /Users/admin/builder/spi-builder-workspace/.swiftpm/xcode/.stats -Onone -D SWIFT_PACKAGE -D DEBUG -serialize-debugging-options -const-gather-protocols-file /Users/admin/builder/spi-builder-workspace/.derivedData/Build/Intermediates.noindex/PopupView.build/Debug-xros/PopupView.build/Objects-normal/arm64/PopupView_const_extract_protocols.json -enable-experimental-feature DebugDescriptionMacro -empty-abi-descriptor -plugin-path /Applications/Xcode-16.3.0.app/Contents/Developer/Toolchains/XcodeDefault.xctoolchain/usr/lib/swift/host/plugins/testing -validate-clang-modules-once -clang-build-session-file /Users/admin/builder/spi-builder-workspace/.derivedData/ModuleCache.noindex/Session.modulevalidation -Xcc -working-directory -Xcc /Users/admin/builder/spi-builder-workspace/.swiftpm/xcode -resource-dir /Applications/Xcode-16.3.0.app/Contents/Developer/Toolchains/XcodeDefault.xctoolchain/usr/lib/swift -enable-anonymous-context-mangled-names -file-compilation-dir /Users/admin/builder/spi-builder-workspace/.swiftpm/xcode -Xcc -ivfsstatcache -Xcc /Users/admin/builder/spi-builder-workspace/.derivedData/SDKStatCaches.noindex/xros2.4-22O233-407b76dbb837030756cbe1ab3f0b01b6.sdkstatcache -Xcc -I/Users/admin/builder/spi-builder-workspace/.derivedData/Build/Intermediates.noindex/PopupView.build/Debug-xros/PopupView.build/swift-overrides.hmap -Xcc -I/Users/admin/builder/spi-builder-workspace/.derivedData/Build/Products/Debug-xros/include -Xcc -I/Users/admin/builder/spi-builder-workspace/.derivedData/Build/Intermediates.noindex/PopupView.build/Debug-xros/PopupView.build/DerivedSources-normal/arm64 -Xcc -I/Users/admin/builder/spi-builder-workspace/.derivedData/Build/Intermediates.noindex/PopupView.build/Debug-xros/PopupView.build/DerivedSources/arm64 -Xcc -I/Users/admin/builder/spi-builder-workspace/.derivedData/Build/Intermediates.noindex/PopupView.build/Debug-xros/PopupView.build/DerivedSources -Xcc -DSWIFT_PACKAGE -Xcc -DDEBUG\=1 -module-name PopupView -package-name spi_builder_workspace -frontend-parseable-output -disable-clang-spi -target-sdk-version 2.4 -target-sdk-name xros2.4 -external-plugin-path /Applications/Xcode-16.3.0.app/Contents/Developer/Platforms/XROS.platform/Developer/usr/lib/swift/host/plugins\#/Applications/Xcode-16.3.0.app/Contents/Developer/Platforms/XROS.platform/Developer/usr/bin/swift-plugin-server -external-plugin-path /Applications/Xcode-16.3.0.app/Contents/Developer/Platforms/XROS.platform/Developer/usr/local/lib/swift/host/plugins\#/Applications/Xcode-16.3.0.app/Contents/Developer/Platforms/XROS.platform/Developer/usr/bin/swift-plugin-server -in-process-plugin-server-path /Applications/Xcode-16.3.0.app/Contents/Developer/Toolchains/XcodeDefault.xctoolchain/usr/lib/swift/host/libSwiftInProcPluginServer.dylib -plugin-path /Applications/Xcode-16.3.0.app/Contents/Developer/Toolchains/XcodeDefault.xctoolchain/usr/lib/swift/host/plugins -plugin-path /Applications/Xcode-16.3.0.app/Contents/Developer/Toolchains/XcodeDefault.xctoolchain/usr/local/lib/swift/host/plugins -o /Users/admin/builder/spi-builder-workspace/.derivedData/Build/Intermediates.noindex/PopupView.build/Debug-xros/PopupView.build/Objects-normal/arm64/Utils.o -index-unit-output-path /PopupView.build/Debug-xros/PopupView.build/Objects-normal/arm64/Utils.o -index-store-path /Users/admin/builder/spi-builder-workspace/.derivedData/Index.noindex/DataStore -index-system-modules
SwiftCompile normal arm64 /Users/admin/builder/spi-builder-workspace/Sources/PopupView/Utils/Utils.swift (in target 'PopupView' from project 'PopupView')
    cd /Users/admin/builder/spi-builder-workspace/.swiftpm/xcode

/Users/admin/builder/spi-builder-workspace/Sources/PopupView/Utils/Utils.swift:25:23: error: 'screen' is unavailable in visionOS
        return scene?.screen.bounds ?? .zero
                      ^~~~~~
/Applications/Xcode-16.3.0.app/Contents/Developer/Platforms/XROS.platform/Developer/SDKs/XROS2.4.sdk/System/Library/Frameworks/UIKit.framework/Headers/UIWindowScene.h:22:43: note: 'screen' has been explicitly marked unavailable here
@property (nonatomic, readonly) UIScreen *screen API_UNAVAILABLE(visionos);
                                          ^
SwiftDriverJobDiscovery normal arm64 Emitting module for PopupView (in target 'PopupView' from project 'PopupView')
SwiftDriver\ Compilation\ Requirements PopupView normal arm64 com.apple.xcode.tools.swift.compiler (in target 'PopupView' from project 'PopupView')
    cd /Users/admin/builder/spi-builder-workspace/.swiftpm/xcode
    builtin-Swift-Compilation-Requirements -- /Applications/Xcode-16.3.0.app/Contents/Developer/Toolchains/XcodeDefault.xctoolchain/usr/bin/swiftc -module-name PopupView -Onone -enforce-exclusivity\=checked @/Users/admin/builder/spi-builder-workspace/.derivedData/Build/Intermediates.noindex/PopupView.build/Debug-xros/PopupView.build/Objects-normal/arm64/PopupView.SwiftFileList -DSWIFT_PACKAGE -DDEBUG -stats-output-dir .stats -plugin-path /Applications/Xcode-16.3.0.app/Contents/Developer/Toolchains/XcodeDefault.xctoolchain/usr/lib/swift/host/plugins/testing -enable-experimental-feature DebugDescriptionMacro -sdk /Applications/Xcode-16.3.0.app/Contents/Developer/Platforms/XROS.platform/Developer/SDKs/XROS2.4.sdk -target arm64-apple-xros1.0 -g -module-cache-path /Users/admin/builder/spi-builder-workspace/.derivedData/ModuleCache.noindex -Xfrontend -serialize-debugging-options -enable-testing -index-store-path /Users/admin/builder/spi-builder-workspace/.derivedData/Index.noindex/DataStore -swift-version 6 -I /Users/admin/builder/spi-builder-workspace/.derivedData/Build/Products/Debug-xros -I /Applications/Xcode-16.3.0.app/Contents/Developer/Platforms/XROS.platform/Developer/usr/lib -F /Users/admin/builder/spi-builder-workspace/.derivedData/Build/Products/Debug-xros -F /Applications/Xcode-16.3.0.app/Contents/Developer/Platforms/XROS.platform/Developer/Library/Frameworks -F /Applications/Xcode-16.3.0.app/Contents/Developer/Platforms/XROS.platform/Developer/SDKs/XROS2.4.sdk/Developer/Library/Frameworks -c -j10 -enable-batch-mode -incremental -Xcc -ivfsstatcache -Xcc /Users/admin/builder/spi-builder-workspace/.derivedData/SDKStatCaches.noindex/xros2.4-22O233-407b76dbb837030756cbe1ab3f0b01b6.sdkstatcache -output-file-map /Users/admin/builder/spi-builder-workspace/.derivedData/Build/Intermediates.noindex/PopupView.build/Debug-xros/PopupView.build/Objects-normal/arm64/PopupView-OutputFileMap.json -use-frontend-parseable-output -save-temps -no-color-diagnostics -serialize-diagnostics -emit-dependencies -emit-module -emit-module-path /Users/admin/builder/spi-builder-workspace/.derivedData/Build/Intermediates.noindex/PopupView.build/Debug-xros/PopupView.build/Objects-normal/arm64/PopupView.swiftmodule -validate-clang-modules-once -clang-build-session-file /Users/admin/builder/spi-builder-workspace/.derivedData/ModuleCache.noindex/Session.modulevalidation -package-name spi_builder_workspace -Xcc -I/Users/admin/builder/spi-builder-workspace/.derivedData/Build/Intermediates.noindex/PopupView.build/Debug-xros/PopupView.build/swift-overrides.hmap -emit-const-values -Xfrontend -const-gather-protocols-file -Xfrontend /Users/admin/builder/spi-builder-workspace/.derivedData/Build/Intermediates.noindex/PopupView.build/Debug-xros/PopupView.build/Objects-normal/arm64/PopupView_const_extract_protocols.json -Xcc -I/Users/admin/builder/spi-builder-workspace/.derivedData/Build/Products/Debug-xros/include -Xcc -I/Users/admin/builder/spi-builder-workspace/.derivedData/Build/Intermediates.noindex/PopupView.build/Debug-xros/PopupView.build/DerivedSources-normal/arm64 -Xcc -I/Users/admin/builder/spi-builder-workspace/.derivedData/Build/Intermediates.noindex/PopupView.build/Debug-xros/PopupView.build/DerivedSources/arm64 -Xcc -I/Users/admin/builder/spi-builder-workspace/.derivedData/Build/Intermediates.noindex/PopupView.build/Debug-xros/PopupView.build/DerivedSources -Xcc -DSWIFT_PACKAGE -Xcc -DDEBUG\=1 -emit-objc-header -emit-objc-header-path /Users/admin/builder/spi-builder-workspace/.derivedData/Build/Intermediates.noindex/PopupView.build/Debug-xros/PopupView.build/Objects-normal/arm64/PopupView-Swift.h -working-directory /Users/admin/builder/spi-builder-workspace/.swiftpm/xcode -experimental-emit-module-separately -disable-cmo
SwiftDriverJobDiscovery normal arm64 Compiling ScrollPopupModifier.swift (in target 'PopupView' from project 'PopupView')
SwiftMergeGeneratedHeaders /Users/admin/builder/spi-builder-workspace/.derivedData/Build/Intermediates.noindex/GeneratedModuleMaps-xros/PopupView-Swift.h /Users/admin/builder/spi-builder-workspace/.derivedData/Build/Intermediates.noindex/PopupView.build/Debug-xros/PopupView.build/Objects-normal/arm64/PopupView-Swift.h (in target 'PopupView' from project 'PopupView')
    cd /Users/admin/builder/spi-builder-workspace
    builtin-swiftHeaderTool -arch arm64 /Users/admin/builder/spi-builder-workspace/.derivedData/Build/Intermediates.noindex/PopupView.build/Debug-xros/PopupView.build/Objects-normal/arm64/PopupView-Swift.h -o /Users/admin/builder/spi-builder-workspace/.derivedData/Build/Intermediates.noindex/GeneratedModuleMaps-xros/PopupView-Swift.h
Copy /Users/admin/builder/spi-builder-workspace/.derivedData/Build/Products/Debug-xros/PopupView.swiftmodule/arm64-apple-xros.swiftmodule /Users/admin/builder/spi-builder-workspace/.derivedData/Build/Intermediates.noindex/PopupView.build/Debug-xros/PopupView.build/Objects-normal/arm64/PopupView.swiftmodule (in target 'PopupView' from project 'PopupView')
    cd /Users/admin/builder/spi-builder-workspace
    builtin-copy -exclude .DS_Store -exclude CVS -exclude .svn -exclude .git -exclude .hg -resolve-src-symlinks -rename /Users/admin/builder/spi-builder-workspace/.derivedData/Build/Intermediates.noindex/PopupView.build/Debug-xros/PopupView.build/Objects-normal/arm64/PopupView.swiftmodule /Users/admin/builder/spi-builder-workspace/.derivedData/Build/Products/Debug-xros/PopupView.swiftmodule/arm64-apple-xros.swiftmodule
Copy /Users/admin/builder/spi-builder-workspace/.derivedData/Build/Products/Debug-xros/PopupView.swiftmodule/arm64-apple-xros.swiftdoc /Users/admin/builder/spi-builder-workspace/.derivedData/Build/Intermediates.noindex/PopupView.build/Debug-xros/PopupView.build/Objects-normal/arm64/PopupView.swiftdoc (in target 'PopupView' from project 'PopupView')
    cd /Users/admin/builder/spi-builder-workspace
    builtin-copy -exclude .DS_Store -exclude CVS -exclude .svn -exclude .git -exclude .hg -resolve-src-symlinks -rename /Users/admin/builder/spi-builder-workspace/.derivedData/Build/Intermediates.noindex/PopupView.build/Debug-xros/PopupView.build/Objects-normal/arm64/PopupView.swiftdoc /Users/admin/builder/spi-builder-workspace/.derivedData/Build/Products/Debug-xros/PopupView.swiftmodule/arm64-apple-xros.swiftdoc
Copy /Users/admin/builder/spi-builder-workspace/.derivedData/Build/Products/Debug-xros/PopupView.swiftmodule/arm64-apple-xros.abi.json /Users/admin/builder/spi-builder-workspace/.derivedData/Build/Intermediates.noindex/PopupView.build/Debug-xros/PopupView.build/Objects-normal/arm64/PopupView.abi.json (in target 'PopupView' from project 'PopupView')
    cd /Users/admin/builder/spi-builder-workspace
    builtin-copy -exclude .DS_Store -exclude CVS -exclude .svn -exclude .git -exclude .hg -resolve-src-symlinks -rename /Users/admin/builder/spi-builder-workspace/.derivedData/Build/Intermediates.noindex/PopupView.build/Debug-xros/PopupView.build/Objects-normal/arm64/PopupView.abi.json /Users/admin/builder/spi-builder-workspace/.derivedData/Build/Products/Debug-xros/PopupView.swiftmodule/arm64-apple-xros.abi.json
Copy /Users/admin/builder/spi-builder-workspace/.derivedData/Build/Products/Debug-xros/PopupView.swiftmodule/Project/arm64-apple-xros.swiftsourceinfo /Users/admin/builder/spi-builder-workspace/.derivedData/Build/Intermediates.noindex/PopupView.build/Debug-xros/PopupView.build/Objects-normal/arm64/PopupView.swiftsourceinfo (in target 'PopupView' from project 'PopupView')
    cd /Users/admin/builder/spi-builder-workspace
    builtin-copy -exclude .DS_Store -exclude CVS -exclude .svn -exclude .git -exclude .hg -resolve-src-symlinks -rename /Users/admin/builder/spi-builder-workspace/.derivedData/Build/Intermediates.noindex/PopupView.build/Debug-xros/PopupView.build/Objects-normal/arm64/PopupView.swiftsourceinfo /Users/admin/builder/spi-builder-workspace/.derivedData/Build/Products/Debug-xros/PopupView.swiftmodule/Project/arm64-apple-xros.swiftsourceinfo
** BUILD FAILED **
The following build commands failed:
	SwiftCompile normal arm64 Compiling\ Utils.swift /Users/admin/builder/spi-builder-workspace/Sources/PopupView/Utils/Utils.swift (in target 'PopupView' from project 'PopupView')
	SwiftCompile normal arm64 /Users/admin/builder/spi-builder-workspace/Sources/PopupView/Utils/Utils.swift (in target 'PopupView' from project 'PopupView')
	Building workspace spi-builder-workspace with scheme PopupView
(3 failures)
Command line invocation:
    /Applications/Xcode-16.3.0.app/Contents/Developer/usr/bin/xcodebuild -IDEClonedSourcePackagesDirPathOverride=/Users/admin/builder/spi-builder-workspace/.dependencies -resolvePackageDependencies
Resolve Package Graph
Resolved source packages:
  PopupView: /Users/admin/builder/spi-builder-workspace
resolved source packages: PopupView
{
  "dependencies" : [
  ],
  "manifest_display_name" : "PopupView",
  "name" : "PopupView",
  "path" : "/Users/admin/builder/spi-builder-workspace",
  "platforms" : [
    {
      "name" : "ios",
      "version" : "17.0"
    },
    {
      "name" : "macos",
      "version" : "14.0"
    },
    {
      "name" : "tvos",
      "version" : "17.0"
    },
    {
      "name" : "watchos",
      "version" : "10.0"
    }
  ],
  "products" : [
    {
      "name" : "PopupView",
      "targets" : [
        "PopupView"
      ],
      "type" : {
        "library" : [
          "automatic"
        ]
      }
    }
  ],
  "targets" : [
    {
      "c99name" : "PopupView",
      "module_type" : "SwiftTarget",
      "name" : "PopupView",
      "path" : "Sources/PopupView",
      "product_memberships" : [
        "PopupView"
      ],
      "sources" : [
        "PopupBackgroundView.swift",
        "PopupBody.swift",
        "PopupModifier.swift",
        "PublicAPI.swift",
        "PublicModifiers.swift",
        "Utils/DragToDismissHelper.swift",
        "Utils/KeyboardHeightHelper.swift",
        "Utils/ScrollPopupModifier.swift",
        "Utils/ScrollViewResolver.swift",
        "Utils/TransparentNonAnimatableFullScreenModifier.swift",
        "Utils/Utils.swift",
        "Utils/WindowManager.swift"
      ],
      "type" : "library"
    }
  ],
  "tools_version" : "6.0"
}
{
  "workspace" : {
    "name" : "spi-builder-workspace",
    "schemes" : [
      "PopupView"
    ]
  }
}
Running build ...
env DEVELOPER_DIR=/Applications/Xcode-16.3.0.app xcrun xcodebuild -IDEClonedSourcePackagesDirPathOverride=$PWD/.dependencies -skipMacroValidation -skipPackagePluginValidation -derivedDataPath $PWD/.derivedData build -scheme PopupView -destination generic/platform=xrOS
Command line invocation:
    /Applications/Xcode-16.3.0.app/Contents/Developer/usr/bin/xcodebuild -IDEClonedSourcePackagesDirPathOverride=/Users/admin/builder/spi-builder-workspace/.dependencies -skipMacroValidation -skipPackagePluginValidation -derivedDataPath /Users/admin/builder/spi-builder-workspace/.derivedData build -scheme PopupView -destination generic/platform=xrOS
Resolve Package Graph
Resolved source packages:
  PopupView: /Users/admin/builder/spi-builder-workspace
ComputePackagePrebuildTargetDependencyGraph
Prepare packages
CreateBuildRequest
SendProjectDescription
CreateBuildOperation
ComputeTargetDependencyGraph
note: Building targets in dependency order
note: Target dependency graph (2 targets)
    Target 'PopupView' in project 'PopupView'
        ➜ Explicit dependency on target 'PopupView' in project 'PopupView'
    Target 'PopupView' in project 'PopupView' (no dependencies)
GatherProvisioningInputs
CreateBuildDescription
ExecuteExternalTool /Applications/Xcode-16.3.0.app/Contents/Developer/Toolchains/XcodeDefault.xctoolchain/usr/bin/clang -v -E -dM -isysroot /Applications/Xcode-16.3.0.app/Contents/Developer/Platforms/XROS.platform/Developer/SDKs/XROS2.4.sdk -x c -c /dev/null
ExecuteExternalTool /Applications/Xcode-16.3.0.app/Contents/Developer/Toolchains/XcodeDefault.xctoolchain/usr/bin/swiftc --version
ExecuteExternalTool /Applications/Xcode-16.3.0.app/Contents/Developer/Toolchains/XcodeDefault.xctoolchain/usr/bin/ld -version_details
Build description signature: a5122943be2922c04fe156ba2f365507
Build description path: /Users/admin/builder/spi-builder-workspace/.derivedData/Build/Intermediates.noindex/XCBuildData/a5122943be2922c04fe156ba2f365507.xcbuilddata
ClangStatCache /Applications/Xcode-16.3.0.app/Contents/Developer/Toolchains/XcodeDefault.xctoolchain/usr/bin/clang-stat-cache /Applications/Xcode-16.3.0.app/Contents/Developer/Platforms/XROS.platform/Developer/SDKs/XROS2.4.sdk /Users/admin/builder/spi-builder-workspace/.derivedData/SDKStatCaches.noindex/xros2.4-22O233-407b76dbb837030756cbe1ab3f0b01b6.sdkstatcache
    cd /Users/admin/builder/spi-builder-workspace/.swiftpm/xcode
    /Applications/Xcode-16.3.0.app/Contents/Developer/Toolchains/XcodeDefault.xctoolchain/usr/bin/clang-stat-cache /Applications/Xcode-16.3.0.app/Contents/Developer/Platforms/XROS.platform/Developer/SDKs/XROS2.4.sdk -o /Users/admin/builder/spi-builder-workspace/.derivedData/SDKStatCaches.noindex/xros2.4-22O233-407b76dbb837030756cbe1ab3f0b01b6.sdkstatcache
SwiftDriver PopupView normal arm64 com.apple.xcode.tools.swift.compiler (in target 'PopupView' from project 'PopupView')
    cd /Users/admin/builder/spi-builder-workspace/.swiftpm/xcode
    builtin-SwiftDriver -- /Applications/Xcode-16.3.0.app/Contents/Developer/Toolchains/XcodeDefault.xctoolchain/usr/bin/swiftc -module-name PopupView -Onone -enforce-exclusivity\=checked @/Users/admin/builder/spi-builder-workspace/.derivedData/Build/Intermediates.noindex/PopupView.build/Debug-xros/PopupView.build/Objects-normal/arm64/PopupView.SwiftFileList -DSWIFT_PACKAGE -DDEBUG -DXcode -enable-experimental-feature StrictConcurrency -plugin-path /Applications/Xcode-16.3.0.app/Contents/Developer/Toolchains/XcodeDefault.xctoolchain/usr/lib/swift/host/plugins/testing -enable-experimental-feature DebugDescriptionMacro -sdk /Applications/Xcode-16.3.0.app/Contents/Developer/Platforms/XROS.platform/Developer/SDKs/XROS2.4.sdk -target arm64-apple-xros1.0 -g -module-cache-path /Users/admin/builder/spi-builder-workspace/.derivedData/ModuleCache.noindex -Xfrontend -serialize-debugging-options -enable-testing -index-store-path /Users/admin/builder/spi-builder-workspace/.derivedData/Index.noindex/DataStore -swift-version 6 -I /Users/admin/builder/spi-builder-workspace/.derivedData/Build/Products/Debug-xros -I /Applications/Xcode-16.3.0.app/Contents/Developer/Platforms/XROS.platform/Developer/usr/lib -F /Users/admin/builder/spi-builder-workspace/.derivedData/Build/Products/Debug-xros -F /Applications/Xcode-16.3.0.app/Contents/Developer/Platforms/XROS.platform/Developer/Library/Frameworks -F /Applications/Xcode-16.3.0.app/Contents/Developer/Platforms/XROS.platform/Developer/SDKs/XROS2.4.sdk/Developer/Library/Frameworks -c -j10 -enable-batch-mode -incremental -Xcc -ivfsstatcache -Xcc /Users/admin/builder/spi-builder-workspace/.derivedData/SDKStatCaches.noindex/xros2.4-22O233-407b76dbb837030756cbe1ab3f0b01b6.sdkstatcache -output-file-map /Users/admin/builder/spi-builder-workspace/.derivedData/Build/Intermediates.noindex/PopupView.build/Debug-xros/PopupView.build/Objects-normal/arm64/PopupView-OutputFileMap.json -use-frontend-parseable-output -save-temps -no-color-diagnostics -serialize-diagnostics -emit-dependencies -emit-module -emit-module-path /Users/admin/builder/spi-builder-workspace/.derivedData/Build/Intermediates.noindex/PopupView.build/Debug-xros/PopupView.build/Objects-normal/arm64/PopupView.swiftmodule -validate-clang-modules-once -clang-build-session-file /Users/admin/builder/spi-builder-workspace/.derivedData/ModuleCache.noindex/Session.modulevalidation -package-name spi_builder_workspace -Xcc -I/Users/admin/builder/spi-builder-workspace/.derivedData/Build/Intermediates.noindex/PopupView.build/Debug-xros/PopupView.build/swift-overrides.hmap -emit-const-values -Xfrontend -const-gather-protocols-file -Xfrontend /Users/admin/builder/spi-builder-workspace/.derivedData/Build/Intermediates.noindex/PopupView.build/Debug-xros/PopupView.build/Objects-normal/arm64/PopupView_const_extract_protocols.json -Xcc -I/Users/admin/builder/spi-builder-workspace/.derivedData/Build/Products/Debug-xros/include -Xcc -I/Users/admin/builder/spi-builder-workspace/.derivedData/Build/Intermediates.noindex/PopupView.build/Debug-xros/PopupView.build/DerivedSources-normal/arm64 -Xcc -I/Users/admin/builder/spi-builder-workspace/.derivedData/Build/Intermediates.noindex/PopupView.build/Debug-xros/PopupView.build/DerivedSources/arm64 -Xcc -I/Users/admin/builder/spi-builder-workspace/.derivedData/Build/Intermediates.noindex/PopupView.build/Debug-xros/PopupView.build/DerivedSources -Xcc -DSWIFT_PACKAGE -Xcc -DDEBUG\=1 -emit-objc-header -emit-objc-header-path /Users/admin/builder/spi-builder-workspace/.derivedData/Build/Intermediates.noindex/PopupView.build/Debug-xros/PopupView.build/Objects-normal/arm64/PopupView-Swift.h -working-directory /Users/admin/builder/spi-builder-workspace/.swiftpm/xcode -experimental-emit-module-separately -disable-cmo
SwiftCompile normal arm64 Compiling\ PopupModifier.swift,\ PublicAPI.swift /Users/admin/builder/spi-builder-workspace/Sources/PopupView/PopupModifier.swift /Users/admin/builder/spi-builder-workspace/Sources/PopupView/PublicAPI.swift (in target 'PopupView' from project 'PopupView')
SwiftCompile normal arm64 /Users/admin/builder/spi-builder-workspace/Sources/PopupView/PopupModifier.swift (in target 'PopupView' from project 'PopupView')
    cd /Users/admin/builder/spi-builder-workspace/.swiftpm/xcode

SwiftCompile normal arm64 /Users/admin/builder/spi-builder-workspace/Sources/PopupView/PublicAPI.swift (in target 'PopupView' from project 'PopupView')
    cd /Users/admin/builder/spi-builder-workspace/.swiftpm/xcode

SwiftCompile normal arm64 Compiling\ DragToDismissHelper.swift /Users/admin/builder/spi-builder-workspace/Sources/PopupView/Utils/DragToDismissHelper.swift (in target 'PopupView' from project 'PopupView')
SwiftCompile normal arm64 /Users/admin/builder/spi-builder-workspace/Sources/PopupView/Utils/DragToDismissHelper.swift (in target 'PopupView' from project 'PopupView')
    cd /Users/admin/builder/spi-builder-workspace/.swiftpm/xcode

SwiftCompile normal arm64 Compiling\ PublicModifiers.swift /Users/admin/builder/spi-builder-workspace/Sources/PopupView/PublicModifiers.swift (in target 'PopupView' from project 'PopupView')
SwiftCompile normal arm64 /Users/admin/builder/spi-builder-workspace/Sources/PopupView/PublicModifiers.swift (in target 'PopupView' from project 'PopupView')
    cd /Users/admin/builder/spi-builder-workspace/.swiftpm/xcode

SwiftCompile normal arm64 Compiling\ KeyboardHeightHelper.swift /Users/admin/builder/spi-builder-workspace/Sources/PopupView/Utils/KeyboardHeightHelper.swift (in target 'PopupView' from project 'PopupView')
SwiftCompile normal arm64 /Users/admin/builder/spi-builder-workspace/Sources/PopupView/Utils/KeyboardHeightHelper.swift (in target 'PopupView' from project 'PopupView')
    cd /Users/admin/builder/spi-builder-workspace/.swiftpm/xcode

SwiftCompile normal arm64 Compiling\ ScrollViewResolver.swift /Users/admin/builder/spi-builder-workspace/Sources/PopupView/Utils/ScrollViewResolver.swift (in target 'PopupView' from project 'PopupView')
SwiftCompile normal arm64 /Users/admin/builder/spi-builder-workspace/Sources/PopupView/Utils/ScrollViewResolver.swift (in target 'PopupView' from project 'PopupView')
    cd /Users/admin/builder/spi-builder-workspace/.swiftpm/xcode

SwiftCompile normal arm64 Compiling\ PopupBackgroundView.swift,\ PopupBody.swift /Users/admin/builder/spi-builder-workspace/Sources/PopupView/PopupBackgroundView.swift /Users/admin/builder/spi-builder-workspace/Sources/PopupView/PopupBody.swift (in target 'PopupView' from project 'PopupView')
SwiftCompile normal arm64 /Users/admin/builder/spi-builder-workspace/Sources/PopupView/PopupBackgroundView.swift (in target 'PopupView' from project 'PopupView')
    cd /Users/admin/builder/spi-builder-workspace/.swiftpm/xcode

SwiftCompile normal arm64 /Users/admin/builder/spi-builder-workspace/Sources/PopupView/PopupBody.swift (in target 'PopupView' from project 'PopupView')
    cd /Users/admin/builder/spi-builder-workspace/.swiftpm/xcode

SwiftCompile normal arm64 Compiling\ TransparentNonAnimatableFullScreenModifier.swift /Users/admin/builder/spi-builder-workspace/Sources/PopupView/Utils/TransparentNonAnimatableFullScreenModifier.swift (in target 'PopupView' from project 'PopupView')
SwiftCompile normal arm64 /Users/admin/builder/spi-builder-workspace/Sources/PopupView/Utils/TransparentNonAnimatableFullScreenModifier.swift (in target 'PopupView' from project 'PopupView')
    cd /Users/admin/builder/spi-builder-workspace/.swiftpm/xcode

SwiftCompile normal arm64 Compiling\ ScrollPopupModifier.swift /Users/admin/builder/spi-builder-workspace/Sources/PopupView/Utils/ScrollPopupModifier.swift (in target 'PopupView' from project 'PopupView')
SwiftCompile normal arm64 /Users/admin/builder/spi-builder-workspace/Sources/PopupView/Utils/ScrollPopupModifier.swift (in target 'PopupView' from project 'PopupView')
    cd /Users/admin/builder/spi-builder-workspace/.swiftpm/xcode

SwiftCompile normal arm64 Compiling\ Utils.swift /Users/admin/builder/spi-builder-workspace/Sources/PopupView/Utils/Utils.swift (in target 'PopupView' from project 'PopupView')
Failed frontend command:
/Applications/Xcode-16.3.0.app/Contents/Developer/Toolchains/XcodeDefault.xctoolchain/usr/bin/swift-frontend -frontend -c /Users/admin/builder/spi-builder-workspace/Sources/PopupView/PopupBackgroundView.swift /Users/admin/builder/spi-builder-workspace/Sources/PopupView/PopupBody.swift /Users/admin/builder/spi-builder-workspace/Sources/PopupView/PopupModifier.swift /Users/admin/builder/spi-builder-workspace/Sources/PopupView/PublicAPI.swift /Users/admin/builder/spi-builder-workspace/Sources/PopupView/PublicModifiers.swift /Users/admin/builder/spi-builder-workspace/Sources/PopupView/Utils/DragToDismissHelper.swift /Users/admin/builder/spi-builder-workspace/Sources/PopupView/Utils/KeyboardHeightHelper.swift /Users/admin/builder/spi-builder-workspace/Sources/PopupView/Utils/ScrollPopupModifier.swift /Users/admin/builder/spi-builder-workspace/Sources/PopupView/Utils/ScrollViewResolver.swift /Users/admin/builder/spi-builder-workspace/Sources/PopupView/Utils/TransparentNonAnimatableFullScreenModifier.swift -primary-file /Users/admin/builder/spi-builder-workspace/Sources/PopupView/Utils/Utils.swift /Users/admin/builder/spi-builder-workspace/Sources/PopupView/Utils/WindowManager.swift -emit-dependencies-path /Users/admin/builder/spi-builder-workspace/.derivedData/Build/Intermediates.noindex/PopupView.build/Debug-xros/PopupView.build/Objects-normal/arm64/Utils.d -emit-const-values-path /Users/admin/builder/spi-builder-workspace/.derivedData/Build/Intermediates.noindex/PopupView.build/Debug-xros/PopupView.build/Objects-normal/arm64/Utils.swiftconstvalues -emit-reference-dependencies-path /Users/admin/builder/spi-builder-workspace/.derivedData/Build/Intermediates.noindex/PopupView.build/Debug-xros/PopupView.build/Objects-normal/arm64/Utils.swiftdeps -serialize-diagnostics-path /Users/admin/builder/spi-builder-workspace/.derivedData/Build/Intermediates.noindex/PopupView.build/Debug-xros/PopupView.build/Objects-normal/arm64/Utils.dia -target arm64-apple-xros1.0 -Xllvm -aarch64-use-tbi -enable-objc-interop -stack-check -sdk /Applications/Xcode-16.3.0.app/Contents/Developer/Platforms/XROS.platform/Developer/SDKs/XROS2.4.sdk -I /Users/admin/builder/spi-builder-workspace/.derivedData/Build/Products/Debug-xros -I /Applications/Xcode-16.3.0.app/Contents/Developer/Platforms/XROS.platform/Developer/usr/lib -F /Users/admin/builder/spi-builder-workspace/.derivedData/Build/Products/Debug-xros -F /Applications/Xcode-16.3.0.app/Contents/Developer/Platforms/XROS.platform/Developer/Library/Frameworks -F /Applications/Xcode-16.3.0.app/Contents/Developer/Platforms/XROS.platform/Developer/SDKs/XROS2.4.sdk/Developer/Library/Frameworks -no-color-diagnostics -enable-testing -g -debug-info-format\=dwarf -dwarf-version\=4 -module-cache-path /Users/admin/builder/spi-builder-workspace/.derivedData/ModuleCache.noindex -swift-version 6 -enforce-exclusivity\=checked -Onone -D SWIFT_PACKAGE -D DEBUG -D Xcode -serialize-debugging-options -const-gather-protocols-file /Users/admin/builder/spi-builder-workspace/.derivedData/Build/Intermediates.noindex/PopupView.build/Debug-xros/PopupView.build/Objects-normal/arm64/PopupView_const_extract_protocols.json -enable-experimental-feature StrictConcurrency -enable-experimental-feature DebugDescriptionMacro -empty-abi-descriptor -plugin-path /Applications/Xcode-16.3.0.app/Contents/Developer/Toolchains/XcodeDefault.xctoolchain/usr/lib/swift/host/plugins/testing -validate-clang-modules-once -clang-build-session-file /Users/admin/builder/spi-builder-workspace/.derivedData/ModuleCache.noindex/Session.modulevalidation -Xcc -working-directory -Xcc /Users/admin/builder/spi-builder-workspace/.swiftpm/xcode -resource-dir /Applications/Xcode-16.3.0.app/Contents/Developer/Toolchains/XcodeDefault.xctoolchain/usr/lib/swift -enable-anonymous-context-mangled-names -file-compilation-dir /Users/admin/builder/spi-builder-workspace/.swiftpm/xcode -Xcc -ivfsstatcache -Xcc /Users/admin/builder/spi-builder-workspace/.derivedData/SDKStatCaches.noindex/xros2.4-22O233-407b76dbb837030756cbe1ab3f0b01b6.sdkstatcache -Xcc -I/Users/admin/builder/spi-builder-workspace/.derivedData/Build/Intermediates.noindex/PopupView.build/Debug-xros/PopupView.build/swift-overrides.hmap -Xcc -I/Users/admin/builder/spi-builder-workspace/.derivedData/Build/Products/Debug-xros/include -Xcc -I/Users/admin/builder/spi-builder-workspace/.derivedData/Build/Intermediates.noindex/PopupView.build/Debug-xros/PopupView.build/DerivedSources-normal/arm64 -Xcc -I/Users/admin/builder/spi-builder-workspace/.derivedData/Build/Intermediates.noindex/PopupView.build/Debug-xros/PopupView.build/DerivedSources/arm64 -Xcc -I/Users/admin/builder/spi-builder-workspace/.derivedData/Build/Intermediates.noindex/PopupView.build/Debug-xros/PopupView.build/DerivedSources -Xcc -DSWIFT_PACKAGE -Xcc -DDEBUG\=1 -module-name PopupView -package-name spi_builder_workspace -frontend-parseable-output -disable-clang-spi -target-sdk-version 2.4 -target-sdk-name xros2.4 -external-plugin-path /Applications/Xcode-16.3.0.app/Contents/Developer/Platforms/XROS.platform/Developer/usr/lib/swift/host/plugins\#/Applications/Xcode-16.3.0.app/Contents/Developer/Platforms/XROS.platform/Developer/usr/bin/swift-plugin-server -external-plugin-path /Applications/Xcode-16.3.0.app/Contents/Developer/Platforms/XROS.platform/Developer/usr/local/lib/swift/host/plugins\#/Applications/Xcode-16.3.0.app/Contents/Developer/Platforms/XROS.platform/Developer/usr/bin/swift-plugin-server -in-process-plugin-server-path /Applications/Xcode-16.3.0.app/Contents/Developer/Toolchains/XcodeDefault.xctoolchain/usr/lib/swift/host/libSwiftInProcPluginServer.dylib -plugin-path /Applications/Xcode-16.3.0.app/Contents/Developer/Toolchains/XcodeDefault.xctoolchain/usr/lib/swift/host/plugins -plugin-path /Applications/Xcode-16.3.0.app/Contents/Developer/Toolchains/XcodeDefault.xctoolchain/usr/local/lib/swift/host/plugins -o /Users/admin/builder/spi-builder-workspace/.derivedData/Build/Intermediates.noindex/PopupView.build/Debug-xros/PopupView.build/Objects-normal/arm64/Utils.o -index-unit-output-path /PopupView.build/Debug-xros/PopupView.build/Objects-normal/arm64/Utils.o -index-store-path /Users/admin/builder/spi-builder-workspace/.derivedData/Index.noindex/DataStore -index-system-modules
SwiftCompile normal arm64 /Users/admin/builder/spi-builder-workspace/Sources/PopupView/Utils/Utils.swift (in target 'PopupView' from project 'PopupView')
    cd /Users/admin/builder/spi-builder-workspace/.swiftpm/xcode

/Users/admin/builder/spi-builder-workspace/Sources/PopupView/Utils/Utils.swift:25:23: error: 'screen' is unavailable in visionOS
        return scene?.screen.bounds ?? .zero
                      ^~~~~~
/Applications/Xcode-16.3.0.app/Contents/Developer/Platforms/XROS.platform/Developer/SDKs/XROS2.4.sdk/System/Library/Frameworks/UIKit.framework/Headers/UIWindowScene.h:22:43: note: 'screen' has been explicitly marked unavailable here
@property (nonatomic, readonly) UIScreen *screen API_UNAVAILABLE(visionos);
                                          ^
SwiftEmitModule normal arm64 Emitting\ module\ for\ PopupView (in target 'PopupView' from project 'PopupView')
EmitSwiftModule normal arm64 (in target 'PopupView' from project 'PopupView')
    cd /Users/admin/builder/spi-builder-workspace/.swiftpm/xcode

SwiftCompile normal arm64 Compiling\ WindowManager.swift /Users/admin/builder/spi-builder-workspace/Sources/PopupView/Utils/WindowManager.swift (in target 'PopupView' from project 'PopupView')
SwiftCompile normal arm64 /Users/admin/builder/spi-builder-workspace/Sources/PopupView/Utils/WindowManager.swift (in target 'PopupView' from project 'PopupView')
    cd /Users/admin/builder/spi-builder-workspace/.swiftpm/xcode

SwiftDriverJobDiscovery normal arm64 Compiling KeyboardHeightHelper.swift (in target 'PopupView' from project 'PopupView')
SwiftDriverJobDiscovery normal arm64 Compiling ScrollViewResolver.swift (in target 'PopupView' from project 'PopupView')
SwiftDriverJobDiscovery normal arm64 Compiling ScrollPopupModifier.swift (in target 'PopupView' from project 'PopupView')
SwiftDriverJobDiscovery normal arm64 Compiling TransparentNonAnimatableFullScreenModifier.swift (in target 'PopupView' from project 'PopupView')
SwiftDriverJobDiscovery normal arm64 Compiling PublicModifiers.swift (in target 'PopupView' from project 'PopupView')
SwiftDriverJobDiscovery normal arm64 Compiling DragToDismissHelper.swift (in target 'PopupView' from project 'PopupView')
** BUILD FAILED **
The following build commands failed:
	SwiftCompile normal arm64 Compiling\ Utils.swift /Users/admin/builder/spi-builder-workspace/Sources/PopupView/Utils/Utils.swift (in target 'PopupView' from project 'PopupView')
	SwiftCompile normal arm64 /Users/admin/builder/spi-builder-workspace/Sources/PopupView/Utils/Utils.swift (in target 'PopupView' from project 'PopupView')
	Building workspace spi-builder-workspace with scheme PopupView
(3 failures)
BUILD FAILURE 6.1 visionOS