The Swift Package Index logo.Swift Package Index

Build Information

Failed to build SwiftyChain, reference 1.0.1 (08a68f), with Swift 6.3 for Wasm on 17 Jul 2026 22:58:47 UTC.

Build Command

bash -c docker run --pull=always --rm -v "checkouts-54344844-1":/host -w "$PWD" -e JAVA_HOME="/root/.sdkman/candidates/java/current" -e SPI_BUILD="1" -e SPI_PROCESSING="1" registry.gitlab.com/saguaro1/spi-images:wasm-6.3-latest swift build --swift-sdk swift-6.3.2-RELEASE_wasm 2>&1

Build Log

========================================
RunAll
========================================
Builder version: 333316120c8b89ed7d21f1b34865290794301d91
Interrupt handler set up.
========================================
Checkout
========================================
Clone URL: https://github.com/maniramezan/SwiftyChain.git
Reference: 1.0.1
Initialized empty Git repository in /host/spi-builder-workspace/.git/
hint: Using 'master' as the name for the initial branch. This default branch name
hint: is subject to change. To configure the initial branch name to use in all
hint: of your new repositories, which will suppress this warning, call:
hint:
hint: 	git config --global init.defaultBranch <name>
hint:
hint: Names commonly chosen instead of 'master' are 'main', 'trunk' and
hint: 'development'. The just-created branch can be renamed via this command:
hint:
hint: 	git branch -m <name>
From https://github.com/maniramezan/SwiftyChain
 * tag               1.0.1      -> FETCH_HEAD
HEAD is now at 08a68fa Fix keychain query semantics (#1)
Cloned https://github.com/maniramezan/SwiftyChain.git
Revision (git rev-parse @):
08a68fa75d3896a40ced834d1a12fa76d84a144b
SPI manifest file found: $PWD/.spi.yml
SUCCESS checkout https://github.com/maniramezan/SwiftyChain.git at 1.0.1
========================================
Build
========================================
Selected platform:         wasm
Swift version:             6.3
Building package at path:  $PWD
https://github.com/maniramezan/SwiftyChain.git
Running build ...
bash -c docker run --pull=always --rm -v "checkouts-54344844-1":/host -w "$PWD" -e JAVA_HOME="/root/.sdkman/candidates/java/current" -e SPI_BUILD="1" -e SPI_PROCESSING="1" registry.gitlab.com/saguaro1/spi-images:wasm-6.3-latest swift build --swift-sdk swift-6.3.2-RELEASE_wasm 2>&1
wasm-6.3-latest: Pulling from saguaro1/spi-images
Digest: sha256:501b6bfc4ca8a27c305c68f9d5c778f996de82635741ab45476a03ffa6fa26d2
Status: Image is up to date for registry.gitlab.com/saguaro1/spi-images:wasm-6.3-latest
Fetching https://github.com/swiftlang/swift-syntax.git
Fetching https://github.com/swiftlang/swift-docc-plugin
[1/2325] Fetching swift-docc-plugin
[2326/78382] Fetching swift-docc-plugin, swift-syntax
Fetched https://github.com/swiftlang/swift-docc-plugin from cache (2.83s)
Fetched https://github.com/swiftlang/swift-syntax.git from cache (2.86s)
Computing version for https://github.com/swiftlang/swift-docc-plugin
Computed https://github.com/swiftlang/swift-docc-plugin at 1.5.0 (3.78s)
Fetching https://github.com/swiftlang/swift-docc-symbolkit
[1/3755] Fetching swift-docc-symbolkit
Fetched https://github.com/swiftlang/swift-docc-symbolkit from cache (0.51s)
Computing version for https://github.com/swiftlang/swift-docc-symbolkit
Computed https://github.com/swiftlang/swift-docc-symbolkit at 1.0.0 (0.73s)
Computing version for https://github.com/swiftlang/swift-syntax.git
Computed https://github.com/swiftlang/swift-syntax.git at 603.0.2 (0.27s)
Creating working copy for https://github.com/swiftlang/swift-docc-symbolkit
Working copy of https://github.com/swiftlang/swift-docc-symbolkit resolved at 1.0.0
Creating working copy for https://github.com/swiftlang/swift-syntax.git
Working copy of https://github.com/swiftlang/swift-syntax.git resolved at 603.0.2
Creating working copy for https://github.com/swiftlang/swift-docc-plugin
Working copy of https://github.com/swiftlang/swift-docc-plugin resolved at 1.5.0
Downloading package prebuilt https://download.swift.org/prebuilts/swift-syntax/603.0.2/swift-6.3.2-RELEASE-ubuntu_jammy_x86_64-MacroSupport.tar.gz
Downloaded https://download.swift.org/prebuilts/swift-syntax/603.0.2/swift-6.3.2-RELEASE-ubuntu_jammy_x86_64-MacroSupport.tar.gz (0.28s)
[1/1] Compiling plugin Swift-DocC Preview
[2/2] Compiling plugin Swift-DocC
Building for debugging...
[2/11] Write sources
[7/11] Write swift-version-24593BA9C3E375BF.txt
[9/17] Compiling SwiftyChainMacros SwiftyChainMacrosPlugin.swift
[10/17] Compiling SwiftyChainMacros MacroSupport.swift
[11/17] Compiling SwiftyChainMacros KeychainItemMacro.swift
[12/17] Compiling SwiftyChainMacros KeychainKeyMacro.swift
[13/17] Emitting module SwiftyChainMacros
[14/17] Compiling SwiftyChainMacros KeychainScopeMacro.swift
[15/18] Wrapping AST for SwiftyChainMacros for debugging
[16/18] Write Objects.LinkFileList
[17/18] Linking SwiftyChainMacros-tool
[19/54] Compiling SwiftyChain KeychainKey+Builders.swift
/host/spi-builder-workspace/Sources/SwiftyChain/Backend/AppleKeychainBackend.swift:2:8: error: no such module 'Security'
  1 | import Foundation
  2 | import Security
    |        `- error: no such module 'Security'
  3 |
  4 | internal struct AppleKeychainBackend: SecureStorageBackend {
[20/54] Compiling SwiftyChain KeychainStorable+Builtins.swift
/host/spi-builder-workspace/Sources/SwiftyChain/Backend/AppleKeychainBackend.swift:2:8: error: no such module 'Security'
  1 | import Foundation
  2 | import Security
    |        `- error: no such module 'Security'
  3 |
  4 | internal struct AppleKeychainBackend: SecureStorageBackend {
[21/56] Compiling SwiftyChain KeychainError.swift
/host/spi-builder-workspace/Sources/SwiftyChain/Backend/AppleKeychainBackend.swift:2:8: error: no such module 'Security'
  1 | import Foundation
  2 | import Security
    |        `- error: no such module 'Security'
  3 |
  4 | internal struct AppleKeychainBackend: SecureStorageBackend {
[22/56] Compiling SwiftyChain KeychainItemClass.swift
/host/spi-builder-workspace/Sources/SwiftyChain/Backend/AppleKeychainBackend.swift:2:8: error: no such module 'Security'
  1 | import Foundation
  2 | import Security
    |        `- error: no such module 'Security'
  3 |
  4 | internal struct AppleKeychainBackend: SecureStorageBackend {
[23/56] Compiling SwiftyChain KeychainKey.swift
/host/spi-builder-workspace/Sources/SwiftyChain/Backend/AppleKeychainBackend.swift:2:8: error: no such module 'Security'
  1 | import Foundation
  2 | import Security
    |        `- error: no such module 'Security'
  3 |
  4 | internal struct AppleKeychainBackend: SecureStorageBackend {
error: emit-module command failed with exit code 1 (use -v to see invocation)
[24/56] Emitting module SwiftyChain
/host/spi-builder-workspace/Sources/SwiftyChain/Backend/AppleKeychainBackend.swift:2:8: error: no such module 'Security'
  1 | import Foundation
  2 | import Security
    |        `- error: no such module 'Security'
  3 |
  4 | internal struct AppleKeychainBackend: SecureStorageBackend {
[25/56] Compiling SwiftyChain InternetPasswordKey.swift
/host/spi-builder-workspace/Sources/SwiftyChain/Backend/AppleKeychainBackend.swift:2:8: error: no such module 'Security'
  1 | import Foundation
  2 | import Security
    |        `- error: no such module 'Security'
  3 |
  4 | internal struct AppleKeychainBackend: SecureStorageBackend {
[26/56] Compiling SwiftyChain KeychainAccessibility.swift
/host/spi-builder-workspace/Sources/SwiftyChain/Backend/AppleKeychainBackend.swift:2:8: error: no such module 'Security'
  1 | import Foundation
  2 | import Security
    |        `- error: no such module 'Security'
  3 |
  4 | internal struct AppleKeychainBackend: SecureStorageBackend {
[27/56] Compiling SwiftyChain Keychain.swift
/host/spi-builder-workspace/Sources/SwiftyChain/Backend/AppleKeychainBackend.swift:2:8: error: no such module 'Security'
  1 | import Foundation
  2 | import Security
    |        `- error: no such module 'Security'
  3 |
  4 | internal struct AppleKeychainBackend: SecureStorageBackend {
[28/56] Compiling SwiftyChain KeychainProtocol.swift
/host/spi-builder-workspace/Sources/SwiftyChain/Backend/AppleKeychainBackend.swift:2:8: error: no such module 'Security'
  1 | import Foundation
  2 | import Security
    |        `- error: no such module 'Security'
  3 |
  4 | internal struct AppleKeychainBackend: SecureStorageBackend {
[29/56] Compiling SwiftyChain AppleKeychainBackend.swift
/host/spi-builder-workspace/Sources/SwiftyChain/Backend/AppleKeychainBackend.swift:2:8: error: no such module 'Security'
  1 | import Foundation
  2 | import Security
    |        `- error: no such module 'Security'
  3 |
  4 | internal struct AppleKeychainBackend: SecureStorageBackend {
[30/56] Compiling SwiftyChain KeychainBackend.swift
/host/spi-builder-workspace/Sources/SwiftyChain/Backend/AppleKeychainBackend.swift:2:8: error: no such module 'Security'
  1 | import Foundation
  2 | import Security
    |        `- error: no such module 'Security'
  3 |
  4 | internal struct AppleKeychainBackend: SecureStorageBackend {
[31/56] Compiling SwiftyChain SecureStorageBackend.swift
/host/spi-builder-workspace/Sources/SwiftyChain/Backend/AppleKeychainBackend.swift:2:8: error: no such module 'Security'
  1 | import Foundation
  2 | import Security
    |        `- error: no such module 'Security'
  3 |
  4 | internal struct AppleKeychainBackend: SecureStorageBackend {
[32/56] Compiling SwiftyChain KeychainDeleteQuery.swift
/host/spi-builder-workspace/Sources/SwiftyChain/Backend/AppleKeychainBackend.swift:2:8: error: no such module 'Security'
  1 | import Foundation
  2 | import Security
    |        `- error: no such module 'Security'
  3 |
  4 | internal struct AppleKeychainBackend: SecureStorageBackend {
[33/56] Compiling SwiftyChain KeychainStorable.swift
/host/spi-builder-workspace/Sources/SwiftyChain/Backend/AppleKeychainBackend.swift:2:8: error: no such module 'Security'
  1 | import Foundation
  2 | import Security
    |        `- error: no such module 'Security'
  3 |
  4 | internal struct AppleKeychainBackend: SecureStorageBackend {
[34/56] Compiling SwiftyChain Crypto.swift
/host/spi-builder-workspace/Sources/SwiftyChain/Backend/AppleKeychainBackend.swift:2:8: error: no such module 'Security'
  1 | import Foundation
  2 | import Security
    |        `- error: no such module 'Security'
  3 |
  4 | internal struct AppleKeychainBackend: SecureStorageBackend {
[35/56] Compiling SwiftyChain SwiftyChainLogger.swift
/host/spi-builder-workspace/Sources/SwiftyChain/Backend/AppleKeychainBackend.swift:2:8: error: no such module 'Security'
  1 | import Foundation
  2 | import Security
    |        `- error: no such module 'Security'
  3 |
  4 | internal struct AppleKeychainBackend: SecureStorageBackend {
[36/56] Compiling SwiftyChain Macros.swift
/host/spi-builder-workspace/Sources/SwiftyChain/Backend/AppleKeychainBackend.swift:2:8: error: no such module 'Security'
  1 | import Foundation
  2 | import Security
    |        `- error: no such module 'Security'
  3 |
  4 | internal struct AppleKeychainBackend: SecureStorageBackend {
[37/56] Compiling SwiftyChain Observation.swift
/host/spi-builder-workspace/Sources/SwiftyChain/Backend/AppleKeychainBackend.swift:2:8: error: no such module 'Security'
  1 | import Foundation
  2 | import Security
    |        `- error: no such module 'Security'
  3 |
  4 | internal struct AppleKeychainBackend: SecureStorageBackend {
[38/56] Compiling SwiftyChain KeychainStorage.swift
/host/spi-builder-workspace/Sources/SwiftyChain/Backend/AppleKeychainBackend.swift:2:8: error: no such module 'Security'
  1 | import Foundation
  2 | import Security
    |        `- error: no such module 'Security'
  3 |
  4 | internal struct AppleKeychainBackend: SecureStorageBackend {
BUILD FAILURE 6.3 wasm