The Swift Package Index logo.Swift Package Index

Build Information

Failed to build CSErrors, reference 2.1.1 (8c1496), with Swift 6.2 for Wasm on 22 Oct 2026 15:17:56 UTC.

Build Command

bash -c docker run --pull=always --rm -v "checkouts-53886768-0":/host -w "$PWD" -e JAVA_HOME="/root/.sdkman/candidates/java/current" -e SPI_BUILD="1" -e SPI_PROCESSING="1" registry.gitlab.com/saguaro1/spi-images:wasm-6.2-latest swift build --swift-sdk swift-6.2-RELEASE_wasm 2>&1

Build Log

========================================
RunAll
========================================
Builder version: 5.1.3
Interrupt handler set up.
========================================
Checkout
========================================
Clone URL: https://github.com/CharlesJS/CSErrors.git
Reference: 2.1.1
Initialized empty Git repository in /host/spi-builder-workspace/.git/
hint: Using 'master' as the name for the initial branch. This default branch name
hint: is subject to change. To configure the initial branch name to use in all
hint: of your new repositories, which will suppress this warning, call:
hint:
hint: 	git config --global init.defaultBranch <name>
hint:
hint: Names commonly chosen instead of 'master' are 'main', 'trunk' and
hint: 'development'. The just-created branch can be renamed via this command:
hint:
hint: 	git branch -m <name>
From https://github.com/CharlesJS/CSErrors
 * tag               2.1.1      -> FETCH_HEAD
HEAD is now at 8c1496b Merge pull request #3 from CharlesJS/linux-fixes
Cloned https://github.com/CharlesJS/CSErrors.git
Revision (git rev-parse @):
8c1496b26c6057a562022c8a7de4955326dfd54e
SUCCESS checkout https://github.com/CharlesJS/CSErrors.git at 2.1.1
========================================
Build
========================================
Selected platform:         wasm
Swift version:             6.2
Building package at path:  $PWD
https://github.com/CharlesJS/CSErrors.git
Running build ...
bash -c docker run --pull=always --rm -v "checkouts-53886768-0":/host -w "$PWD" -e JAVA_HOME="/root/.sdkman/candidates/java/current" -e SPI_BUILD="1" -e SPI_PROCESSING="1" registry.gitlab.com/saguaro1/spi-images:wasm-6.2-latest swift build --swift-sdk swift-6.2-RELEASE_wasm 2>&1
wasm-6.2-latest: Pulling from saguaro1/spi-images
Digest: sha256:0563b842faffea9ddc6fe15fbd2051d02dff3ef29dc4b5bfe0a0910a084eee81
Status: Image is up to date for registry.gitlab.com/saguaro1/spi-images:wasm-6.2-latest
Fetching https://github.com/apple/swift-system
[1/7368] Fetching swift-system
Fetched https://github.com/apple/swift-system from cache (0.96s)
Computing version for https://github.com/apple/swift-system
Computed https://github.com/apple/swift-system at 1.8.1 (1.16s)
Creating working copy for https://github.com/apple/swift-system
Working copy of https://github.com/apple/swift-system resolved at 1.8.1
Building for debugging...
[0/2] Write sources
[1/2] Write swift-version-24593BA9C3E375BF.txt
error: emit-module command failed with exit code 1 (use -v to see invocation)
[3/14] Emitting module CSErrors
/host/spi-builder-workspace/Sources/CSErrors/Error+CSErrors.swift:11:8: error: no such module 'System'
  9 | import SystemPackage
 10 | #else
 11 | import System
    |        `- error: no such module 'System'
 12 | #endif
 13 |
[4/15] Compiling CSErrors Recoverability.swift
/host/spi-builder-workspace/Sources/CSErrors/Error+CSErrors.swift:11:8: error: no such module 'System'
  9 | import SystemPackage
 10 | #else
 11 | import System
    |        `- error: no such module 'System'
 12 | #endif
 13 |
[5/15] Compiling CSErrors Stderr.swift
/host/spi-builder-workspace/Sources/CSErrors/Error+CSErrors.swift:11:8: error: no such module 'System'
  9 | import SystemPackage
 10 | #else
 11 | import System
    |        `- error: no such module 'System'
 12 | #endif
 13 |
[6/15] Compiling CSErrors URLError+CSErrors.swift
/host/spi-builder-workspace/Sources/CSErrors/Error+CSErrors.swift:11:8: error: no such module 'System'
  9 | import SystemPackage
 10 | #else
 11 | import System
    |        `- error: no such module 'System'
 12 | #endif
 13 |
[7/15] Compiling CSErrors Error+CSErrors.swift
/host/spi-builder-workspace/Sources/CSErrors/Error+CSErrors.swift:11:8: error: no such module 'System'
  9 | import SystemPackage
 10 | #else
 11 | import System
    |        `- error: no such module 'System'
 12 | #endif
 13 |
[8/15] Compiling CSErrors ErrorMetadata.swift
/host/spi-builder-workspace/Sources/CSErrors/Error+CSErrors.swift:11:8: error: no such module 'System'
  9 | import SystemPackage
 10 | #else
 11 | import System
    |        `- error: no such module 'System'
 12 | #endif
 13 |
[9/15] Compiling CSErrors CSErrorProtocol.swift
/host/spi-builder-workspace/Sources/CSErrors/Error+CSErrors.swift:11:8: error: no such module 'System'
  9 | import SystemPackage
 10 | #else
 11 | import System
    |        `- error: no such module 'System'
 12 | #endif
 13 |
[10/15] Compiling CSErrors CocoaError+CSErrors.swift
/host/spi-builder-workspace/Sources/CSErrors/Error+CSErrors.swift:11:8: error: no such module 'System'
  9 | import SystemPackage
 10 | #else
 11 | import System
    |        `- error: no such module 'System'
 12 | #endif
 13 |
[11/15] Compiling CSErrors POSIX Errors.swift
/host/spi-builder-workspace/Sources/CSErrors/Error+CSErrors.swift:11:8: error: no such module 'System'
  9 | import SystemPackage
 10 | #else
 11 | import System
    |        `- error: no such module 'System'
 12 | #endif
 13 |
[12/15] Compiling CSErrors HTTPError.swift
/host/spi-builder-workspace/Sources/CSErrors/Error+CSErrors.swift:11:8: error: no such module 'System'
  9 | import SystemPackage
 10 | #else
 11 | import System
    |        `- error: no such module 'System'
 12 | #endif
 13 |
[13/15] Compiling CSErrors Internal.swift
/host/spi-builder-workspace/Sources/CSErrors/Error+CSErrors.swift:11:8: error: no such module 'System'
  9 | import SystemPackage
 10 | #else
 11 | import System
    |        `- error: no such module 'System'
 12 | #endif
 13 |
[14/15] Compiling CSErrors NSError+CSErrors.swift
/host/spi-builder-workspace/Sources/CSErrors/Error+CSErrors.swift:11:8: error: no such module 'System'
  9 | import SystemPackage
 10 | #else
 11 | import System
    |        `- error: no such module 'System'
 12 | #endif
 13 |
[15/15] Compiling CSErrors OSStatus Errors.swift
/host/spi-builder-workspace/Sources/CSErrors/Error+CSErrors.swift:11:8: error: no such module 'System'
  9 | import SystemPackage
 10 | #else
 11 | import System
    |        `- error: no such module 'System'
 12 | #endif
 13 |
BUILD FAILURE 6.2 wasm