The Swift Package Index logo.Swift Package Index

Build Information

Failed to build ColorCalculation, reference 1.1.0 (9a077b), with Swift 6.4 for watchOS using Xcode 27.0 on 20 Sep 2026 05:04:44 UTC.

Build Command

env DEVELOPER_DIR=/Applications/Xcode-27.0.0-Release.Candidate.app xcrun xcodebuild -IDEClonedSourcePackagesDirPathOverride=$PWD/.dependencies -skipMacroValidation -skipPackagePluginValidation -derivedDataPath $PWD/.derivedData build -scheme ColorCalculation -destination generic/platform=watchOS

Build Log

========================================
RunAll
========================================
Builder version: 5.1.0
Interrupt handler set up.
========================================
Checkout
========================================
Clone URL: https://github.com/Kjuly/ColorCalculation.git
Reference: 1.1.0
Initialized empty Git repository in /Users/admin/builder/spi-builder-workspace/.git/
From https://github.com/Kjuly/ColorCalculation
 * tag               1.1.0      -> FETCH_HEAD
HEAD is now at 9a077b0 ColorCalculation.podspec: Set spec.version='1.1.0'
Cloned https://github.com/Kjuly/ColorCalculation.git
Revision (git rev-parse @):
9a077b0dadcb5d24773e8a70295eb23ac9fc3655
SUCCESS checkout https://github.com/Kjuly/ColorCalculation.git at 1.1.0
========================================
Build
========================================
Selected platform:         watchOS
Swift version:             6.4
Building package at path:  $PWD
https://github.com/Kjuly/ColorCalculation.git
Command line invocation:
    /Applications/Xcode-27.0.0-Release.Candidate.app/Contents/Developer/usr/bin/xcodebuild -IDEClonedSourcePackagesDirPathOverride=/Users/admin/builder/spi-builder-workspace/.dependencies -resolvePackageDependencies
resolved source packages:
{
  "dependencies" : [
  ],
  "manifest_display_name" : "ColorCalculation",
  "name" : "ColorCalculation",
  "path" : "/Users/admin/builder/spi-builder-workspace",
  "platforms" : [
    {
      "name" : "ios",
      "version" : "15.5"
    },
    {
      "name" : "watchos",
      "version" : "6.0"
    },
    {
      "name" : "macos",
      "version" : "12.0"
    }
  ],
  "products" : [
    {
      "name" : "ColorCalculation",
      "targets" : [
        "ColorCalculation"
      ],
      "type" : {
        "library" : [
          "automatic"
        ]
      }
    }
  ],
  "targets" : [
    {
      "c99name" : "ColorCalculationTests",
      "module_type" : "SwiftTarget",
      "name" : "ColorCalculationTests",
      "path" : "ColorCalculationTests",
      "sources" : [
        "Brightness/Color+KYColorBrightnessProtocolTests.swift",
        "Brightness/NSColor+KYColorBrightnessProtocolTests.swift",
        "Brightness/UIColor+KYColorBrightnessProtocolTests.swift",
        "Extension/Color+SwitchTests.swift",
        "Extension/String+ColorHexTests.swift",
        "Hex/Color+HexTests.swift",
        "Hex/NSColor+HexTests.swift",
        "Hex/UIColor+HexTests.swift",
        "KYColorConstantsTests.swift",
        "KYColorHSBTests.swift",
        "KYColorRGBTests.swift"
      ],
      "target_dependencies" : [
        "ColorCalculation"
      ],
      "type" : "test"
    },
    {
      "c99name" : "ColorCalculation",
      "module_type" : "SwiftTarget",
      "name" : "ColorCalculation",
      "path" : "ColorCalculation/Sources",
      "product_memberships" : [
        "ColorCalculation"
      ],
      "sources" : [
        "Brightness/ColorBrightnessProtocol.swift",
        "ColorConstants.swift",
        "ColorHSB.swift",
        "ColorRGB.swift",
        "Extension/Color+Switch.swift",
        "Extension/String+ColorHex.swift",
        "Hex/Color+Hex.swift",
        "Hex/ColorHexProtocol.swift",
        "Hex/NSColor+Hex.swift",
        "Hex/UIColor+Hex.swift"
      ],
      "type" : "library"
    }
  ],
  "tools_version" : "5.7"
}
{
  "project" : {
    "configurations" : [
      "Debug",
      "Release"
    ],
    "name" : "ColorCalculation",
    "schemes" : [
      "ColorCalculation"
    ],
    "targets" : [
      "ColorCalculation",
      "ColorCalculationTests"
    ]
  }
}
Running build ...
env DEVELOPER_DIR=/Applications/Xcode-27.0.0-Release.Candidate.app xcrun xcodebuild -IDEClonedSourcePackagesDirPathOverride=$PWD/.dependencies -skipMacroValidation -skipPackagePluginValidation -derivedDataPath $PWD/.derivedData build -scheme ColorCalculation -destination generic/platform=watchOS
Command line invocation:
    /Applications/Xcode-27.0.0-Release.Candidate.app/Contents/Developer/usr/bin/xcodebuild -IDEClonedSourcePackagesDirPathOverride=/Users/admin/builder/spi-builder-workspace/.dependencies -skipMacroValidation -skipPackagePluginValidation -derivedDataPath /Users/admin/builder/spi-builder-workspace/.derivedData build -scheme ColorCalculation -destination generic/platform=watchOS
ComputePackagePrebuildTargetDependencyGraph
Prepare packages
CreateBuildRequest
SendProjectDescription
CreateBuildOperation
ComputeTargetDependencyGraph
note: Building targets in dependency order
note: Target dependency graph (1 target)
    Target 'ColorCalculation' in project 'ColorCalculation' (no dependencies)
GatherProvisioningInputs
CreateBuildDescription
ExecuteExternalTool /Applications/Xcode-27.0.0-Release.Candidate.app/Contents/Developer/Toolchains/XcodeDefault.xctoolchain/usr/bin/clang -v -E -dM -isysroot /Applications/Xcode-27.0.0-Release.Candidate.app/Contents/Developer/Platforms/WatchOS.platform/Developer/SDKs/WatchOS27.0.sdk -x c -c /dev/null
ExecuteExternalTool /Applications/Xcode-27.0.0-Release.Candidate.app/Contents/Developer/Toolchains/XcodeDefault.xctoolchain/usr/bin/clang -v -E -dM -arch arm64 -isysroot /Applications/Xcode-27.0.0-Release.Candidate.app/Contents/Developer/Platforms/WatchOS.platform/Developer/SDKs/WatchOS27.0.sdk -x c -c /dev/null
ExecuteExternalTool /Applications/Xcode-27.0.0-Release.Candidate.app/Contents/Developer/Toolchains/XcodeDefault.xctoolchain/usr/bin/swiftc --version
ExecuteExternalTool /Applications/Xcode-27.0.0-Release.Candidate.app/Contents/Developer/Toolchains/XcodeDefault.xctoolchain/usr/bin/ld -version_details
ReadFileContents /Applications/Xcode-27.0.0-Release.Candidate.app/Contents/Developer/Toolchains/XcodeDefault.xctoolchain/usr/share/docc/features.json
ExecuteExternalTool /Applications/Xcode-27.0.0-Release.Candidate.app/Contents/Developer/Toolchains/XcodeDefault.xctoolchain/usr/bin/clang -v -E -dM -arch arm64_32 -isysroot /Applications/Xcode-27.0.0-Release.Candidate.app/Contents/Developer/Platforms/WatchOS.platform/Developer/SDKs/WatchOS27.0.sdk -x c -c /dev/null
Build description signature: 8ab34a5b94a5c07c0005fca568f7bebc
Build description path: /Users/admin/builder/spi-builder-workspace/.derivedData/Build/Intermediates.noindex/XCBuildData/8ab34a5b94a5c07c0005fca568f7bebc.xcbuilddata
/Users/admin/builder/spi-builder-workspace/ColorCalculation.xcodeproj: error: The watchOS deployment target 'WATCHOS_DEPLOYMENT_TARGET' is set to 6.0, but the range of supported deployment target versions is 9.0 to 27.0.x. (in target 'ColorCalculation' from project 'ColorCalculation')
error: The armv7k architecture is deprecated. You should update your ARCHS build setting to remove the armv7k architecture. (in target 'ColorCalculation' from project 'ColorCalculation')
warning: Run script build phase 'Run Script (Swift Lint)' will be run during every build because it does not specify any outputs. To address this issue, either add output dependencies to the script phase, or configure it to run in every build by unchecking "Based on dependency analysis" in the script phase. (in target 'ColorCalculation' from project 'ColorCalculation')
** BUILD FAILED **
The following build commands failed:
	Building project ColorCalculation with scheme ColorCalculation
(1 failure)
Command line invocation:
    /Applications/Xcode-27.0.0-Release.Candidate.app/Contents/Developer/usr/bin/xcodebuild -IDEClonedSourcePackagesDirPathOverride=/Users/admin/builder/spi-builder-workspace/.dependencies -resolvePackageDependencies
resolved source packages:
{
  "dependencies" : [
  ],
  "manifest_display_name" : "ColorCalculation",
  "name" : "ColorCalculation",
  "path" : "/Users/admin/builder/spi-builder-workspace",
  "platforms" : [
    {
      "name" : "ios",
      "version" : "15.5"
    },
    {
      "name" : "watchos",
      "version" : "6.0"
    },
    {
      "name" : "macos",
      "version" : "12.0"
    }
  ],
  "products" : [
    {
      "name" : "ColorCalculation",
      "targets" : [
        "ColorCalculation"
      ],
      "type" : {
        "library" : [
          "automatic"
        ]
      }
    }
  ],
  "targets" : [
    {
      "c99name" : "ColorCalculationTests",
      "module_type" : "SwiftTarget",
      "name" : "ColorCalculationTests",
      "path" : "ColorCalculationTests",
      "sources" : [
        "Brightness/Color+KYColorBrightnessProtocolTests.swift",
        "Brightness/NSColor+KYColorBrightnessProtocolTests.swift",
        "Brightness/UIColor+KYColorBrightnessProtocolTests.swift",
        "Extension/Color+SwitchTests.swift",
        "Extension/String+ColorHexTests.swift",
        "Hex/Color+HexTests.swift",
        "Hex/NSColor+HexTests.swift",
        "Hex/UIColor+HexTests.swift",
        "KYColorConstantsTests.swift",
        "KYColorHSBTests.swift",
        "KYColorRGBTests.swift"
      ],
      "target_dependencies" : [
        "ColorCalculation"
      ],
      "type" : "test"
    },
    {
      "c99name" : "ColorCalculation",
      "module_type" : "SwiftTarget",
      "name" : "ColorCalculation",
      "path" : "ColorCalculation/Sources",
      "product_memberships" : [
        "ColorCalculation"
      ],
      "sources" : [
        "Brightness/ColorBrightnessProtocol.swift",
        "ColorConstants.swift",
        "ColorHSB.swift",
        "ColorRGB.swift",
        "Extension/Color+Switch.swift",
        "Extension/String+ColorHex.swift",
        "Hex/Color+Hex.swift",
        "Hex/ColorHexProtocol.swift",
        "Hex/NSColor+Hex.swift",
        "Hex/UIColor+Hex.swift"
      ],
      "type" : "library"
    }
  ],
  "tools_version" : "5.7"
}
{
  "project" : {
    "configurations" : [
      "Debug",
      "Release"
    ],
    "name" : "ColorCalculation",
    "schemes" : [
      "ColorCalculation"
    ],
    "targets" : [
      "ColorCalculation",
      "ColorCalculationTests"
    ]
  }
}
Running build ...
env DEVELOPER_DIR=/Applications/Xcode-27.0.0-Release.Candidate.app xcrun xcodebuild -IDEClonedSourcePackagesDirPathOverride=$PWD/.dependencies -skipMacroValidation -skipPackagePluginValidation -derivedDataPath $PWD/.derivedData build -scheme ColorCalculation -destination generic/platform=watchOS
Command line invocation:
    /Applications/Xcode-27.0.0-Release.Candidate.app/Contents/Developer/usr/bin/xcodebuild -IDEClonedSourcePackagesDirPathOverride=/Users/admin/builder/spi-builder-workspace/.dependencies -skipMacroValidation -skipPackagePluginValidation -derivedDataPath /Users/admin/builder/spi-builder-workspace/.derivedData build -scheme ColorCalculation -destination generic/platform=watchOS
ComputePackagePrebuildTargetDependencyGraph
Prepare packages
CreateBuildRequest
SendProjectDescription
CreateBuildOperation
ComputeTargetDependencyGraph
note: Building targets in dependency order
note: Target dependency graph (1 target)
    Target 'ColorCalculation' in project 'ColorCalculation' (no dependencies)
GatherProvisioningInputs
CreateBuildDescription
error: The armv7k architecture is deprecated. You should update your ARCHS build setting to remove the armv7k architecture. (in target 'ColorCalculation' from project 'ColorCalculation')
/Users/admin/builder/spi-builder-workspace/ColorCalculation.xcodeproj: error: The watchOS deployment target 'WATCHOS_DEPLOYMENT_TARGET' is set to 6.0, but the range of supported deployment target versions is 9.0 to 27.0.x. (in target 'ColorCalculation' from project 'ColorCalculation')
warning: Run script build phase 'Run Script (Swift Lint)' will be run during every build because it does not specify any outputs. To address this issue, either add output dependencies to the script phase, or configure it to run in every build by unchecking "Based on dependency analysis" in the script phase. (in target 'ColorCalculation' from project 'ColorCalculation')
** BUILD FAILED **
The following build commands failed:
	Building project ColorCalculation with scheme ColorCalculation
(1 failure)
BUILD FAILURE 6.4 watchOS