Build Information
Failed to build TikTokOpenSDK, reference v2.5.0 (cb0cdc), with Swift 6.4 for visionOS using Xcode 27.0 on 22 Sep 2026 06:48:24 UTC.
Build Command
env DEVELOPER_DIR=/Applications/Xcode-27.0.0-Release.Candidate.app xcrun xcodebuild -IDEClonedSourcePackagesDirPathOverride=$PWD/.dependencies -skipMacroValidation -skipPackagePluginValidation -derivedDataPath $PWD/.derivedData build -scheme TikTokOpenSDK-Package -destination generic/platform=xrOSBuild Log
========================================
RunAll
========================================
Builder version: 5.1.0
Interrupt handler set up.
========================================
Checkout
========================================
Clone URL: https://github.com/tiktok/tiktok-opensdk-ios.git
Reference: v2.5.0
Initialized empty Git repository in /Users/admin/builder/spi-builder-workspace/.git/
From https://github.com/tiktok/tiktok-opensdk-ios
* tag v2.5.0 -> FETCH_HEAD
HEAD is now at cb0cdc7 Merge pull request #42 from tiktok/2.5.0-release
Cloned https://github.com/tiktok/tiktok-opensdk-ios.git
Revision (git rev-parse @):
cb0cdc785b653c3be116fd1302ec280fbcfac695
SUCCESS checkout https://github.com/tiktok/tiktok-opensdk-ios.git at v2.5.0
========================================
Build
========================================
Selected platform: visionOS
Swift version: 6.4
Building package at path: $PWD
https://github.com/tiktok/tiktok-opensdk-ios.git
Command line invocation:
/Applications/Xcode-27.0.0-Release.Candidate.app/Contents/Developer/usr/bin/xcodebuild -IDEClonedSourcePackagesDirPathOverride=/Users/admin/builder/spi-builder-workspace/.dependencies -resolvePackageDependencies
Resolve Package Graph
Invalid Resource 'TikTokOpenAuthSDK/Resources/PrivacyInfo.xcprivacy': File not found.
Resolve Package Graph
Invalid Resource 'TikTokOpenAuthSDK/Resources/PrivacyInfo.xcprivacy': File not found.
Resolved source packages:
TikTokOpenSDK: /Users/admin/builder/spi-builder-workspace
resolved source packages: TikTokOpenSDK
2026-09-22 02:47:26.094 xcodebuild[563:3055] [MT] IDERunDestination: Supported platforms for the buildables in the current scheme is empty.
{
"default_localization" : "en",
"dependencies" : [
],
"manifest_display_name" : "TikTokOpenSDK",
"name" : "TikTokOpenSDK",
"path" : "/Users/admin/builder/spi-builder-workspace",
"platforms" : [
{
"name" : "ios",
"version" : "12.0"
}
],
"products" : [
{
"name" : "TikTokOpenAuthSDK",
"targets" : [
"TikTokOpenAuthSDK"
],
"type" : {
"library" : [
"automatic"
]
}
},
{
"name" : "TikTokOpenSDKCore",
"targets" : [
"TikTokOpenSDKCore"
],
"type" : {
"library" : [
"automatic"
]
}
},
{
"name" : "TikTokOpenShareSDK",
"targets" : [
"TikTokOpenShareSDK"
],
"type" : {
"library" : [
"automatic"
]
}
}
],
"targets" : [
{
"c99name" : "TikTokOpenShareSDKTests",
"module_type" : "SwiftTarget",
"name" : "TikTokOpenShareSDKTests",
"path" : "Tests/TikTokOpenShareSDKTests",
"sources" : [
"PublicTests/TikTokHandlerTest.swift",
"PublicTests/TikTokShareRequestTest.swift",
"PublicTests/TikTokShareResponseTest.swift",
"PublicTests/TikTokTestEnv.swift",
"ServiceTests/TikTokShareServiceTest.swift"
],
"target_dependencies" : [
"TikTokOpenShareSDK"
],
"type" : "test"
},
{
"c99name" : "TikTokOpenShareSDK",
"module_type" : "SwiftTarget",
"name" : "TikTokOpenShareSDK",
"path" : "Sources/TikTokOpenShareSDK",
"product_memberships" : [
"TikTokOpenShareSDK"
],
"resources" : [
{
"path" : "/Users/admin/builder/spi-builder-workspace/Sources/TikTokOpenShareSDK/Resources/PrivacyInfo.xcprivacy",
"rule" : {
"copy" : {
}
}
}
],
"sources" : [
"Public/TikTokShareRequest+URLParams.swift",
"Public/TikTokShareRequest.swift",
"Public/TikTokShareResponse.swift",
"Service/TikTokAppStoreModel.swift",
"Service/TikTokShareService.swift"
],
"target_dependencies" : [
"TikTokOpenSDKCore"
],
"type" : "library"
},
{
"c99name" : "TikTokOpenSDKCore",
"module_type" : "SwiftTarget",
"name" : "TikTokOpenSDKCore",
"path" : "Sources/TikTokOpenSDKCore",
"product_memberships" : [
"TikTokOpenAuthSDK",
"TikTokOpenSDKCore",
"TikTokOpenShareSDK"
],
"resources" : [
{
"path" : "/Users/admin/builder/spi-builder-workspace/Sources/TikTokOpenSDKCore/Resources/PrivacyInfo.xcprivacy",
"rule" : {
"copy" : {
}
}
}
],
"sources" : [
"Internal/TikTokBase.swift",
"Internal/TikTokRequestHandling.swift",
"Internal/TikTokResponseHandling.swift",
"Internal/TikTokURLOpener.swift",
"Internal/TikTokURLQueryParamsConvertible.swift",
"Public/TikTokURLHandler.swift",
"Service/TikTokAPI.swift",
"Utils/TikTokInfo.swift",
"Utils/TikTokRSA.swift",
"Utils/TikTokUtils.swift"
],
"type" : "library"
},
{
"c99name" : "TikTokOpenAuthSDKTests",
"module_type" : "SwiftTarget",
"name" : "TikTokOpenAuthSDKTests",
"path" : "Tests/TikTokOpenAuthSDKTests",
"sources" : [
"PublicTests/TikTokAuthRequestTest.swift",
"PublicTests/TikTokAuthResponseTest.swift",
"PublicTests/TikTokHandlerTest.swift",
"PublicTests/TikTokTestEnv.swift",
"ServiceTests/TikTokAuthServiceTest.swift",
"UtilsTests/TikTokUtilTest.swift"
],
"target_dependencies" : [
"TikTokOpenAuthSDK"
],
"type" : "test"
},
{
"c99name" : "TikTokOpenAuthSDK",
"module_type" : "SwiftTarget",
"name" : "TikTokOpenAuthSDK",
"path" : "Sources/TikTokOpenAuthSDK",
"product_memberships" : [
"TikTokOpenAuthSDK"
],
"sources" : [
"Public/PKCE.swift",
"Public/TikTokAuthRequest+URLParams.swift",
"Public/TikTokAuthRequest.swift",
"Public/TikTokAuthResponse.swift",
"Service/TikTokAuthService.swift"
],
"target_dependencies" : [
"TikTokOpenSDKCore"
],
"type" : "library"
}
],
"tools_version" : "5.5"
}
warning: 'spi-builder-workspace': Invalid Resource 'TikTokOpenAuthSDK/Resources/PrivacyInfo.xcprivacy': File not found.
{
"workspace" : {
"name" : "TikTokOpenSDK",
"schemes" : [
"TikTokOpenAuthSDK",
"TikTokOpenSDK-Package",
"TikTokOpenSDKCore",
"TikTokOpenShareSDK"
]
}
}
2026-09-22 02:48:07.229 xcodebuild[715:4372] [MT] IDERunDestination: Supported platforms for the buildables in the current scheme is empty.
{
"workspace" : {
"name" : "TikTokOpenSDK",
"schemes" : [
"TikTokOpenAuthSDK",
"TikTokOpenSDK-Package",
"TikTokOpenSDKCore",
"TikTokOpenShareSDK"
]
}
}
2026-09-22 02:48:08.198 xcodebuild[717:4416] [MT] IDERunDestination: Supported platforms for the buildables in the current scheme is empty.
Running build ...
env DEVELOPER_DIR=/Applications/Xcode-27.0.0-Release.Candidate.app xcrun xcodebuild -IDEClonedSourcePackagesDirPathOverride=$PWD/.dependencies -skipMacroValidation -skipPackagePluginValidation -derivedDataPath $PWD/.derivedData build -scheme TikTokOpenSDK-Package -destination generic/platform=xrOS
Command line invocation:
/Applications/Xcode-27.0.0-Release.Candidate.app/Contents/Developer/usr/bin/xcodebuild -IDEClonedSourcePackagesDirPathOverride=/Users/admin/builder/spi-builder-workspace/.dependencies -skipMacroValidation -skipPackagePluginValidation -derivedDataPath /Users/admin/builder/spi-builder-workspace/.derivedData build -scheme TikTokOpenSDK-Package -destination generic/platform=xrOS
Resolve Package Graph
Invalid Resource 'TikTokOpenAuthSDK/Resources/PrivacyInfo.xcprivacy': File not found.
Resolved source packages:
TikTokOpenSDK: /Users/admin/builder/spi-builder-workspace
ComputePackagePrebuildTargetDependencyGraph
Prepare packages
CreateBuildRequest
SendProjectDescription
CreateBuildOperation
ComputeTargetDependencyGraph
note: Building targets in dependency order
note: Target dependency graph (8 targets)
Target 'TikTokOpenShareSDK-product' in project 'TikTokOpenSDK'
➜ Explicit dependency on target 'TikTokOpenShareSDK' in project 'TikTokOpenSDK'
➜ Explicit dependency on target 'TikTokOpenSDK_TikTokOpenShareSDK' in project 'TikTokOpenSDK'
➜ Explicit dependency on target 'TikTokOpenSDKCore' in project 'TikTokOpenSDK'
Target 'TikTokOpenShareSDK' in project 'TikTokOpenSDK'
➜ Explicit dependency on target 'TikTokOpenSDK_TikTokOpenShareSDK' in project 'TikTokOpenSDK'
➜ Explicit dependency on target 'TikTokOpenSDKCore' in project 'TikTokOpenSDK'
Target 'TikTokOpenSDK_TikTokOpenShareSDK' in project 'TikTokOpenSDK' (no dependencies)
Target 'TikTokOpenSDKCore-product' in project 'TikTokOpenSDK'
➜ Explicit dependency on target 'TikTokOpenSDKCore' in project 'TikTokOpenSDK'
➜ Explicit dependency on target 'TikTokOpenSDK_TikTokOpenSDKCore' in project 'TikTokOpenSDK'
Target 'TikTokOpenAuthSDK-product' in project 'TikTokOpenSDK'
➜ Explicit dependency on target 'TikTokOpenAuthSDK' in project 'TikTokOpenSDK'
➜ Explicit dependency on target 'TikTokOpenSDKCore' in project 'TikTokOpenSDK'
Target 'TikTokOpenAuthSDK' in project 'TikTokOpenSDK'
➜ Explicit dependency on target 'TikTokOpenSDKCore' in project 'TikTokOpenSDK'
Target 'TikTokOpenSDKCore' in project 'TikTokOpenSDK'
➜ Explicit dependency on target 'TikTokOpenSDK_TikTokOpenSDKCore' in project 'TikTokOpenSDK'
Target 'TikTokOpenSDK_TikTokOpenSDKCore' in project 'TikTokOpenSDK' (no dependencies)
GatherProvisioningInputs
CreateBuildDescription
ExecuteExternalTool /Applications/Xcode-27.0.0-Release.Candidate.app/Contents/Developer/Toolchains/XcodeDefault.xctoolchain/usr/bin/swiftc --version
ExecuteExternalTool /Applications/Xcode-27.0.0-Release.Candidate.app/Contents/Developer/Toolchains/XcodeDefault.xctoolchain/usr/bin/clang -v -E -dM -isysroot /Applications/Xcode-27.0.0-Release.Candidate.app/Contents/Developer/Platforms/XROS.platform/Developer/SDKs/XROS27.0.sdk -x c -c /dev/null
ExecuteExternalTool /Applications/Xcode-27.0.0-Release.Candidate.app/Contents/Developer/Toolchains/XcodeDefault.xctoolchain/usr/bin/ld -version_details
Build description signature: 339839b57e56be53ebe85ff327186d9a
Build description path: /Users/admin/builder/spi-builder-workspace/.derivedData/Build/Intermediates.noindex/XCBuildData/339839b57e56be53ebe85ff327186d9a.xcbuilddata
CreateBuildDirectory /Users/admin/builder/spi-builder-workspace/.derivedData/SDKExplicitPrecompiledModules
cd /Users/admin/builder/spi-builder-workspace/.swiftpm/xcode
builtin-create-build-directory /Users/admin/builder/spi-builder-workspace/.derivedData/SDKExplicitPrecompiledModules
CreateBuildDirectory /Users/admin/builder/spi-builder-workspace/.derivedData/CompilationCache.noindex
cd /Users/admin/builder/spi-builder-workspace/.swiftpm/xcode
builtin-create-build-directory /Users/admin/builder/spi-builder-workspace/.derivedData/CompilationCache.noindex
CreateBuildDirectory /Users/admin/builder/spi-builder-workspace/.derivedData/ModuleCache.noindex
cd /Users/admin/builder/spi-builder-workspace/.swiftpm/xcode
builtin-create-build-directory /Users/admin/builder/spi-builder-workspace/.derivedData/ModuleCache.noindex
CreateBuildDirectory /Users/admin/builder/spi-builder-workspace/.derivedData/Build/Products
cd /Users/admin/builder/spi-builder-workspace/.swiftpm/xcode
builtin-create-build-directory /Users/admin/builder/spi-builder-workspace/.derivedData/Build/Products
CreateBuildDirectory /Users/admin/builder/spi-builder-workspace/.derivedData/Build/Intermediates.noindex
cd /Users/admin/builder/spi-builder-workspace/.swiftpm/xcode
builtin-create-build-directory /Users/admin/builder/spi-builder-workspace/.derivedData/Build/Intermediates.noindex
ClangStatCache /Applications/Xcode-27.0.0-Release.Candidate.app/Contents/Developer/Toolchains/XcodeDefault.xctoolchain/usr/bin/clang-stat-cache /Applications/Xcode-27.0.0-Release.Candidate.app/Contents/Developer/Platforms/XROS.platform/Developer/SDKs/XROS27.0.sdk /Users/admin/builder/spi-builder-workspace/.derivedData/SDKStatCaches.noindex/xros27.0-24M361-e829b21a6f8c9b70876ba0858053c044735bd543db762f57723cac368afd1ce4.sdkstatcache
cd /Users/admin/builder/spi-builder-workspace/.swiftpm/xcode
/Applications/Xcode-27.0.0-Release.Candidate.app/Contents/Developer/Toolchains/XcodeDefault.xctoolchain/usr/bin/clang-stat-cache /Applications/Xcode-27.0.0-Release.Candidate.app/Contents/Developer/Platforms/XROS.platform/Developer/SDKs/XROS27.0.sdk -o /Users/admin/builder/spi-builder-workspace/.derivedData/SDKStatCaches.noindex/xros27.0-24M361-e829b21a6f8c9b70876ba0858053c044735bd543db762f57723cac368afd1ce4.sdkstatcache
CreateBuildDirectory /Users/admin/builder/spi-builder-workspace/.derivedData/Build/Intermediates.noindex/SwiftExplicitPrecompiledModules
cd /Users/admin/builder/spi-builder-workspace/.swiftpm/xcode
builtin-create-build-directory /Users/admin/builder/spi-builder-workspace/.derivedData/Build/Intermediates.noindex/SwiftExplicitPrecompiledModules
CreateBuildDirectory /Users/admin/builder/spi-builder-workspace/.derivedData/Build/Intermediates.noindex/PrecompiledHeaders
cd /Users/admin/builder/spi-builder-workspace/.swiftpm/xcode
builtin-create-build-directory /Users/admin/builder/spi-builder-workspace/.derivedData/Build/Intermediates.noindex/PrecompiledHeaders
CreateBuildDirectory /Users/admin/builder/spi-builder-workspace/.derivedData/Build/Intermediates.noindex/ExplicitPrecompiledModules
cd /Users/admin/builder/spi-builder-workspace/.swiftpm/xcode
builtin-create-build-directory /Users/admin/builder/spi-builder-workspace/.derivedData/Build/Intermediates.noindex/ExplicitPrecompiledModules
CreateBuildDirectory /Users/admin/builder/spi-builder-workspace/.derivedData/Build/Intermediates.noindex/EagerLinkingTBDs/Debug-xros
cd /Users/admin/builder/spi-builder-workspace/.swiftpm/xcode
builtin-create-build-directory /Users/admin/builder/spi-builder-workspace/.derivedData/Build/Intermediates.noindex/EagerLinkingTBDs/Debug-xros
CreateBuildDirectory /Users/admin/builder/spi-builder-workspace/.derivedData/Build/Products/Debug-xros
cd /Users/admin/builder/spi-builder-workspace/.swiftpm/xcode
builtin-create-build-directory /Users/admin/builder/spi-builder-workspace/.derivedData/Build/Products/Debug-xros
CreateBuildDirectory /Users/admin/builder/spi-builder-workspace/.derivedData/Build/Products/Debug-xros/PackageFrameworks
cd /Users/admin/builder/spi-builder-workspace/.swiftpm/xcode
builtin-create-build-directory /Users/admin/builder/spi-builder-workspace/.derivedData/Build/Products/Debug-xros/PackageFrameworks
WriteAuxiliaryFile /Users/admin/builder/spi-builder-workspace/.derivedData/Build/Intermediates.noindex/TikTokOpenSDK.build/Debug-xros/TikTokOpenShareSDK-t.build/TikTokOpenShareSDK.DependencyMetadataFileList (in target 'TikTokOpenShareSDK' from project 'TikTokOpenSDK')
cd /Users/admin/builder/spi-builder-workspace
write-file /Users/admin/builder/spi-builder-workspace/.derivedData/Build/Intermediates.noindex/TikTokOpenSDK.build/Debug-xros/TikTokOpenShareSDK-t.build/TikTokOpenShareSDK.DependencyMetadataFileList
WriteAuxiliaryFile /Users/admin/builder/spi-builder-workspace/.derivedData/Build/Intermediates.noindex/TikTokOpenSDK.build/Debug-xros/TikTokOpenShareSDK-t.build/TikTokOpenShareSDK.DependencyStaticMetadataFileList (in target 'TikTokOpenShareSDK' from project 'TikTokOpenSDK')
cd /Users/admin/builder/spi-builder-workspace
write-file /Users/admin/builder/spi-builder-workspace/.derivedData/Build/Intermediates.noindex/TikTokOpenSDK.build/Debug-xros/TikTokOpenShareSDK-t.build/TikTokOpenShareSDK.DependencyStaticMetadataFileList
WriteAuxiliaryFile /Users/admin/builder/spi-builder-workspace/.derivedData/Build/Intermediates.noindex/TikTokOpenSDK.build/Debug-xros/TikTokOpenShareSDK-t.build/TikTokOpenShareSDK.modulemap (in target 'TikTokOpenShareSDK' from project 'TikTokOpenSDK')
cd /Users/admin/builder/spi-builder-workspace
write-file /Users/admin/builder/spi-builder-workspace/.derivedData/Build/Intermediates.noindex/TikTokOpenSDK.build/Debug-xros/TikTokOpenShareSDK-t.build/TikTokOpenShareSDK.modulemap
WriteAuxiliaryFile /Users/admin/builder/spi-builder-workspace/.derivedData/Build/Intermediates.noindex/TikTokOpenSDK.build/Debug-xros/TikTokOpenShareSDK-t.build/Objects-normal/arm64/TikTokOpenShareSDK.SwiftFileList (in target 'TikTokOpenShareSDK' from project 'TikTokOpenSDK')
cd /Users/admin/builder/spi-builder-workspace
write-file /Users/admin/builder/spi-builder-workspace/.derivedData/Build/Intermediates.noindex/TikTokOpenSDK.build/Debug-xros/TikTokOpenShareSDK-t.build/Objects-normal/arm64/TikTokOpenShareSDK.SwiftFileList
WriteAuxiliaryFile /Users/admin/builder/spi-builder-workspace/.derivedData/Build/Intermediates.noindex/TikTokOpenSDK.build/Debug-xros/TikTokOpenShareSDK-t.build/Objects-normal/arm64/TikTokOpenShareSDK.SwiftConstValuesFileList (in target 'TikTokOpenShareSDK' from project 'TikTokOpenSDK')
cd /Users/admin/builder/spi-builder-workspace
write-file /Users/admin/builder/spi-builder-workspace/.derivedData/Build/Intermediates.noindex/TikTokOpenSDK.build/Debug-xros/TikTokOpenShareSDK-t.build/Objects-normal/arm64/TikTokOpenShareSDK.SwiftConstValuesFileList
WriteAuxiliaryFile /Users/admin/builder/spi-builder-workspace/.derivedData/Build/Intermediates.noindex/TikTokOpenSDK.build/Debug-xros/TikTokOpenShareSDK-t.build/Objects-normal/arm64/TikTokOpenShareSDK_const_extract_protocols.json (in target 'TikTokOpenShareSDK' from project 'TikTokOpenSDK')
cd /Users/admin/builder/spi-builder-workspace
write-file /Users/admin/builder/spi-builder-workspace/.derivedData/Build/Intermediates.noindex/TikTokOpenSDK.build/Debug-xros/TikTokOpenShareSDK-t.build/Objects-normal/arm64/TikTokOpenShareSDK_const_extract_protocols.json
WriteAuxiliaryFile /Users/admin/builder/spi-builder-workspace/.derivedData/Build/Intermediates.noindex/TikTokOpenSDK.build/Debug-xros/TikTokOpenShareSDK-t.build/Objects-normal/arm64/TikTokOpenShareSDK.LinkFileList (in target 'TikTokOpenShareSDK' from project 'TikTokOpenSDK')
cd /Users/admin/builder/spi-builder-workspace
write-file /Users/admin/builder/spi-builder-workspace/.derivedData/Build/Intermediates.noindex/TikTokOpenSDK.build/Debug-xros/TikTokOpenShareSDK-t.build/Objects-normal/arm64/TikTokOpenShareSDK.LinkFileList
WriteAuxiliaryFile /Users/admin/builder/spi-builder-workspace/.derivedData/Build/Intermediates.noindex/TikTokOpenSDK.build/Debug-xros/TikTokOpenShareSDK-t.build/Objects-normal/arm64/TikTokOpenShareSDK-OutputFileMap.json (in target 'TikTokOpenShareSDK' from project 'TikTokOpenSDK')
cd /Users/admin/builder/spi-builder-workspace
write-file /Users/admin/builder/spi-builder-workspace/.derivedData/Build/Intermediates.noindex/TikTokOpenSDK.build/Debug-xros/TikTokOpenShareSDK-t.build/Objects-normal/arm64/TikTokOpenShareSDK-OutputFileMap.json
WriteAuxiliaryFile /Users/admin/builder/spi-builder-workspace/.derivedData/Build/Intermediates.noindex/TikTokOpenSDK.build/Debug-xros/TikTokOpenShareSDK-t.build/DerivedSources/resource_bundle_accessor.swift (in target 'TikTokOpenShareSDK' from project 'TikTokOpenSDK')
cd /Users/admin/builder/spi-builder-workspace
write-file /Users/admin/builder/spi-builder-workspace/.derivedData/Build/Intermediates.noindex/TikTokOpenSDK.build/Debug-xros/TikTokOpenShareSDK-t.build/DerivedSources/resource_bundle_accessor.swift
WriteAuxiliaryFile /Users/admin/builder/spi-builder-workspace/.derivedData/Build/Intermediates.noindex/TikTokOpenSDK.build/Debug-xros/TikTokOpenSDK_TikTokOpenShareSDK-b.build/empty-TikTokOpenSDK_TikTokOpenShareSDK.plist (in target 'TikTokOpenSDK_TikTokOpenShareSDK' from project 'TikTokOpenSDK')
cd /Users/admin/builder/spi-builder-workspace
write-file /Users/admin/builder/spi-builder-workspace/.derivedData/Build/Intermediates.noindex/TikTokOpenSDK.build/Debug-xros/TikTokOpenSDK_TikTokOpenShareSDK-b.build/empty-TikTokOpenSDK_TikTokOpenShareSDK.plist
WriteAuxiliaryFile /Users/admin/builder/spi-builder-workspace/.derivedData/Build/Intermediates.noindex/TikTokOpenSDK.build/Debug-xros/TikTokOpenSDK_TikTokOpenShareSDK-b.build/TikTokOpenSDK_TikTokOpenShareSDK.DependencyStaticMetadataFileList (in target 'TikTokOpenSDK_TikTokOpenShareSDK' from project 'TikTokOpenSDK')
cd /Users/admin/builder/spi-builder-workspace
write-file /Users/admin/builder/spi-builder-workspace/.derivedData/Build/Intermediates.noindex/TikTokOpenSDK.build/Debug-xros/TikTokOpenSDK_TikTokOpenShareSDK-b.build/TikTokOpenSDK_TikTokOpenShareSDK.DependencyStaticMetadataFileList
Copy /Users/admin/builder/spi-builder-workspace/.derivedData/Build/Intermediates.noindex/GeneratedModuleMaps-xros/TikTokOpenShareSDK.modulemap /Users/admin/builder/spi-builder-workspace/.derivedData/Build/Intermediates.noindex/TikTokOpenSDK.build/Debug-xros/TikTokOpenShareSDK-t.build/TikTokOpenShareSDK.modulemap (in target 'TikTokOpenShareSDK' from project 'TikTokOpenSDK')
cd /Users/admin/builder/spi-builder-workspace
builtin-copy -exclude .DS_Store -exclude CVS -exclude .svn -exclude .git -exclude .hg -resolve-src-symlinks /Users/admin/builder/spi-builder-workspace/.derivedData/Build/Intermediates.noindex/TikTokOpenSDK.build/Debug-xros/TikTokOpenShareSDK-t.build/TikTokOpenShareSDK.modulemap /Users/admin/builder/spi-builder-workspace/.derivedData/Build/Intermediates.noindex/GeneratedModuleMaps-xros
WriteAuxiliaryFile /Users/admin/builder/spi-builder-workspace/.derivedData/Build/Intermediates.noindex/TikTokOpenSDK.build/Debug-xros/TikTokOpenSDK_TikTokOpenShareSDK-b.build/TikTokOpenSDK_TikTokOpenShareSDK.DependencyMetadataFileList (in target 'TikTokOpenSDK_TikTokOpenShareSDK' from project 'TikTokOpenSDK')
cd /Users/admin/builder/spi-builder-workspace
write-file /Users/admin/builder/spi-builder-workspace/.derivedData/Build/Intermediates.noindex/TikTokOpenSDK.build/Debug-xros/TikTokOpenSDK_TikTokOpenShareSDK-b.build/TikTokOpenSDK_TikTokOpenShareSDK.DependencyMetadataFileList
WriteAuxiliaryFile /Users/admin/builder/spi-builder-workspace/.derivedData/Build/Intermediates.noindex/TikTokOpenSDK.build/Debug-xros/TikTokOpenSDK_TikTokOpenSDKCore-b.build/empty-TikTokOpenSDK_TikTokOpenSDKCore.plist (in target 'TikTokOpenSDK_TikTokOpenSDKCore' from project 'TikTokOpenSDK')
cd /Users/admin/builder/spi-builder-workspace
write-file /Users/admin/builder/spi-builder-workspace/.derivedData/Build/Intermediates.noindex/TikTokOpenSDK.build/Debug-xros/TikTokOpenSDK_TikTokOpenSDKCore-b.build/empty-TikTokOpenSDK_TikTokOpenSDKCore.plist
WriteAuxiliaryFile /Users/admin/builder/spi-builder-workspace/.derivedData/Build/Intermediates.noindex/TikTokOpenSDK.build/Debug-xros/TikTokOpenSDK_TikTokOpenSDKCore-b.build/TikTokOpenSDK_TikTokOpenSDKCore.DependencyStaticMetadataFileList (in target 'TikTokOpenSDK_TikTokOpenSDKCore' from project 'TikTokOpenSDK')
cd /Users/admin/builder/spi-builder-workspace
write-file /Users/admin/builder/spi-builder-workspace/.derivedData/Build/Intermediates.noindex/TikTokOpenSDK.build/Debug-xros/TikTokOpenSDK_TikTokOpenSDKCore-b.build/TikTokOpenSDK_TikTokOpenSDKCore.DependencyStaticMetadataFileList
WriteAuxiliaryFile /Users/admin/builder/spi-builder-workspace/.derivedData/Build/Intermediates.noindex/TikTokOpenSDK.build/Debug-xros/TikTokOpenSDK_TikTokOpenSDKCore-b.build/TikTokOpenSDK_TikTokOpenSDKCore.DependencyMetadataFileList (in target 'TikTokOpenSDK_TikTokOpenSDKCore' from project 'TikTokOpenSDK')
cd /Users/admin/builder/spi-builder-workspace
write-file /Users/admin/builder/spi-builder-workspace/.derivedData/Build/Intermediates.noindex/TikTokOpenSDK.build/Debug-xros/TikTokOpenSDK_TikTokOpenSDKCore-b.build/TikTokOpenSDK_TikTokOpenSDKCore.DependencyMetadataFileList
WriteAuxiliaryFile /Users/admin/builder/spi-builder-workspace/.derivedData/Build/Intermediates.noindex/TikTokOpenSDK.build/Debug-xros/TikTokOpenSDKCore-t.build/TikTokOpenSDKCore.DependencyMetadataFileList (in target 'TikTokOpenSDKCore' from project 'TikTokOpenSDK')
cd /Users/admin/builder/spi-builder-workspace
write-file /Users/admin/builder/spi-builder-workspace/.derivedData/Build/Intermediates.noindex/TikTokOpenSDK.build/Debug-xros/TikTokOpenSDKCore-t.build/TikTokOpenSDKCore.DependencyMetadataFileList
WriteAuxiliaryFile /Users/admin/builder/spi-builder-workspace/.derivedData/Build/Intermediates.noindex/TikTokOpenSDK.build/Debug-xros/TikTokOpenSDKCore-t.build/TikTokOpenSDKCore.DependencyStaticMetadataFileList (in target 'TikTokOpenSDKCore' from project 'TikTokOpenSDK')
cd /Users/admin/builder/spi-builder-workspace
write-file /Users/admin/builder/spi-builder-workspace/.derivedData/Build/Intermediates.noindex/TikTokOpenSDK.build/Debug-xros/TikTokOpenSDKCore-t.build/TikTokOpenSDKCore.DependencyStaticMetadataFileList
WriteAuxiliaryFile /Users/admin/builder/spi-builder-workspace/.derivedData/Build/Intermediates.noindex/TikTokOpenSDK.build/Debug-xros/TikTokOpenSDKCore-t.build/TikTokOpenSDKCore.modulemap (in target 'TikTokOpenSDKCore' from project 'TikTokOpenSDK')
cd /Users/admin/builder/spi-builder-workspace
write-file /Users/admin/builder/spi-builder-workspace/.derivedData/Build/Intermediates.noindex/TikTokOpenSDK.build/Debug-xros/TikTokOpenSDKCore-t.build/TikTokOpenSDKCore.modulemap
WriteAuxiliaryFile /Users/admin/builder/spi-builder-workspace/.derivedData/Build/Intermediates.noindex/TikTokOpenSDK.build/Debug-xros/TikTokOpenSDKCore-t.build/Objects-normal/arm64/TikTokOpenSDKCore_const_extract_protocols.json (in target 'TikTokOpenSDKCore' from project 'TikTokOpenSDK')
cd /Users/admin/builder/spi-builder-workspace
write-file /Users/admin/builder/spi-builder-workspace/.derivedData/Build/Intermediates.noindex/TikTokOpenSDK.build/Debug-xros/TikTokOpenSDKCore-t.build/Objects-normal/arm64/TikTokOpenSDKCore_const_extract_protocols.json
WriteAuxiliaryFile /Users/admin/builder/spi-builder-workspace/.derivedData/Build/Intermediates.noindex/TikTokOpenSDK.build/Debug-xros/TikTokOpenSDKCore-t.build/Objects-normal/arm64/TikTokOpenSDKCore.SwiftFileList (in target 'TikTokOpenSDKCore' from project 'TikTokOpenSDK')
cd /Users/admin/builder/spi-builder-workspace
write-file /Users/admin/builder/spi-builder-workspace/.derivedData/Build/Intermediates.noindex/TikTokOpenSDK.build/Debug-xros/TikTokOpenSDKCore-t.build/Objects-normal/arm64/TikTokOpenSDKCore.SwiftFileList
WriteAuxiliaryFile /Users/admin/builder/spi-builder-workspace/.derivedData/Build/Intermediates.noindex/TikTokOpenSDK.build/Debug-xros/TikTokOpenSDKCore-t.build/Objects-normal/arm64/TikTokOpenSDKCore.SwiftConstValuesFileList (in target 'TikTokOpenSDKCore' from project 'TikTokOpenSDK')
cd /Users/admin/builder/spi-builder-workspace
write-file /Users/admin/builder/spi-builder-workspace/.derivedData/Build/Intermediates.noindex/TikTokOpenSDK.build/Debug-xros/TikTokOpenSDKCore-t.build/Objects-normal/arm64/TikTokOpenSDKCore.SwiftConstValuesFileList
WriteAuxiliaryFile /Users/admin/builder/spi-builder-workspace/.derivedData/Build/Intermediates.noindex/TikTokOpenSDK.build/Debug-xros/TikTokOpenSDKCore-t.build/Objects-normal/arm64/TikTokOpenSDKCore.LinkFileList (in target 'TikTokOpenSDKCore' from project 'TikTokOpenSDK')
cd /Users/admin/builder/spi-builder-workspace
write-file /Users/admin/builder/spi-builder-workspace/.derivedData/Build/Intermediates.noindex/TikTokOpenSDK.build/Debug-xros/TikTokOpenSDKCore-t.build/Objects-normal/arm64/TikTokOpenSDKCore.LinkFileList
WriteAuxiliaryFile /Users/admin/builder/spi-builder-workspace/.derivedData/Build/Intermediates.noindex/TikTokOpenSDK.build/Debug-xros/TikTokOpenSDKCore-t.build/Objects-normal/arm64/TikTokOpenSDKCore-OutputFileMap.json (in target 'TikTokOpenSDKCore' from project 'TikTokOpenSDK')
cd /Users/admin/builder/spi-builder-workspace
write-file /Users/admin/builder/spi-builder-workspace/.derivedData/Build/Intermediates.noindex/TikTokOpenSDK.build/Debug-xros/TikTokOpenSDKCore-t.build/Objects-normal/arm64/TikTokOpenSDKCore-OutputFileMap.json
WriteAuxiliaryFile /Users/admin/builder/spi-builder-workspace/.derivedData/Build/Intermediates.noindex/TikTokOpenSDK.build/Debug-xros/TikTokOpenAuthSDK-t.build/TikTokOpenAuthSDK.modulemap (in target 'TikTokOpenAuthSDK' from project 'TikTokOpenSDK')
cd /Users/admin/builder/spi-builder-workspace
write-file /Users/admin/builder/spi-builder-workspace/.derivedData/Build/Intermediates.noindex/TikTokOpenSDK.build/Debug-xros/TikTokOpenAuthSDK-t.build/TikTokOpenAuthSDK.modulemap
WriteAuxiliaryFile /Users/admin/builder/spi-builder-workspace/.derivedData/Build/Intermediates.noindex/TikTokOpenSDK.build/Debug-xros/TikTokOpenAuthSDK-t.build/TikTokOpenAuthSDK.DependencyStaticMetadataFileList (in target 'TikTokOpenAuthSDK' from project 'TikTokOpenSDK')
cd /Users/admin/builder/spi-builder-workspace
write-file /Users/admin/builder/spi-builder-workspace/.derivedData/Build/Intermediates.noindex/TikTokOpenSDK.build/Debug-xros/TikTokOpenAuthSDK-t.build/TikTokOpenAuthSDK.DependencyStaticMetadataFileList
WriteAuxiliaryFile /Users/admin/builder/spi-builder-workspace/.derivedData/Build/Intermediates.noindex/TikTokOpenSDK.build/Debug-xros/TikTokOpenAuthSDK-t.build/TikTokOpenAuthSDK.DependencyMetadataFileList (in target 'TikTokOpenAuthSDK' from project 'TikTokOpenSDK')
cd /Users/admin/builder/spi-builder-workspace
write-file /Users/admin/builder/spi-builder-workspace/.derivedData/Build/Intermediates.noindex/TikTokOpenSDK.build/Debug-xros/TikTokOpenAuthSDK-t.build/TikTokOpenAuthSDK.DependencyMetadataFileList
WriteAuxiliaryFile /Users/admin/builder/spi-builder-workspace/.derivedData/Build/Intermediates.noindex/TikTokOpenSDK.build/Debug-xros/TikTokOpenSDKCore-t.build/DerivedSources/resource_bundle_accessor.swift (in target 'TikTokOpenSDKCore' from project 'TikTokOpenSDK')
cd /Users/admin/builder/spi-builder-workspace
write-file /Users/admin/builder/spi-builder-workspace/.derivedData/Build/Intermediates.noindex/TikTokOpenSDK.build/Debug-xros/TikTokOpenSDKCore-t.build/DerivedSources/resource_bundle_accessor.swift
Copy /Users/admin/builder/spi-builder-workspace/.derivedData/Build/Intermediates.noindex/GeneratedModuleMaps-xros/TikTokOpenSDKCore.modulemap /Users/admin/builder/spi-builder-workspace/.derivedData/Build/Intermediates.noindex/TikTokOpenSDK.build/Debug-xros/TikTokOpenSDKCore-t.build/TikTokOpenSDKCore.modulemap (in target 'TikTokOpenSDKCore' from project 'TikTokOpenSDK')
cd /Users/admin/builder/spi-builder-workspace
builtin-copy -exclude .DS_Store -exclude CVS -exclude .svn -exclude .git -exclude .hg -resolve-src-symlinks /Users/admin/builder/spi-builder-workspace/.derivedData/Build/Intermediates.noindex/TikTokOpenSDK.build/Debug-xros/TikTokOpenSDKCore-t.build/TikTokOpenSDKCore.modulemap /Users/admin/builder/spi-builder-workspace/.derivedData/Build/Intermediates.noindex/GeneratedModuleMaps-xros
WriteAuxiliaryFile /Users/admin/builder/spi-builder-workspace/.derivedData/Build/Intermediates.noindex/TikTokOpenSDK.build/Debug-xros/TikTokOpenAuthSDK-t.build/Objects-normal/arm64/TikTokOpenAuthSDK_const_extract_protocols.json (in target 'TikTokOpenAuthSDK' from project 'TikTokOpenSDK')
cd /Users/admin/builder/spi-builder-workspace
write-file /Users/admin/builder/spi-builder-workspace/.derivedData/Build/Intermediates.noindex/TikTokOpenSDK.build/Debug-xros/TikTokOpenAuthSDK-t.build/Objects-normal/arm64/TikTokOpenAuthSDK_const_extract_protocols.json
WriteAuxiliaryFile /Users/admin/builder/spi-builder-workspace/.derivedData/Build/Intermediates.noindex/TikTokOpenSDK.build/Debug-xros/TikTokOpenAuthSDK-t.build/Objects-normal/arm64/TikTokOpenAuthSDK.SwiftFileList (in target 'TikTokOpenAuthSDK' from project 'TikTokOpenSDK')
cd /Users/admin/builder/spi-builder-workspace
write-file /Users/admin/builder/spi-builder-workspace/.derivedData/Build/Intermediates.noindex/TikTokOpenSDK.build/Debug-xros/TikTokOpenAuthSDK-t.build/Objects-normal/arm64/TikTokOpenAuthSDK.SwiftFileList
WriteAuxiliaryFile /Users/admin/builder/spi-builder-workspace/.derivedData/Build/Intermediates.noindex/TikTokOpenSDK.build/Debug-xros/TikTokOpenAuthSDK-t.build/Objects-normal/arm64/TikTokOpenAuthSDK.SwiftConstValuesFileList (in target 'TikTokOpenAuthSDK' from project 'TikTokOpenSDK')
cd /Users/admin/builder/spi-builder-workspace
write-file /Users/admin/builder/spi-builder-workspace/.derivedData/Build/Intermediates.noindex/TikTokOpenSDK.build/Debug-xros/TikTokOpenAuthSDK-t.build/Objects-normal/arm64/TikTokOpenAuthSDK.SwiftConstValuesFileList
WriteAuxiliaryFile /Users/admin/builder/spi-builder-workspace/.derivedData/Build/Intermediates.noindex/TikTokOpenSDK.build/Debug-xros/TikTokOpenAuthSDK-t.build/Objects-normal/arm64/TikTokOpenAuthSDK.LinkFileList (in target 'TikTokOpenAuthSDK' from project 'TikTokOpenSDK')
cd /Users/admin/builder/spi-builder-workspace
write-file /Users/admin/builder/spi-builder-workspace/.derivedData/Build/Intermediates.noindex/TikTokOpenSDK.build/Debug-xros/TikTokOpenAuthSDK-t.build/Objects-normal/arm64/TikTokOpenAuthSDK.LinkFileList
WriteAuxiliaryFile /Users/admin/builder/spi-builder-workspace/.derivedData/Build/Intermediates.noindex/TikTokOpenSDK.build/Debug-xros/TikTokOpenAuthSDK-t.build/Objects-normal/arm64/TikTokOpenAuthSDK-OutputFileMap.json (in target 'TikTokOpenAuthSDK' from project 'TikTokOpenSDK')
cd /Users/admin/builder/spi-builder-workspace
write-file /Users/admin/builder/spi-builder-workspace/.derivedData/Build/Intermediates.noindex/TikTokOpenSDK.build/Debug-xros/TikTokOpenAuthSDK-t.build/Objects-normal/arm64/TikTokOpenAuthSDK-OutputFileMap.json
Copy /Users/admin/builder/spi-builder-workspace/.derivedData/Build/Intermediates.noindex/GeneratedModuleMaps-xros/TikTokOpenAuthSDK.modulemap /Users/admin/builder/spi-builder-workspace/.derivedData/Build/Intermediates.noindex/TikTokOpenSDK.build/Debug-xros/TikTokOpenAuthSDK-t.build/TikTokOpenAuthSDK.modulemap (in target 'TikTokOpenAuthSDK' from project 'TikTokOpenSDK')
cd /Users/admin/builder/spi-builder-workspace
builtin-copy -exclude .DS_Store -exclude CVS -exclude .svn -exclude .git -exclude .hg -resolve-src-symlinks /Users/admin/builder/spi-builder-workspace/.derivedData/Build/Intermediates.noindex/TikTokOpenSDK.build/Debug-xros/TikTokOpenAuthSDK-t.build/TikTokOpenAuthSDK.modulemap /Users/admin/builder/spi-builder-workspace/.derivedData/Build/Intermediates.noindex/GeneratedModuleMaps-xros
MkDir /Users/admin/builder/spi-builder-workspace/.derivedData/Build/Products/Debug-xros/TikTokOpenSDK_TikTokOpenShareSDK.bundle (in target 'TikTokOpenSDK_TikTokOpenShareSDK' from project 'TikTokOpenSDK')
cd /Users/admin/builder/spi-builder-workspace
/bin/mkdir -p /Users/admin/builder/spi-builder-workspace/.derivedData/Build/Products/Debug-xros/TikTokOpenSDK_TikTokOpenShareSDK.bundle
MkDir /Users/admin/builder/spi-builder-workspace/.derivedData/Build/Products/Debug-xros/TikTokOpenSDK_TikTokOpenSDKCore.bundle (in target 'TikTokOpenSDK_TikTokOpenSDKCore' from project 'TikTokOpenSDK')
cd /Users/admin/builder/spi-builder-workspace
/bin/mkdir -p /Users/admin/builder/spi-builder-workspace/.derivedData/Build/Products/Debug-xros/TikTokOpenSDK_TikTokOpenSDKCore.bundle
ProcessInfoPlistFile /Users/admin/builder/spi-builder-workspace/.derivedData/Build/Products/Debug-xros/TikTokOpenSDK_TikTokOpenShareSDK.bundle/Info.plist /Users/admin/builder/spi-builder-workspace/.derivedData/Build/Intermediates.noindex/TikTokOpenSDK.build/Debug-xros/TikTokOpenSDK_TikTokOpenShareSDK-b.build/empty-TikTokOpenSDK_TikTokOpenShareSDK.plist (in target 'TikTokOpenSDK_TikTokOpenShareSDK' from project 'TikTokOpenSDK')
cd /Users/admin/builder/spi-builder-workspace
builtin-infoPlistUtility /Users/admin/builder/spi-builder-workspace/.derivedData/Build/Intermediates.noindex/TikTokOpenSDK.build/Debug-xros/TikTokOpenSDK_TikTokOpenShareSDK-b.build/empty-TikTokOpenSDK_TikTokOpenShareSDK.plist -producttype com.apple.product-type.bundle -expandbuildsettings -format binary -platform xros -o /Users/admin/builder/spi-builder-workspace/.derivedData/Build/Products/Debug-xros/TikTokOpenSDK_TikTokOpenShareSDK.bundle/Info.plist
CpResource /Users/admin/builder/spi-builder-workspace/.derivedData/Build/Products/Debug-xros/TikTokOpenSDK_TikTokOpenShareSDK.bundle/PrivacyInfo.xcprivacy /Users/admin/builder/spi-builder-workspace/Sources/TikTokOpenShareSDK/Resources/PrivacyInfo.xcprivacy (in target 'TikTokOpenSDK_TikTokOpenShareSDK' from project 'TikTokOpenSDK')
cd /Users/admin/builder/spi-builder-workspace
builtin-copy -exclude .DS_Store -exclude CVS -exclude .svn -exclude .git -exclude .hg -resolve-src-symlinks /Users/admin/builder/spi-builder-workspace/Sources/TikTokOpenShareSDK/Resources/PrivacyInfo.xcprivacy /Users/admin/builder/spi-builder-workspace/.derivedData/Build/Products/Debug-xros/TikTokOpenSDK_TikTokOpenShareSDK.bundle
CpResource /Users/admin/builder/spi-builder-workspace/.derivedData/Build/Products/Debug-xros/TikTokOpenSDK_TikTokOpenSDKCore.bundle/PrivacyInfo.xcprivacy /Users/admin/builder/spi-builder-workspace/Sources/TikTokOpenSDKCore/Resources/PrivacyInfo.xcprivacy (in target 'TikTokOpenSDK_TikTokOpenSDKCore' from project 'TikTokOpenSDK')
cd /Users/admin/builder/spi-builder-workspace
builtin-copy -exclude .DS_Store -exclude CVS -exclude .svn -exclude .git -exclude .hg -resolve-src-symlinks /Users/admin/builder/spi-builder-workspace/Sources/TikTokOpenSDKCore/Resources/PrivacyInfo.xcprivacy /Users/admin/builder/spi-builder-workspace/.derivedData/Build/Products/Debug-xros/TikTokOpenSDK_TikTokOpenSDKCore.bundle
ProcessInfoPlistFile /Users/admin/builder/spi-builder-workspace/.derivedData/Build/Products/Debug-xros/TikTokOpenSDK_TikTokOpenSDKCore.bundle/Info.plist /Users/admin/builder/spi-builder-workspace/.derivedData/Build/Intermediates.noindex/TikTokOpenSDK.build/Debug-xros/TikTokOpenSDK_TikTokOpenSDKCore-b.build/empty-TikTokOpenSDK_TikTokOpenSDKCore.plist (in target 'TikTokOpenSDK_TikTokOpenSDKCore' from project 'TikTokOpenSDK')
cd /Users/admin/builder/spi-builder-workspace
builtin-infoPlistUtility /Users/admin/builder/spi-builder-workspace/.derivedData/Build/Intermediates.noindex/TikTokOpenSDK.build/Debug-xros/TikTokOpenSDK_TikTokOpenSDKCore-b.build/empty-TikTokOpenSDK_TikTokOpenSDKCore.plist -producttype com.apple.product-type.bundle -expandbuildsettings -format binary -platform xros -o /Users/admin/builder/spi-builder-workspace/.derivedData/Build/Products/Debug-xros/TikTokOpenSDK_TikTokOpenSDKCore.bundle/Info.plist
RegisterExecutionPolicyException /Users/admin/builder/spi-builder-workspace/.derivedData/Build/Products/Debug-xros/TikTokOpenSDK_TikTokOpenShareSDK.bundle (in target 'TikTokOpenSDK_TikTokOpenShareSDK' from project 'TikTokOpenSDK')
cd /Users/admin/builder/spi-builder-workspace
builtin-RegisterExecutionPolicyException /Users/admin/builder/spi-builder-workspace/.derivedData/Build/Products/Debug-xros/TikTokOpenSDK_TikTokOpenShareSDK.bundle
RegisterExecutionPolicyException /Users/admin/builder/spi-builder-workspace/.derivedData/Build/Products/Debug-xros/TikTokOpenSDK_TikTokOpenSDKCore.bundle (in target 'TikTokOpenSDK_TikTokOpenSDKCore' from project 'TikTokOpenSDK')
cd /Users/admin/builder/spi-builder-workspace
builtin-RegisterExecutionPolicyException /Users/admin/builder/spi-builder-workspace/.derivedData/Build/Products/Debug-xros/TikTokOpenSDK_TikTokOpenSDKCore.bundle
Touch /Users/admin/builder/spi-builder-workspace/.derivedData/Build/Products/Debug-xros/TikTokOpenSDK_TikTokOpenShareSDK.bundle (in target 'TikTokOpenSDK_TikTokOpenShareSDK' from project 'TikTokOpenSDK')
cd /Users/admin/builder/spi-builder-workspace
/usr/bin/touch -c /Users/admin/builder/spi-builder-workspace/.derivedData/Build/Products/Debug-xros/TikTokOpenSDK_TikTokOpenShareSDK.bundle
Touch /Users/admin/builder/spi-builder-workspace/.derivedData/Build/Products/Debug-xros/TikTokOpenSDK_TikTokOpenSDKCore.bundle (in target 'TikTokOpenSDK_TikTokOpenSDKCore' from project 'TikTokOpenSDK')
cd /Users/admin/builder/spi-builder-workspace
/usr/bin/touch -c /Users/admin/builder/spi-builder-workspace/.derivedData/Build/Products/Debug-xros/TikTokOpenSDK_TikTokOpenSDKCore.bundle
SwiftDriver TikTokOpenSDKCore normal arm64 com.apple.xcode.tools.swift.compiler (in target 'TikTokOpenSDKCore' from project 'TikTokOpenSDK')
cd /Users/admin/builder/spi-builder-workspace/.swiftpm/xcode
builtin-SwiftDriver -- /Applications/Xcode-27.0.0-Release.Candidate.app/Contents/Developer/Toolchains/XcodeDefault.xctoolchain/usr/bin/swiftc -parse-as-library -module-name TikTokOpenSDKCore -Onone @/Users/admin/builder/spi-builder-workspace/.derivedData/Build/Intermediates.noindex/TikTokOpenSDK.build/Debug-xros/TikTokOpenSDKCore-t.build/Objects-normal/arm64/TikTokOpenSDKCore.SwiftFileList -DSWIFT_PACKAGE -DDEBUG -DSWIFT_MODULE_RESOURCE_BUNDLE_AVAILABLE -DXcode -plugin-path /Applications/Xcode-27.0.0-Release.Candidate.app/Contents/Developer/Toolchains/XcodeDefault.xctoolchain/usr/lib/swift/host/plugins/testing -enable-experimental-feature DebugDescriptionMacro -sdk /Applications/Xcode-27.0.0-Release.Candidate.app/Contents/Developer/Platforms/XROS.platform/Developer/SDKs/XROS27.0.sdk -target arm64-apple-xros1.0 -g -module-cache-path /Users/admin/builder/spi-builder-workspace/.derivedData/ModuleCache.noindex -Xfrontend -serialize-debugging-options -profile-coverage-mapping -profile-generate -enable-testing -index-store-path /Users/admin/builder/spi-builder-workspace/.derivedData/Index.noindex/DataStore -Xcc -D_LIBCPP_HARDENING_MODE\=_LIBCPP_HARDENING_MODE_DEBUG -swift-version 5 -I /Users/admin/builder/spi-builder-workspace/.derivedData/Build/Products/Debug-xros -Isystem /Applications/Xcode-27.0.0-Release.Candidate.app/Contents/Developer/Platforms/XROS.platform/Developer/usr/lib -F /Users/admin/builder/spi-builder-workspace/.derivedData/Build/Products/Debug-xros -F /Applications/Xcode-27.0.0-Release.Candidate.app/Contents/Developer/Platforms/XROS.platform/Developer/Library/Frameworks -F /Applications/Xcode-27.0.0-Release.Candidate.app/Contents/Developer/Platforms/XROS.platform/Developer/SDKs/XROS27.0.sdk/Developer/Library/Frameworks -emit-localized-strings -emit-localized-strings-path /Users/admin/builder/spi-builder-workspace/.derivedData/Build/Intermediates.noindex/TikTokOpenSDK.build/Debug-xros/TikTokOpenSDKCore-t.build/Objects-normal/arm64 -c -j10 -enable-batch-mode -incremental -Xcc -ivfsstatcache -Xcc /Users/admin/builder/spi-builder-workspace/.derivedData/SDKStatCaches.noindex/xros27.0-24M361-e829b21a6f8c9b70876ba0858053c044735bd543db762f57723cac368afd1ce4.sdkstatcache -output-file-map /Users/admin/builder/spi-builder-workspace/.derivedData/Build/Intermediates.noindex/TikTokOpenSDK.build/Debug-xros/TikTokOpenSDKCore-t.build/Objects-normal/arm64/TikTokOpenSDKCore-OutputFileMap.json -save-temps -no-color-diagnostics -explicit-module-build -module-cache-path /Users/admin/builder/spi-builder-workspace/.derivedData/Build/Intermediates.noindex/SwiftExplicitPrecompiledModules -clang-scanner-module-cache-path /Users/admin/builder/spi-builder-workspace/.derivedData/ModuleCache.noindex -sdk-module-cache-path /Users/admin/builder/spi-builder-workspace/.derivedData/SDKExplicitPrecompiledModules -emit-dependencies -emit-module -emit-module-path /Users/admin/builder/spi-builder-workspace/.derivedData/Build/Intermediates.noindex/TikTokOpenSDK.build/Debug-xros/TikTokOpenSDKCore-t.build/Objects-normal/arm64/TikTokOpenSDKCore.swiftmodule -serialize-diagnostics -dependency-scan-serialize-diagnostics-path /Users/admin/builder/spi-builder-workspace/.derivedData/Build/Intermediates.noindex/TikTokOpenSDK.build/Debug-xros/TikTokOpenSDKCore-t.build/Objects-normal/arm64/TikTokOpenSDKCore-dependency-scan.dia -validate-clang-modules-once -clang-build-session-file /Users/admin/builder/spi-builder-workspace/.derivedData/ModuleCache.noindex/Session.modulevalidation -Xcc -fmodules-prune-interval\=86400 -Xcc -fmodules-prune-after\=345600 -emit-const-values -const-gather-protocols-list /Users/admin/builder/spi-builder-workspace/.derivedData/Build/Intermediates.noindex/TikTokOpenSDK.build/Debug-xros/TikTokOpenSDKCore-t.build/Objects-normal/arm64/TikTokOpenSDKCore_const_extract_protocols.json -Xcc -I/Users/admin/builder/spi-builder-workspace/.derivedData/Build/Products/Debug-xros/include -Xcc -I/Users/admin/builder/spi-builder-workspace/.derivedData/Build/Intermediates.noindex/TikTokOpenSDK.build/Debug-xros/TikTokOpenSDKCore-t.build/DerivedSources-normal/arm64 -Xcc -I/Users/admin/builder/spi-builder-workspace/.derivedData/Build/Intermediates.noindex/TikTokOpenSDK.build/Debug-xros/TikTokOpenSDKCore-t.build/DerivedSources/arm64 -Xcc -I/Users/admin/builder/spi-builder-workspace/.derivedData/Build/Intermediates.noindex/TikTokOpenSDK.build/Debug-xros/TikTokOpenSDKCore-t.build/DerivedSources -Xcc -DSWIFT_PACKAGE -Xcc -DDEBUG\=1 -emit-objc-header -emit-objc-header-path /Users/admin/builder/spi-builder-workspace/.derivedData/Build/Intermediates.noindex/TikTokOpenSDK.build/Debug-xros/TikTokOpenSDKCore-t.build/Objects-normal/arm64/TikTokOpenSDKCore-Swift.h -working-directory /Users/admin/builder/spi-builder-workspace/.swiftpm/xcode -experimental-emit-module-separately -disable-cmo
/Users/admin/builder/spi-builder-workspace/Sources/TikTokOpenSDKCore/Public/TikTokURLHandler.swift:10:6: warning: Extraneous whitespace between attribute name and '('; this is an error in the Swift 6 language mode (in target 'TikTokOpenSDKCore' from project 'TikTokOpenSDK')
/Users/admin/builder/spi-builder-workspace/Sources/TikTokOpenSDKCore/Service/TikTokAPI.swift:10:6: warning: Extraneous whitespace between attribute name and '('; this is an error in the Swift 6 language mode (in target 'TikTokOpenSDKCore' from project 'TikTokOpenSDK')
/Users/admin/builder/spi-builder-workspace/Sources/TikTokOpenSDKCore/Utils/TikTokInfo.swift:14:6: warning: Extraneous whitespace between attribute name and '('; this is an error in the Swift 6 language mode (in target 'TikTokOpenSDKCore' from project 'TikTokOpenSDK')
/Users/admin/builder/spi-builder-workspace/Sources/TikTokOpenSDKCore/Utils/TikTokRSA.swift:11:6: warning: Extraneous whitespace between attribute name and '('; this is an error in the Swift 6 language mode (in target 'TikTokOpenSDKCore' from project 'TikTokOpenSDK')
/Users/admin/builder/spi-builder-workspace/Sources/TikTokOpenSDKCore/Utils/TikTokUtils.swift:11:6: warning: Extraneous whitespace between attribute name and '('; this is an error in the Swift 6 language mode (in target 'TikTokOpenSDKCore' from project 'TikTokOpenSDK')
SwiftExplicitDependencyGeneratePcm arm64 /Users/admin/builder/spi-builder-workspace/.derivedData/SDKExplicitPrecompiledModules/_Builtin_float-6WKHNW5S40U2QGHXXGETUDIRA.pcm
SwiftExplicitDependencyGeneratePcm arm64 /Users/admin/builder/spi-builder-workspace/.derivedData/SDKExplicitPrecompiledModules/DeveloperToolsSupport-46GOQP8J1QTHLYQSJW81T8UZ3.pcm
SwiftExplicitDependencyGeneratePcm arm64 /Users/admin/builder/spi-builder-workspace/.derivedData/SDKExplicitPrecompiledModules/_Builtin_stdarg-CDA349K2K4US766844K8E0PVA.pcm
SwiftExplicitDependencyGeneratePcm arm64 /Users/admin/builder/spi-builder-workspace/.derivedData/SDKExplicitPrecompiledModules/_AvailabilityInternal-1Q8IQP6M38UWSGZ95UCEY2M44.pcm
SwiftExplicitDependencyGeneratePcm arm64 /Users/admin/builder/spi-builder-workspace/.derivedData/SDKExplicitPrecompiledModules/SwiftShims-CI4H5RO9IYFFWQ2COB512Q2S9.pcm
SwiftExplicitDependencyGeneratePcm arm64 /Users/admin/builder/spi-builder-workspace/.derivedData/SDKExplicitPrecompiledModules/_SwiftConcurrencyShims-C8XHKSHX96D5YYALNM4W70Z0O.pcm
SwiftExplicitDependencyGeneratePcm arm64 /Users/admin/builder/spi-builder-workspace/.derivedData/SDKExplicitPrecompiledModules/ptrauth-1WBA714DZSVUL5JQDJ08CLKZ.pcm
SwiftExplicitDependencyGeneratePcm arm64 /Users/admin/builder/spi-builder-workspace/.derivedData/SDKExplicitPrecompiledModules/ptrcheck-BXA97MNLI4BB0HF5I8MJE403D.pcm
SwiftExplicitDependencyGeneratePcm arm64 /Users/admin/builder/spi-builder-workspace/.derivedData/SDKExplicitPrecompiledModules/_Builtin_stddef-5NQ9Z1GV07GBSRQGAQCGXGVRI.pcm
SwiftExplicitDependencyGeneratePcm arm64 /Users/admin/builder/spi-builder-workspace/.derivedData/SDKExplicitPrecompiledModules/_Builtin_stdbool-5BU2ADS7JXQMYENKQHW9X8XOU.pcm
SwiftExplicitDependencyGeneratePcm arm64 /Users/admin/builder/spi-builder-workspace/.derivedData/SDKExplicitPrecompiledModules/_DarwinFoundation1-5RGRVV2TZ6WC4WZW5IXF8NQ04.pcm
SwiftExplicitDependencyGeneratePcm arm64 /Users/admin/builder/spi-builder-workspace/.derivedData/SDKExplicitPrecompiledModules/_DarwinFoundation2-ENTECK156YEWITZRRBTOCE4KR.pcm
SwiftExplicitDependencyGeneratePcm arm64 /Users/admin/builder/spi-builder-workspace/.derivedData/SDKExplicitPrecompiledModules/_Builtin_limits-425JDMN5HPM3D0UEI8LEHP6NM.pcm
SwiftExplicitDependencyGeneratePcm arm64 /Users/admin/builder/spi-builder-workspace/.derivedData/SDKExplicitPrecompiledModules/string_h-2GT67HHHHK5CF1V1S31LH0PU2.pcm
SwiftExplicitDependencyGeneratePcm arm64 /Users/admin/builder/spi-builder-workspace/.derivedData/SDKExplicitPrecompiledModules/_Builtin_stdint-8OR6T47OOYJA90ZBO3N1USDE.pcm
SwiftExplicitDependencyGeneratePcm arm64 /Users/admin/builder/spi-builder-workspace/.derivedData/SDKExplicitPrecompiledModules/_Builtin_tgmath-BPYSMHWI520EQRL2HW519ZY7Z.pcm
SwiftExplicitDependencyGeneratePcm arm64 /Users/admin/builder/spi-builder-workspace/.derivedData/SDKExplicitPrecompiledModules/sys_types-AYM0BHR77VKMWZCO2T0XGV2HF.pcm
SwiftExplicitDependencyGeneratePcm arm64 /Users/admin/builder/spi-builder-workspace/.derivedData/SDKExplicitPrecompiledModules/_DarwinFoundation3-9ZHN6JKBS40BBA81RQMV8H0IC.pcm
SwiftExplicitDependencyGeneratePcm arm64 /Users/admin/builder/spi-builder-workspace/.derivedData/SDKExplicitPrecompiledModules/_Builtin_intrinsics-BC5IJI3YI34RQ61ZNVDRDZ6RN.pcm
SwiftExplicitDependencyGeneratePcm arm64 /Users/admin/builder/spi-builder-workspace/.derivedData/SDKExplicitPrecompiledModules/_Builtin_stdatomic-1VUZPM79PNCAHXVBERD53WRSF.pcm
SwiftExplicitDependencyGeneratePcm arm64 /Users/admin/builder/spi-builder-workspace/.derivedData/SDKExplicitPrecompiledModules/CommonCrypto-CEABJG1QSITOB7OGO12QH3KS.pcm
SwiftExplicitDependencyGeneratePcm arm64 /Users/admin/builder/spi-builder-workspace/.derivedData/SDKExplicitPrecompiledModules/_Builtin_inttypes-11B64KJD36B3YOHBR1BBXBJY8.pcm
SwiftExplicitDependencyGeneratePcm arm64 /Users/admin/builder/spi-builder-workspace/.derivedData/SDKExplicitPrecompiledModules/Darwin-60P5LVNQO3ESRRM5DCJ05PFNK.pcm
SwiftExplicitDependencyGeneratePcm arm64 /Users/admin/builder/spi-builder-workspace/.derivedData/SDKExplicitPrecompiledModules/simd-9XXAB17Y6E4BBPQADD61NZ23.pcm
SwiftExplicitDependencyGeneratePcm arm64 /Users/admin/builder/spi-builder-workspace/.derivedData/SDKExplicitPrecompiledModules/MachO-3XTHY7HWV6RF3KXKYQVHUBUXK.pcm
SwiftExplicitDependencyGeneratePcm arm64 /Users/admin/builder/spi-builder-workspace/.derivedData/SDKExplicitPrecompiledModules/ObjectiveC-26TIBFYCEJZVP216ZZAU1X8KN.pcm
SwiftExplicitDependencyGeneratePcm arm64 /Users/admin/builder/spi-builder-workspace/.derivedData/SDKExplicitPrecompiledModules/os_object-692CJ8BG6RE5H04487EJJOVXW.pcm
SwiftExplicitDependencyGeneratePcm arm64 /Users/admin/builder/spi-builder-workspace/.derivedData/SDKExplicitPrecompiledModules/os_workgroup-4U1VXMWIZD80E7PRUQF2G7P9X.pcm
SwiftExplicitDependencyGeneratePcm arm64 /Users/admin/builder/spi-builder-workspace/.derivedData/SDKExplicitPrecompiledModules/Dispatch-CLT3466HKC22GCKAWSCNG0H7T.pcm
SwiftExplicitDependencyGeneratePcm arm64 /Users/admin/builder/spi-builder-workspace/.derivedData/SDKExplicitPrecompiledModules/Spatial-5E0I2846LO3ZE24CSVR2O57TI.pcm
SwiftExplicitDependencyGeneratePcm arm64 /Users/admin/builder/spi-builder-workspace/.derivedData/SDKExplicitPrecompiledModules/XPC-EP5EU7FNGP4VOA3EDM18P1KHO.pcm
SwiftExplicitDependencyGeneratePcm arm64 /Users/admin/builder/spi-builder-workspace/.derivedData/SDKExplicitPrecompiledModules/CoreFoundation-AVLTZVCXBU2TO75JCN4AGU8XJ.pcm
SwiftExplicitDependencyGeneratePcm arm64 /Users/admin/builder/spi-builder-workspace/.derivedData/SDKExplicitPrecompiledModules/os-1004XEJ3IXOOAU0KL58SM3D0K.pcm
SwiftExplicitDependencyGeneratePcm arm64 /Users/admin/builder/spi-builder-workspace/.derivedData/SDKExplicitPrecompiledModules/CFNetwork-5MI70N1VLDQSWTX4COWLMSIRO.pcm
SwiftExplicitDependencyGeneratePcm arm64 /Users/admin/builder/spi-builder-workspace/.derivedData/SDKExplicitPrecompiledModules/Security-8TH2M8WJIQMET4SADWX0N8372.pcm
SwiftExplicitDependencyGeneratePcm arm64 /Users/admin/builder/spi-builder-workspace/.derivedData/SDKExplicitPrecompiledModules/CoreGraphics-BFUJ177R223UT2ZI327ZTZY91.pcm
SwiftExplicitDependencyGeneratePcm arm64 /Users/admin/builder/spi-builder-workspace/.derivedData/SDKExplicitPrecompiledModules/Foundation-8GON1KVEKRN3NOQI8RETBRWJP.pcm
SwiftExplicitDependencyGeneratePcm arm64 /Users/admin/builder/spi-builder-workspace/.derivedData/SDKExplicitPrecompiledModules/CoreText-6F9TY5TEPCCZ1K2KYM4GMEGHD.pcm
SwiftExplicitDependencyGeneratePcm arm64 /Users/admin/builder/spi-builder-workspace/.derivedData/SDKExplicitPrecompiledModules/ImageIO-5CC6COR9KJYI1UBL7CSHLU2OG.pcm
SwiftExplicitDependencyGeneratePcm arm64 /Users/admin/builder/spi-builder-workspace/.derivedData/SDKExplicitPrecompiledModules/Symbols-8G2XC01RPQ5HYIZE6JNUT864I.pcm
SwiftExplicitDependencyGeneratePcm arm64 /Users/admin/builder/spi-builder-workspace/.derivedData/SDKExplicitPrecompiledModules/UserNotifications-8IIV1V1FPNAPA4LY1Y23LOM2N.pcm
SwiftExplicitDependencyGeneratePcm arm64 /Users/admin/builder/spi-builder-workspace/.derivedData/SDKExplicitPrecompiledModules/DataDetection-BANTQ3WXXGKZJYC0LLB3MD9K0.pcm
SwiftExplicitDependencyGeneratePcm arm64 /Users/admin/builder/spi-builder-workspace/.derivedData/SDKExplicitPrecompiledModules/CoreTransferable-8TBYAKHCX6UC8QQSS7BD8GQK5.pcm
SwiftExplicitDependencyGeneratePcm arm64 /Users/admin/builder/spi-builder-workspace/.derivedData/SDKExplicitPrecompiledModules/IOSurface-5FE9U89GVFF9A7X7AGO2R8ENI.pcm
SwiftExplicitDependencyGeneratePcm arm64 /Users/admin/builder/spi-builder-workspace/.derivedData/SDKExplicitPrecompiledModules/UniformTypeIdentifiers-E5KMWDZEKS4QW9RO1KBRDEXV6.pcm
SwiftExplicitDependencyGeneratePcm arm64 /Users/admin/builder/spi-builder-workspace/.derivedData/SDKExplicitPrecompiledModules/Accessibility-1DR4J4YDVDGAYQTZ0FKZ1PU09.pcm
SwiftExplicitDependencyGeneratePcm arm64 /Users/admin/builder/spi-builder-workspace/.derivedData/SDKExplicitPrecompiledModules/OSLog-BNGT87TS0GMBFF7TY70HHB69.pcm
SwiftExplicitDependencyGeneratePcm arm64 /Users/admin/builder/spi-builder-workspace/.derivedData/SDKExplicitPrecompiledModules/UIUtilities-AOVGLUWEAN6CG2UZFNESGSP6C.pcm
SwiftExplicitDependencyGeneratePcm arm64 /Users/admin/builder/spi-builder-workspace/.derivedData/SDKExplicitPrecompiledModules/FileProvider-C9I28SI56F2SEVH1BCWTKGODO.pcm
SwiftExplicitDependencyGeneratePcm arm64 /Users/admin/builder/spi-builder-workspace/.derivedData/SDKExplicitPrecompiledModules/_LocationEssentials-8GQGFVARUE99D8VJX3TINY0VP.pcm
SwiftExplicitDependencyGeneratePcm arm64 /Users/admin/builder/spi-builder-workspace/.derivedData/SDKExplicitPrecompiledModules/Metal-EKNUM9P3PRIBHZK1ZBD6BA2T7.pcm
SwiftExplicitDependencyGeneratePcm arm64 /Users/admin/builder/spi-builder-workspace/.derivedData/SDKExplicitPrecompiledModules/OpenGLES-56BKSYXNVAP91BYZRWAKQZKGI.pcm
SwiftExplicitDependencyGeneratePcm arm64 /Users/admin/builder/spi-builder-workspace/.derivedData/SDKExplicitPrecompiledModules/CoreLocation-1SN37095DAPVJ068LLP9TBDQX.pcm
SwiftExplicitDependencyGeneratePcm arm64 /Users/admin/builder/spi-builder-workspace/.derivedData/SDKExplicitPrecompiledModules/CoreMotion-10LV922UPGE28QX2SOIO7ALIZ.pcm
SwiftExplicitDependencyGeneratePcm arm64 /Users/admin/builder/spi-builder-workspace/.derivedData/SDKExplicitPrecompiledModules/CoreVideo-E12HJSJSLO0YKWYBES11UKJ02.pcm
SwiftExplicitDependencyGeneratePcm arm64 /Users/admin/builder/spi-builder-workspace/.derivedData/SDKExplicitPrecompiledModules/CoreImage-8WF1P230U10QM666EQMNV7OF1.pcm
SwiftExplicitDependencyGeneratePcm arm64 /Users/admin/builder/spi-builder-workspace/.derivedData/SDKExplicitPrecompiledModules/QuartzCore-12T8WVKUNCL1N7VXH87MM4YOB.pcm
SwiftExplicitDependencyGeneratePcm arm64 /Users/admin/builder/spi-builder-workspace/.derivedData/SDKExplicitPrecompiledModules/SwiftUICore-6OBBMA39VFD4CB6SG2PE41FAP.pcm
SwiftExplicitDependencyGeneratePcm arm64 /Users/admin/builder/spi-builder-workspace/.derivedData/SDKExplicitPrecompiledModules/UIKit-2D2PMAAE45TMO6S28UCGCO5BR.pcm
SwiftEmitModule normal arm64 Emitting\ module\ for\ TikTokOpenSDKCore (in target 'TikTokOpenSDKCore' from project 'TikTokOpenSDK')
/Users/admin/builder/spi-builder-workspace/Sources/TikTokOpenSDKCore/Public/TikTokURLHandler.swift:10:6: warning: extraneous whitespace between attribute name and '('; this is an error in the Swift 6 language mode
8 | import Foundation
9 |
10 | @objc (TTKSDKURLHandler)
| `- warning: extraneous whitespace between attribute name and '('; this is an error in the Swift 6 language mode
11 | public final class TikTokURLHandler: NSObject {
12 | // MARK: - Public
/Users/admin/builder/spi-builder-workspace/Sources/TikTokOpenSDKCore/Service/TikTokAPI.swift:10:6: warning: extraneous whitespace between attribute name and '('; this is an error in the Swift 6 language mode
8 | import Foundation
9 |
10 | @objc (TTKSDKAPI)
| `- warning: extraneous whitespace between attribute name and '('; this is an error in the Swift 6 language mode
11 | public class TikTokAPI : NSObject {
12 | private static var requests: NSMapTable<NSString, TikTokBaseRequest> = NSMapTable.strongToWeakObjects()
/Users/admin/builder/spi-builder-workspace/Sources/TikTokOpenSDKCore/Utils/TikTokInfo.swift:14:6: warning: extraneous whitespace between attribute name and '('; this is an error in the Swift 6 language mode
12 | import typealias CommonCrypto.CC_LONG
13 |
14 | @objc (TTKSDKInfo)
| `- warning: extraneous whitespace between attribute name and '('; this is an error in the Swift 6 language mode
15 | public class TikTokInfo: NSObject {
16 | public static private(set) var currentVersion = "2.5.0"
/Users/admin/builder/spi-builder-workspace/Sources/TikTokOpenSDKCore/Utils/TikTokRSA.swift:11:6: warning: extraneous whitespace between attribute name and '('; this is an error in the Swift 6 language mode
9 |
10 |
11 | @objc (TTKSDKRSA)
| `- warning: extraneous whitespace between attribute name and '('; this is an error in the Swift 6 language mode
12 | class TikTokRSA: NSObject{
13 |
/Users/admin/builder/spi-builder-workspace/Sources/TikTokOpenSDKCore/Utils/TikTokUtils.swift:11:6: warning: extraneous whitespace between attribute name and '('; this is an error in the Swift 6 language mode
9 | import UIKit
10 |
11 | @objc (TTKSDKUtils)
| `- warning: extraneous whitespace between attribute name and '('; this is an error in the Swift 6 language mode
12 | public class TikTokUtils : NSObject {
13 |
/Users/admin/builder/spi-builder-workspace/Sources/TikTokOpenSDKCore/Internal/TikTokURLOpener.swift:18:1: error: type 'UIApplication' does not conform to protocol 'TikTokURLOpener'
16 |
17 | @objc
18 | extension UIApplication : TikTokURLOpener {
| `- error: type 'UIApplication' does not conform to protocol 'TikTokURLOpener'
19 | @objc
20 | public func isTikTokInstalled() -> Bool {
/Users/admin/builder/spi-builder-workspace/Sources/TikTokOpenSDKCore/Internal/TikTokURLOpener.swift:18:1: error: unavailable property 'keyWindow' was used to satisfy a requirement of protocol 'TikTokURLOpener'
11 | public protocol TikTokURLOpener {
12 | func canOpenURL(_ url: URL) -> Bool
13 | var keyWindow: UIWindow? { get }
| `- note: requirement 'keyWindow' declared here
14 | func isTikTokInstalled() -> Bool
15 | }
16 |
17 | @objc
18 | extension UIApplication : TikTokURLOpener {
| `- error: unavailable property 'keyWindow' was used to satisfy a requirement of protocol 'TikTokURLOpener'
19 | @objc
20 | public func isTikTokInstalled() -> Bool {
/Applications/Xcode-27.0.0-Release.Candidate.app/Contents/Developer/Platforms/XROS.platform/Developer/SDKs/XROS27.0.sdk/System/Library/Frameworks/UIKit.framework/Headers/UIApplication.h:108:51: note: 'keyWindow' declared here
106 | - (void)sendEvent:(UIEvent *)event;
107 |
108 | @property(nullable, nonatomic,readonly) UIWindow *keyWindow API_DEPRECATED("Should not be used for applications that support multiple scenes as it returns a key window across all connected scenes", ios(2.0, 13.0)) API_UNAVAILABLE(visionos, watchos);
| `- note: 'keyWindow' declared here
109 | @property(nonatomic,readonly) NSArray<__kindof UIWindow *> *windows API_DEPRECATED("Use UIWindowScene.windows on a relevant window scene instead", ios(2.0, 15.0), visionos(1.0, 1.0)) API_UNAVAILABLE(watchos);
110 |
Failed frontend command:
SwiftCompile normal arm64 (in target 'TikTokOpenSDKCore' from project 'TikTokOpenSDK')
cd /Users/admin/builder/spi-builder-workspace/.swiftpm/xcode
/Applications/Xcode-27.0.0-Release.Candidate.app/Contents/Developer/Toolchains/XcodeDefault.xctoolchain/usr/bin/swift-frontend -frontend -emit-module -experimental-skip-non-inlinable-function-bodies-without-types /Users/admin/builder/spi-builder-workspace/.derivedData/Build/Intermediates.noindex/TikTokOpenSDK.build/Debug-xros/TikTokOpenSDKCore-t.build/DerivedSources/resource_bundle_accessor.swift /Users/admin/builder/spi-builder-workspace/Sources/TikTokOpenSDKCore/Internal/TikTokBase.swift /Users/admin/builder/spi-builder-workspace/Sources/TikTokOpenSDKCore/Internal/TikTokRequestHandling.swift /Users/admin/builder/spi-builder-workspace/Sources/TikTokOpenSDKCore/Internal/TikTokResponseHandling.swift /Users/admin/builder/spi-builder-workspace/Sources/TikTokOpenSDKCore/Internal/TikTokURLOpener.swift /Users/admin/builder/spi-builder-workspace/Sources/TikTokOpenSDKCore/Internal/TikTokURLQueryParamsConvertible.swift /Users/admin/builder/spi-builder-workspace/Sources/TikTokOpenSDKCore/Public/TikTokURLHandler.swift /Users/admin/builder/spi-builder-workspace/Sources/TikTokOpenSDKCore/Service/TikTokAPI.swift /Users/admin/builder/spi-builder-workspace/Sources/TikTokOpenSDKCore/Utils/TikTokInfo.swift /Users/admin/builder/spi-builder-workspace/Sources/TikTokOpenSDKCore/Utils/TikTokRSA.swift /Users/admin/builder/spi-builder-workspace/Sources/TikTokOpenSDKCore/Utils/TikTokUtils.swift -target arm64-apple-xros1.0 -disable-cross-import-overlay-search -load-resolved-plugin /Applications/Xcode-27.0.0-Release.Candidate.app/Contents/Developer/Platforms/XROS.platform/Developer/usr/lib/swift/host/plugins/libFoundationMacros.dylib\#/Applications/Xcode-27.0.0-Release.Candidate.app/Contents/Developer/Platforms/XROS.platform/Developer/usr/bin/swift-plugin-server\#FoundationMacros -load-resolved-plugin /Applications/Xcode-27.0.0-Release.Candidate.app/Contents/Developer/Platforms/XROS.platform/Developer/usr/lib/swift/host/plugins/libObservationMacros.dylib\#/Applications/Xcode-27.0.0-Release.Candidate.app/Contents/Developer/Platforms/XROS.platform/Developer/usr/bin/swift-plugin-server\#ObservationMacros -load-resolved-plugin /Applications/Xcode-27.0.0-Release.Candidate.app/Contents/Developer/Platforms/XROS.platform/Developer/usr/lib/swift/host/plugins/libPreviewsMacros.dylib\#/Applications/Xcode-27.0.0-Release.Candidate.app/Contents/Developer/Platforms/XROS.platform/Developer/usr/bin/swift-plugin-server\#PreviewsMacros -load-resolved-plugin /Applications/Xcode-27.0.0-Release.Candidate.app/Contents/Developer/Platforms/XROS.platform/Developer/usr/lib/swift/host/plugins/libSwiftMacros.dylib\#/Applications/Xcode-27.0.0-Release.Candidate.app/Contents/Developer/Platforms/XROS.platform/Developer/usr/bin/swift-plugin-server\#SwiftMacros -load-resolved-plugin /Applications/Xcode-27.0.0-Release.Candidate.app/Contents/Developer/Platforms/XROS.platform/Developer/usr/lib/swift/host/plugins/libSwiftUIMacros.dylib\#/Applications/Xcode-27.0.0-Release.Candidate.app/Contents/Developer/Platforms/XROS.platform/Developer/usr/bin/swift-plugin-server\#SwiftUIMacros -disable-implicit-swift-modules -Xcc -fno-implicit-modules -Xcc -fno-implicit-module-maps -explicit-swift-module-map-file /Users/admin/builder/spi-builder-workspace/.derivedData/Build/Intermediates.noindex/TikTokOpenSDK.build/Debug-xros/TikTokOpenSDKCore-t.build/Objects-normal/arm64/TikTokOpenSDKCore-dependencies-1.json -Xllvm -aarch64-use-tbi -enable-objc-interop -stack-check -sdk /Applications/Xcode-27.0.0-Release.Candidate.app/Contents/Developer/Platforms/XROS.platform/Developer/SDKs/XROS27.0.sdk -I /Users/admin/builder/spi-builder-workspace/.derivedData/Build/Products/Debug-xros -Isystem /Applications/Xcode-27.0.0-Release.Candidate.app/Contents/Developer/Platforms/XROS.platform/Developer/usr/lib -F /Users/admin/builder/spi-builder-workspace/.derivedData/Build/Products/Debug-xros -F /Applications/Xcode-27.0.0-Release.Candidate.app/Contents/Developer/Platforms/XROS.platform/Developer/Library/Frameworks -F /Applications/Xcode-27.0.0-Release.Candidate.app/Contents/Developer/Platforms/XROS.platform/Developer/SDKs/XROS27.0.sdk/Developer/Library/Frameworks -module-cache-path /Users/admin/builder/spi-builder-workspace/.derivedData/Build/Intermediates.noindex/SwiftExplicitPrecompiledModules -no-color-diagnostics -Xcc -fno-color-diagnostics -enable-testing -g -debug-info-format\=dwarf -dwarf-version\=4 -profile-generate -profile-coverage-mapping -swift-version 5 -Onone -D SWIFT_PACKAGE -D DEBUG -D SWIFT_MODULE_RESOURCE_BUNDLE_AVAILABLE -D Xcode -serialize-debugging-options -enable-experimental-feature DebugDescriptionMacro -empty-abi-descriptor -validate-clang-modules-once -clang-build-session-file /Users/admin/builder/spi-builder-workspace/.derivedData/ModuleCache.noindex/Session.modulevalidation -Xcc -working-directory -Xcc /Users/admin/builder/spi-builder-workspace/.swiftpm/xcode -enable-anonymous-context-mangled-names -file-compilation-dir /Users/admin/builder/spi-builder-workspace/.swiftpm/xcode -Xcc -D_LIBCPP_HARDENING_MODE\=_LIBCPP_HARDENING_MODE_DEBUG -Xcc -ivfsstatcache -Xcc /Users/admin/builder/spi-builder-workspace/.derivedData/SDKStatCaches.noindex/xros27.0-24M361-e829b21a6f8c9b70876ba0858053c044735bd543db762f57723cac368afd1ce4.sdkstatcache -Xcc -fmodules-prune-interval\=86400 -Xcc -fmodules-prune-after\=345600 -Xcc -I/Users/admin/builder/spi-builder-workspace/.derivedData/Build/Products/Debug-xros/include -Xcc -I/Users/admin/builder/spi-builder-workspace/.derivedData/Build/Intermediates.noindex/TikTokOpenSDK.build/Debug-xros/TikTokOpenSDKCore-t.build/DerivedSources-normal/arm64 -Xcc -I/Users/admin/builder/spi-builder-workspace/.derivedData/Build/Intermediates.noindex/TikTokOpenSDK.build/Debug-xros/TikTokOpenSDKCore-t.build/DerivedSources/arm64 -Xcc -I/Users/admin/builder/spi-builder-workspace/.derivedData/Build/Intermediates.noindex/TikTokOpenSDK.build/Debug-xros/TikTokOpenSDKCore-t.build/DerivedSources -Xcc -DSWIFT_PACKAGE -Xcc -DDEBUG\=1 -no-auto-bridging-header-chaining -module-name TikTokOpenSDKCore -const-gather-protocols-file /Users/admin/builder/spi-builder-workspace/.derivedData/Build/Intermediates.noindex/TikTokOpenSDK.build/Debug-xros/TikTokOpenSDKCore-t.build/Objects-normal/arm64/TikTokOpenSDKCore_const_extract_protocols.json -disable-clang-spi -clang-target arm64-apple-xros27.0 -target-sdk-version 27.0 -target-sdk-name xros27.0 -in-process-plugin-server-path /Applications/Xcode-27.0.0-Release.Candidate.app/Contents/Developer/Toolchains/XcodeDefault.xctoolchain/usr/lib/swift/host/libSwiftInProcPluginServer.dylib -emit-module-doc-path /Users/admin/builder/spi-builder-workspace/.derivedData/Build/Intermediates.noindex/TikTokOpenSDK.build/Debug-xros/TikTokOpenSDKCore-t.build/Objects-normal/arm64/TikTokOpenSDKCore.swiftdoc -emit-module-source-info-path /Users/admin/builder/spi-builder-workspace/.derivedData/Build/Intermediates.noindex/TikTokOpenSDK.build/Debug-xros/TikTokOpenSDKCore-t.build/Objects-normal/arm64/TikTokOpenSDKCore.swiftsourceinfo -emit-objc-header-path /Users/admin/builder/spi-builder-workspace/.derivedData/Build/Intermediates.noindex/TikTokOpenSDK.build/Debug-xros/TikTokOpenSDKCore-t.build/Objects-normal/arm64/TikTokOpenSDKCore-Swift.h -serialize-diagnostics-path /Users/admin/builder/spi-builder-workspace/.derivedData/Build/Intermediates.noindex/TikTokOpenSDK.build/Debug-xros/TikTokOpenSDKCore-t.build/Objects-normal/arm64/TikTokOpenSDKCore-primary-emit-module.dia -emit-dependencies-path /Users/admin/builder/spi-builder-workspace/.derivedData/Build/Intermediates.noindex/TikTokOpenSDK.build/Debug-xros/TikTokOpenSDKCore-t.build/Objects-normal/arm64/TikTokOpenSDKCore-primary-emit-module.d -parse-as-library -o /Users/admin/builder/spi-builder-workspace/.derivedData/Build/Intermediates.noindex/TikTokOpenSDK.build/Debug-xros/TikTokOpenSDKCore-t.build/Objects-normal/arm64/TikTokOpenSDKCore.swiftmodule -emit-abi-descriptor-path /Users/admin/builder/spi-builder-workspace/.derivedData/Build/Intermediates.noindex/TikTokOpenSDK.build/Debug-xros/TikTokOpenSDKCore-t.build/Objects-normal/arm64/TikTokOpenSDKCore.abi.json
SwiftCompile normal arm64 Compiling\ TikTokInfo.swift /Users/admin/builder/spi-builder-workspace/Sources/TikTokOpenSDKCore/Utils/TikTokInfo.swift (in target 'TikTokOpenSDKCore' from project 'TikTokOpenSDK')
SwiftCompile normal arm64 /Users/admin/builder/spi-builder-workspace/Sources/TikTokOpenSDKCore/Utils/TikTokInfo.swift (in target 'TikTokOpenSDKCore' from project 'TikTokOpenSDK')
cd /Users/admin/builder/spi-builder-workspace/.swiftpm/xcode
builtin-SwiftPerFileCompile TikTokInfo.swift
SwiftCompile normal arm64 Compiling\ TikTokRSA.swift /Users/admin/builder/spi-builder-workspace/Sources/TikTokOpenSDKCore/Utils/TikTokRSA.swift (in target 'TikTokOpenSDKCore' from project 'TikTokOpenSDK')
SwiftCompile normal arm64 /Users/admin/builder/spi-builder-workspace/Sources/TikTokOpenSDKCore/Utils/TikTokRSA.swift (in target 'TikTokOpenSDKCore' from project 'TikTokOpenSDK')
cd /Users/admin/builder/spi-builder-workspace/.swiftpm/xcode
builtin-SwiftPerFileCompile TikTokRSA.swift
SwiftCompile normal arm64 Compiling\ TikTokAPI.swift /Users/admin/builder/spi-builder-workspace/Sources/TikTokOpenSDKCore/Service/TikTokAPI.swift (in target 'TikTokOpenSDKCore' from project 'TikTokOpenSDK')
SwiftCompile normal arm64 /Users/admin/builder/spi-builder-workspace/Sources/TikTokOpenSDKCore/Service/TikTokAPI.swift (in target 'TikTokOpenSDKCore' from project 'TikTokOpenSDK')
cd /Users/admin/builder/spi-builder-workspace/.swiftpm/xcode
builtin-SwiftPerFileCompile TikTokAPI.swift
SwiftCompile normal arm64 Compiling\ TikTokURLHandler.swift /Users/admin/builder/spi-builder-workspace/Sources/TikTokOpenSDKCore/Public/TikTokURLHandler.swift (in target 'TikTokOpenSDKCore' from project 'TikTokOpenSDK')
SwiftCompile normal arm64 /Users/admin/builder/spi-builder-workspace/Sources/TikTokOpenSDKCore/Public/TikTokURLHandler.swift (in target 'TikTokOpenSDKCore' from project 'TikTokOpenSDK')
cd /Users/admin/builder/spi-builder-workspace/.swiftpm/xcode
builtin-SwiftPerFileCompile TikTokURLHandler.swift
SwiftCompile normal arm64 Compiling\ TikTokURLQueryParamsConvertible.swift /Users/admin/builder/spi-builder-workspace/Sources/TikTokOpenSDKCore/Internal/TikTokURLQueryParamsConvertible.swift (in target 'TikTokOpenSDKCore' from project 'TikTokOpenSDK')
SwiftCompile normal arm64 /Users/admin/builder/spi-builder-workspace/Sources/TikTokOpenSDKCore/Internal/TikTokURLQueryParamsConvertible.swift (in target 'TikTokOpenSDKCore' from project 'TikTokOpenSDK')
cd /Users/admin/builder/spi-builder-workspace/.swiftpm/xcode
builtin-SwiftPerFileCompile TikTokURLQueryParamsConvertible.swift
SwiftCompile normal arm64 Compiling\ TikTokResponseHandling.swift /Users/admin/builder/spi-builder-workspace/Sources/TikTokOpenSDKCore/Internal/TikTokResponseHandling.swift (in target 'TikTokOpenSDKCore' from project 'TikTokOpenSDK')
SwiftCompile normal arm64 /Users/admin/builder/spi-builder-workspace/Sources/TikTokOpenSDKCore/Internal/TikTokResponseHandling.swift (in target 'TikTokOpenSDKCore' from project 'TikTokOpenSDK')
cd /Users/admin/builder/spi-builder-workspace/.swiftpm/xcode
builtin-SwiftPerFileCompile TikTokResponseHandling.swift
SwiftCompile normal arm64 Compiling\ resource_bundle_accessor.swift,\ TikTokBase.swift /Users/admin/builder/spi-builder-workspace/.derivedData/Build/Intermediates.noindex/TikTokOpenSDK.build/Debug-xros/TikTokOpenSDKCore-t.build/DerivedSources/resource_bundle_accessor.swift /Users/admin/builder/spi-builder-workspace/Sources/TikTokOpenSDKCore/Internal/TikTokBase.swift (in target 'TikTokOpenSDKCore' from project 'TikTokOpenSDK')
SwiftCompile normal arm64 /Users/admin/builder/spi-builder-workspace/.derivedData/Build/Intermediates.noindex/TikTokOpenSDK.build/Debug-xros/TikTokOpenSDKCore-t.build/DerivedSources/resource_bundle_accessor.swift (in target 'TikTokOpenSDKCore' from project 'TikTokOpenSDK')
cd /Users/admin/builder/spi-builder-workspace/.swiftpm/xcode
builtin-SwiftPerFileCompile resource_bundle_accessor.swift
SwiftCompile normal arm64 /Users/admin/builder/spi-builder-workspace/Sources/TikTokOpenSDKCore/Internal/TikTokBase.swift (in target 'TikTokOpenSDKCore' from project 'TikTokOpenSDK')
cd /Users/admin/builder/spi-builder-workspace/.swiftpm/xcode
builtin-SwiftPerFileCompile TikTokBase.swift
SwiftCompile normal arm64 Compiling\ TikTokRequestHandling.swift /Users/admin/builder/spi-builder-workspace/Sources/TikTokOpenSDKCore/Internal/TikTokRequestHandling.swift (in target 'TikTokOpenSDKCore' from project 'TikTokOpenSDK')
SwiftCompile normal arm64 /Users/admin/builder/spi-builder-workspace/Sources/TikTokOpenSDKCore/Internal/TikTokRequestHandling.swift (in target 'TikTokOpenSDKCore' from project 'TikTokOpenSDK')
cd /Users/admin/builder/spi-builder-workspace/.swiftpm/xcode
builtin-SwiftPerFileCompile TikTokRequestHandling.swift
SwiftCompile normal arm64 Compiling\ TikTokURLOpener.swift /Users/admin/builder/spi-builder-workspace/Sources/TikTokOpenSDKCore/Internal/TikTokURLOpener.swift (in target 'TikTokOpenSDKCore' from project 'TikTokOpenSDK')
/Users/admin/builder/spi-builder-workspace/Sources/TikTokOpenSDKCore/Internal/TikTokURLOpener.swift:18:1: error: type 'UIApplication' does not conform to protocol 'TikTokURLOpener'
16 |
17 | @objc
18 | extension UIApplication : TikTokURLOpener {
| `- error: type 'UIApplication' does not conform to protocol 'TikTokURLOpener'
19 | @objc
20 | public func isTikTokInstalled() -> Bool {
SwiftCompile normal arm64 /Users/admin/builder/spi-builder-workspace/Sources/TikTokOpenSDKCore/Internal/TikTokURLOpener.swift (in target 'TikTokOpenSDKCore' from project 'TikTokOpenSDK')
cd /Users/admin/builder/spi-builder-workspace/.swiftpm/xcode
builtin-SwiftPerFileCompile TikTokURLOpener.swift
SwiftCompile normal arm64 Compiling\ TikTokUtils.swift /Users/admin/builder/spi-builder-workspace/Sources/TikTokOpenSDKCore/Utils/TikTokUtils.swift (in target 'TikTokOpenSDKCore' from project 'TikTokOpenSDK')
SwiftCompile normal arm64 /Users/admin/builder/spi-builder-workspace/Sources/TikTokOpenSDKCore/Utils/TikTokUtils.swift (in target 'TikTokOpenSDKCore' from project 'TikTokOpenSDK')
cd /Users/admin/builder/spi-builder-workspace/.swiftpm/xcode
builtin-SwiftPerFileCompile TikTokUtils.swift
PruneExplicitPrecompiledModules /Users/admin/builder/spi-builder-workspace/.derivedData/SDKExplicitPrecompiledModules
PruneExplicitPrecompiledModules /Users/admin/builder/spi-builder-workspace/.derivedData/Build/Intermediates.noindex/ExplicitPrecompiledModules
PruneExplicitPrecompiledModules /Users/admin/builder/spi-builder-workspace/.derivedData/Build/Intermediates.noindex/SwiftExplicitPrecompiledModules
2026-09-22 02:48:09.723 xcodebuild[718:4440] [MT] IDERunDestination: Supported platforms for the buildables in the current scheme is empty.
** BUILD FAILED **
The following build commands failed:
SwiftCompile normal arm64 (in target 'TikTokOpenSDKCore' from project 'TikTokOpenSDK')
SwiftEmitModule normal arm64 Emitting\ module\ for\ TikTokOpenSDKCore (in target 'TikTokOpenSDKCore' from project 'TikTokOpenSDK')
Building workspace TikTokOpenSDK with scheme TikTokOpenSDK-Package
(3 failures)
Command line invocation:
/Applications/Xcode-27.0.0-Release.Candidate.app/Contents/Developer/usr/bin/xcodebuild -IDEClonedSourcePackagesDirPathOverride=/Users/admin/builder/spi-builder-workspace/.dependencies -resolvePackageDependencies
Resolve Package Graph
Invalid Resource 'TikTokOpenAuthSDK/Resources/PrivacyInfo.xcprivacy': File not found.
Resolved source packages:
TikTokOpenSDK: /Users/admin/builder/spi-builder-workspace
resolved source packages: TikTokOpenSDK
2026-09-22 02:48:16.974 xcodebuild[813:4822] [MT] IDERunDestination: Supported platforms for the buildables in the current scheme is empty.
{
"default_localization" : "en",
"dependencies" : [
],
"manifest_display_name" : "TikTokOpenSDK",
"name" : "TikTokOpenSDK",
"path" : "/Users/admin/builder/spi-builder-workspace",
"platforms" : [
{
"name" : "ios",
"version" : "12.0"
}
],
"products" : [
{
"name" : "TikTokOpenAuthSDK",
"targets" : [
"TikTokOpenAuthSDK"
],
"type" : {
"library" : [
"automatic"
]
}
},
{
"name" : "TikTokOpenSDKCore",
"targets" : [
"TikTokOpenSDKCore"
],
"type" : {
"library" : [
"automatic"
]
}
},
{
"name" : "TikTokOpenShareSDK",
"targets" : [
"TikTokOpenShareSDK"
],
"type" : {
"library" : [
"automatic"
]
}
}
],
"targets" : [
{
"c99name" : "TikTokOpenShareSDKTests",
"module_type" : "SwiftTarget",
"name" : "TikTokOpenShareSDKTests",
"path" : "Tests/TikTokOpenShareSDKTests",
"sources" : [
"PublicTests/TikTokHandlerTest.swift",
"PublicTests/TikTokShareRequestTest.swift",
"PublicTests/TikTokShareResponseTest.swift",
"PublicTests/TikTokTestEnv.swift",
"ServiceTests/TikTokShareServiceTest.swift"
],
"target_dependencies" : [
"TikTokOpenShareSDK"
],
"type" : "test"
},
{
"c99name" : "TikTokOpenShareSDK",
"module_type" : "SwiftTarget",
"name" : "TikTokOpenShareSDK",
"path" : "Sources/TikTokOpenShareSDK",
"product_memberships" : [
"TikTokOpenShareSDK"
],
"resources" : [
{
"path" : "/Users/admin/builder/spi-builder-workspace/Sources/TikTokOpenShareSDK/Resources/PrivacyInfo.xcprivacy",
"rule" : {
"copy" : {
}
}
}
],
"sources" : [
"Public/TikTokShareRequest+URLParams.swift",
"Public/TikTokShareRequest.swift",
"Public/TikTokShareResponse.swift",
"Service/TikTokAppStoreModel.swift",
"Service/TikTokShareService.swift"
],
"target_dependencies" : [
"TikTokOpenSDKCore"
],
"type" : "library"
},
{
"c99name" : "TikTokOpenSDKCore",
"module_type" : "SwiftTarget",
"name" : "TikTokOpenSDKCore",
"path" : "Sources/TikTokOpenSDKCore",
"product_memberships" : [
"TikTokOpenAuthSDK",
"TikTokOpenSDKCore",
"TikTokOpenShareSDK"
],
"resources" : [
{
"path" : "/Users/admin/builder/spi-builder-workspace/Sources/TikTokOpenSDKCore/Resources/PrivacyInfo.xcprivacy",
"rule" : {
"copy" : {
}
}
}
],
"sources" : [
"Internal/TikTokBase.swift",
"Internal/TikTokRequestHandling.swift",
"Internal/TikTokResponseHandling.swift",
"Internal/TikTokURLOpener.swift",
"Internal/TikTokURLQueryParamsConvertible.swift",
"Public/TikTokURLHandler.swift",
"Service/TikTokAPI.swift",
"Utils/TikTokInfo.swift",
"Utils/TikTokRSA.swift",
"Utils/TikTokUtils.swift"
],
"type" : "library"
},
{
"c99name" : "TikTokOpenAuthSDKTests",
"module_type" : "SwiftTarget",
"name" : "TikTokOpenAuthSDKTests",
"path" : "Tests/TikTokOpenAuthSDKTests",
"sources" : [
"PublicTests/TikTokAuthRequestTest.swift",
"PublicTests/TikTokAuthResponseTest.swift",
"PublicTests/TikTokHandlerTest.swift",
"PublicTests/TikTokTestEnv.swift",
"ServiceTests/TikTokAuthServiceTest.swift",
"UtilsTests/TikTokUtilTest.swift"
],
"target_dependencies" : [
"TikTokOpenAuthSDK"
],
"type" : "test"
},
{
"c99name" : "TikTokOpenAuthSDK",
"module_type" : "SwiftTarget",
"name" : "TikTokOpenAuthSDK",
"path" : "Sources/TikTokOpenAuthSDK",
"product_memberships" : [
"TikTokOpenAuthSDK"
],
"sources" : [
"Public/PKCE.swift",
"Public/TikTokAuthRequest+URLParams.swift",
"Public/TikTokAuthRequest.swift",
"Public/TikTokAuthResponse.swift",
"Service/TikTokAuthService.swift"
],
"target_dependencies" : [
"TikTokOpenSDKCore"
],
"type" : "library"
}
],
"tools_version" : "5.5"
}
warning: 'spi-builder-workspace': Invalid Resource 'TikTokOpenAuthSDK/Resources/PrivacyInfo.xcprivacy': File not found.
{
"workspace" : {
"name" : "TikTokOpenSDK",
"schemes" : [
"TikTokOpenAuthSDK",
"TikTokOpenSDK-Package",
"TikTokOpenSDKCore",
"TikTokOpenShareSDK"
]
}
}
2026-09-22 02:48:18.190 xcodebuild[821:4889] [MT] IDERunDestination: Supported platforms for the buildables in the current scheme is empty.
{
"workspace" : {
"name" : "TikTokOpenSDK",
"schemes" : [
"TikTokOpenAuthSDK",
"TikTokOpenSDK-Package",
"TikTokOpenSDKCore",
"TikTokOpenShareSDK"
]
}
}
2026-09-22 02:48:19.138 xcodebuild[823:4919] [MT] IDERunDestination: Supported platforms for the buildables in the current scheme is empty.
Running build ...
env DEVELOPER_DIR=/Applications/Xcode-27.0.0-Release.Candidate.app xcrun xcodebuild -IDEClonedSourcePackagesDirPathOverride=$PWD/.dependencies -skipMacroValidation -skipPackagePluginValidation -derivedDataPath $PWD/.derivedData build -scheme TikTokOpenSDK-Package -destination generic/platform=xrOS
Command line invocation:
/Applications/Xcode-27.0.0-Release.Candidate.app/Contents/Developer/usr/bin/xcodebuild -IDEClonedSourcePackagesDirPathOverride=/Users/admin/builder/spi-builder-workspace/.dependencies -skipMacroValidation -skipPackagePluginValidation -derivedDataPath /Users/admin/builder/spi-builder-workspace/.derivedData build -scheme TikTokOpenSDK-Package -destination generic/platform=xrOS
Resolve Package Graph
Invalid Resource 'TikTokOpenAuthSDK/Resources/PrivacyInfo.xcprivacy': File not found.
Resolved source packages:
TikTokOpenSDK: /Users/admin/builder/spi-builder-workspace
ComputePackagePrebuildTargetDependencyGraph
Prepare packages
CreateBuildRequest
SendProjectDescription
CreateBuildOperation
ComputeTargetDependencyGraph
note: Building targets in dependency order
note: Target dependency graph (8 targets)
Target 'TikTokOpenShareSDK-product' in project 'TikTokOpenSDK'
➜ Explicit dependency on target 'TikTokOpenShareSDK' in project 'TikTokOpenSDK'
➜ Explicit dependency on target 'TikTokOpenSDK_TikTokOpenShareSDK' in project 'TikTokOpenSDK'
➜ Explicit dependency on target 'TikTokOpenSDKCore' in project 'TikTokOpenSDK'
Target 'TikTokOpenShareSDK' in project 'TikTokOpenSDK'
➜ Explicit dependency on target 'TikTokOpenSDK_TikTokOpenShareSDK' in project 'TikTokOpenSDK'
➜ Explicit dependency on target 'TikTokOpenSDKCore' in project 'TikTokOpenSDK'
Target 'TikTokOpenSDK_TikTokOpenShareSDK' in project 'TikTokOpenSDK' (no dependencies)
Target 'TikTokOpenSDKCore-product' in project 'TikTokOpenSDK'
➜ Explicit dependency on target 'TikTokOpenSDKCore' in project 'TikTokOpenSDK'
➜ Explicit dependency on target 'TikTokOpenSDK_TikTokOpenSDKCore' in project 'TikTokOpenSDK'
Target 'TikTokOpenAuthSDK-product' in project 'TikTokOpenSDK'
➜ Explicit dependency on target 'TikTokOpenAuthSDK' in project 'TikTokOpenSDK'
➜ Explicit dependency on target 'TikTokOpenSDKCore' in project 'TikTokOpenSDK'
Target 'TikTokOpenAuthSDK' in project 'TikTokOpenSDK'
➜ Explicit dependency on target 'TikTokOpenSDKCore' in project 'TikTokOpenSDK'
Target 'TikTokOpenSDKCore' in project 'TikTokOpenSDK'
➜ Explicit dependency on target 'TikTokOpenSDK_TikTokOpenSDKCore' in project 'TikTokOpenSDK'
Target 'TikTokOpenSDK_TikTokOpenSDKCore' in project 'TikTokOpenSDK' (no dependencies)
GatherProvisioningInputs
CreateBuildDescription
ClangStatCache /Applications/Xcode-27.0.0-Release.Candidate.app/Contents/Developer/Toolchains/XcodeDefault.xctoolchain/usr/bin/clang-stat-cache /Applications/Xcode-27.0.0-Release.Candidate.app/Contents/Developer/Platforms/XROS.platform/Developer/SDKs/XROS27.0.sdk /Users/admin/builder/spi-builder-workspace/.derivedData/SDKStatCaches.noindex/xros27.0-24M361-e829b21a6f8c9b70876ba0858053c044735bd543db762f57723cac368afd1ce4.sdkstatcache
cd /Users/admin/builder/spi-builder-workspace/.swiftpm/xcode
/Applications/Xcode-27.0.0-Release.Candidate.app/Contents/Developer/Toolchains/XcodeDefault.xctoolchain/usr/bin/clang-stat-cache /Applications/Xcode-27.0.0-Release.Candidate.app/Contents/Developer/Platforms/XROS.platform/Developer/SDKs/XROS27.0.sdk -o /Users/admin/builder/spi-builder-workspace/.derivedData/SDKStatCaches.noindex/xros27.0-24M361-e829b21a6f8c9b70876ba0858053c044735bd543db762f57723cac368afd1ce4.sdkstatcache
SwiftDriver TikTokOpenSDKCore normal arm64 com.apple.xcode.tools.swift.compiler (in target 'TikTokOpenSDKCore' from project 'TikTokOpenSDK')
cd /Users/admin/builder/spi-builder-workspace/.swiftpm/xcode
builtin-SwiftDriver -- /Applications/Xcode-27.0.0-Release.Candidate.app/Contents/Developer/Toolchains/XcodeDefault.xctoolchain/usr/bin/swiftc -parse-as-library -module-name TikTokOpenSDKCore -Onone @/Users/admin/builder/spi-builder-workspace/.derivedData/Build/Intermediates.noindex/TikTokOpenSDK.build/Debug-xros/TikTokOpenSDKCore-t.build/Objects-normal/arm64/TikTokOpenSDKCore.SwiftFileList -DSWIFT_PACKAGE -DDEBUG -DSWIFT_MODULE_RESOURCE_BUNDLE_AVAILABLE -DXcode -plugin-path /Applications/Xcode-27.0.0-Release.Candidate.app/Contents/Developer/Toolchains/XcodeDefault.xctoolchain/usr/lib/swift/host/plugins/testing -enable-experimental-feature DebugDescriptionMacro -sdk /Applications/Xcode-27.0.0-Release.Candidate.app/Contents/Developer/Platforms/XROS.platform/Developer/SDKs/XROS27.0.sdk -target arm64-apple-xros1.0 -g -module-cache-path /Users/admin/builder/spi-builder-workspace/.derivedData/ModuleCache.noindex -Xfrontend -serialize-debugging-options -profile-coverage-mapping -profile-generate -enable-testing -index-store-path /Users/admin/builder/spi-builder-workspace/.derivedData/Index.noindex/DataStore -Xcc -D_LIBCPP_HARDENING_MODE\=_LIBCPP_HARDENING_MODE_DEBUG -swift-version 5 -I /Users/admin/builder/spi-builder-workspace/.derivedData/Build/Products/Debug-xros -Isystem /Applications/Xcode-27.0.0-Release.Candidate.app/Contents/Developer/Platforms/XROS.platform/Developer/usr/lib -F /Users/admin/builder/spi-builder-workspace/.derivedData/Build/Products/Debug-xros -F /Applications/Xcode-27.0.0-Release.Candidate.app/Contents/Developer/Platforms/XROS.platform/Developer/Library/Frameworks -F /Applications/Xcode-27.0.0-Release.Candidate.app/Contents/Developer/Platforms/XROS.platform/Developer/SDKs/XROS27.0.sdk/Developer/Library/Frameworks -emit-localized-strings -emit-localized-strings-path /Users/admin/builder/spi-builder-workspace/.derivedData/Build/Intermediates.noindex/TikTokOpenSDK.build/Debug-xros/TikTokOpenSDKCore-t.build/Objects-normal/arm64 -c -j10 -enable-batch-mode -incremental -Xcc -ivfsstatcache -Xcc /Users/admin/builder/spi-builder-workspace/.derivedData/SDKStatCaches.noindex/xros27.0-24M361-e829b21a6f8c9b70876ba0858053c044735bd543db762f57723cac368afd1ce4.sdkstatcache -output-file-map /Users/admin/builder/spi-builder-workspace/.derivedData/Build/Intermediates.noindex/TikTokOpenSDK.build/Debug-xros/TikTokOpenSDKCore-t.build/Objects-normal/arm64/TikTokOpenSDKCore-OutputFileMap.json -save-temps -no-color-diagnostics -explicit-module-build -module-cache-path /Users/admin/builder/spi-builder-workspace/.derivedData/Build/Intermediates.noindex/SwiftExplicitPrecompiledModules -clang-scanner-module-cache-path /Users/admin/builder/spi-builder-workspace/.derivedData/ModuleCache.noindex -sdk-module-cache-path /Users/admin/builder/spi-builder-workspace/.derivedData/SDKExplicitPrecompiledModules -emit-dependencies -emit-module -emit-module-path /Users/admin/builder/spi-builder-workspace/.derivedData/Build/Intermediates.noindex/TikTokOpenSDK.build/Debug-xros/TikTokOpenSDKCore-t.build/Objects-normal/arm64/TikTokOpenSDKCore.swiftmodule -serialize-diagnostics -dependency-scan-serialize-diagnostics-path /Users/admin/builder/spi-builder-workspace/.derivedData/Build/Intermediates.noindex/TikTokOpenSDK.build/Debug-xros/TikTokOpenSDKCore-t.build/Objects-normal/arm64/TikTokOpenSDKCore-dependency-scan.dia -validate-clang-modules-once -clang-build-session-file /Users/admin/builder/spi-builder-workspace/.derivedData/ModuleCache.noindex/Session.modulevalidation -Xcc -fmodules-prune-interval\=86400 -Xcc -fmodules-prune-after\=345600 -emit-const-values -const-gather-protocols-list /Users/admin/builder/spi-builder-workspace/.derivedData/Build/Intermediates.noindex/TikTokOpenSDK.build/Debug-xros/TikTokOpenSDKCore-t.build/Objects-normal/arm64/TikTokOpenSDKCore_const_extract_protocols.json -Xcc -I/Users/admin/builder/spi-builder-workspace/.derivedData/Build/Products/Debug-xros/include -Xcc -I/Users/admin/builder/spi-builder-workspace/.derivedData/Build/Intermediates.noindex/TikTokOpenSDK.build/Debug-xros/TikTokOpenSDKCore-t.build/DerivedSources-normal/arm64 -Xcc -I/Users/admin/builder/spi-builder-workspace/.derivedData/Build/Intermediates.noindex/TikTokOpenSDK.build/Debug-xros/TikTokOpenSDKCore-t.build/DerivedSources/arm64 -Xcc -I/Users/admin/builder/spi-builder-workspace/.derivedData/Build/Intermediates.noindex/TikTokOpenSDK.build/Debug-xros/TikTokOpenSDKCore-t.build/DerivedSources -Xcc -DSWIFT_PACKAGE -Xcc -DDEBUG\=1 -emit-objc-header -emit-objc-header-path /Users/admin/builder/spi-builder-workspace/.derivedData/Build/Intermediates.noindex/TikTokOpenSDK.build/Debug-xros/TikTokOpenSDKCore-t.build/Objects-normal/arm64/TikTokOpenSDKCore-Swift.h -working-directory /Users/admin/builder/spi-builder-workspace/.swiftpm/xcode -experimental-emit-module-separately -disable-cmo
/Users/admin/builder/spi-builder-workspace/Sources/TikTokOpenSDKCore/Public/TikTokURLHandler.swift:10:6: warning: Extraneous whitespace between attribute name and '('; this is an error in the Swift 6 language mode (in target 'TikTokOpenSDKCore' from project 'TikTokOpenSDK')
/Users/admin/builder/spi-builder-workspace/Sources/TikTokOpenSDKCore/Service/TikTokAPI.swift:10:6: warning: Extraneous whitespace between attribute name and '('; this is an error in the Swift 6 language mode (in target 'TikTokOpenSDKCore' from project 'TikTokOpenSDK')
/Users/admin/builder/spi-builder-workspace/Sources/TikTokOpenSDKCore/Utils/TikTokInfo.swift:14:6: warning: Extraneous whitespace between attribute name and '('; this is an error in the Swift 6 language mode (in target 'TikTokOpenSDKCore' from project 'TikTokOpenSDK')
/Users/admin/builder/spi-builder-workspace/Sources/TikTokOpenSDKCore/Utils/TikTokRSA.swift:11:6: warning: Extraneous whitespace between attribute name and '('; this is an error in the Swift 6 language mode (in target 'TikTokOpenSDKCore' from project 'TikTokOpenSDK')
/Users/admin/builder/spi-builder-workspace/Sources/TikTokOpenSDKCore/Utils/TikTokUtils.swift:11:6: warning: Extraneous whitespace between attribute name and '('; this is an error in the Swift 6 language mode (in target 'TikTokOpenSDKCore' from project 'TikTokOpenSDK')
SwiftCompile normal arm64 Compiling\ TikTokURLOpener.swift /Users/admin/builder/spi-builder-workspace/Sources/TikTokOpenSDKCore/Internal/TikTokURLOpener.swift (in target 'TikTokOpenSDKCore' from project 'TikTokOpenSDK')
SwiftCompile normal arm64 /Users/admin/builder/spi-builder-workspace/Sources/TikTokOpenSDKCore/Internal/TikTokURLOpener.swift (in target 'TikTokOpenSDKCore' from project 'TikTokOpenSDK')
cd /Users/admin/builder/spi-builder-workspace/.swiftpm/xcode
builtin-SwiftPerFileCompile TikTokURLOpener.swift
/Users/admin/builder/spi-builder-workspace/Sources/TikTokOpenSDKCore/Internal/TikTokURLOpener.swift:18:1: error: type 'UIApplication' does not conform to protocol 'TikTokURLOpener'
16 |
17 | @objc
18 | extension UIApplication : TikTokURLOpener {
| `- error: type 'UIApplication' does not conform to protocol 'TikTokURLOpener'
19 | @objc
20 | public func isTikTokInstalled() -> Bool {
SwiftCompile normal arm64 Compiling\ TikTokResponseHandling.swift /Users/admin/builder/spi-builder-workspace/Sources/TikTokOpenSDKCore/Internal/TikTokResponseHandling.swift (in target 'TikTokOpenSDKCore' from project 'TikTokOpenSDK')
SwiftCompile normal arm64 /Users/admin/builder/spi-builder-workspace/Sources/TikTokOpenSDKCore/Internal/TikTokResponseHandling.swift (in target 'TikTokOpenSDKCore' from project 'TikTokOpenSDK')
cd /Users/admin/builder/spi-builder-workspace/.swiftpm/xcode
builtin-SwiftPerFileCompile TikTokResponseHandling.swift
SwiftCompile normal arm64 Compiling\ resource_bundle_accessor.swift,\ TikTokBase.swift /Users/admin/builder/spi-builder-workspace/.derivedData/Build/Intermediates.noindex/TikTokOpenSDK.build/Debug-xros/TikTokOpenSDKCore-t.build/DerivedSources/resource_bundle_accessor.swift /Users/admin/builder/spi-builder-workspace/Sources/TikTokOpenSDKCore/Internal/TikTokBase.swift (in target 'TikTokOpenSDKCore' from project 'TikTokOpenSDK')
SwiftCompile normal arm64 /Users/admin/builder/spi-builder-workspace/.derivedData/Build/Intermediates.noindex/TikTokOpenSDK.build/Debug-xros/TikTokOpenSDKCore-t.build/DerivedSources/resource_bundle_accessor.swift (in target 'TikTokOpenSDKCore' from project 'TikTokOpenSDK')
cd /Users/admin/builder/spi-builder-workspace/.swiftpm/xcode
builtin-SwiftPerFileCompile resource_bundle_accessor.swift
SwiftCompile normal arm64 /Users/admin/builder/spi-builder-workspace/Sources/TikTokOpenSDKCore/Internal/TikTokBase.swift (in target 'TikTokOpenSDKCore' from project 'TikTokOpenSDK')
cd /Users/admin/builder/spi-builder-workspace/.swiftpm/xcode
builtin-SwiftPerFileCompile TikTokBase.swift
SwiftCompile normal arm64 Compiling\ TikTokURLQueryParamsConvertible.swift /Users/admin/builder/spi-builder-workspace/Sources/TikTokOpenSDKCore/Internal/TikTokURLQueryParamsConvertible.swift (in target 'TikTokOpenSDKCore' from project 'TikTokOpenSDK')
SwiftCompile normal arm64 /Users/admin/builder/spi-builder-workspace/Sources/TikTokOpenSDKCore/Internal/TikTokURLQueryParamsConvertible.swift (in target 'TikTokOpenSDKCore' from project 'TikTokOpenSDK')
cd /Users/admin/builder/spi-builder-workspace/.swiftpm/xcode
builtin-SwiftPerFileCompile TikTokURLQueryParamsConvertible.swift
SwiftCompile normal arm64 Compiling\ TikTokRequestHandling.swift /Users/admin/builder/spi-builder-workspace/Sources/TikTokOpenSDKCore/Internal/TikTokRequestHandling.swift (in target 'TikTokOpenSDKCore' from project 'TikTokOpenSDK')
SwiftCompile normal arm64 /Users/admin/builder/spi-builder-workspace/Sources/TikTokOpenSDKCore/Internal/TikTokRequestHandling.swift (in target 'TikTokOpenSDKCore' from project 'TikTokOpenSDK')
cd /Users/admin/builder/spi-builder-workspace/.swiftpm/xcode
builtin-SwiftPerFileCompile TikTokRequestHandling.swift
SwiftCompile normal arm64 Compiling\ TikTokAPI.swift /Users/admin/builder/spi-builder-workspace/Sources/TikTokOpenSDKCore/Service/TikTokAPI.swift (in target 'TikTokOpenSDKCore' from project 'TikTokOpenSDK')
/Users/admin/builder/spi-builder-workspace/Sources/TikTokOpenSDKCore/Service/TikTokAPI.swift:10:6: warning: extraneous whitespace between attribute name and '('; this is an error in the Swift 6 language mode
8 | import Foundation
9 |
10 | @objc (TTKSDKAPI)
| `- warning: extraneous whitespace between attribute name and '('; this is an error in the Swift 6 language mode
11 | public class TikTokAPI : NSObject {
12 | private static var requests: NSMapTable<NSString, TikTokBaseRequest> = NSMapTable.strongToWeakObjects()
SwiftCompile normal arm64 /Users/admin/builder/spi-builder-workspace/Sources/TikTokOpenSDKCore/Service/TikTokAPI.swift (in target 'TikTokOpenSDKCore' from project 'TikTokOpenSDK')
cd /Users/admin/builder/spi-builder-workspace/.swiftpm/xcode
builtin-SwiftPerFileCompile TikTokAPI.swift
SwiftCompile normal arm64 Compiling\ TikTokURLHandler.swift /Users/admin/builder/spi-builder-workspace/Sources/TikTokOpenSDKCore/Public/TikTokURLHandler.swift (in target 'TikTokOpenSDKCore' from project 'TikTokOpenSDK')
/Users/admin/builder/spi-builder-workspace/Sources/TikTokOpenSDKCore/Public/TikTokURLHandler.swift:10:6: warning: extraneous whitespace between attribute name and '('; this is an error in the Swift 6 language mode
8 | import Foundation
9 |
10 | @objc (TTKSDKURLHandler)
| `- warning: extraneous whitespace between attribute name and '('; this is an error in the Swift 6 language mode
11 | public final class TikTokURLHandler: NSObject {
12 | // MARK: - Public
SwiftCompile normal arm64 /Users/admin/builder/spi-builder-workspace/Sources/TikTokOpenSDKCore/Public/TikTokURLHandler.swift (in target 'TikTokOpenSDKCore' from project 'TikTokOpenSDK')
cd /Users/admin/builder/spi-builder-workspace/.swiftpm/xcode
builtin-SwiftPerFileCompile TikTokURLHandler.swift
SwiftCompile normal arm64 Compiling\ TikTokRSA.swift /Users/admin/builder/spi-builder-workspace/Sources/TikTokOpenSDKCore/Utils/TikTokRSA.swift (in target 'TikTokOpenSDKCore' from project 'TikTokOpenSDK')
/Users/admin/builder/spi-builder-workspace/Sources/TikTokOpenSDKCore/Utils/TikTokRSA.swift:11:6: warning: extraneous whitespace between attribute name and '('; this is an error in the Swift 6 language mode
9 |
10 |
11 | @objc (TTKSDKRSA)
| `- warning: extraneous whitespace between attribute name and '('; this is an error in the Swift 6 language mode
12 | class TikTokRSA: NSObject{
13 |
SwiftCompile normal arm64 /Users/admin/builder/spi-builder-workspace/Sources/TikTokOpenSDKCore/Utils/TikTokRSA.swift (in target 'TikTokOpenSDKCore' from project 'TikTokOpenSDK')
cd /Users/admin/builder/spi-builder-workspace/.swiftpm/xcode
builtin-SwiftPerFileCompile TikTokRSA.swift
SwiftCompile normal arm64 Compiling\ TikTokUtils.swift /Users/admin/builder/spi-builder-workspace/Sources/TikTokOpenSDKCore/Utils/TikTokUtils.swift (in target 'TikTokOpenSDKCore' from project 'TikTokOpenSDK')
SwiftCompile normal arm64 /Users/admin/builder/spi-builder-workspace/Sources/TikTokOpenSDKCore/Utils/TikTokUtils.swift (in target 'TikTokOpenSDKCore' from project 'TikTokOpenSDK')
cd /Users/admin/builder/spi-builder-workspace/.swiftpm/xcode
builtin-SwiftPerFileCompile TikTokUtils.swift
SwiftCompile normal arm64 Compiling\ TikTokInfo.swift /Users/admin/builder/spi-builder-workspace/Sources/TikTokOpenSDKCore/Utils/TikTokInfo.swift (in target 'TikTokOpenSDKCore' from project 'TikTokOpenSDK')
SwiftCompile normal arm64 /Users/admin/builder/spi-builder-workspace/Sources/TikTokOpenSDKCore/Utils/TikTokInfo.swift (in target 'TikTokOpenSDKCore' from project 'TikTokOpenSDK')
cd /Users/admin/builder/spi-builder-workspace/.swiftpm/xcode
builtin-SwiftPerFileCompile TikTokInfo.swift
SwiftEmitModule normal arm64 Emitting\ module\ for\ TikTokOpenSDKCore (in target 'TikTokOpenSDKCore' from project 'TikTokOpenSDK')
/Users/admin/builder/spi-builder-workspace/Sources/TikTokOpenSDKCore/Public/TikTokURLHandler.swift:10:6: warning: extraneous whitespace between attribute name and '('; this is an error in the Swift 6 language mode
8 | import Foundation
9 |
10 | @objc (TTKSDKURLHandler)
| `- warning: extraneous whitespace between attribute name and '('; this is an error in the Swift 6 language mode
11 | public final class TikTokURLHandler: NSObject {
12 | // MARK: - Public
/Users/admin/builder/spi-builder-workspace/Sources/TikTokOpenSDKCore/Service/TikTokAPI.swift:10:6: warning: extraneous whitespace between attribute name and '('; this is an error in the Swift 6 language mode
8 | import Foundation
9 |
10 | @objc (TTKSDKAPI)
| `- warning: extraneous whitespace between attribute name and '('; this is an error in the Swift 6 language mode
11 | public class TikTokAPI : NSObject {
12 | private static var requests: NSMapTable<NSString, TikTokBaseRequest> = NSMapTable.strongToWeakObjects()
/Users/admin/builder/spi-builder-workspace/Sources/TikTokOpenSDKCore/Utils/TikTokInfo.swift:14:6: warning: extraneous whitespace between attribute name and '('; this is an error in the Swift 6 language mode
12 | import typealias CommonCrypto.CC_LONG
13 |
14 | @objc (TTKSDKInfo)
| `- warning: extraneous whitespace between attribute name and '('; this is an error in the Swift 6 language mode
15 | public class TikTokInfo: NSObject {
16 | public static private(set) var currentVersion = "2.5.0"
/Users/admin/builder/spi-builder-workspace/Sources/TikTokOpenSDKCore/Utils/TikTokRSA.swift:11:6: warning: extraneous whitespace between attribute name and '('; this is an error in the Swift 6 language mode
9 |
10 |
11 | @objc (TTKSDKRSA)
| `- warning: extraneous whitespace between attribute name and '('; this is an error in the Swift 6 language mode
12 | class TikTokRSA: NSObject{
13 |
/Users/admin/builder/spi-builder-workspace/Sources/TikTokOpenSDKCore/Utils/TikTokUtils.swift:11:6: warning: extraneous whitespace between attribute name and '('; this is an error in the Swift 6 language mode
9 | import UIKit
10 |
11 | @objc (TTKSDKUtils)
| `- warning: extraneous whitespace between attribute name and '('; this is an error in the Swift 6 language mode
12 | public class TikTokUtils : NSObject {
13 |
/Users/admin/builder/spi-builder-workspace/Sources/TikTokOpenSDKCore/Internal/TikTokURLOpener.swift:18:1: error: type 'UIApplication' does not conform to protocol 'TikTokURLOpener'
16 |
17 | @objc
18 | extension UIApplication : TikTokURLOpener {
| `- error: type 'UIApplication' does not conform to protocol 'TikTokURLOpener'
19 | @objc
20 | public func isTikTokInstalled() -> Bool {
/Users/admin/builder/spi-builder-workspace/Sources/TikTokOpenSDKCore/Internal/TikTokURLOpener.swift:18:1: error: unavailable property 'keyWindow' was used to satisfy a requirement of protocol 'TikTokURLOpener'
11 | public protocol TikTokURLOpener {
12 | func canOpenURL(_ url: URL) -> Bool
13 | var keyWindow: UIWindow? { get }
| `- note: requirement 'keyWindow' declared here
14 | func isTikTokInstalled() -> Bool
15 | }
16 |
17 | @objc
18 | extension UIApplication : TikTokURLOpener {
| `- error: unavailable property 'keyWindow' was used to satisfy a requirement of protocol 'TikTokURLOpener'
19 | @objc
20 | public func isTikTokInstalled() -> Bool {
/Applications/Xcode-27.0.0-Release.Candidate.app/Contents/Developer/Platforms/XROS.platform/Developer/SDKs/XROS27.0.sdk/System/Library/Frameworks/UIKit.framework/Headers/UIApplication.h:108:51: note: 'keyWindow' declared here
106 | - (void)sendEvent:(UIEvent *)event;
107 |
108 | @property(nullable, nonatomic,readonly) UIWindow *keyWindow API_DEPRECATED("Should not be used for applications that support multiple scenes as it returns a key window across all connected scenes", ios(2.0, 13.0)) API_UNAVAILABLE(visionos, watchos);
| `- note: 'keyWindow' declared here
109 | @property(nonatomic,readonly) NSArray<__kindof UIWindow *> *windows API_DEPRECATED("Use UIWindowScene.windows on a relevant window scene instead", ios(2.0, 15.0), visionos(1.0, 1.0)) API_UNAVAILABLE(watchos);
110 |
Failed frontend command:
/Applications/Xcode-27.0.0-Release.Candidate.app/Contents/Developer/Toolchains/XcodeDefault.xctoolchain/usr/bin/swift-frontend -frontend -emit-module -experimental-skip-non-inlinable-function-bodies-without-types /Users/admin/builder/spi-builder-workspace/.derivedData/Build/Intermediates.noindex/TikTokOpenSDK.build/Debug-xros/TikTokOpenSDKCore-t.build/DerivedSources/resource_bundle_accessor.swift /Users/admin/builder/spi-builder-workspace/Sources/TikTokOpenSDKCore/Internal/TikTokBase.swift /Users/admin/builder/spi-builder-workspace/Sources/TikTokOpenSDKCore/Internal/TikTokRequestHandling.swift /Users/admin/builder/spi-builder-workspace/Sources/TikTokOpenSDKCore/Internal/TikTokResponseHandling.swift /Users/admin/builder/spi-builder-workspace/Sources/TikTokOpenSDKCore/Internal/TikTokURLOpener.swift /Users/admin/builder/spi-builder-workspace/Sources/TikTokOpenSDKCore/Internal/TikTokURLQueryParamsConvertible.swift /Users/admin/builder/spi-builder-workspace/Sources/TikTokOpenSDKCore/Public/TikTokURLHandler.swift /Users/admin/builder/spi-builder-workspace/Sources/TikTokOpenSDKCore/Service/TikTokAPI.swift /Users/admin/builder/spi-builder-workspace/Sources/TikTokOpenSDKCore/Utils/TikTokInfo.swift /Users/admin/builder/spi-builder-workspace/Sources/TikTokOpenSDKCore/Utils/TikTokRSA.swift /Users/admin/builder/spi-builder-workspace/Sources/TikTokOpenSDKCore/Utils/TikTokUtils.swift -target arm64-apple-xros1.0 -disable-cross-import-overlay-search -load-resolved-plugin /Applications/Xcode-27.0.0-Release.Candidate.app/Contents/Developer/Platforms/XROS.platform/Developer/usr/lib/swift/host/plugins/libFoundationMacros.dylib\#/Applications/Xcode-27.0.0-Release.Candidate.app/Contents/Developer/Platforms/XROS.platform/Developer/usr/bin/swift-plugin-server\#FoundationMacros -load-resolved-plugin /Applications/Xcode-27.0.0-Release.Candidate.app/Contents/Developer/Platforms/XROS.platform/Developer/usr/lib/swift/host/plugins/libObservationMacros.dylib\#/Applications/Xcode-27.0.0-Release.Candidate.app/Contents/Developer/Platforms/XROS.platform/Developer/usr/bin/swift-plugin-server\#ObservationMacros -load-resolved-plugin /Applications/Xcode-27.0.0-Release.Candidate.app/Contents/Developer/Platforms/XROS.platform/Developer/usr/lib/swift/host/plugins/libPreviewsMacros.dylib\#/Applications/Xcode-27.0.0-Release.Candidate.app/Contents/Developer/Platforms/XROS.platform/Developer/usr/bin/swift-plugin-server\#PreviewsMacros -load-resolved-plugin /Applications/Xcode-27.0.0-Release.Candidate.app/Contents/Developer/Platforms/XROS.platform/Developer/usr/lib/swift/host/plugins/libSwiftMacros.dylib\#/Applications/Xcode-27.0.0-Release.Candidate.app/Contents/Developer/Platforms/XROS.platform/Developer/usr/bin/swift-plugin-server\#SwiftMacros -load-resolved-plugin /Applications/Xcode-27.0.0-Release.Candidate.app/Contents/Developer/Platforms/XROS.platform/Developer/usr/lib/swift/host/plugins/libSwiftUIMacros.dylib\#/Applications/Xcode-27.0.0-Release.Candidate.app/Contents/Developer/Platforms/XROS.platform/Developer/usr/bin/swift-plugin-server\#SwiftUIMacros -disable-implicit-swift-modules -Xcc -fno-implicit-modules -Xcc -fno-implicit-module-maps -explicit-swift-module-map-file /Users/admin/builder/spi-builder-workspace/.derivedData/Build/Intermediates.noindex/TikTokOpenSDK.build/Debug-xros/TikTokOpenSDKCore-t.build/Objects-normal/arm64/TikTokOpenSDKCore-dependencies-1.json -Xllvm -aarch64-use-tbi -enable-objc-interop -stack-check -sdk /Applications/Xcode-27.0.0-Release.Candidate.app/Contents/Developer/Platforms/XROS.platform/Developer/SDKs/XROS27.0.sdk -I /Users/admin/builder/spi-builder-workspace/.derivedData/Build/Products/Debug-xros -Isystem /Applications/Xcode-27.0.0-Release.Candidate.app/Contents/Developer/Platforms/XROS.platform/Developer/usr/lib -F /Users/admin/builder/spi-builder-workspace/.derivedData/Build/Products/Debug-xros -F /Applications/Xcode-27.0.0-Release.Candidate.app/Contents/Developer/Platforms/XROS.platform/Developer/Library/Frameworks -F /Applications/Xcode-27.0.0-Release.Candidate.app/Contents/Developer/Platforms/XROS.platform/Developer/SDKs/XROS27.0.sdk/Developer/Library/Frameworks -module-cache-path /Users/admin/builder/spi-builder-workspace/.derivedData/Build/Intermediates.noindex/SwiftExplicitPrecompiledModules -no-color-diagnostics -Xcc -fno-color-diagnostics -enable-testing -g -debug-info-format\=dwarf -dwarf-version\=4 -profile-generate -profile-coverage-mapping -swift-version 5 -Onone -D SWIFT_PACKAGE -D DEBUG -D SWIFT_MODULE_RESOURCE_BUNDLE_AVAILABLE -D Xcode -serialize-debugging-options -enable-experimental-feature DebugDescriptionMacro -empty-abi-descriptor -validate-clang-modules-once -clang-build-session-file /Users/admin/builder/spi-builder-workspace/.derivedData/ModuleCache.noindex/Session.modulevalidation -Xcc -working-directory -Xcc /Users/admin/builder/spi-builder-workspace/.swiftpm/xcode -enable-anonymous-context-mangled-names -file-compilation-dir /Users/admin/builder/spi-builder-workspace/.swiftpm/xcode -Xcc -D_LIBCPP_HARDENING_MODE\=_LIBCPP_HARDENING_MODE_DEBUG -Xcc -ivfsstatcache -Xcc /Users/admin/builder/spi-builder-workspace/.derivedData/SDKStatCaches.noindex/xros27.0-24M361-e829b21a6f8c9b70876ba0858053c044735bd543db762f57723cac368afd1ce4.sdkstatcache -Xcc -fmodules-prune-interval\=86400 -Xcc -fmodules-prune-after\=345600 -Xcc -I/Users/admin/builder/spi-builder-workspace/.derivedData/Build/Products/Debug-xros/include -Xcc -I/Users/admin/builder/spi-builder-workspace/.derivedData/Build/Intermediates.noindex/TikTokOpenSDK.build/Debug-xros/TikTokOpenSDKCore-t.build/DerivedSources-normal/arm64 -Xcc -I/Users/admin/builder/spi-builder-workspace/.derivedData/Build/Intermediates.noindex/TikTokOpenSDK.build/Debug-xros/TikTokOpenSDKCore-t.build/DerivedSources/arm64 -Xcc -I/Users/admin/builder/spi-builder-workspace/.derivedData/Build/Intermediates.noindex/TikTokOpenSDK.build/Debug-xros/TikTokOpenSDKCore-t.build/DerivedSources -Xcc -DSWIFT_PACKAGE -Xcc -DDEBUG\=1 -no-auto-bridging-header-chaining -module-name TikTokOpenSDKCore -const-gather-protocols-file /Users/admin/builder/spi-builder-workspace/.derivedData/Build/Intermediates.noindex/TikTokOpenSDK.build/Debug-xros/TikTokOpenSDKCore-t.build/Objects-normal/arm64/TikTokOpenSDKCore_const_extract_protocols.json -disable-clang-spi -clang-target arm64-apple-xros27.0 -target-sdk-version 27.0 -target-sdk-name xros27.0 -in-process-plugin-server-path /Applications/Xcode-27.0.0-Release.Candidate.app/Contents/Developer/Toolchains/XcodeDefault.xctoolchain/usr/lib/swift/host/libSwiftInProcPluginServer.dylib -emit-module-doc-path /Users/admin/builder/spi-builder-workspace/.derivedData/Build/Intermediates.noindex/TikTokOpenSDK.build/Debug-xros/TikTokOpenSDKCore-t.build/Objects-normal/arm64/TikTokOpenSDKCore.swiftdoc -emit-module-source-info-path /Users/admin/builder/spi-builder-workspace/.derivedData/Build/Intermediates.noindex/TikTokOpenSDK.build/Debug-xros/TikTokOpenSDKCore-t.build/Objects-normal/arm64/TikTokOpenSDKCore.swiftsourceinfo -emit-objc-header-path /Users/admin/builder/spi-builder-workspace/.derivedData/Build/Intermediates.noindex/TikTokOpenSDK.build/Debug-xros/TikTokOpenSDKCore-t.build/Objects-normal/arm64/TikTokOpenSDKCore-Swift.h -serialize-diagnostics-path /Users/admin/builder/spi-builder-workspace/.derivedData/Build/Intermediates.noindex/TikTokOpenSDK.build/Debug-xros/TikTokOpenSDKCore-t.build/Objects-normal/arm64/TikTokOpenSDKCore-primary-emit-module.dia -emit-dependencies-path /Users/admin/builder/spi-builder-workspace/.derivedData/Build/Intermediates.noindex/TikTokOpenSDK.build/Debug-xros/TikTokOpenSDKCore-t.build/Objects-normal/arm64/TikTokOpenSDKCore-primary-emit-module.d -parse-as-library -o /Users/admin/builder/spi-builder-workspace/.derivedData/Build/Intermediates.noindex/TikTokOpenSDK.build/Debug-xros/TikTokOpenSDKCore-t.build/Objects-normal/arm64/TikTokOpenSDKCore.swiftmodule -emit-abi-descriptor-path /Users/admin/builder/spi-builder-workspace/.derivedData/Build/Intermediates.noindex/TikTokOpenSDK.build/Debug-xros/TikTokOpenSDKCore-t.build/Objects-normal/arm64/TikTokOpenSDKCore.abi.json
SwiftCompile normal arm64 (in target 'TikTokOpenSDKCore' from project 'TikTokOpenSDK')
cd /Users/admin/builder/spi-builder-workspace/.swiftpm/xcode
SwiftDriverJobDiscovery normal arm64 Compiling TikTokResponseHandling.swift (in target 'TikTokOpenSDKCore' from project 'TikTokOpenSDK')
SwiftDriverJobDiscovery normal arm64 Compiling TikTokRequestHandling.swift (in target 'TikTokOpenSDKCore' from project 'TikTokOpenSDK')
SwiftDriverJobDiscovery normal arm64 Compiling resource_bundle_accessor.swift, TikTokBase.swift (in target 'TikTokOpenSDKCore' from project 'TikTokOpenSDK')
SwiftDriverJobDiscovery normal arm64 Compiling TikTokURLQueryParamsConvertible.swift (in target 'TikTokOpenSDKCore' from project 'TikTokOpenSDK')
SwiftDriverJobDiscovery normal arm64 Compiling TikTokURLHandler.swift (in target 'TikTokOpenSDKCore' from project 'TikTokOpenSDK')
SwiftDriverJobDiscovery normal arm64 Compiling TikTokAPI.swift (in target 'TikTokOpenSDKCore' from project 'TikTokOpenSDK')
SwiftDriverJobDiscovery normal arm64 Compiling TikTokRSA.swift (in target 'TikTokOpenSDKCore' from project 'TikTokOpenSDK')
PruneExplicitPrecompiledModules /Users/admin/builder/spi-builder-workspace/.derivedData/Build/Intermediates.noindex/ExplicitPrecompiledModules
PruneExplicitPrecompiledModules /Users/admin/builder/spi-builder-workspace/.derivedData/Build/Intermediates.noindex/SwiftExplicitPrecompiledModules
PruneExplicitPrecompiledModules /Users/admin/builder/spi-builder-workspace/.derivedData/SDKExplicitPrecompiledModules
2026-09-22 02:48:20.097 xcodebuild[824:4944] [MT] IDERunDestination: Supported platforms for the buildables in the current scheme is empty.
** BUILD FAILED **
The following build commands failed:
SwiftEmitModule normal arm64 Emitting\ module\ for\ TikTokOpenSDKCore (in target 'TikTokOpenSDKCore' from project 'TikTokOpenSDK')
SwiftCompile normal arm64 (in target 'TikTokOpenSDKCore' from project 'TikTokOpenSDK')
Building workspace TikTokOpenSDK with scheme TikTokOpenSDK-Package
(3 failures)
BUILD FAILURE 6.4 visionOS