The Swift Package Index logo.Swift Package Index

Build Information

Failed to build TwitterVapor, reference master (a33b9e), with Swift 6.4 for visionOS using Xcode 27.0 on 17 Sep 2026 09:52:33 UTC.

Build Command

env DEVELOPER_DIR=/Applications/Xcode-27.0.0-Release.Candidate.app xcrun xcodebuild -IDEClonedSourcePackagesDirPathOverride=$PWD/.dependencies -skipMacroValidation -skipPackagePluginValidation -derivedDataPath $PWD/.derivedData build -scheme TwitterVapor -destination generic/platform=xrOS

Build Log

        ➜ Explicit dependency on target '_NIOFileSystem-product' in project 'swift-nio'
        ➜ Explicit dependency on target '_NIOFileSystemFoundationCompat-product' in project 'swift-nio'
    Target '_NIOFileSystemFoundationCompat-product' in project 'swift-nio'
        ➜ Explicit dependency on target '_NIOFileSystemFoundationCompat' in project 'swift-nio'
        ➜ Explicit dependency on target 'CNIOAtomics' in project 'swift-nio'
        ➜ Explicit dependency on target 'NIOConcurrencyHelpers' in project 'swift-nio'
        ➜ Explicit dependency on target '_NIOBase64' in project 'swift-nio'
        ➜ Explicit dependency on target 'CNIOOpenBSD' in project 'swift-nio'
        ➜ Explicit dependency on target 'CNIOFreeBSD' in project 'swift-nio'
        ➜ Explicit dependency on target 'CNIODarwin' in project 'swift-nio'
        ➜ Explicit dependency on target 'CNIOLinux' in project 'swift-nio'
        ➜ Explicit dependency on target 'CNIOWindows' in project 'swift-nio'
        ➜ Explicit dependency on target 'CNIOWASI' in project 'swift-nio'
        ➜ Explicit dependency on target '_NIODataStructures' in project 'swift-nio'
        ➜ Explicit dependency on target 'NIOCore' in project 'swift-nio'
        ➜ Explicit dependency on target 'CNIOPosix' in project 'swift-nio'
        ➜ Explicit dependency on target 'NIOPosix' in project 'swift-nio'
        ➜ Explicit dependency on target '_NIOFileSystem' in project 'swift-nio'
        ➜ Explicit dependency on target 'NIOFoundationEssentialsCompat' in project 'swift-nio'
        ➜ Explicit dependency on target 'DequeModule-product' in project 'swift-collections'
        ➜ Explicit dependency on target 'Atomics-product' in project 'swift-atomics'
        ➜ Explicit dependency on target 'SystemPackage-product' in project 'swift-system'
    Target '_NIOFileSystemFoundationCompat' in project 'swift-nio'
        ➜ Explicit dependency on target 'CNIOAtomics' in project 'swift-nio'
        ➜ Explicit dependency on target 'NIOConcurrencyHelpers' in project 'swift-nio'
        ➜ Explicit dependency on target '_NIOBase64' in project 'swift-nio'
        ➜ Explicit dependency on target 'CNIOOpenBSD' in project 'swift-nio'
        ➜ Explicit dependency on target 'CNIOFreeBSD' in project 'swift-nio'
        ➜ Explicit dependency on target 'CNIODarwin' in project 'swift-nio'
        ➜ Explicit dependency on target 'CNIOLinux' in project 'swift-nio'
        ➜ Explicit dependency on target 'CNIOWindows' in project 'swift-nio'
        ➜ Explicit dependency on target 'CNIOWASI' in project 'swift-nio'
        ➜ Explicit dependency on target '_NIODataStructures' in project 'swift-nio'
        ➜ Explicit dependency on target 'NIOCore' in project 'swift-nio'
        ➜ Explicit dependency on target 'CNIOPosix' in project 'swift-nio'
        ➜ Explicit dependency on target 'NIOPosix' in project 'swift-nio'
        ➜ Explicit dependency on target '_NIOFileSystem' in project 'swift-nio'
        ➜ Explicit dependency on target 'NIOFoundationEssentialsCompat' in project 'swift-nio'
        ➜ Explicit dependency on target 'DequeModule-product' in project 'swift-collections'
        ➜ Explicit dependency on target 'Atomics-product' in project 'swift-atomics'
        ➜ Explicit dependency on target 'SystemPackage-product' in project 'swift-system'
    Target '_NIOFileSystem-product' in project 'swift-nio'
        ➜ Explicit dependency on target '_NIOFileSystem' in project 'swift-nio'
        ➜ Explicit dependency on target 'NIOFileSystem' in project 'swift-nio'
        ➜ Explicit dependency on target 'swift-nio__NIOFileSystem' in project 'swift-nio'
        ➜ Explicit dependency on target 'CNIOAtomics' in project 'swift-nio'
        ➜ Explicit dependency on target 'NIOConcurrencyHelpers' in project 'swift-nio'
        ➜ Explicit dependency on target '_NIOBase64' in project 'swift-nio'
        ➜ Explicit dependency on target 'CNIOOpenBSD' in project 'swift-nio'
        ➜ Explicit dependency on target 'CNIOFreeBSD' in project 'swift-nio'
        ➜ Explicit dependency on target 'CNIODarwin' in project 'swift-nio'
        ➜ Explicit dependency on target 'CNIOLinux' in project 'swift-nio'
        ➜ Explicit dependency on target 'CNIOWindows' in project 'swift-nio'
        ➜ Explicit dependency on target 'CNIOWASI' in project 'swift-nio'
        ➜ Explicit dependency on target '_NIODataStructures' in project 'swift-nio'
        ➜ Explicit dependency on target 'NIOCore' in project 'swift-nio'
        ➜ Explicit dependency on target 'CNIOPosix' in project 'swift-nio'
        ➜ Explicit dependency on target 'NIOPosix' in project 'swift-nio'
        ➜ Explicit dependency on target 'DequeModule-product' in project 'swift-collections'
        ➜ Explicit dependency on target 'Atomics-product' in project 'swift-atomics'
        ➜ Explicit dependency on target 'SystemPackage-product' in project 'swift-system'
    Target 'NIOFileSystem' in project 'swift-nio'
        ➜ Explicit dependency on target 'CNIOAtomics' in project 'swift-nio'
        ➜ Explicit dependency on target 'NIOConcurrencyHelpers' in project 'swift-nio'
        ➜ Explicit dependency on target '_NIOBase64' in project 'swift-nio'
        ➜ Explicit dependency on target 'CNIOOpenBSD' in project 'swift-nio'
        ➜ Explicit dependency on target 'CNIOFreeBSD' in project 'swift-nio'
        ➜ Explicit dependency on target 'CNIODarwin' in project 'swift-nio'
        ➜ Explicit dependency on target 'CNIOLinux' in project 'swift-nio'
        ➜ Explicit dependency on target 'CNIOWindows' in project 'swift-nio'
        ➜ Explicit dependency on target 'CNIOWASI' in project 'swift-nio'
        ➜ Explicit dependency on target '_NIODataStructures' in project 'swift-nio'
        ➜ Explicit dependency on target 'NIOCore' in project 'swift-nio'
        ➜ Explicit dependency on target 'CNIOPosix' in project 'swift-nio'
        ➜ Explicit dependency on target 'NIOPosix' in project 'swift-nio'
        ➜ Explicit dependency on target '_NIOFileSystem' in project 'swift-nio'
        ➜ Explicit dependency on target 'DequeModule-product' in project 'swift-collections'
        ➜ Explicit dependency on target 'Atomics-product' in project 'swift-atomics'
        ➜ Explicit dependency on target 'SystemPackage-product' in project 'swift-system'
    Target '_NIOFileSystem' in project 'swift-nio'
        ➜ Explicit dependency on target 'swift-nio__NIOFileSystem' in project 'swift-nio'
        ➜ Explicit dependency on target 'CNIOAtomics' in project 'swift-nio'
        ➜ Explicit dependency on target 'NIOConcurrencyHelpers' in project 'swift-nio'
        ➜ Explicit dependency on target '_NIOBase64' in project 'swift-nio'
        ➜ Explicit dependency on target 'CNIOOpenBSD' in project 'swift-nio'
        ➜ Explicit dependency on target 'CNIOFreeBSD' in project 'swift-nio'
        ➜ Explicit dependency on target 'CNIODarwin' in project 'swift-nio'
        ➜ Explicit dependency on target 'CNIOLinux' in project 'swift-nio'
        ➜ Explicit dependency on target 'CNIOWindows' in project 'swift-nio'
        ➜ Explicit dependency on target 'CNIOWASI' in project 'swift-nio'
        ➜ Explicit dependency on target '_NIODataStructures' in project 'swift-nio'
        ➜ Explicit dependency on target 'NIOCore' in project 'swift-nio'
        ➜ Explicit dependency on target 'CNIOPosix' in project 'swift-nio'
        ➜ Explicit dependency on target 'NIOPosix' in project 'swift-nio'
        ➜ Explicit dependency on target 'DequeModule-product' in project 'swift-collections'
        ➜ Explicit dependency on target 'Atomics-product' in project 'swift-atomics'
        ➜ Explicit dependency on target 'SystemPackage-product' in project 'swift-system'
    Target 'swift-nio__NIOFileSystem' in project 'swift-nio' (no dependencies)
    Target 'MultipartKit-product' in project 'multipart-kit'
        ➜ Explicit dependency on target 'MultipartKit' in project 'multipart-kit'
        ➜ Explicit dependency on target 'NIO-product' in project 'swift-nio'
        ➜ Explicit dependency on target 'NIOHTTP1-product' in project 'swift-nio'
        ➜ Explicit dependency on target 'Collections-product' in project 'swift-collections'
    Target 'MultipartKit' in project 'multipart-kit'
        ➜ Explicit dependency on target 'NIO-product' in project 'swift-nio'
        ➜ Explicit dependency on target 'NIOHTTP1-product' in project 'swift-nio'
        ➜ Explicit dependency on target 'Collections-product' in project 'swift-collections'
    Target 'WebSocketKit-product' in project 'websocket-kit'
        ➜ Explicit dependency on target 'WebSocketKit' in project 'websocket-kit'
        ➜ Explicit dependency on target 'NIOCore-product' in project 'swift-nio'
        ➜ Explicit dependency on target 'NIOConcurrencyHelpers-product' in project 'swift-nio'
        ➜ Explicit dependency on target 'NIOExtras-product' in project 'swift-nio-extras'
        ➜ Explicit dependency on target 'NIOFoundationCompat-product' in project 'swift-nio'
        ➜ Explicit dependency on target 'NIOHTTP1-product' in project 'swift-nio'
        ➜ Explicit dependency on target 'NIOSSL-product' in project 'swift-nio-ssl'
        ➜ Explicit dependency on target 'NIOWebSocket-product' in project 'swift-nio'
        ➜ Explicit dependency on target 'NIOTransportServices-product' in project 'swift-nio-transport-services'
        ➜ Explicit dependency on target 'Atomics-product' in project 'swift-atomics'
    Target 'WebSocketKit' in project 'websocket-kit'
        ➜ Explicit dependency on target 'NIOCore-product' in project 'swift-nio'
        ➜ Explicit dependency on target 'NIOConcurrencyHelpers-product' in project 'swift-nio'
        ➜ Explicit dependency on target 'NIOExtras-product' in project 'swift-nio-extras'
        ➜ Explicit dependency on target 'NIOFoundationCompat-product' in project 'swift-nio'
        ➜ Explicit dependency on target 'NIOHTTP1-product' in project 'swift-nio'
        ➜ Explicit dependency on target 'NIOSSL-product' in project 'swift-nio-ssl'
        ➜ Explicit dependency on target 'NIOWebSocket-product' in project 'swift-nio'
        ➜ Explicit dependency on target 'NIOTransportServices-product' in project 'swift-nio-transport-services'
        ➜ Explicit dependency on target 'Atomics-product' in project 'swift-atomics'
    Target 'RoutingKit-product' in project 'routing-kit'
        ➜ Explicit dependency on target 'RoutingKit' in project 'routing-kit'
        ➜ Explicit dependency on target 'Logging-product' in project 'swift-log'
    Target 'RoutingKit' in project 'routing-kit'
        ➜ Explicit dependency on target 'Logging-product' in project 'swift-log'
    Target 'Crypto-product' in project 'swift-crypto'
        ➜ Explicit dependency on target 'Crypto' in project 'swift-crypto'
        ➜ Explicit dependency on target 'CCryptoBoringSSL' in project 'swift-crypto'
        ➜ Explicit dependency on target 'CCryptoBoringSSLShims' in project 'swift-crypto'
    Target 'Crypto' in project 'swift-crypto'
        ➜ Explicit dependency on target 'CCryptoBoringSSL' in project 'swift-crypto'
        ➜ Explicit dependency on target 'CCryptoBoringSSLShims' in project 'swift-crypto'
    Target 'CCryptoBoringSSLShims' in project 'swift-crypto'
        ➜ Explicit dependency on target 'CCryptoBoringSSL' in project 'swift-crypto'
    Target 'CCryptoBoringSSL' in project 'swift-crypto' (no dependencies)
    Target 'NIOWebSocket-product' in project 'swift-nio'
        ➜ Explicit dependency on target 'NIOWebSocket' in project 'swift-nio'
        ➜ Explicit dependency on target 'CNIOAtomics' in project 'swift-nio'
        ➜ Explicit dependency on target 'NIOConcurrencyHelpers' in project 'swift-nio'
        ➜ Explicit dependency on target '_NIOBase64' in project 'swift-nio'
        ➜ Explicit dependency on target 'CNIOOpenBSD' in project 'swift-nio'
        ➜ Explicit dependency on target 'CNIOFreeBSD' in project 'swift-nio'
        ➜ Explicit dependency on target 'CNIODarwin' in project 'swift-nio'
        ➜ Explicit dependency on target 'CNIOLinux' in project 'swift-nio'
        ➜ Explicit dependency on target 'CNIOWindows' in project 'swift-nio'
        ➜ Explicit dependency on target 'CNIOWASI' in project 'swift-nio'
        ➜ Explicit dependency on target '_NIODataStructures' in project 'swift-nio'
        ➜ Explicit dependency on target 'NIOCore' in project 'swift-nio'
        ➜ Explicit dependency on target 'NIOEmbedded' in project 'swift-nio'
        ➜ Explicit dependency on target 'CNIOPosix' in project 'swift-nio'
        ➜ Explicit dependency on target 'NIOPosix' in project 'swift-nio'
        ➜ Explicit dependency on target 'CNIOLLHTTP' in project 'swift-nio'
        ➜ Explicit dependency on target 'NIOHTTP1' in project 'swift-nio'
        ➜ Explicit dependency on target 'CNIOSHA1' in project 'swift-nio'
        ➜ Explicit dependency on target 'DequeModule-product' in project 'swift-collections'
        ➜ Explicit dependency on target 'Atomics-product' in project 'swift-atomics'
    Target 'NIOWebSocket' in project 'swift-nio'
        ➜ Explicit dependency on target 'CNIOAtomics' in project 'swift-nio'
        ➜ Explicit dependency on target 'NIOConcurrencyHelpers' in project 'swift-nio'
        ➜ Explicit dependency on target '_NIOBase64' in project 'swift-nio'
        ➜ Explicit dependency on target 'CNIOOpenBSD' in project 'swift-nio'
        ➜ Explicit dependency on target 'CNIOFreeBSD' in project 'swift-nio'
        ➜ Explicit dependency on target 'CNIODarwin' in project 'swift-nio'
        ➜ Explicit dependency on target 'CNIOLinux' in project 'swift-nio'
        ➜ Explicit dependency on target 'CNIOWindows' in project 'swift-nio'
        ➜ Explicit dependency on target 'CNIOWASI' in project 'swift-nio'
        ➜ Explicit dependency on target '_NIODataStructures' in project 'swift-nio'
        ➜ Explicit dependency on target 'NIOCore' in project 'swift-nio'
        ➜ Explicit dependency on target 'NIOEmbedded' in project 'swift-nio'
        ➜ Explicit dependency on target 'CNIOPosix' in project 'swift-nio'
        ➜ Explicit dependency on target 'NIOPosix' in project 'swift-nio'
        ➜ Explicit dependency on target 'CNIOLLHTTP' in project 'swift-nio'
        ➜ Explicit dependency on target 'NIOHTTP1' in project 'swift-nio'
        ➜ Explicit dependency on target 'CNIOSHA1' in project 'swift-nio'
        ➜ Explicit dependency on target 'DequeModule-product' in project 'swift-collections'
        ➜ Explicit dependency on target 'Atomics-product' in project 'swift-atomics'
    Target 'CNIOSHA1' in project 'swift-nio' (no dependencies)
    Target 'NIOExtras-product' in project 'swift-nio-extras'
        ➜ Explicit dependency on target 'NIOExtras' in project 'swift-nio-extras'
        ➜ Explicit dependency on target 'NIO-product' in project 'swift-nio'
        ➜ Explicit dependency on target 'NIOCore-product' in project 'swift-nio'
        ➜ Explicit dependency on target 'NIOHTTP1-product' in project 'swift-nio'
    Target 'NIOExtras' in project 'swift-nio-extras'
        ➜ Explicit dependency on target 'NIO-product' in project 'swift-nio'
        ➜ Explicit dependency on target 'NIOCore-product' in project 'swift-nio'
        ➜ Explicit dependency on target 'NIOHTTP1-product' in project 'swift-nio'
    Target 'Metrics-product' in project 'swift-metrics'
        ➜ Explicit dependency on target 'Metrics' in project 'swift-metrics'
        ➜ Explicit dependency on target 'CoreMetrics' in project 'swift-metrics'
    Target 'Metrics' in project 'swift-metrics'
        ➜ Explicit dependency on target 'CoreMetrics' in project 'swift-metrics'
    Target 'CoreMetrics' in project 'swift-metrics' (no dependencies)
    Target 'ConsoleKit-product' in project 'console-kit'
        ➜ Explicit dependency on target 'ConsoleKit' in project 'console-kit'
        ➜ Explicit dependency on target 'ConsoleKitTerminal' in project 'console-kit'
        ➜ Explicit dependency on target 'ConsoleKitCommands' in project 'console-kit'
        ➜ Explicit dependency on target 'Logging-product' in project 'swift-log'
        ➜ Explicit dependency on target 'NIOConcurrencyHelpers-product' in project 'swift-nio'
    Target 'ConsoleKit' in project 'console-kit'
        ➜ Explicit dependency on target 'ConsoleKitTerminal' in project 'console-kit'
        ➜ Explicit dependency on target 'ConsoleKitCommands' in project 'console-kit'
        ➜ Explicit dependency on target 'Logging-product' in project 'swift-log'
        ➜ Explicit dependency on target 'NIOConcurrencyHelpers-product' in project 'swift-nio'
    Target 'ConsoleKitCommands' in project 'console-kit'
        ➜ Explicit dependency on target 'ConsoleKitTerminal' in project 'console-kit'
        ➜ Explicit dependency on target 'Logging-product' in project 'swift-log'
        ➜ Explicit dependency on target 'NIOConcurrencyHelpers-product' in project 'swift-nio'
    Target 'ConsoleKitTerminal' in project 'console-kit'
        ➜ Explicit dependency on target 'Logging-product' in project 'swift-log'
        ➜ Explicit dependency on target 'NIOConcurrencyHelpers-product' in project 'swift-nio'
    Target 'AsyncKit-product' in project 'async-kit'
        ➜ Explicit dependency on target 'AsyncKit' in project 'async-kit'
        ➜ Explicit dependency on target 'Logging-product' in project 'swift-log'
        ➜ Explicit dependency on target 'NIOCore-product' in project 'swift-nio'
        ➜ Explicit dependency on target 'NIOEmbedded-product' in project 'swift-nio'
        ➜ Explicit dependency on target 'NIOPosix-product' in project 'swift-nio'
        ➜ Explicit dependency on target 'Collections-product' in project 'swift-collections'
        ➜ Explicit dependency on target 'Algorithms-product' in project 'swift-algorithms'
    Target 'AsyncKit' in project 'async-kit'
        ➜ Explicit dependency on target 'Logging-product' in project 'swift-log'
        ➜ Explicit dependency on target 'NIOCore-product' in project 'swift-nio'
        ➜ Explicit dependency on target 'NIOEmbedded-product' in project 'swift-nio'
        ➜ Explicit dependency on target 'NIOPosix-product' in project 'swift-nio'
        ➜ Explicit dependency on target 'Collections-product' in project 'swift-collections'
        ➜ Explicit dependency on target 'Algorithms-product' in project 'swift-algorithms'
    Target 'Collections-product' in project 'swift-collections'
        ➜ Explicit dependency on target 'Collections' in project 'swift-collections'
        ➜ Explicit dependency on target 'InternalCollectionsUtilities' in project 'swift-collections'
        ➜ Explicit dependency on target 'BitCollections' in project 'swift-collections'
        ➜ Explicit dependency on target 'ContainersPreview' in project 'swift-collections'
        ➜ Explicit dependency on target 'DequeModule' in project 'swift-collections'
        ➜ Explicit dependency on target 'HashTreeCollections' in project 'swift-collections'
        ➜ Explicit dependency on target 'HeapModule' in project 'swift-collections'
        ➜ Explicit dependency on target 'OrderedCollections' in project 'swift-collections'
        ➜ Explicit dependency on target '_RopeModule' in project 'swift-collections'
    Target 'Collections' in project 'swift-collections'
        ➜ Explicit dependency on target 'InternalCollectionsUtilities' in project 'swift-collections'
        ➜ Explicit dependency on target 'BitCollections' in project 'swift-collections'
        ➜ Explicit dependency on target 'ContainersPreview' in project 'swift-collections'
        ➜ Explicit dependency on target 'DequeModule' in project 'swift-collections'
        ➜ Explicit dependency on target 'HashTreeCollections' in project 'swift-collections'
        ➜ Explicit dependency on target 'HeapModule' in project 'swift-collections'
        ➜ Explicit dependency on target 'OrderedCollections' in project 'swift-collections'
        ➜ Explicit dependency on target '_RopeModule' in project 'swift-collections'
    Target '_RopeModule' in project 'swift-collections'
        ➜ Explicit dependency on target 'InternalCollectionsUtilities' in project 'swift-collections'
    Target 'OrderedCollections' in project 'swift-collections'
        ➜ Explicit dependency on target 'InternalCollectionsUtilities' in project 'swift-collections'
    Target 'HeapModule' in project 'swift-collections'
        ➜ Explicit dependency on target 'InternalCollectionsUtilities' in project 'swift-collections'
    Target 'HashTreeCollections' in project 'swift-collections'
        ➜ Explicit dependency on target 'InternalCollectionsUtilities' in project 'swift-collections'
    Target 'BitCollections' in project 'swift-collections'
        ➜ Explicit dependency on target 'InternalCollectionsUtilities' in project 'swift-collections'
    Target 'NIOEmbedded-product' in project 'swift-nio'
        ➜ Explicit dependency on target 'NIOEmbedded' in project 'swift-nio'
        ➜ Explicit dependency on target 'CNIOAtomics' in project 'swift-nio'
        ➜ Explicit dependency on target 'NIOConcurrencyHelpers' in project 'swift-nio'
        ➜ Explicit dependency on target '_NIOBase64' in project 'swift-nio'
        ➜ Explicit dependency on target 'CNIOOpenBSD' in project 'swift-nio'
        ➜ Explicit dependency on target 'CNIOFreeBSD' in project 'swift-nio'
        ➜ Explicit dependency on target 'CNIODarwin' in project 'swift-nio'
        ➜ Explicit dependency on target 'CNIOLinux' in project 'swift-nio'
        ➜ Explicit dependency on target 'CNIOWindows' in project 'swift-nio'
        ➜ Explicit dependency on target 'CNIOWASI' in project 'swift-nio'
        ➜ Explicit dependency on target '_NIODataStructures' in project 'swift-nio'
        ➜ Explicit dependency on target 'NIOCore' in project 'swift-nio'
        ➜ Explicit dependency on target 'DequeModule-product' in project 'swift-collections'
        ➜ Explicit dependency on target 'Atomics-product' in project 'swift-atomics'
    Target 'AsyncHTTPClient-product' in project 'async-http-client'
        ➜ Explicit dependency on target 'AsyncHTTPClient' in project 'async-http-client'
        ➜ Explicit dependency on target 'CAsyncHTTPClient' in project 'async-http-client'
        ➜ Explicit dependency on target 'NIO-product' in project 'swift-nio'
        ➜ Explicit dependency on target 'NIOTLS-product' in project 'swift-nio'
        ➜ Explicit dependency on target 'NIOCore-product' in project 'swift-nio'
        ➜ Explicit dependency on target 'NIOPosix-product' in project 'swift-nio'
        ➜ Explicit dependency on target 'NIOHTTP1-product' in project 'swift-nio'
        ➜ Explicit dependency on target 'NIOConcurrencyHelpers-product' in project 'swift-nio'
        ➜ Explicit dependency on target 'NIOHTTP2-product' in project 'swift-nio-http2'
        ➜ Explicit dependency on target 'NIOSSL-product' in project 'swift-nio-ssl'
        ➜ Explicit dependency on target 'NIOHTTPCompression-product' in project 'swift-nio-extras'
        ➜ Explicit dependency on target 'NIOSOCKS-product' in project 'swift-nio-extras'
        ➜ Explicit dependency on target 'NIOTransportServices-product' in project 'swift-nio-transport-services'
        ➜ Explicit dependency on target 'Atomics-product' in project 'swift-atomics'
        ➜ Explicit dependency on target 'Algorithms-product' in project 'swift-algorithms'
        ➜ Explicit dependency on target 'Configuration-product' in project 'swift-configuration'
        ➜ Explicit dependency on target 'Logging-product' in project 'swift-log'
        ➜ Explicit dependency on target 'Tracing-product' in project 'swift-distributed-tracing'
        ➜ Explicit dependency on target 'ServiceContextModule-product' in project 'swift-service-context'
    Target 'AsyncHTTPClient' in project 'async-http-client'
        ➜ Explicit dependency on target 'CAsyncHTTPClient' in project 'async-http-client'
        ➜ Explicit dependency on target 'NIO-product' in project 'swift-nio'
        ➜ Explicit dependency on target 'NIOTLS-product' in project 'swift-nio'
        ➜ Explicit dependency on target 'NIOCore-product' in project 'swift-nio'
        ➜ Explicit dependency on target 'NIOPosix-product' in project 'swift-nio'
        ➜ Explicit dependency on target 'NIOHTTP1-product' in project 'swift-nio'
        ➜ Explicit dependency on target 'NIOConcurrencyHelpers-product' in project 'swift-nio'
        ➜ Explicit dependency on target 'NIOHTTP2-product' in project 'swift-nio-http2'
        ➜ Explicit dependency on target 'NIOSSL-product' in project 'swift-nio-ssl'
        ➜ Explicit dependency on target 'NIOHTTPCompression-product' in project 'swift-nio-extras'
        ➜ Explicit dependency on target 'NIOSOCKS-product' in project 'swift-nio-extras'
        ➜ Explicit dependency on target 'NIOTransportServices-product' in project 'swift-nio-transport-services'
        ➜ Explicit dependency on target 'Atomics-product' in project 'swift-atomics'
        ➜ Explicit dependency on target 'Algorithms-product' in project 'swift-algorithms'
        ➜ Explicit dependency on target 'Configuration-product' in project 'swift-configuration'
        ➜ Explicit dependency on target 'Logging-product' in project 'swift-log'
        ➜ Explicit dependency on target 'Tracing-product' in project 'swift-distributed-tracing'
        ➜ Explicit dependency on target 'ServiceContextModule-product' in project 'swift-service-context'
    Target 'Tracing-product' in project 'swift-distributed-tracing'
        ➜ Explicit dependency on target 'Tracing' in project 'swift-distributed-tracing'
        ➜ Explicit dependency on target 'Instrumentation' in project 'swift-distributed-tracing'
        ➜ Explicit dependency on target 'ServiceContextModule-product' in project 'swift-service-context'
    Target 'Tracing' in project 'swift-distributed-tracing'
        ➜ Explicit dependency on target 'Instrumentation' in project 'swift-distributed-tracing'
        ➜ Explicit dependency on target 'ServiceContextModule-product' in project 'swift-service-context'
    Target 'Instrumentation' in project 'swift-distributed-tracing'
        ➜ Explicit dependency on target 'ServiceContextModule-product' in project 'swift-service-context'
    Target 'ServiceContextModule-product' in project 'swift-service-context'
        ➜ Explicit dependency on target 'ServiceContextModule' in project 'swift-service-context'
    Target 'ServiceContextModule' in project 'swift-service-context' (no dependencies)
    Target 'Logging-product' in project 'swift-log'
        ➜ Explicit dependency on target 'Logging' in project 'swift-log'
    Target 'Logging' in project 'swift-log' (no dependencies)
    Target 'Configuration-product' in project 'swift-configuration'
        ➜ Explicit dependency on target 'Configuration' in project 'swift-configuration'
        ➜ Explicit dependency on target 'SystemPackage-product' in project 'swift-system'
        ➜ Explicit dependency on target 'DequeModule-product' in project 'swift-collections'
    Target 'Configuration' in project 'swift-configuration'
        ➜ Explicit dependency on target 'SystemPackage-product' in project 'swift-system'
        ➜ Explicit dependency on target 'DequeModule-product' in project 'swift-collections'
    Target 'SystemPackage-product' in project 'swift-system'
        ➜ Explicit dependency on target 'SystemPackage' in project 'swift-system'
        ➜ Explicit dependency on target 'CSystem' in project 'swift-system'
    Target 'SystemPackage' in project 'swift-system'
        ➜ Explicit dependency on target 'CSystem' in project 'swift-system'
    Target 'CSystem' in project 'swift-system' (no dependencies)
    Target 'Algorithms-product' in project 'swift-algorithms'
        ➜ Explicit dependency on target 'Algorithms' in project 'swift-algorithms'
        ➜ Explicit dependency on target 'RealModule-product' in project 'swift-numerics'
    Target 'Algorithms' in project 'swift-algorithms'
        ➜ Explicit dependency on target 'RealModule-product' in project 'swift-numerics'
    Target 'RealModule-product' in project 'swift-numerics'
        ➜ Explicit dependency on target 'RealModule' in project 'swift-numerics'
        ➜ Explicit dependency on target '_NumericsShims' in project 'swift-numerics'
    Target 'RealModule' in project 'swift-numerics'
        ➜ Explicit dependency on target '_NumericsShims' in project 'swift-numerics'
    Target '_NumericsShims' in project 'swift-numerics' (no dependencies)
    Target 'NIOTransportServices-product' in project 'swift-nio-transport-services'
        ➜ Explicit dependency on target 'NIOTransportServices' in project 'swift-nio-transport-services'
        ➜ Explicit dependency on target 'NIO-product' in project 'swift-nio'
        ➜ Explicit dependency on target 'NIOCore-product' in project 'swift-nio'
        ➜ Explicit dependency on target 'NIOFoundationCompat-product' in project 'swift-nio'
        ➜ Explicit dependency on target 'NIOTLS-product' in project 'swift-nio'
        ➜ Explicit dependency on target 'Atomics-product' in project 'swift-atomics'
    Target 'NIOTransportServices' in project 'swift-nio-transport-services'
        ➜ Explicit dependency on target 'NIO-product' in project 'swift-nio'
        ➜ Explicit dependency on target 'NIOCore-product' in project 'swift-nio'
        ➜ Explicit dependency on target 'NIOFoundationCompat-product' in project 'swift-nio'
        ➜ Explicit dependency on target 'NIOTLS-product' in project 'swift-nio'
        ➜ Explicit dependency on target 'Atomics-product' in project 'swift-atomics'
    Target 'NIOFoundationCompat-product' in project 'swift-nio'
        ➜ Explicit dependency on target 'NIOFoundationCompat' in project 'swift-nio'
        ➜ Explicit dependency on target 'CNIOAtomics' in project 'swift-nio'
        ➜ Explicit dependency on target 'NIOConcurrencyHelpers' in project 'swift-nio'
        ➜ Explicit dependency on target '_NIOBase64' in project 'swift-nio'
        ➜ Explicit dependency on target 'CNIOOpenBSD' in project 'swift-nio'
        ➜ Explicit dependency on target 'CNIOFreeBSD' in project 'swift-nio'
        ➜ Explicit dependency on target 'CNIODarwin' in project 'swift-nio'
        ➜ Explicit dependency on target 'CNIOLinux' in project 'swift-nio'
        ➜ Explicit dependency on target 'CNIOWindows' in project 'swift-nio'
        ➜ Explicit dependency on target 'CNIOWASI' in project 'swift-nio'
        ➜ Explicit dependency on target '_NIODataStructures' in project 'swift-nio'
        ➜ Explicit dependency on target 'NIOCore' in project 'swift-nio'
        ➜ Explicit dependency on target 'NIOEmbedded' in project 'swift-nio'
        ➜ Explicit dependency on target 'CNIOPosix' in project 'swift-nio'
        ➜ Explicit dependency on target 'NIOPosix' in project 'swift-nio'
        ➜ Explicit dependency on target 'NIOFoundationEssentialsCompat' in project 'swift-nio'
        ➜ Explicit dependency on target 'DequeModule-product' in project 'swift-collections'
        ➜ Explicit dependency on target 'Atomics-product' in project 'swift-atomics'
    Target 'NIOFoundationCompat' in project 'swift-nio'
        ➜ Explicit dependency on target 'CNIOAtomics' in project 'swift-nio'
        ➜ Explicit dependency on target 'NIOConcurrencyHelpers' in project 'swift-nio'
        ➜ Explicit dependency on target '_NIOBase64' in project 'swift-nio'
        ➜ Explicit dependency on target 'CNIOOpenBSD' in project 'swift-nio'
        ➜ Explicit dependency on target 'CNIOFreeBSD' in project 'swift-nio'
        ➜ Explicit dependency on target 'CNIODarwin' in project 'swift-nio'
        ➜ Explicit dependency on target 'CNIOLinux' in project 'swift-nio'
        ➜ Explicit dependency on target 'CNIOWindows' in project 'swift-nio'
        ➜ Explicit dependency on target 'CNIOWASI' in project 'swift-nio'
        ➜ Explicit dependency on target '_NIODataStructures' in project 'swift-nio'
        ➜ Explicit dependency on target 'NIOCore' in project 'swift-nio'
        ➜ Explicit dependency on target 'NIOEmbedded' in project 'swift-nio'
        ➜ Explicit dependency on target 'CNIOPosix' in project 'swift-nio'
        ➜ Explicit dependency on target 'NIOPosix' in project 'swift-nio'
        ➜ Explicit dependency on target 'NIOFoundationEssentialsCompat' in project 'swift-nio'
        ➜ Explicit dependency on target 'DequeModule-product' in project 'swift-collections'
        ➜ Explicit dependency on target 'Atomics-product' in project 'swift-atomics'
    Target 'NIOFoundationEssentialsCompat' in project 'swift-nio'
        ➜ Explicit dependency on target 'CNIOAtomics' in project 'swift-nio'
        ➜ Explicit dependency on target 'NIOConcurrencyHelpers' in project 'swift-nio'
        ➜ Explicit dependency on target '_NIOBase64' in project 'swift-nio'
        ➜ Explicit dependency on target 'CNIOOpenBSD' in project 'swift-nio'
        ➜ Explicit dependency on target 'CNIOFreeBSD' in project 'swift-nio'
        ➜ Explicit dependency on target 'CNIODarwin' in project 'swift-nio'
        ➜ Explicit dependency on target 'CNIOLinux' in project 'swift-nio'
        ➜ Explicit dependency on target 'CNIOWindows' in project 'swift-nio'
        ➜ Explicit dependency on target 'CNIOWASI' in project 'swift-nio'
        ➜ Explicit dependency on target '_NIODataStructures' in project 'swift-nio'
        ➜ Explicit dependency on target 'NIOCore' in project 'swift-nio'
        ➜ Explicit dependency on target 'DequeModule-product' in project 'swift-collections'
        ➜ Explicit dependency on target 'Atomics-product' in project 'swift-atomics'
    Target 'NIOSOCKS-product' in project 'swift-nio-extras'
        ➜ Explicit dependency on target 'NIOSOCKS' in project 'swift-nio-extras'
        ➜ Explicit dependency on target 'NIO-product' in project 'swift-nio'
        ➜ Explicit dependency on target 'NIOCore-product' in project 'swift-nio'
    Target 'NIOSOCKS' in project 'swift-nio-extras'
        ➜ Explicit dependency on target 'NIO-product' in project 'swift-nio'
        ➜ Explicit dependency on target 'NIOCore-product' in project 'swift-nio'
    Target 'NIOHTTPCompression-product' in project 'swift-nio-extras'
        ➜ Explicit dependency on target 'NIOHTTPCompression' in project 'swift-nio-extras'
        ➜ Explicit dependency on target 'CNIOExtrasZlib' in project 'swift-nio-extras'
        ➜ Explicit dependency on target 'NIO-product' in project 'swift-nio'
        ➜ Explicit dependency on target 'NIOCore-product' in project 'swift-nio'
        ➜ Explicit dependency on target 'NIOHTTP1-product' in project 'swift-nio'
    Target 'NIOHTTPCompression' in project 'swift-nio-extras'
        ➜ Explicit dependency on target 'CNIOExtrasZlib' in project 'swift-nio-extras'
        ➜ Explicit dependency on target 'NIO-product' in project 'swift-nio'
        ➜ Explicit dependency on target 'NIOCore-product' in project 'swift-nio'
        ➜ Explicit dependency on target 'NIOHTTP1-product' in project 'swift-nio'
    Target 'CNIOExtrasZlib' in project 'swift-nio-extras' (no dependencies)
    Target 'NIOSSL-product' in project 'swift-nio-ssl'
        ➜ Explicit dependency on target 'NIOSSL' in project 'swift-nio-ssl'
        ➜ Explicit dependency on target 'swift-nio-ssl_NIOSSL' in project 'swift-nio-ssl'
        ➜ Explicit dependency on target 'CNIOBoringSSL' in project 'swift-nio-ssl'
        ➜ Explicit dependency on target 'CNIOBoringSSLShims' in project 'swift-nio-ssl'
        ➜ Explicit dependency on target 'NIO-product' in project 'swift-nio'
        ➜ Explicit dependency on target 'NIOCore-product' in project 'swift-nio'
        ➜ Explicit dependency on target 'NIOConcurrencyHelpers-product' in project 'swift-nio'
        ➜ Explicit dependency on target 'NIOTLS-product' in project 'swift-nio'
    Target 'NIOSSL' in project 'swift-nio-ssl'
        ➜ Explicit dependency on target 'swift-nio-ssl_NIOSSL' in project 'swift-nio-ssl'
        ➜ Explicit dependency on target 'CNIOBoringSSL' in project 'swift-nio-ssl'
        ➜ Explicit dependency on target 'CNIOBoringSSLShims' in project 'swift-nio-ssl'
        ➜ Explicit dependency on target 'NIO-product' in project 'swift-nio'
        ➜ Explicit dependency on target 'NIOCore-product' in project 'swift-nio'
        ➜ Explicit dependency on target 'NIOConcurrencyHelpers-product' in project 'swift-nio'
        ➜ Explicit dependency on target 'NIOTLS-product' in project 'swift-nio'
    Target 'CNIOBoringSSLShims' in project 'swift-nio-ssl'
        ➜ Explicit dependency on target 'CNIOBoringSSL' in project 'swift-nio-ssl'
    Target 'CNIOBoringSSL' in project 'swift-nio-ssl' (no dependencies)
    Target 'swift-nio-ssl_NIOSSL' in project 'swift-nio-ssl' (no dependencies)
    Target 'NIOHTTP2-product' in project 'swift-nio-http2'
        ➜ Explicit dependency on target 'NIOHTTP2' in project 'swift-nio-http2'
        ➜ Explicit dependency on target 'NIOHPACK' in project 'swift-nio-http2'
        ➜ Explicit dependency on target 'NIO-product' in project 'swift-nio'
        ➜ Explicit dependency on target 'NIOCore-product' in project 'swift-nio'
        ➜ Explicit dependency on target 'NIOConcurrencyHelpers-product' in project 'swift-nio'
        ➜ Explicit dependency on target 'NIOHTTP1-product' in project 'swift-nio'
        ➜ Explicit dependency on target 'NIOTLS-product' in project 'swift-nio'
        ➜ Explicit dependency on target 'Atomics-product' in project 'swift-atomics'
    Target 'NIOHTTP2' in project 'swift-nio-http2'
        ➜ Explicit dependency on target 'NIOHPACK' in project 'swift-nio-http2'
        ➜ Explicit dependency on target 'NIO-product' in project 'swift-nio'
        ➜ Explicit dependency on target 'NIOCore-product' in project 'swift-nio'
        ➜ Explicit dependency on target 'NIOConcurrencyHelpers-product' in project 'swift-nio'
        ➜ Explicit dependency on target 'NIOHTTP1-product' in project 'swift-nio'
        ➜ Explicit dependency on target 'NIOTLS-product' in project 'swift-nio'
        ➜ Explicit dependency on target 'Atomics-product' in project 'swift-atomics'
    Target 'NIOHPACK' in project 'swift-nio-http2'
        ➜ Explicit dependency on target 'NIO-product' in project 'swift-nio'
        ➜ Explicit dependency on target 'NIOCore-product' in project 'swift-nio'
        ➜ Explicit dependency on target 'NIOConcurrencyHelpers-product' in project 'swift-nio'
        ➜ Explicit dependency on target 'NIOHTTP1-product' in project 'swift-nio'
    Target 'NIOConcurrencyHelpers-product' in project 'swift-nio'
        ➜ Explicit dependency on target 'NIOConcurrencyHelpers' in project 'swift-nio'
        ➜ Explicit dependency on target 'CNIOAtomics' in project 'swift-nio'
    Target 'NIOHTTP1-product' in project 'swift-nio'
        ➜ Explicit dependency on target 'NIOHTTP1' in project 'swift-nio'
        ➜ Explicit dependency on target 'CNIOAtomics' in project 'swift-nio'
        ➜ Explicit dependency on target 'NIOConcurrencyHelpers' in project 'swift-nio'
        ➜ Explicit dependency on target '_NIOBase64' in project 'swift-nio'
        ➜ Explicit dependency on target 'CNIOOpenBSD' in project 'swift-nio'
        ➜ Explicit dependency on target 'CNIOFreeBSD' in project 'swift-nio'
        ➜ Explicit dependency on target 'CNIODarwin' in project 'swift-nio'
        ➜ Explicit dependency on target 'CNIOLinux' in project 'swift-nio'
        ➜ Explicit dependency on target 'CNIOWindows' in project 'swift-nio'
        ➜ Explicit dependency on target 'CNIOWASI' in project 'swift-nio'
        ➜ Explicit dependency on target '_NIODataStructures' in project 'swift-nio'
        ➜ Explicit dependency on target 'NIOCore' in project 'swift-nio'
        ➜ Explicit dependency on target 'NIOEmbedded' in project 'swift-nio'
        ➜ Explicit dependency on target 'CNIOPosix' in project 'swift-nio'
        ➜ Explicit dependency on target 'NIOPosix' in project 'swift-nio'
        ➜ Explicit dependency on target 'CNIOLLHTTP' in project 'swift-nio'
        ➜ Explicit dependency on target 'DequeModule-product' in project 'swift-collections'
        ➜ Explicit dependency on target 'Atomics-product' in project 'swift-atomics'
    Target 'NIOHTTP1' in project 'swift-nio'
        ➜ Explicit dependency on target 'CNIOAtomics' in project 'swift-nio'
        ➜ Explicit dependency on target 'NIOConcurrencyHelpers' in project 'swift-nio'
        ➜ Explicit dependency on target '_NIOBase64' in project 'swift-nio'
        ➜ Explicit dependency on target 'CNIOOpenBSD' in project 'swift-nio'
        ➜ Explicit dependency on target 'CNIOFreeBSD' in project 'swift-nio'
        ➜ Explicit dependency on target 'CNIODarwin' in project 'swift-nio'
        ➜ Explicit dependency on target 'CNIOLinux' in project 'swift-nio'
        ➜ Explicit dependency on target 'CNIOWindows' in project 'swift-nio'
        ➜ Explicit dependency on target 'CNIOWASI' in project 'swift-nio'
        ➜ Explicit dependency on target '_NIODataStructures' in project 'swift-nio'
        ➜ Explicit dependency on target 'NIOCore' in project 'swift-nio'
        ➜ Explicit dependency on target 'NIOEmbedded' in project 'swift-nio'
        ➜ Explicit dependency on target 'CNIOPosix' in project 'swift-nio'
        ➜ Explicit dependency on target 'NIOPosix' in project 'swift-nio'
        ➜ Explicit dependency on target 'CNIOLLHTTP' in project 'swift-nio'
        ➜ Explicit dependency on target 'DequeModule-product' in project 'swift-collections'
        ➜ Explicit dependency on target 'Atomics-product' in project 'swift-atomics'
    Target 'CNIOLLHTTP' in project 'swift-nio' (no dependencies)
    Target 'NIOPosix-product' in project 'swift-nio'
        ➜ Explicit dependency on target 'NIOPosix' in project 'swift-nio'
        ➜ Explicit dependency on target 'swift-nio_NIOPosix' in project 'swift-nio'
        ➜ Explicit dependency on target 'CNIOOpenBSD' in project 'swift-nio'
        ➜ Explicit dependency on target 'CNIOLinux' in project 'swift-nio'
        ➜ Explicit dependency on target 'CNIODarwin' in project 'swift-nio'
        ➜ Explicit dependency on target 'CNIOWindows' in project 'swift-nio'
        ➜ Explicit dependency on target 'CNIOAtomics' in project 'swift-nio'
        ➜ Explicit dependency on target 'NIOConcurrencyHelpers' in project 'swift-nio'
        ➜ Explicit dependency on target '_NIOBase64' in project 'swift-nio'
        ➜ Explicit dependency on target 'CNIOFreeBSD' in project 'swift-nio'
        ➜ Explicit dependency on target 'CNIOWASI' in project 'swift-nio'
        ➜ Explicit dependency on target '_NIODataStructures' in project 'swift-nio'
        ➜ Explicit dependency on target 'NIOCore' in project 'swift-nio'
        ➜ Explicit dependency on target 'CNIOPosix' in project 'swift-nio'
        ➜ Explicit dependency on target 'DequeModule-product' in project 'swift-collections'
        ➜ Explicit dependency on target 'Atomics-product' in project 'swift-atomics'
    Target 'NIOCore-product' in project 'swift-nio'
        ➜ Explicit dependency on target 'NIOCore' in project 'swift-nio'
        ➜ Explicit dependency on target 'CNIOAtomics' in project 'swift-nio'
        ➜ Explicit dependency on target 'NIOConcurrencyHelpers' in project 'swift-nio'
        ➜ Explicit dependency on target '_NIOBase64' in project 'swift-nio'
        ➜ Explicit dependency on target 'CNIOOpenBSD' in project 'swift-nio'
        ➜ Explicit dependency on target 'CNIOFreeBSD' in project 'swift-nio'
        ➜ Explicit dependency on target 'CNIODarwin' in project 'swift-nio'
        ➜ Explicit dependency on target 'CNIOLinux' in project 'swift-nio'
        ➜ Explicit dependency on target 'CNIOWindows' in project 'swift-nio'
        ➜ Explicit dependency on target 'CNIOWASI' in project 'swift-nio'
        ➜ Explicit dependency on target '_NIODataStructures' in project 'swift-nio'
        ➜ Explicit dependency on target 'DequeModule-product' in project 'swift-collections'
        ➜ Explicit dependency on target 'Atomics-product' in project 'swift-atomics'
    Target 'NIOTLS-product' in project 'swift-nio'
        ➜ Explicit dependency on target 'NIOTLS' in project 'swift-nio'
        ➜ Explicit dependency on target 'CNIOAtomics' in project 'swift-nio'
        ➜ Explicit dependency on target 'NIOConcurrencyHelpers' in project 'swift-nio'
        ➜ Explicit dependency on target '_NIOBase64' in project 'swift-nio'
        ➜ Explicit dependency on target 'CNIOOpenBSD' in project 'swift-nio'
        ➜ Explicit dependency on target 'CNIOFreeBSD' in project 'swift-nio'
        ➜ Explicit dependency on target 'CNIODarwin' in project 'swift-nio'
        ➜ Explicit dependency on target 'CNIOLinux' in project 'swift-nio'
        ➜ Explicit dependency on target 'CNIOWindows' in project 'swift-nio'
        ➜ Explicit dependency on target 'CNIOWASI' in project 'swift-nio'
        ➜ Explicit dependency on target '_NIODataStructures' in project 'swift-nio'
        ➜ Explicit dependency on target 'NIOCore' in project 'swift-nio'
        ➜ Explicit dependency on target 'NIOEmbedded' in project 'swift-nio'
        ➜ Explicit dependency on target 'CNIOPosix' in project 'swift-nio'
        ➜ Explicit dependency on target 'NIOPosix' in project 'swift-nio'
        ➜ Explicit dependency on target 'DequeModule-product' in project 'swift-collections'
        ➜ Explicit dependency on target 'Atomics-product' in project 'swift-atomics'
    Target 'NIOTLS' in project 'swift-nio'
        ➜ Explicit dependency on target 'CNIOAtomics' in project 'swift-nio'
        ➜ Explicit dependency on target 'NIOConcurrencyHelpers' in project 'swift-nio'
        ➜ Explicit dependency on target '_NIOBase64' in project 'swift-nio'
        ➜ Explicit dependency on target 'CNIOOpenBSD' in project 'swift-nio'
        ➜ Explicit dependency on target 'CNIOFreeBSD' in project 'swift-nio'
        ➜ Explicit dependency on target 'CNIODarwin' in project 'swift-nio'
        ➜ Explicit dependency on target 'CNIOLinux' in project 'swift-nio'
        ➜ Explicit dependency on target 'CNIOWindows' in project 'swift-nio'
        ➜ Explicit dependency on target 'CNIOWASI' in project 'swift-nio'
        ➜ Explicit dependency on target '_NIODataStructures' in project 'swift-nio'
        ➜ Explicit dependency on target 'NIOCore' in project 'swift-nio'
        ➜ Explicit dependency on target 'NIOEmbedded' in project 'swift-nio'
        ➜ Explicit dependency on target 'CNIOPosix' in project 'swift-nio'
        ➜ Explicit dependency on target 'NIOPosix' in project 'swift-nio'
        ➜ Explicit dependency on target 'DequeModule-product' in project 'swift-collections'
        ➜ Explicit dependency on target 'Atomics-product' in project 'swift-atomics'
    Target 'NIO-product' in project 'swift-nio'
        ➜ Explicit dependency on target 'NIO' in project 'swift-nio'
        ➜ Explicit dependency on target 'CNIOAtomics' in project 'swift-nio'
        ➜ Explicit dependency on target 'NIOConcurrencyHelpers' in project 'swift-nio'
        ➜ Explicit dependency on target '_NIOBase64' in project 'swift-nio'
        ➜ Explicit dependency on target 'CNIOOpenBSD' in project 'swift-nio'
        ➜ Explicit dependency on target 'CNIOFreeBSD' in project 'swift-nio'
        ➜ Explicit dependency on target 'CNIODarwin' in project 'swift-nio'
        ➜ Explicit dependency on target 'CNIOLinux' in project 'swift-nio'
        ➜ Explicit dependency on target 'CNIOWindows' in project 'swift-nio'
        ➜ Explicit dependency on target 'CNIOWASI' in project 'swift-nio'
        ➜ Explicit dependency on target '_NIODataStructures' in project 'swift-nio'
        ➜ Explicit dependency on target 'NIOCore' in project 'swift-nio'
        ➜ Explicit dependency on target 'NIOEmbedded' in project 'swift-nio'
        ➜ Explicit dependency on target 'CNIOPosix' in project 'swift-nio'
        ➜ Explicit dependency on target 'NIOPosix' in project 'swift-nio'
        ➜ Explicit dependency on target 'DequeModule-product' in project 'swift-collections'
        ➜ Explicit dependency on target 'Atomics-product' in project 'swift-atomics'
    Target 'NIO' in project 'swift-nio'
        ➜ Explicit dependency on target 'CNIOAtomics' in project 'swift-nio'
        ➜ Explicit dependency on target 'NIOConcurrencyHelpers' in project 'swift-nio'
        ➜ Explicit dependency on target '_NIOBase64' in project 'swift-nio'
        ➜ Explicit dependency on target 'CNIOOpenBSD' in project 'swift-nio'
        ➜ Explicit dependency on target 'CNIOFreeBSD' in project 'swift-nio'
        ➜ Explicit dependency on target 'CNIODarwin' in project 'swift-nio'
        ➜ Explicit dependency on target 'CNIOLinux' in project 'swift-nio'
        ➜ Explicit dependency on target 'CNIOWindows' in project 'swift-nio'
        ➜ Explicit dependency on target 'CNIOWASI' in project 'swift-nio'
        ➜ Explicit dependency on target '_NIODataStructures' in project 'swift-nio'
        ➜ Explicit dependency on target 'NIOCore' in project 'swift-nio'
        ➜ Explicit dependency on target 'NIOEmbedded' in project 'swift-nio'
        ➜ Explicit dependency on target 'CNIOPosix' in project 'swift-nio'
        ➜ Explicit dependency on target 'NIOPosix' in project 'swift-nio'
        ➜ Explicit dependency on target 'DequeModule-product' in project 'swift-collections'
        ➜ Explicit dependency on target 'Atomics-product' in project 'swift-atomics'
    Target 'NIOPosix' in project 'swift-nio'
        ➜ Explicit dependency on target 'swift-nio_NIOPosix' in project 'swift-nio'
        ➜ Explicit dependency on target 'CNIOOpenBSD' in project 'swift-nio'
        ➜ Explicit dependency on target 'CNIOLinux' in project 'swift-nio'
        ➜ Explicit dependency on target 'CNIODarwin' in project 'swift-nio'
        ➜ Explicit dependency on target 'CNIOWindows' in project 'swift-nio'
        ➜ Explicit dependency on target 'CNIOAtomics' in project 'swift-nio'
        ➜ Explicit dependency on target 'NIOConcurrencyHelpers' in project 'swift-nio'
        ➜ Explicit dependency on target '_NIOBase64' in project 'swift-nio'
        ➜ Explicit dependency on target 'CNIOFreeBSD' in project 'swift-nio'
        ➜ Explicit dependency on target 'CNIOWASI' in project 'swift-nio'
        ➜ Explicit dependency on target '_NIODataStructures' in project 'swift-nio'
        ➜ Explicit dependency on target 'NIOCore' in project 'swift-nio'
        ➜ Explicit dependency on target 'CNIOPosix' in project 'swift-nio'
        ➜ Explicit dependency on target 'DequeModule-product' in project 'swift-collections'
        ➜ Explicit dependency on target 'Atomics-product' in project 'swift-atomics'
    Target 'swift-nio_NIOPosix' in project 'swift-nio' (no dependencies)
    Target 'CNIOPosix' in project 'swift-nio' (no dependencies)
    Target 'NIOEmbedded' in project 'swift-nio'
        ➜ Explicit dependency on target 'CNIOAtomics' in project 'swift-nio'
        ➜ Explicit dependency on target 'NIOConcurrencyHelpers' in project 'swift-nio'
        ➜ Explicit dependency on target '_NIOBase64' in project 'swift-nio'
        ➜ Explicit dependency on target 'CNIOOpenBSD' in project 'swift-nio'
        ➜ Explicit dependency on target 'CNIOFreeBSD' in project 'swift-nio'
        ➜ Explicit dependency on target 'CNIODarwin' in project 'swift-nio'
        ➜ Explicit dependency on target 'CNIOLinux' in project 'swift-nio'
        ➜ Explicit dependency on target 'CNIOWindows' in project 'swift-nio'
        ➜ Explicit dependency on target 'CNIOWASI' in project 'swift-nio'
        ➜ Explicit dependency on target '_NIODataStructures' in project 'swift-nio'
        ➜ Explicit dependency on target 'NIOCore' in project 'swift-nio'
        ➜ Explicit dependency on target 'DequeModule-product' in project 'swift-collections'
        ➜ Explicit dependency on target 'Atomics-product' in project 'swift-atomics'
    Target 'NIOCore' in project 'swift-nio'
        ➜ Explicit dependency on target 'CNIOAtomics' in project 'swift-nio'
        ➜ Explicit dependency on target 'NIOConcurrencyHelpers' in project 'swift-nio'
        ➜ Explicit dependency on target '_NIOBase64' in project 'swift-nio'
        ➜ Explicit dependency on target 'CNIOOpenBSD' in project 'swift-nio'
        ➜ Explicit dependency on target 'CNIOFreeBSD' in project 'swift-nio'
        ➜ Explicit dependency on target 'CNIODarwin' in project 'swift-nio'
        ➜ Explicit dependency on target 'CNIOLinux' in project 'swift-nio'
        ➜ Explicit dependency on target 'CNIOWindows' in project 'swift-nio'
        ➜ Explicit dependency on target 'CNIOWASI' in project 'swift-nio'
        ➜ Explicit dependency on target '_NIODataStructures' in project 'swift-nio'
        ➜ Explicit dependency on target 'DequeModule-product' in project 'swift-collections'
        ➜ Explicit dependency on target 'Atomics-product' in project 'swift-atomics'
    Target 'Atomics-product' in project 'swift-atomics'
        ➜ Explicit dependency on target 'Atomics' in project 'swift-atomics'
        ➜ Explicit dependency on target '_AtomicsShims' in project 'swift-atomics'
    Target 'Atomics' in project 'swift-atomics'
        ➜ Explicit dependency on target '_AtomicsShims' in project 'swift-atomics'
    Target '_AtomicsShims' in project 'swift-atomics' (no dependencies)
    Target 'DequeModule-product' in project 'swift-collections'
        ➜ Explicit dependency on target 'DequeModule' in project 'swift-collections'
        ➜ Explicit dependency on target 'InternalCollectionsUtilities' in project 'swift-collections'
        ➜ Explicit dependency on target 'ContainersPreview' in project 'swift-collections'
    Target 'DequeModule' in project 'swift-collections'
        ➜ Explicit dependency on target 'InternalCollectionsUtilities' in project 'swift-collections'
        ➜ Explicit dependency on target 'ContainersPreview' in project 'swift-collections'
    Target 'ContainersPreview' in project 'swift-collections'
        ➜ Explicit dependency on target 'InternalCollectionsUtilities' in project 'swift-collections'
    Target 'InternalCollectionsUtilities' in project 'swift-collections' (no dependencies)
    Target '_NIODataStructures' in project 'swift-nio' (no dependencies)
    Target 'CNIOWASI' in project 'swift-nio' (no dependencies)
    Target 'CNIOWindows' in project 'swift-nio' (no dependencies)
    Target 'CNIOLinux' in project 'swift-nio' (no dependencies)
    Target 'CNIODarwin' in project 'swift-nio' (no dependencies)
    Target 'CNIOFreeBSD' in project 'swift-nio' (no dependencies)
    Target 'CNIOOpenBSD' in project 'swift-nio' (no dependencies)
    Target '_NIOBase64' in project 'swift-nio' (no dependencies)
    Target 'NIOConcurrencyHelpers' in project 'swift-nio'
        ➜ Explicit dependency on target 'CNIOAtomics' in project 'swift-nio'
    Target 'CNIOAtomics' in project 'swift-nio' (no dependencies)
    Target 'CAsyncHTTPClient' in project 'async-http-client' (no dependencies)
    Target 'CVaporBcrypt' in project 'vapor' (no dependencies)
GatherProvisioningInputs
CreateBuildDescription
ClangStatCache /Applications/Xcode-27.0.0-Release.Candidate.app/Contents/Developer/Toolchains/XcodeDefault.xctoolchain/usr/bin/clang-stat-cache /Applications/Xcode-27.0.0-Release.Candidate.app/Contents/Developer/Platforms/XROS.platform/Developer/SDKs/XROS27.0.sdk /Users/admin/builder/spi-builder-workspace/.derivedData/SDKStatCaches.noindex/xros27.0-24M361-e829b21a6f8c9b70876ba0858053c044735bd543db762f57723cac368afd1ce4.sdkstatcache
    cd /Users/admin/builder/spi-builder-workspace/.swiftpm/xcode
    /Applications/Xcode-27.0.0-Release.Candidate.app/Contents/Developer/Toolchains/XcodeDefault.xctoolchain/usr/bin/clang-stat-cache /Applications/Xcode-27.0.0-Release.Candidate.app/Contents/Developer/Platforms/XROS.platform/Developer/SDKs/XROS27.0.sdk -o /Users/admin/builder/spi-builder-workspace/.derivedData/SDKStatCaches.noindex/xros27.0-24M361-e829b21a6f8c9b70876ba0858053c044735bd543db762f57723cac368afd1ce4.sdkstatcache
SwiftDriver AsyncHTTPClient normal arm64 com.apple.xcode.tools.swift.compiler (in target 'AsyncHTTPClient' from project 'async-http-client')
    cd /Users/admin/builder/spi-builder-workspace/.swiftpm/xcode
    builtin-SwiftDriver -- /Applications/Xcode-27.0.0-Release.Candidate.app/Contents/Developer/Toolchains/XcodeDefault.xctoolchain/usr/bin/swiftc -parse-as-library -module-name AsyncHTTPClient -Onone @/Users/admin/builder/spi-builder-workspace/.derivedData/Build/Intermediates.noindex/async-http-client.build/Debug-xros/AsyncHTTPClient-t.build/Objects-normal/arm64/AsyncHTTPClient.SwiftFileList -DSWIFT_PACKAGE -DDEBUG -DSWIFT_MODULE_RESOURCE_BUNDLE_UNAVAILABLE -Xcc -fmodule-map-file\=/Users/admin/builder/spi-builder-workspace/.derivedData/Build/Intermediates.noindex/GeneratedModuleMaps-xros/CNIOLLHTTP.modulemap -Xcc -fmodule-map-file\=/Users/admin/builder/spi-builder-workspace/.derivedData/Build/Intermediates.noindex/GeneratedModuleMaps-xros/CNIOBoringSSLShims.modulemap -Xcc -fmodule-map-file\=/Users/admin/builder/spi-builder-workspace/.dependencies/checkouts/swift-nio-ssl/Sources/CNIOBoringSSL/include/module.modulemap -Xcc -fmodule-map-file\=/Users/admin/builder/spi-builder-workspace/.derivedData/Build/Intermediates.noindex/GeneratedModuleMaps-xros/CNIOExtrasZlib.modulemap -Xcc -fmodule-map-file\=/Users/admin/builder/spi-builder-workspace/.derivedData/Build/Intermediates.noindex/GeneratedModuleMaps-xros/CNIOPosix.modulemap -Xcc -fmodule-map-file\=/Users/admin/builder/spi-builder-workspace/.derivedData/Build/Intermediates.noindex/GeneratedModuleMaps-xros/CNIOWASI.modulemap -Xcc -fmodule-map-file\=/Users/admin/builder/spi-builder-workspace/.dependencies/checkouts/swift-nio/Sources/CNIOWindows/include/module.modulemap -Xcc -fmodule-map-file\=/Users/admin/builder/spi-builder-workspace/.derivedData/Build/Intermediates.noindex/GeneratedModuleMaps-xros/CNIOLinux.modulemap -Xcc -fmodule-map-file\=/Users/admin/builder/spi-builder-workspace/.derivedData/Build/Intermediates.noindex/GeneratedModuleMaps-xros/CNIODarwin.modulemap -Xcc -fmodule-map-file\=/Users/admin/builder/spi-builder-workspace/.derivedData/Build/Intermediates.noindex/GeneratedModuleMaps-xros/CNIOFreeBSD.modulemap -Xcc -fmodule-map-file\=/Users/admin/builder/spi-builder-workspace/.derivedData/Build/Intermediates.noindex/GeneratedModuleMaps-xros/CNIOOpenBSD.modulemap -Xcc -fmodule-map-file\=/Users/admin/builder/spi-builder-workspace/.derivedData/Build/Intermediates.noindex/GeneratedModuleMaps-xros/CNIOAtomics.modulemap -Xcc -fmodule-map-file\=/Users/admin/builder/spi-builder-workspace/.dependencies/checkouts/swift-atomics/Sources/_AtomicsShims/include/module.modulemap -Xcc -fmodule-map-file\=/Users/admin/builder/spi-builder-workspace/.dependencies/checkouts/swift-numerics/Sources/_NumericsShims/include/module.modulemap -Xcc -fmodule-map-file\=/Users/admin/builder/spi-builder-workspace/.dependencies/checkouts/swift-system/Sources/CSystem/include/module.modulemap -Xcc -fmodule-map-file\=/Users/admin/builder/spi-builder-workspace/.derivedData/Build/Intermediates.noindex/GeneratedModuleMaps-xros/CAsyncHTTPClient.modulemap -DXcode -enable-upcoming-feature MemberImportVisibility -plugin-path /Applications/Xcode-27.0.0-Release.Candidate.app/Contents/Developer/Toolchains/XcodeDefault.xctoolchain/usr/lib/swift/host/plugins/testing -enable-experimental-feature DebugDescriptionMacro -sdk /Applications/Xcode-27.0.0-Release.Candidate.app/Contents/Developer/Platforms/XROS.platform/Developer/SDKs/XROS27.0.sdk -target arm64-apple-xros1.0 -g -module-cache-path /Users/admin/builder/spi-builder-workspace/.derivedData/ModuleCache.noindex -Xfrontend -serialize-debugging-options -profile-coverage-mapping -profile-generate -enable-testing -suppress-warnings -index-store-path /Users/admin/builder/spi-builder-workspace/.derivedData/Index.noindex/DataStore -Xcc -D_LIBCPP_HARDENING_MODE\=_LIBCPP_HARDENING_MODE_DEBUG -swift-version 6 -I /Users/admin/builder/spi-builder-workspace/.derivedData/Build/Products/Debug-xros -Isystem /Applications/Xcode-27.0.0-Release.Candidate.app/Contents/Developer/Platforms/XROS.platform/Developer/usr/lib -F /Users/admin/builder/spi-builder-workspace/.derivedData/Build/Products/Debug-xros/PackageFrameworks -F /Users/admin/builder/spi-builder-workspace/.derivedData/Build/Products/Debug-xros -F /Applications/Xcode-27.0.0-Release.Candidate.app/Contents/Developer/Platforms/XROS.platform/Developer/Library/Frameworks -F /Applications/Xcode-27.0.0-Release.Candidate.app/Contents/Developer/Platforms/XROS.platform/Developer/SDKs/XROS27.0.sdk/Developer/Library/Frameworks -c -j10 -enable-batch-mode -incremental -Xcc -ivfsstatcache -Xcc /Users/admin/builder/spi-builder-workspace/.derivedData/SDKStatCaches.noindex/xros27.0-24M361-e829b21a6f8c9b70876ba0858053c044735bd543db762f57723cac368afd1ce4.sdkstatcache -output-file-map /Users/admin/builder/spi-builder-workspace/.derivedData/Build/Intermediates.noindex/async-http-client.build/Debug-xros/AsyncHTTPClient-t.build/Objects-normal/arm64/AsyncHTTPClient-OutputFileMap.json -save-temps -no-color-diagnostics -explicit-module-build -module-cache-path /Users/admin/builder/spi-builder-workspace/.derivedData/Build/Intermediates.noindex/SwiftExplicitPrecompiledModules -clang-scanner-module-cache-path /Users/admin/builder/spi-builder-workspace/.derivedData/ModuleCache.noindex -sdk-module-cache-path /Users/admin/builder/spi-builder-workspace/.derivedData/SDKExplicitPrecompiledModules -emit-dependencies -emit-module -emit-module-path /Users/admin/builder/spi-builder-workspace/.derivedData/Build/Intermediates.noindex/async-http-client.build/Debug-xros/AsyncHTTPClient-t.build/Objects-normal/arm64/AsyncHTTPClient.swiftmodule -serialize-diagnostics -dependency-scan-serialize-diagnostics-path /Users/admin/builder/spi-builder-workspace/.derivedData/Build/Intermediates.noindex/async-http-client.build/Debug-xros/AsyncHTTPClient-t.build/Objects-normal/arm64/AsyncHTTPClient-dependency-scan.dia -user-module-version 1.36.1 -validate-clang-modules-once -clang-build-session-file /Users/admin/builder/spi-builder-workspace/.derivedData/ModuleCache.noindex/Session.modulevalidation -Xcc -fmodules-prune-interval\=86400 -Xcc -fmodules-prune-after\=345600 -package-name async_http_client -emit-const-values -const-gather-protocols-list /Users/admin/builder/spi-builder-workspace/.derivedData/Build/Intermediates.noindex/async-http-client.build/Debug-xros/AsyncHTTPClient-t.build/Objects-normal/arm64/AsyncHTTPClient_const_extract_protocols.json -Xcc -I/Users/admin/builder/spi-builder-workspace/.dependencies/checkouts/swift-nio/Sources/CNIOLLHTTP/include -Xcc -I/Users/admin/builder/spi-builder-workspace/.dependencies/checkouts/swift-nio-ssl/Sources/CNIOBoringSSLShims/include -Xcc -I/Users/admin/builder/spi-builder-workspace/.dependencies/checkouts/swift-nio-ssl/Sources/CNIOBoringSSL/include -Xcc -I/Users/admin/builder/spi-builder-workspace/.dependencies/checkouts/swift-nio-extras/Sources/CNIOExtrasZlib/include -Xcc -I/Users/admin/builder/spi-builder-workspace/.dependencies/checkouts/swift-nio/Sources/CNIOPosix/include -Xcc -I/Users/admin/builder/spi-builder-workspace/.dependencies/checkouts/swift-nio/Sources/CNIOWASI/include -Xcc -I/Users/admin/builder/spi-builder-workspace/.dependencies/checkouts/swift-nio/Sources/CNIOWindows/include -Xcc -I/Users/admin/builder/spi-builder-workspace/.dependencies/checkouts/swift-nio/Sources/CNIOLinux/include -Xcc -I/Users/admin/builder/spi-builder-workspace/.dependencies/checkouts/swift-nio/Sources/CNIODarwin/include -Xcc -I/Users/admin/builder/spi-builder-workspace/.dependencies/checkouts/swift-nio/Sources/CNIOFreeBSD/include -Xcc -I/Users/admin/builder/spi-builder-workspace/.dependencies/checkouts/swift-nio/Sources/CNIOOpenBSD/include -Xcc -I/Users/admin/builder/spi-builder-workspace/.dependencies/checkouts/swift-nio/Sources/CNIOAtomics/include -Xcc -I/Users/admin/builder/spi-builder-workspace/.dependencies/checkouts/swift-atomics/Sources/_AtomicsShims/include -Xcc -I/Users/admin/builder/spi-builder-workspace/.dependencies/checkouts/swift-numerics/Sources/_NumericsShims/include -Xcc -I/Users/admin/builder/spi-builder-workspace/.dependencies/checkouts/swift-system/Sources/CSystem/include -Xcc -I/Users/admin/builder/spi-builder-workspace/.dependencies/checkouts/async-http-client/Sources/CAsyncHTTPClient/include -Xcc -I/Users/admin/builder/spi-builder-workspace/.derivedData/Build/Products/Debug-xros/include -Xcc -I/Users/admin/builder/spi-builder-workspace/.derivedData/Build/Intermediates.noindex/async-http-client.build/Debug-xros/AsyncHTTPClient-t.build/DerivedSources-normal/arm64 -Xcc -I/Users/admin/builder/spi-builder-workspace/.derivedData/Build/Intermediates.noindex/async-http-client.build/Debug-xros/AsyncHTTPClient-t.build/DerivedSources/arm64 -Xcc -I/Users/admin/builder/spi-builder-workspace/.derivedData/Build/Intermediates.noindex/async-http-client.build/Debug-xros/AsyncHTTPClient-t.build/DerivedSources -Xcc -DSWIFT_PACKAGE -Xcc -DDEBUG\=1 -emit-objc-header -emit-objc-header-path /Users/admin/builder/spi-builder-workspace/.derivedData/Build/Intermediates.noindex/async-http-client.build/Debug-xros/AsyncHTTPClient-t.build/Objects-normal/arm64/AsyncHTTPClient-Swift.h -working-directory /Users/admin/builder/spi-builder-workspace/.swiftpm/xcode -experimental-emit-module-separately -disable-cmo
SwiftDriver Vapor normal arm64 com.apple.xcode.tools.swift.compiler (in target 'Vapor' from project 'vapor')
    cd /Users/admin/builder/spi-builder-workspace/.swiftpm/xcode
    builtin-SwiftDriver -- /Applications/Xcode-27.0.0-Release.Candidate.app/Contents/Developer/Toolchains/XcodeDefault.xctoolchain/usr/bin/swiftc -parse-as-library -module-name Vapor -Onone @/Users/admin/builder/spi-builder-workspace/.derivedData/Build/Intermediates.noindex/vapor.build/Debug-xros/Vapor-t.build/Objects-normal/arm64/Vapor.SwiftFileList -DSWIFT_PACKAGE -DDEBUG -DSWIFT_MODULE_RESOURCE_BUNDLE_UNAVAILABLE -Xcc -fmodule-map-file\=/Users/admin/builder/spi-builder-workspace/.derivedData/Build/Intermediates.noindex/GeneratedModuleMaps-xros/CAsyncHTTPClient.modulemap -Xcc -fmodule-map-file\=/Users/admin/builder/spi-builder-workspace/.derivedData/Build/Intermediates.noindex/GeneratedModuleMaps-xros/CNIOExtrasZlib.modulemap -Xcc -fmodule-map-file\=/Users/admin/builder/spi-builder-workspace/.derivedData/Build/Intermediates.noindex/GeneratedModuleMaps-xros/CNIOBoringSSLShims.modulemap -Xcc -fmodule-map-file\=/Users/admin/builder/spi-builder-workspace/.dependencies/checkouts/swift-nio-ssl/Sources/CNIOBoringSSL/include/module.modulemap -Xcc -fmodule-map-file\=/Users/admin/builder/spi-builder-workspace/.derivedData/Build/Intermediates.noindex/GeneratedModuleMaps-xros/CNIOSHA1.modulemap -Xcc -fmodule-map-file\=/Users/admin/builder/spi-builder-workspace/.derivedData/Build/Intermediates.noindex/GeneratedModuleMaps-xros/CNIOLLHTTP.modulemap -Xcc -fmodule-map-file\=/Users/admin/builder/spi-builder-workspace/.dependencies/checkouts/swift-crypto/Sources/CCryptoBoringSSLShims/include/module.modulemap -Xcc -fmodule-map-file\=/Users/admin/builder/spi-builder-workspace/.dependencies/checkouts/swift-crypto/Sources/CCryptoBoringSSL/include/module.modulemap -Xcc -fmodule-map-file\=/Users/admin/builder/spi-builder-workspace/.dependencies/checkouts/swift-numerics/Sources/_NumericsShims/include/module.modulemap -Xcc -fmodule-map-file\=/Users/admin/builder/spi-builder-workspace/.dependencies/checkouts/swift-atomics/Sources/_AtomicsShims/include/module.modulemap -Xcc -fmodule-map-file\=/Users/admin/builder/spi-builder-workspace/.dependencies/checkouts/swift-system/Sources/CSystem/include/module.modulemap -Xcc -fmodule-map-file\=/Users/admin/builder/spi-builder-workspace/.derivedData/Build/Intermediates.noindex/GeneratedModuleMaps-xros/CNIOPosix.modulemap -Xcc -fmodule-map-file\=/Users/admin/builder/spi-builder-workspace/.derivedData/Build/Intermediates.noindex/GeneratedModuleMaps-xros/CNIOWASI.modulemap -Xcc -fmodule-map-file\=/Users/admin/builder/spi-builder-workspace/.dependencies/checkouts/swift-nio/Sources/CNIOWindows/include/module.modulemap -Xcc -fmodule-map-file\=/Users/admin/builder/spi-builder-workspace/.derivedData/Build/Intermediates.noindex/GeneratedModuleMaps-xros/CNIOLinux.modulemap -Xcc -fmodule-map-file\=/Users/admin/builder/spi-builder-workspace/.derivedData/Build/Intermediates.noindex/GeneratedModuleMaps-xros/CNIODarwin.modulemap -Xcc -fmodule-map-file\=/Users/admin/builder/spi-builder-workspace/.derivedData/Build/Intermediates.noindex/GeneratedModuleMaps-xros/CNIOFreeBSD.modulemap -Xcc -fmodule-map-file\=/Users/admin/builder/spi-builder-workspace/.derivedData/Build/Intermediates.noindex/GeneratedModuleMaps-xros/CNIOOpenBSD.modulemap -Xcc -fmodule-map-file\=/Users/admin/builder/spi-builder-workspace/.derivedData/Build/Intermediates.noindex/GeneratedModuleMaps-xros/CNIOAtomics.modulemap -Xcc -fmodule-map-file\=/Users/admin/builder/spi-builder-workspace/.dependencies/checkouts/vapor/Sources/CVaporBcrypt/include/module.modulemap -DXcode -enable-upcoming-feature MemberImportVisibility -enable-upcoming-feature InferIsolatedConformances -enable-upcoming-feature ImmutableWeakCaptures -plugin-path /Applications/Xcode-27.0.0-Release.Candidate.app/Contents/Developer/Toolchains/XcodeDefault.xctoolchain/usr/lib/swift/host/plugins/testing -enable-experimental-feature DebugDescriptionMacro -sdk /Applications/Xcode-27.0.0-Release.Candidate.app/Contents/Developer/Platforms/XROS.platform/Developer/SDKs/XROS27.0.sdk -target arm64-apple-xros1.0 -g -module-cache-path /Users/admin/builder/spi-builder-workspace/.derivedData/ModuleCache.noindex -Xfrontend -serialize-debugging-options -profile-coverage-mapping -profile-generate -enable-testing -suppress-warnings -index-store-path /Users/admin/builder/spi-builder-workspace/.derivedData/Index.noindex/DataStore -Xcc -D_LIBCPP_HARDENING_MODE\=_LIBCPP_HARDENING_MODE_DEBUG -swift-version 6 -I /Users/admin/builder/spi-builder-workspace/.derivedData/Build/Products/Debug-xros -Isystem /Applications/Xcode-27.0.0-Release.Candidate.app/Contents/Developer/Platforms/XROS.platform/Developer/usr/lib -F /Users/admin/builder/spi-builder-workspace/.derivedData/Build/Products/Debug-xros/PackageFrameworks -F /Users/admin/builder/spi-builder-workspace/.derivedData/Build/Products/Debug-xros -F /Applications/Xcode-27.0.0-Release.Candidate.app/Contents/Developer/Platforms/XROS.platform/Developer/Library/Frameworks -F /Applications/Xcode-27.0.0-Release.Candidate.app/Contents/Developer/Platforms/XROS.platform/Developer/SDKs/XROS27.0.sdk/Developer/Library/Frameworks -c -j10 -enable-batch-mode -incremental -Xcc -ivfsstatcache -Xcc /Users/admin/builder/spi-builder-workspace/.derivedData/SDKStatCaches.noindex/xros27.0-24M361-e829b21a6f8c9b70876ba0858053c044735bd543db762f57723cac368afd1ce4.sdkstatcache -output-file-map /Users/admin/builder/spi-builder-workspace/.derivedData/Build/Intermediates.noindex/vapor.build/Debug-xros/Vapor-t.build/Objects-normal/arm64/Vapor-OutputFileMap.json -save-temps -no-color-diagnostics -explicit-module-build -module-cache-path /Users/admin/builder/spi-builder-workspace/.derivedData/Build/Intermediates.noindex/SwiftExplicitPrecompiledModules -clang-scanner-module-cache-path /Users/admin/builder/spi-builder-workspace/.derivedData/ModuleCache.noindex -sdk-module-cache-path /Users/admin/builder/spi-builder-workspace/.derivedData/SDKExplicitPrecompiledModules -emit-dependencies -emit-module -emit-module-path /Users/admin/builder/spi-builder-workspace/.derivedData/Build/Intermediates.noindex/vapor.build/Debug-xros/Vapor-t.build/Objects-normal/arm64/Vapor.swiftmodule -serialize-diagnostics -dependency-scan-serialize-diagnostics-path /Users/admin/builder/spi-builder-workspace/.derivedData/Build/Intermediates.noindex/vapor.build/Debug-xros/Vapor-t.build/Objects-normal/arm64/Vapor-dependency-scan.dia -user-module-version 4.118.0 -validate-clang-modules-once -clang-build-session-file /Users/admin/builder/spi-builder-workspace/.derivedData/ModuleCache.noindex/Session.modulevalidation -Xcc -fmodules-prune-interval\=86400 -Xcc -fmodules-prune-after\=345600 -package-name vapor -emit-const-values -const-gather-protocols-list /Users/admin/builder/spi-builder-workspace/.derivedData/Build/Intermediates.noindex/vapor.build/Debug-xros/Vapor-t.build/Objects-normal/arm64/Vapor_const_extract_protocols.json -Xcc -I/Users/admin/builder/spi-builder-workspace/.dependencies/checkouts/async-http-client/Sources/CAsyncHTTPClient/include -Xcc -I/Users/admin/builder/spi-builder-workspace/.dependencies/checkouts/swift-nio-extras/Sources/CNIOExtrasZlib/include -Xcc -I/Users/admin/builder/spi-builder-workspace/.dependencies/checkouts/swift-nio-ssl/Sources/CNIOBoringSSLShims/include -Xcc -I/Users/admin/builder/spi-builder-workspace/.dependencies/checkouts/swift-nio-ssl/Sources/CNIOBoringSSL/include -Xcc -I/Users/admin/builder/spi-builder-workspace/.dependencies/checkouts/swift-nio/Sources/CNIOSHA1/include -Xcc -I/Users/admin/builder/spi-builder-workspace/.dependencies/checkouts/swift-nio/Sources/CNIOLLHTTP/include -Xcc -I/Users/admin/builder/spi-builder-workspace/.dependencies/checkouts/swift-crypto/Sources/CCryptoBoringSSLShims/include -Xcc -I/Users/admin/builder/spi-builder-workspace/.dependencies/checkouts/swift-crypto/Sources/CCryptoBoringSSL/include -Xcc -I/Users/admin/builder/spi-builder-workspace/.dependencies/checkouts/swift-numerics/Sources/_NumericsShims/include -Xcc -I/Users/admin/builder/spi-builder-workspace/.dependencies/checkouts/swift-atomics/Sources/_AtomicsShims/include -Xcc -I/Users/admin/builder/spi-builder-workspace/.dependencies/checkouts/swift-system/Sources/CSystem/include -Xcc -I/Users/admin/builder/spi-builder-workspace/.dependencies/checkouts/swift-nio/Sources/CNIOPosix/include -Xcc -I/Users/admin/builder/spi-builder-workspace/.dependencies/checkouts/swift-nio/Sources/CNIOWASI/include -Xcc -I/Users/admin/builder/spi-builder-workspace/.dependencies/checkouts/swift-nio/Sources/CNIOWindows/include -Xcc -I/Users/admin/builder/spi-builder-workspace/.dependencies/checkouts/swift-nio/Sources/CNIOLinux/include -Xcc -I/Users/admin/builder/spi-builder-workspace/.dependencies/checkouts/swift-nio/Sources/CNIODarwin/include -Xcc -I/Users/admin/builder/spi-builder-workspace/.dependencies/checkouts/swift-nio/Sources/CNIOFreeBSD/include -Xcc -I/Users/admin/builder/spi-builder-workspace/.dependencies/checkouts/swift-nio/Sources/CNIOOpenBSD/include -Xcc -I/Users/admin/builder/spi-builder-workspace/.dependencies/checkouts/swift-nio/Sources/CNIOAtomics/include -Xcc -I/Users/admin/builder/spi-builder-workspace/.dependencies/checkouts/vapor/Sources/CVaporBcrypt/include -Xcc -I/Users/admin/builder/spi-builder-workspace/.derivedData/Build/Products/Debug-xros/include -Xcc -I/Users/admin/builder/spi-builder-workspace/.derivedData/Build/Intermediates.noindex/vapor.build/Debug-xros/Vapor-t.build/DerivedSources-normal/arm64 -Xcc -I/Users/admin/builder/spi-builder-workspace/.derivedData/Build/Intermediates.noindex/vapor.build/Debug-xros/Vapor-t.build/DerivedSources/arm64 -Xcc -I/Users/admin/builder/spi-builder-workspace/.derivedData/Build/Intermediates.noindex/vapor.build/Debug-xros/Vapor-t.build/DerivedSources -Xcc -DSWIFT_PACKAGE -Xcc -DDEBUG\=1 -emit-objc-header -emit-objc-header-path /Users/admin/builder/spi-builder-workspace/.derivedData/Build/Intermediates.noindex/vapor.build/Debug-xros/Vapor-t.build/Objects-normal/arm64/Vapor-Swift.h -working-directory /Users/admin/builder/spi-builder-workspace/.swiftpm/xcode -experimental-emit-module-separately -disable-cmo
SwiftCompile normal arm64 Compiling\ ServeCommand.swift,\ AnyResponse+Concurrency.swift,\ AsyncBasicResponder.swift,\ AsyncMiddleware.swift,\ AsyncPasswordHasher+Concurrency.swift,\ AsyncSessionDriver.swift,\ Authentication+Concurrency.swift,\ Cache+Concurrency.swift,\ Client+Concurrency.swift,\ RequestBody+Concurrency.swift,\ Responder+Concurrency.swift,\ ResponseCodable+Concurrency.swift,\ RoutesBuilder+Concurrency.swift,\ ViewRenderer+Concurrency.swift,\ WebSocket+Concurrency.swift,\ ContainerGetPathExecutor.swift,\ Content.swift,\ ContentCoders.swift,\ ContentConfiguration.swift,\ ContentContainer.swift,\ JSONCoder+Custom.swift,\ JSONCoders+Content.swift /Users/admin/builder/spi-builder-workspace/.dependencies/checkouts/vapor/Sources/Vapor/Commands/ServeCommand.swift /Users/admin/builder/spi-builder-workspace/.dependencies/checkouts/vapor/Sources/Vapor/Concurrency/AnyResponse+Concurrency.swift /Users/admin/builder/spi-builder-workspace/.dependencies/checkouts/vapor/Sources/Vapor/Concurrency/AsyncBasicResponder.swift /Users/admin/builder/spi-builder-workspace/.dependencies/checkouts/vapor/Sources/Vapor/Concurrency/AsyncMiddleware.swift /Users/admin/builder/spi-builder-workspace/.dependencies/checkouts/vapor/Sources/Vapor/Concurrency/AsyncPasswordHasher+Concurrency.swift /Users/admin/builder/spi-builder-workspace/.dependencies/checkouts/vapor/Sources/Vapor/Concurrency/AsyncSessionDriver.swift /Users/admin/builder/spi-builder-workspace/.dependencies/checkouts/vapor/Sources/Vapor/Concurrency/Authentication+Concurrency.swift /Users/admin/builder/spi-builder-workspace/.dependencies/checkouts/vapor/Sources/Vapor/Concurrency/Cache+Concurrency.swift /Users/admin/builder/spi-builder-workspace/.dependencies/checkouts/vapor/Sources/Vapor/Concurrency/Client+Concurrency.swift /Users/admin/builder/spi-builder-workspace/.dependencies/checkouts/vapor/Sources/Vapor/Concurrency/RequestBody+Concurrency.swift /Users/admin/builder/spi-builder-workspace/.dependencies/checkouts/vapor/Sources/Vapor/Concurrency/Responder+Concurrency.swift /Users/admin/builder/spi-builder-workspace/.dependencies/checkouts/vapor/Sources/Vapor/Concurrency/ResponseCodable+Concurrency.swift /Users/admin/builder/spi-builder-workspace/.dependencies/checkouts/vapor/Sources/Vapor/Concurrency/RoutesBuilder+Concurrency.swift /Users/admin/builder/spi-builder-workspace/.dependencies/checkouts/vapor/Sources/Vapor/Concurrency/ViewRenderer+Concurrency.swift /Users/admin/builder/spi-builder-workspace/.dependencies/checkouts/vapor/Sources/Vapor/Concurrency/WebSocket+Concurrency.swift /Users/admin/builder/spi-builder-workspace/.dependencies/checkouts/vapor/Sources/Vapor/Content/ContainerGetPathExecutor.swift /Users/admin/builder/spi-builder-workspace/.dependencies/checkouts/vapor/Sources/Vapor/Content/Content.swift /Users/admin/builder/spi-builder-workspace/.dependencies/checkouts/vapor/Sources/Vapor/Content/ContentCoders.swift /Users/admin/builder/spi-builder-workspace/.dependencies/checkouts/vapor/Sources/Vapor/Content/ContentConfiguration.swift /Users/admin/builder/spi-builder-workspace/.dependencies/checkouts/vapor/Sources/Vapor/Content/ContentContainer.swift /Users/admin/builder/spi-builder-workspace/.dependencies/checkouts/vapor/Sources/Vapor/Content/JSONCoder+Custom.swift /Users/admin/builder/spi-builder-workspace/.dependencies/checkouts/vapor/Sources/Vapor/Content/JSONCoders+Content.swift (in target 'Vapor' from project 'vapor')
SwiftCompile normal arm64 /Users/admin/builder/spi-builder-workspace/.dependencies/checkouts/vapor/Sources/Vapor/Commands/ServeCommand.swift (in target 'Vapor' from project 'vapor')
    cd /Users/admin/builder/spi-builder-workspace/.swiftpm/xcode
    builtin-SwiftPerFileCompile ServeCommand.swift
SwiftCompile normal arm64 /Users/admin/builder/spi-builder-workspace/.dependencies/checkouts/vapor/Sources/Vapor/Concurrency/AnyResponse+Concurrency.swift (in target 'Vapor' from project 'vapor')
    cd /Users/admin/builder/spi-builder-workspace/.swiftpm/xcode
    builtin-SwiftPerFileCompile AnyResponse+Concurrency.swift
SwiftCompile normal arm64 /Users/admin/builder/spi-builder-workspace/.dependencies/checkouts/vapor/Sources/Vapor/Concurrency/AsyncBasicResponder.swift (in target 'Vapor' from project 'vapor')
    cd /Users/admin/builder/spi-builder-workspace/.swiftpm/xcode
    builtin-SwiftPerFileCompile AsyncBasicResponder.swift
SwiftCompile normal arm64 /Users/admin/builder/spi-builder-workspace/.dependencies/checkouts/vapor/Sources/Vapor/Concurrency/AsyncMiddleware.swift (in target 'Vapor' from project 'vapor')
    cd /Users/admin/builder/spi-builder-workspace/.swiftpm/xcode
    builtin-SwiftPerFileCompile AsyncMiddleware.swift
SwiftCompile normal arm64 /Users/admin/builder/spi-builder-workspace/.dependencies/checkouts/vapor/Sources/Vapor/Concurrency/AsyncPasswordHasher+Concurrency.swift (in target 'Vapor' from project 'vapor')
    cd /Users/admin/builder/spi-builder-workspace/.swiftpm/xcode
    builtin-SwiftPerFileCompile AsyncPasswordHasher+Concurrency.swift
SwiftCompile normal arm64 /Users/admin/builder/spi-builder-workspace/.dependencies/checkouts/vapor/Sources/Vapor/Concurrency/AsyncSessionDriver.swift (in target 'Vapor' from project 'vapor')
    cd /Users/admin/builder/spi-builder-workspace/.swiftpm/xcode
    builtin-SwiftPerFileCompile AsyncSessionDriver.swift
SwiftCompile normal arm64 /Users/admin/builder/spi-builder-workspace/.dependencies/checkouts/vapor/Sources/Vapor/Concurrency/Authentication+Concurrency.swift (in target 'Vapor' from project 'vapor')
    cd /Users/admin/builder/spi-builder-workspace/.swiftpm/xcode
    builtin-SwiftPerFileCompile Authentication+Concurrency.swift
SwiftCompile normal arm64 /Users/admin/builder/spi-builder-workspace/.dependencies/checkouts/vapor/Sources/Vapor/Concurrency/Cache+Concurrency.swift (in target 'Vapor' from project 'vapor')
    cd /Users/admin/builder/spi-builder-workspace/.swiftpm/xcode
    builtin-SwiftPerFileCompile Cache+Concurrency.swift
SwiftCompile normal arm64 /Users/admin/builder/spi-builder-workspace/.dependencies/checkouts/vapor/Sources/Vapor/Concurrency/Client+Concurrency.swift (in target 'Vapor' from project 'vapor')
    cd /Users/admin/builder/spi-builder-workspace/.swiftpm/xcode
    builtin-SwiftPerFileCompile Client+Concurrency.swift
SwiftCompile normal arm64 /Users/admin/builder/spi-builder-workspace/.dependencies/checkouts/vapor/Sources/Vapor/Concurrency/RequestBody+Concurrency.swift (in target 'Vapor' from project 'vapor')
    cd /Users/admin/builder/spi-builder-workspace/.swiftpm/xcode
    builtin-SwiftPerFileCompile RequestBody+Concurrency.swift
SwiftCompile normal arm64 /Users/admin/builder/spi-builder-workspace/.dependencies/checkouts/vapor/Sources/Vapor/Concurrency/Responder+Concurrency.swift (in target 'Vapor' from project 'vapor')
    cd /Users/admin/builder/spi-builder-workspace/.swiftpm/xcode
    builtin-SwiftPerFileCompile Responder+Concurrency.swift
SwiftCompile normal arm64 /Users/admin/builder/spi-builder-workspace/.dependencies/checkouts/vapor/Sources/Vapor/Concurrency/ResponseCodable+Concurrency.swift (in target 'Vapor' from project 'vapor')
    cd /Users/admin/builder/spi-builder-workspace/.swiftpm/xcode
    builtin-SwiftPerFileCompile ResponseCodable+Concurrency.swift
SwiftCompile normal arm64 /Users/admin/builder/spi-builder-workspace/.dependencies/checkouts/vapor/Sources/Vapor/Concurrency/RoutesBuilder+Concurrency.swift (in target 'Vapor' from project 'vapor')
    cd /Users/admin/builder/spi-builder-workspace/.swiftpm/xcode
    builtin-SwiftPerFileCompile RoutesBuilder+Concurrency.swift
SwiftCompile normal arm64 /Users/admin/builder/spi-builder-workspace/.dependencies/checkouts/vapor/Sources/Vapor/Concurrency/ViewRenderer+Concurrency.swift (in target 'Vapor' from project 'vapor')
    cd /Users/admin/builder/spi-builder-workspace/.swiftpm/xcode
    builtin-SwiftPerFileCompile ViewRenderer+Concurrency.swift
SwiftCompile normal arm64 /Users/admin/builder/spi-builder-workspace/.dependencies/checkouts/vapor/Sources/Vapor/Concurrency/WebSocket+Concurrency.swift (in target 'Vapor' from project 'vapor')
    cd /Users/admin/builder/spi-builder-workspace/.swiftpm/xcode
    builtin-SwiftPerFileCompile WebSocket+Concurrency.swift
SwiftCompile normal arm64 /Users/admin/builder/spi-builder-workspace/.dependencies/checkouts/vapor/Sources/Vapor/Content/ContainerGetPathExecutor.swift (in target 'Vapor' from project 'vapor')
    cd /Users/admin/builder/spi-builder-workspace/.swiftpm/xcode
    builtin-SwiftPerFileCompile ContainerGetPathExecutor.swift
SwiftCompile normal arm64 /Users/admin/builder/spi-builder-workspace/.dependencies/checkouts/vapor/Sources/Vapor/Content/Content.swift (in target 'Vapor' from project 'vapor')
    cd /Users/admin/builder/spi-builder-workspace/.swiftpm/xcode
    builtin-SwiftPerFileCompile Content.swift
SwiftCompile normal arm64 /Users/admin/builder/spi-builder-workspace/.dependencies/checkouts/vapor/Sources/Vapor/Content/ContentCoders.swift (in target 'Vapor' from project 'vapor')
    cd /Users/admin/builder/spi-builder-workspace/.swiftpm/xcode
    builtin-SwiftPerFileCompile ContentCoders.swift
SwiftCompile normal arm64 /Users/admin/builder/spi-builder-workspace/.dependencies/checkouts/vapor/Sources/Vapor/Content/ContentConfiguration.swift (in target 'Vapor' from project 'vapor')
    cd /Users/admin/builder/spi-builder-workspace/.swiftpm/xcode
    builtin-SwiftPerFileCompile ContentConfiguration.swift
SwiftCompile normal arm64 /Users/admin/builder/spi-builder-workspace/.dependencies/checkouts/vapor/Sources/Vapor/Content/ContentContainer.swift (in target 'Vapor' from project 'vapor')
    cd /Users/admin/builder/spi-builder-workspace/.swiftpm/xcode
    builtin-SwiftPerFileCompile ContentContainer.swift
SwiftCompile normal arm64 /Users/admin/builder/spi-builder-workspace/.dependencies/checkouts/vapor/Sources/Vapor/Content/JSONCoder+Custom.swift (in target 'Vapor' from project 'vapor')
    cd /Users/admin/builder/spi-builder-workspace/.swiftpm/xcode
    builtin-SwiftPerFileCompile JSONCoder+Custom.swift
SwiftCompile normal arm64 /Users/admin/builder/spi-builder-workspace/.dependencies/checkouts/vapor/Sources/Vapor/Content/JSONCoders+Content.swift (in target 'Vapor' from project 'vapor')
    cd /Users/admin/builder/spi-builder-workspace/.swiftpm/xcode
    builtin-SwiftPerFileCompile JSONCoders+Content.swift
SwiftCompile normal arm64 Compiling\ PlaintextDecoder.swift,\ PlaintextEncoder.swift,\ URLQueryCoders.swift,\ URLQueryContainer.swift,\ Core.swift,\ Running.swift,\ CORSMiddleware+AllowOriginSetting.swift,\ CORSMiddleware+Configuration+exposedHeaders.swift,\ DotEnvFile+load.swift,\ Routes+caseInsenstive.swift,\ Validatable+validate.swift,\ Environment+Process.swift,\ Environment+Secret.swift,\ Environment.swift,\ Abort.swift,\ AbortError.swift,\ DebuggableError.swift,\ Demangler.swift,\ ErrorSource.swift,\ StackTrace.swift,\ Exports.swift,\ Application+HTTP.swift /Users/admin/builder/spi-builder-workspace/.dependencies/checkouts/vapor/Sources/Vapor/Content/PlaintextDecoder.swift /Users/admin/builder/spi-builder-workspace/.dependencies/checkouts/vapor/Sources/Vapor/Content/PlaintextEncoder.swift /Users/admin/builder/spi-builder-workspace/.dependencies/checkouts/vapor/Sources/Vapor/Content/URLQueryCoders.swift /Users/admin/builder/spi-builder-workspace/.dependencies/checkouts/vapor/Sources/Vapor/Content/URLQueryContainer.swift /Users/admin/builder/spi-builder-workspace/.dependencies/checkouts/vapor/Sources/Vapor/Core/Core.swift /Users/admin/builder/spi-builder-workspace/.dependencies/checkouts/vapor/Sources/Vapor/Core/Running.swift /Users/admin/builder/spi-builder-workspace/.dependencies/checkouts/vapor/Sources/Vapor/Deprecations/CORSMiddleware+AllowOriginSetting.swift /Users/admin/builder/spi-builder-workspace/.dependencies/checkouts/vapor/Sources/Vapor/Deprecations/CORSMiddleware+Configuration+exposedHeaders.swift /Users/admin/builder/spi-builder-workspace/.dependencies/checkouts/vapor/Sources/Vapor/Deprecations/DotEnvFile+load.swift /Users/admin/builder/spi-builder-workspace/.dependencies/checkouts/vapor/Sources/Vapor/Deprecations/Routes+caseInsenstive.swift /Users/admin/builder/spi-builder-workspace/.dependencies/checkouts/vapor/Sources/Vapor/Deprecations/Validatable+validate.swift /Users/admin/builder/spi-builder-workspace/.dependencies/checkouts/vapor/Sources/Vapor/Environment/Environment+Process.swift /Users/admin/builder/spi-builder-workspace/.dependencies/checkouts/vapor/Sources/Vapor/Environment/Environment+Secret.swift /Users/admin/builder/spi-builder-workspace/.dependencies/checkouts/vapor/Sources/Vapor/Environment/Environment.swift /Users/admin/builder/spi-builder-workspace/.dependencies/checkouts/vapor/Sources/Vapor/Error/Abort.swift /Users/admin/builder/spi-builder-workspace/.dependencies/checkouts/vapor/Sources/Vapor/Error/AbortError.swift /Users/admin/builder/spi-builder-workspace/.dependencies/checkouts/vapor/Sources/Vapor/Error/DebuggableError.swift /Users/admin/builder/spi-builder-workspace/.dependencies/checkouts/vapor/Sources/Vapor/Error/Demangler.swift /Users/admin/builder/spi-builder-workspace/.dependencies/checkouts/vapor/Sources/Vapor/Error/ErrorSource.swift /Users/admin/builder/spi-builder-workspace/.dependencies/checkouts/vapor/Sources/Vapor/Error/StackTrace.swift /Users/admin/builder/spi-builder-workspace/.dependencies/checkouts/vapor/Sources/Vapor/Exports.swift /Users/admin/builder/spi-builder-workspace/.dependencies/checkouts/vapor/Sources/Vapor/HTTP/Application+HTTP.swift (in target 'Vapor' from project 'vapor')
SwiftCompile normal arm64 /Users/admin/builder/spi-builder-workspace/.dependencies/checkouts/vapor/Sources/Vapor/Content/PlaintextDecoder.swift (in target 'Vapor' from project 'vapor')
    cd /Users/admin/builder/spi-builder-workspace/.swiftpm/xcode
    builtin-SwiftPerFileCompile PlaintextDecoder.swift
SwiftCompile normal arm64 /Users/admin/builder/spi-builder-workspace/.dependencies/checkouts/vapor/Sources/Vapor/Content/PlaintextEncoder.swift (in target 'Vapor' from project 'vapor')
    cd /Users/admin/builder/spi-builder-workspace/.swiftpm/xcode
    builtin-SwiftPerFileCompile PlaintextEncoder.swift
SwiftCompile normal arm64 /Users/admin/builder/spi-builder-workspace/.dependencies/checkouts/vapor/Sources/Vapor/Content/URLQueryCoders.swift (in target 'Vapor' from project 'vapor')
    cd /Users/admin/builder/spi-builder-workspace/.swiftpm/xcode
    builtin-SwiftPerFileCompile URLQueryCoders.swift
SwiftCompile normal arm64 /Users/admin/builder/spi-builder-workspace/.dependencies/checkouts/vapor/Sources/Vapor/Content/URLQueryContainer.swift (in target 'Vapor' from project 'vapor')
    cd /Users/admin/builder/spi-builder-workspace/.swiftpm/xcode
    builtin-SwiftPerFileCompile URLQueryContainer.swift
SwiftCompile normal arm64 /Users/admin/builder/spi-builder-workspace/.dependencies/checkouts/vapor/Sources/Vapor/Core/Core.swift (in target 'Vapor' from project 'vapor')
    cd /Users/admin/builder/spi-builder-workspace/.swiftpm/xcode
    builtin-SwiftPerFileCompile Core.swift
SwiftCompile normal arm64 /Users/admin/builder/spi-builder-workspace/.dependencies/checkouts/vapor/Sources/Vapor/Core/Running.swift (in target 'Vapor' from project 'vapor')
    cd /Users/admin/builder/spi-builder-workspace/.swiftpm/xcode
    builtin-SwiftPerFileCompile Running.swift
SwiftCompile normal arm64 /Users/admin/builder/spi-builder-workspace/.dependencies/checkouts/vapor/Sources/Vapor/Deprecations/CORSMiddleware+AllowOriginSetting.swift (in target 'Vapor' from project 'vapor')
    cd /Users/admin/builder/spi-builder-workspace/.swiftpm/xcode
    builtin-SwiftPerFileCompile CORSMiddleware+AllowOriginSetting.swift
SwiftCompile normal arm64 /Users/admin/builder/spi-builder-workspace/.dependencies/checkouts/vapor/Sources/Vapor/Deprecations/CORSMiddleware+Configuration+exposedHeaders.swift (in target 'Vapor' from project 'vapor')
    cd /Users/admin/builder/spi-builder-workspace/.swiftpm/xcode
    builtin-SwiftPerFileCompile CORSMiddleware+Configuration+exposedHeaders.swift
SwiftCompile normal arm64 /Users/admin/builder/spi-builder-workspace/.dependencies/checkouts/vapor/Sources/Vapor/Deprecations/DotEnvFile+load.swift (in target 'Vapor' from project 'vapor')
    cd /Users/admin/builder/spi-builder-workspace/.swiftpm/xcode
    builtin-SwiftPerFileCompile DotEnvFile+load.swift
SwiftCompile normal arm64 /Users/admin/builder/spi-builder-workspace/.dependencies/checkouts/vapor/Sources/Vapor/Deprecations/Routes+caseInsenstive.swift (in target 'Vapor' from project 'vapor')
    cd /Users/admin/builder/spi-builder-workspace/.swiftpm/xcode
    builtin-SwiftPerFileCompile Routes+caseInsenstive.swift
SwiftCompile normal arm64 /Users/admin/builder/spi-builder-workspace/.dependencies/checkouts/vapor/Sources/Vapor/Deprecations/Validatable+validate.swift (in target 'Vapor' from project 'vapor')
    cd /Users/admin/builder/spi-builder-workspace/.swiftpm/xcode
    builtin-SwiftPerFileCompile Validatable+validate.swift
SwiftCompile normal arm64 /Users/admin/builder/spi-builder-workspace/.dependencies/checkouts/vapor/Sources/Vapor/Environment/Environment+Process.swift (in target 'Vapor' from project 'vapor')
    cd /Users/admin/builder/spi-builder-workspace/.swiftpm/xcode
    builtin-SwiftPerFileCompile Environment+Process.swift
SwiftCompile normal arm64 /Users/admin/builder/spi-builder-workspace/.dependencies/checkouts/vapor/Sources/Vapor/Environment/Environment+Secret.swift (in target 'Vapor' from project 'vapor')
    cd /Users/admin/builder/spi-builder-workspace/.swiftpm/xcode
    builtin-SwiftPerFileCompile Environment+Secret.swift
SwiftCompile normal arm64 /Users/admin/builder/spi-builder-workspace/.dependencies/checkouts/vapor/Sources/Vapor/Environment/Environment.swift (in target 'Vapor' from project 'vapor')
    cd /Users/admin/builder/spi-builder-workspace/.swiftpm/xcode
    builtin-SwiftPerFileCompile Environment.swift
SwiftCompile normal arm64 /Users/admin/builder/spi-builder-workspace/.dependencies/checkouts/vapor/Sources/Vapor/Error/Abort.swift (in target 'Vapor' from project 'vapor')
    cd /Users/admin/builder/spi-builder-workspace/.swiftpm/xcode
    builtin-SwiftPerFileCompile Abort.swift
SwiftCompile normal arm64 /Users/admin/builder/spi-builder-workspace/.dependencies/checkouts/vapor/Sources/Vapor/Error/AbortError.swift (in target 'Vapor' from project 'vapor')
    cd /Users/admin/builder/spi-builder-workspace/.swiftpm/xcode
    builtin-SwiftPerFileCompile AbortError.swift
SwiftCompile normal arm64 /Users/admin/builder/spi-builder-workspace/.dependencies/checkouts/vapor/Sources/Vapor/Error/DebuggableError.swift (in target 'Vapor' from project 'vapor')
    cd /Users/admin/builder/spi-builder-workspace/.swiftpm/xcode
    builtin-SwiftPerFileCompile DebuggableError.swift
SwiftCompile normal arm64 /Users/admin/builder/spi-builder-workspace/.dependencies/checkouts/vapor/Sources/Vapor/Error/Demangler.swift (in target 'Vapor' from project 'vapor')
    cd /Users/admin/builder/spi-builder-workspace/.swiftpm/xcode
    builtin-SwiftPerFileCompile Demangler.swift
SwiftCompile normal arm64 /Users/admin/builder/spi-builder-workspace/.dependencies/checkouts/vapor/Sources/Vapor/Error/ErrorSource.swift (in target 'Vapor' from project 'vapor')
    cd /Users/admin/builder/spi-builder-workspace/.swiftpm/xcode
    builtin-SwiftPerFileCompile ErrorSource.swift
SwiftCompile normal arm64 /Users/admin/builder/spi-builder-workspace/.dependencies/checkouts/vapor/Sources/Vapor/Error/StackTrace.swift (in target 'Vapor' from project 'vapor')
    cd /Users/admin/builder/spi-builder-workspace/.swiftpm/xcode
    builtin-SwiftPerFileCompile StackTrace.swift
SwiftCompile normal arm64 /Users/admin/builder/spi-builder-workspace/.dependencies/checkouts/vapor/Sources/Vapor/Exports.swift (in target 'Vapor' from project 'vapor')
    cd /Users/admin/builder/spi-builder-workspace/.swiftpm/xcode
    builtin-SwiftPerFileCompile Exports.swift
SwiftCompile normal arm64 /Users/admin/builder/spi-builder-workspace/.dependencies/checkouts/vapor/Sources/Vapor/HTTP/Application+HTTP.swift (in target 'Vapor' from project 'vapor')
    cd /Users/admin/builder/spi-builder-workspace/.swiftpm/xcode
    builtin-SwiftPerFileCompile Application+HTTP.swift
SwiftCompile normal arm64 Compiling\ FormDataDecoder+Content.swift,\ FormDataEncoder+Content.swift,\ Application+Password.swift,\ Application+Passwords.swift,\ AsyncPasswordHasher.swift,\ BcryptHasher.swift,\ PasswordHasher.swift,\ PlaintextHasher.swift,\ Request+Password.swift,\ Redirect.swift,\ Request+Body.swift,\ Request+BodyStream.swift,\ Request.swift,\ Application+Responder.swift,\ DefaultResponder.swift,\ Response+Body.swift,\ Response.swift,\ ResponseCodable.swift,\ Application+Routes.swift,\ Parameters+Require.swift,\ Request+WebSocket.swift,\ Route.swift /Users/admin/builder/spi-builder-workspace/.dependencies/checkouts/vapor/Sources/Vapor/Multipart/FormDataDecoder+Content.swift /Users/admin/builder/spi-builder-workspace/.dependencies/checkouts/vapor/Sources/Vapor/Multipart/FormDataEncoder+Content.swift /Users/admin/builder/spi-builder-workspace/.dependencies/checkouts/vapor/Sources/Vapor/Passwords/Application+Password.swift /Users/admin/builder/spi-builder-workspace/.dependencies/checkouts/vapor/Sources/Vapor/Passwords/Application+Passwords.swift /Users/admin/builder/spi-builder-workspace/.dependencies/checkouts/vapor/Sources/Vapor/Passwords/AsyncPasswordHasher.swift /Users/admin/builder/spi-builder-workspace/.dependencies/checkouts/vapor/Sources/Vapor/Passwords/BcryptHasher.swift /Users/admin/builder/spi-builder-workspace/.dependencies/checkouts/vapor/Sources/Vapor/Passwords/PasswordHasher.swift /Users/admin/builder/spi-builder-workspace/.dependencies/checkouts/vapor/Sources/Vapor/Passwords/PlaintextHasher.swift /Users/admin/builder/spi-builder-workspace/.dependencies/checkouts/vapor/Sources/Vapor/Passwords/Request+Password.swift /Users/admin/builder/spi-builder-workspace/.dependencies/checkouts/vapor/Sources/Vapor/Request/Redirect.swift /Users/admin/builder/spi-builder-workspace/.dependencies/checkouts/vapor/Sources/Vapor/Request/Request+Body.swift /Users/admin/builder/spi-builder-workspace/.dependencies/checkouts/vapor/Sources/Vapor/Request/Request+BodyStream.swift /Users/admin/builder/spi-builder-workspace/.dependencies/checkouts/vapor/Sources/Vapor/Request/Request.swift /Users/admin/builder/spi-builder-workspace/.dependencies/checkouts/vapor/Sources/Vapor/Responder/Application+Responder.swift /Users/admin/builder/spi-builder-workspace/.dependencies/checkouts/vapor/Sources/Vapor/Responder/DefaultResponder.swift /Users/admin/builder/spi-builder-workspace/.dependencies/checkouts/vapor/Sources/Vapor/Response/Response+Body.swift /Users/admin/builder/spi-builder-workspace/.dependencies/checkouts/vapor/Sources/Vapor/Response/Response.swift /Users/admin/builder/spi-builder-workspace/.dependencies/checkouts/vapor/Sources/Vapor/Response/ResponseCodable.swift /Users/admin/builder/spi-builder-workspace/.dependencies/checkouts/vapor/Sources/Vapor/Routing/Application+Routes.swift /Users/admin/builder/spi-builder-workspace/.dependencies/checkouts/vapor/Sources/Vapor/Routing/Parameters+Require.swift /Users/admin/builder/spi-builder-workspace/.dependencies/checkouts/vapor/Sources/Vapor/Routing/Request+WebSocket.swift /Users/admin/builder/spi-builder-workspace/.dependencies/checkouts/vapor/Sources/Vapor/Routing/Route.swift (in target 'Vapor' from project 'vapor')
SwiftCompile normal arm64 /Users/admin/builder/spi-builder-workspace/.dependencies/checkouts/vapor/Sources/Vapor/Multipart/FormDataDecoder+Content.swift (in target 'Vapor' from project 'vapor')
    cd /Users/admin/builder/spi-builder-workspace/.swiftpm/xcode
    builtin-SwiftPerFileCompile FormDataDecoder+Content.swift
SwiftCompile normal arm64 /Users/admin/builder/spi-builder-workspace/.dependencies/checkouts/vapor/Sources/Vapor/Multipart/FormDataEncoder+Content.swift (in target 'Vapor' from project 'vapor')
    cd /Users/admin/builder/spi-builder-workspace/.swiftpm/xcode
    builtin-SwiftPerFileCompile FormDataEncoder+Content.swift
SwiftCompile normal arm64 /Users/admin/builder/spi-builder-workspace/.dependencies/checkouts/vapor/Sources/Vapor/Passwords/Application+Password.swift (in target 'Vapor' from project 'vapor')
    cd /Users/admin/builder/spi-builder-workspace/.swiftpm/xcode
    builtin-SwiftPerFileCompile Application+Password.swift
SwiftCompile normal arm64 /Users/admin/builder/spi-builder-workspace/.dependencies/checkouts/vapor/Sources/Vapor/Passwords/Application+Passwords.swift (in target 'Vapor' from project 'vapor')
    cd /Users/admin/builder/spi-builder-workspace/.swiftpm/xcode
    builtin-SwiftPerFileCompile Application+Passwords.swift
SwiftCompile normal arm64 /Users/admin/builder/spi-builder-workspace/.dependencies/checkouts/vapor/Sources/Vapor/Passwords/AsyncPasswordHasher.swift (in target 'Vapor' from project 'vapor')
    cd /Users/admin/builder/spi-builder-workspace/.swiftpm/xcode
    builtin-SwiftPerFileCompile AsyncPasswordHasher.swift
SwiftCompile normal arm64 /Users/admin/builder/spi-builder-workspace/.dependencies/checkouts/vapor/Sources/Vapor/Passwords/BcryptHasher.swift (in target 'Vapor' from project 'vapor')
    cd /Users/admin/builder/spi-builder-workspace/.swiftpm/xcode
    builtin-SwiftPerFileCompile BcryptHasher.swift
SwiftCompile normal arm64 /Users/admin/builder/spi-builder-workspace/.dependencies/checkouts/vapor/Sources/Vapor/Passwords/PasswordHasher.swift (in target 'Vapor' from project 'vapor')
    cd /Users/admin/builder/spi-builder-workspace/.swiftpm/xcode
    builtin-SwiftPerFileCompile PasswordHasher.swift
SwiftCompile normal arm64 /Users/admin/builder/spi-builder-workspace/.dependencies/checkouts/vapor/Sources/Vapor/Passwords/PlaintextHasher.swift (in target 'Vapor' from project 'vapor')
    cd /Users/admin/builder/spi-builder-workspace/.swiftpm/xcode
    builtin-SwiftPerFileCompile PlaintextHasher.swift
SwiftCompile normal arm64 /Users/admin/builder/spi-builder-workspace/.dependencies/checkouts/vapor/Sources/Vapor/Passwords/Request+Password.swift (in target 'Vapor' from project 'vapor')
    cd /Users/admin/builder/spi-builder-workspace/.swiftpm/xcode
    builtin-SwiftPerFileCompile Request+Password.swift
SwiftCompile normal arm64 /Users/admin/builder/spi-builder-workspace/.dependencies/checkouts/vapor/Sources/Vapor/Request/Redirect.swift (in target 'Vapor' from project 'vapor')
    cd /Users/admin/builder/spi-builder-workspace/.swiftpm/xcode
    builtin-SwiftPerFileCompile Redirect.swift
SwiftCompile normal arm64 /Users/admin/builder/spi-builder-workspace/.dependencies/checkouts/vapor/Sources/Vapor/Request/Request+Body.swift (in target 'Vapor' from project 'vapor')
    cd /Users/admin/builder/spi-builder-workspace/.swiftpm/xcode
    builtin-SwiftPerFileCompile Request+Body.swift
SwiftCompile normal arm64 /Users/admin/builder/spi-builder-workspace/.dependencies/checkouts/vapor/Sources/Vapor/Request/Request+BodyStream.swift (in target 'Vapor' from project 'vapor')
    cd /Users/admin/builder/spi-builder-workspace/.swiftpm/xcode
    builtin-SwiftPerFileCompile Request+BodyStream.swift
SwiftCompile normal arm64 /Users/admin/builder/spi-builder-workspace/.dependencies/checkouts/vapor/Sources/Vapor/Request/Request.swift (in target 'Vapor' from project 'vapor')
    cd /Users/admin/builder/spi-builder-workspace/.swiftpm/xcode
    builtin-SwiftPerFileCompile Request.swift
SwiftCompile normal arm64 /Users/admin/builder/spi-builder-workspace/.dependencies/checkouts/vapor/Sources/Vapor/Responder/Application+Responder.swift (in target 'Vapor' from project 'vapor')
    cd /Users/admin/builder/spi-builder-workspace/.swiftpm/xcode
    builtin-SwiftPerFileCompile Application+Responder.swift
SwiftCompile normal arm64 /Users/admin/builder/spi-builder-workspace/.dependencies/checkouts/vapor/Sources/Vapor/Responder/DefaultResponder.swift (in target 'Vapor' from project 'vapor')
    cd /Users/admin/builder/spi-builder-workspace/.swiftpm/xcode
    builtin-SwiftPerFileCompile DefaultResponder.swift
SwiftCompile normal arm64 /Users/admin/builder/spi-builder-workspace/.dependencies/checkouts/vapor/Sources/Vapor/Response/Response+Body.swift (in target 'Vapor' from project 'vapor')
    cd /Users/admin/builder/spi-builder-workspace/.swiftpm/xcode
    builtin-SwiftPerFileCompile Response+Body.swift
SwiftCompile normal arm64 /Users/admin/builder/spi-builder-workspace/.dependencies/checkouts/vapor/Sources/Vapor/Response/Response.swift (in target 'Vapor' from project 'vapor')
    cd /Users/admin/builder/spi-builder-workspace/.swiftpm/xcode
    builtin-SwiftPerFileCompile Response.swift
SwiftCompile normal arm64 /Users/admin/builder/spi-builder-workspace/.dependencies/checkouts/vapor/Sources/Vapor/Response/ResponseCodable.swift (in target 'Vapor' from project 'vapor')
    cd /Users/admin/builder/spi-builder-workspace/.swiftpm/xcode
    builtin-SwiftPerFileCompile ResponseCodable.swift
SwiftCompile normal arm64 /Users/admin/builder/spi-builder-workspace/.dependencies/checkouts/vapor/Sources/Vapor/Routing/Application+Routes.swift (in target 'Vapor' from project 'vapor')
    cd /Users/admin/builder/spi-builder-workspace/.swiftpm/xcode
    builtin-SwiftPerFileCompile Application+Routes.swift
SwiftCompile normal arm64 /Users/admin/builder/spi-builder-workspace/.dependencies/checkouts/vapor/Sources/Vapor/Routing/Parameters+Require.swift (in target 'Vapor' from project 'vapor')
    cd /Users/admin/builder/spi-builder-workspace/.swiftpm/xcode
    builtin-SwiftPerFileCompile Parameters+Require.swift
SwiftCompile normal arm64 /Users/admin/builder/spi-builder-workspace/.dependencies/checkouts/vapor/Sources/Vapor/Routing/Request+WebSocket.swift (in target 'Vapor' from project 'vapor')
    cd /Users/admin/builder/spi-builder-workspace/.swiftpm/xcode
    builtin-SwiftPerFileCompile Request+WebSocket.swift
SwiftCompile normal arm64 /Users/admin/builder/spi-builder-workspace/.dependencies/checkouts/vapor/Sources/Vapor/Routing/Route.swift (in target 'Vapor' from project 'vapor')
    cd /Users/admin/builder/spi-builder-workspace/.swiftpm/xcode
    builtin-SwiftPerFileCompile Route.swift
SwiftCompile normal arm64 Compiling\ HTTPMediaTypePreference.swift,\ Responder.swift,\ Application+HTTP+Server.swift,\ HTTPServer.swift,\ HTTPServerConfiguration+RequestDecompressionConfiguration.swift,\ HTTPServerConfiguration+ResponseCompressionConfiguration.swift,\ HTTPServerHandler.swift,\ HTTPServerRequestDecoder.swift,\ HTTPServerResponseEncoder.swift,\ HTTPServerUpgradeHandler.swift,\ Logger+Report.swift,\ LoggingSystem+Environment.swift,\ Application+Middleware.swift,\ CORSMiddleware.swift,\ ErrorMiddleware.swift,\ FileMiddleware.swift,\ Middleware.swift,\ MiddlewareConfiguration.swift,\ ResponseCompressionMiddleware.swift,\ RouteLoggingMiddleware.swift,\ TracingMiddleware.swift,\ File+Multipart.swift /Users/admin/builder/spi-builder-workspace/.dependencies/checkouts/vapor/Sources/Vapor/HTTP/Headers/HTTPMediaTypePreference.swift /Users/admin/builder/spi-builder-workspace/.dependencies/checkouts/vapor/Sources/Vapor/HTTP/Responder.swift /Users/admin/builder/spi-builder-workspace/.dependencies/checkouts/vapor/Sources/Vapor/HTTP/Server/Application+HTTP+Server.swift /Users/admin/builder/spi-builder-workspace/.dependencies/checkouts/vapor/Sources/Vapor/HTTP/Server/HTTPServer.swift /Users/admin/builder/spi-builder-workspace/.dependencies/checkouts/vapor/Sources/Vapor/HTTP/Server/HTTPServerConfiguration+RequestDecompressionConfiguration.swift /Users/admin/builder/spi-builder-workspace/.dependencies/checkouts/vapor/Sources/Vapor/HTTP/Server/HTTPServerConfiguration+ResponseCompressionConfiguration.swift /Users/admin/builder/spi-builder-workspace/.dependencies/checkouts/vapor/Sources/Vapor/HTTP/Server/HTTPServerHandler.swift /Users/admin/builder/spi-builder-workspace/.dependencies/checkouts/vapor/Sources/Vapor/HTTP/Server/HTTPServerRequestDecoder.swift /Users/admin/builder/spi-builder-workspace/.dependencies/checkouts/vapor/Sources/Vapor/HTTP/Server/HTTPServerResponseEncoder.swift /Users/admin/builder/spi-builder-workspace/.dependencies/checkouts/vapor/Sources/Vapor/HTTP/Server/HTTPServerUpgradeHandler.swift /Users/admin/builder/spi-builder-workspace/.dependencies/checkouts/vapor/Sources/Vapor/Logging/Logger+Report.swift /Users/admin/builder/spi-builder-workspace/.dependencies/checkouts/vapor/Sources/Vapor/Logging/LoggingSystem+Environment.swift /Users/admin/builder/spi-builder-workspace/.dependencies/checkouts/vapor/Sources/Vapor/Middleware/Application+Middleware.swift /Users/admin/builder/spi-builder-workspace/.dependencies/checkouts/vapor/Sources/Vapor/Middleware/CORSMiddleware.swift /Users/admin/builder/spi-builder-workspace/.dependencies/checkouts/vapor/Sources/Vapor/Middleware/ErrorMiddleware.swift /Users/admin/builder/spi-builder-workspace/.dependencies/checkouts/vapor/Sources/Vapor/Middleware/FileMiddleware.swift /Users/admin/builder/spi-builder-workspace/.dependencies/checkouts/vapor/Sources/Vapor/Middleware/Middleware.swift /Users/admin/builder/spi-builder-workspace/.dependencies/checkouts/vapor/Sources/Vapor/Middleware/MiddlewareConfiguration.swift /Users/admin/builder/spi-builder-workspace/.dependencies/checkouts/vapor/Sources/Vapor/Middleware/ResponseCompressionMiddleware.swift /Users/admin/builder/spi-builder-workspace/.dependencies/checkouts/vapor/Sources/Vapor/Middleware/RouteLoggingMiddleware.swift /Users/admin/builder/spi-builder-workspace/.dependencies/checkouts/vapor/Sources/Vapor/Middleware/TracingMiddleware.swift /Users/admin/builder/spi-builder-workspace/.dependencies/checkouts/vapor/Sources/Vapor/Multipart/File+Multipart.swift (in target 'Vapor' from project 'vapor')
SwiftCompile normal arm64 /Users/admin/builder/spi-builder-workspace/.dependencies/checkouts/vapor/Sources/Vapor/HTTP/Headers/HTTPMediaTypePreference.swift (in target 'Vapor' from project 'vapor')
    cd /Users/admin/builder/spi-builder-workspace/.swiftpm/xcode
    builtin-SwiftPerFileCompile HTTPMediaTypePreference.swift
SwiftCompile normal arm64 /Users/admin/builder/spi-builder-workspace/.dependencies/checkouts/vapor/Sources/Vapor/HTTP/Responder.swift (in target 'Vapor' from project 'vapor')
    cd /Users/admin/builder/spi-builder-workspace/.swiftpm/xcode
    builtin-SwiftPerFileCompile Responder.swift
SwiftCompile normal arm64 /Users/admin/builder/spi-builder-workspace/.dependencies/checkouts/vapor/Sources/Vapor/HTTP/Server/Application+HTTP+Server.swift (in target 'Vapor' from project 'vapor')
    cd /Users/admin/builder/spi-builder-workspace/.swiftpm/xcode
    builtin-SwiftPerFileCompile Application+HTTP+Server.swift
SwiftCompile normal arm64 /Users/admin/builder/spi-builder-workspace/.dependencies/checkouts/vapor/Sources/Vapor/HTTP/Server/HTTPServer.swift (in target 'Vapor' from project 'vapor')
    cd /Users/admin/builder/spi-builder-workspace/.swiftpm/xcode
    builtin-SwiftPerFileCompile HTTPServer.swift
SwiftCompile normal arm64 /Users/admin/builder/spi-builder-workspace/.dependencies/checkouts/vapor/Sources/Vapor/HTTP/Server/HTTPServerConfiguration+RequestDecompressionConfiguration.swift (in target 'Vapor' from project 'vapor')
    cd /Users/admin/builder/spi-builder-workspace/.swiftpm/xcode
    builtin-SwiftPerFileCompile HTTPServerConfiguration+RequestDecompressionConfiguration.swift
SwiftCompile normal arm64 /Users/admin/builder/spi-builder-workspace/.dependencies/checkouts/vapor/Sources/Vapor/HTTP/Server/HTTPServerConfiguration+ResponseCompressionConfiguration.swift (in target 'Vapor' from project 'vapor')
    cd /Users/admin/builder/spi-builder-workspace/.swiftpm/xcode
    builtin-SwiftPerFileCompile HTTPServerConfiguration+ResponseCompressionConfiguration.swift
SwiftCompile normal arm64 /Users/admin/builder/spi-builder-workspace/.dependencies/checkouts/vapor/Sources/Vapor/HTTP/Server/HTTPServerHandler.swift (in target 'Vapor' from project 'vapor')
    cd /Users/admin/builder/spi-builder-workspace/.swiftpm/xcode
    builtin-SwiftPerFileCompile HTTPServerHandler.swift
SwiftCompile normal arm64 /Users/admin/builder/spi-builder-workspace/.dependencies/checkouts/vapor/Sources/Vapor/HTTP/Server/HTTPServerRequestDecoder.swift (in target 'Vapor' from project 'vapor')
    cd /Users/admin/builder/spi-builder-workspace/.swiftpm/xcode
    builtin-SwiftPerFileCompile HTTPServerRequestDecoder.swift
SwiftCompile normal arm64 /Users/admin/builder/spi-builder-workspace/.dependencies/checkouts/vapor/Sources/Vapor/HTTP/Server/HTTPServerResponseEncoder.swift (in target 'Vapor' from project 'vapor')
    cd /Users/admin/builder/spi-builder-workspace/.swiftpm/xcode
    builtin-SwiftPerFileCompile HTTPServerResponseEncoder.swift
SwiftCompile normal arm64 /Users/admin/builder/spi-builder-workspace/.dependencies/checkouts/vapor/Sources/Vapor/HTTP/Server/HTTPServerUpgradeHandler.swift (in target 'Vapor' from project 'vapor')
    cd /Users/admin/builder/spi-builder-workspace/.swiftpm/xcode
    builtin-SwiftPerFileCompile HTTPServerUpgradeHandler.swift
SwiftCompile normal arm64 /Users/admin/builder/spi-builder-workspace/.dependencies/checkouts/vapor/Sources/Vapor/Logging/Logger+Report.swift (in target 'Vapor' from project 'vapor')
    cd /Users/admin/builder/spi-builder-workspace/.swiftpm/xcode
    builtin-SwiftPerFileCompile Logger+Report.swift
SwiftCompile normal arm64 /Users/admin/builder/spi-builder-workspace/.dependencies/checkouts/vapor/Sources/Vapor/Logging/LoggingSystem+Environment.swift (in target 'Vapor' from project 'vapor')
    cd /Users/admin/builder/spi-builder-workspace/.swiftpm/xcode
    builtin-SwiftPerFileCompile LoggingSystem+Environment.swift
SwiftCompile normal arm64 /Users/admin/builder/spi-builder-workspace/.dependencies/checkouts/vapor/Sources/Vapor/Middleware/Application+Middleware.swift (in target 'Vapor' from project 'vapor')
    cd /Users/admin/builder/spi-builder-workspace/.swiftpm/xcode
    builtin-SwiftPerFileCompile Application+Middleware.swift
SwiftCompile normal arm64 /Users/admin/builder/spi-builder-workspace/.dependencies/checkouts/vapor/Sources/Vapor/Middleware/CORSMiddleware.swift (in target 'Vapor' from project 'vapor')
    cd /Users/admin/builder/spi-builder-workspace/.swiftpm/xcode
    builtin-SwiftPerFileCompile CORSMiddleware.swift
SwiftCompile normal arm64 /Users/admin/builder/spi-builder-workspace/.dependencies/checkouts/vapor/Sources/Vapor/Middleware/ErrorMiddleware.swift (in target 'Vapor' from project 'vapor')
    cd /Users/admin/builder/spi-builder-workspace/.swiftpm/xcode
    builtin-SwiftPerFileCompile ErrorMiddleware.swift
SwiftCompile normal arm64 /Users/admin/builder/spi-builder-workspace/.dependencies/checkouts/vapor/Sources/Vapor/Middleware/FileMiddleware.swift (in target 'Vapor' from project 'vapor')
    cd /Users/admin/builder/spi-builder-workspace/.swiftpm/xcode
    builtin-SwiftPerFileCompile FileMiddleware.swift
SwiftCompile normal arm64 /Users/admin/builder/spi-builder-workspace/.dependencies/checkouts/vapor/Sources/Vapor/Middleware/Middleware.swift (in target 'Vapor' from project 'vapor')
    cd /Users/admin/builder/spi-builder-workspace/.swiftpm/xcode
    builtin-SwiftPerFileCompile Middleware.swift
SwiftCompile normal arm64 /Users/admin/builder/spi-builder-workspace/.dependencies/checkouts/vapor/Sources/Vapor/Middleware/MiddlewareConfiguration.swift (in target 'Vapor' from project 'vapor')
    cd /Users/admin/builder/spi-builder-workspace/.swiftpm/xcode
    builtin-SwiftPerFileCompile MiddlewareConfiguration.swift
SwiftCompile normal arm64 /Users/admin/builder/spi-builder-workspace/.dependencies/checkouts/vapor/Sources/Vapor/Middleware/ResponseCompressionMiddleware.swift (in target 'Vapor' from project 'vapor')
    cd /Users/admin/builder/spi-builder-workspace/.swiftpm/xcode
    builtin-SwiftPerFileCompile ResponseCompressionMiddleware.swift
SwiftCompile normal arm64 /Users/admin/builder/spi-builder-workspace/.dependencies/checkouts/vapor/Sources/Vapor/Middleware/RouteLoggingMiddleware.swift (in target 'Vapor' from project 'vapor')
    cd /Users/admin/builder/spi-builder-workspace/.swiftpm/xcode
    builtin-SwiftPerFileCompile RouteLoggingMiddleware.swift
SwiftCompile normal arm64 /Users/admin/builder/spi-builder-workspace/.dependencies/checkouts/vapor/Sources/Vapor/Middleware/TracingMiddleware.swift (in target 'Vapor' from project 'vapor')
    cd /Users/admin/builder/spi-builder-workspace/.swiftpm/xcode
    builtin-SwiftPerFileCompile TracingMiddleware.swift
SwiftCompile normal arm64 /Users/admin/builder/spi-builder-workspace/.dependencies/checkouts/vapor/Sources/Vapor/Multipart/File+Multipart.swift (in target 'Vapor' from project 'vapor')
    cd /Users/admin/builder/spi-builder-workspace/.swiftpm/xcode
    builtin-SwiftPerFileCompile File+Multipart.swift
SwiftCompile normal arm64 Compiling\ Application.swift,\ AuthenticationCache.swift,\ Authenticator.swift,\ BasicAuthorization.swift,\ BearerAuthorization.swift,\ GuardMiddleware.swift,\ RedirectMiddleware.swift,\ SessionAuthenticatable.swift,\ Bcrypt.swift,\ Application+Cache.swift,\ Cache.swift,\ CacheExpirationTime.swift,\ MemoryCache.swift,\ Request+Cache.swift,\ Application+Clients.swift,\ Client.swift,\ ClientRequest.swift,\ ClientResponse.swift,\ Request+Client.swift,\ BootCommand.swift,\ CommandContext+Application.swift,\ RoutesCommand.swift /Users/admin/builder/spi-builder-workspace/.dependencies/checkouts/vapor/Sources/Vapor/Application.swift /Users/admin/builder/spi-builder-workspace/.dependencies/checkouts/vapor/Sources/Vapor/Authentication/AuthenticationCache.swift /Users/admin/builder/spi-builder-workspace/.dependencies/checkouts/vapor/Sources/Vapor/Authentication/Authenticator.swift /Users/admin/builder/spi-builder-workspace/.dependencies/checkouts/vapor/Sources/Vapor/Authentication/BasicAuthorization.swift /Users/admin/builder/spi-builder-workspace/.dependencies/checkouts/vapor/Sources/Vapor/Authentication/BearerAuthorization.swift /Users/admin/builder/spi-builder-workspace/.dependencies/checkouts/vapor/Sources/Vapor/Authentication/GuardMiddleware.swift /Users/admin/builder/spi-builder-workspace/.dependencies/checkouts/vapor/Sources/Vapor/Authentication/RedirectMiddleware.swift /Users/admin/builder/spi-builder-workspace/.dependencies/checkouts/vapor/Sources/Vapor/Authentication/SessionAuthenticatable.swift /Users/admin/builder/spi-builder-workspace/.dependencies/checkouts/vapor/Sources/Vapor/Bcrypt/Bcrypt.swift /Users/admin/builder/spi-builder-workspace/.dependencies/checkouts/vapor/Sources/Vapor/Cache/Application+Cache.swift /Users/admin/builder/spi-builder-workspace/.dependencies/checkouts/vapor/Sources/Vapor/Cache/Cache.swift /Users/admin/builder/spi-builder-workspace/.dependencies/checkouts/vapor/Sources/Vapor/Cache/CacheExpirationTime.swift /Users/admin/builder/spi-builder-workspace/.dependencies/checkouts/vapor/Sources/Vapor/Cache/MemoryCache.swift /Users/admin/builder/spi-builder-workspace/.dependencies/checkouts/vapor/Sources/Vapor/Cache/Request+Cache.swift /Users/admin/builder/spi-builder-workspace/.dependencies/checkouts/vapor/Sources/Vapor/Client/Application+Clients.swift /Users/admin/builder/spi-builder-workspace/.dependencies/checkouts/vapor/Sources/Vapor/Client/Client.swift /Users/admin/builder/spi-builder-workspace/.dependencies/checkouts/vapor/Sources/Vapor/Client/ClientRequest.swift /Users/admin/builder/spi-builder-workspace/.dependencies/checkouts/vapor/Sources/Vapor/Client/ClientResponse.swift /Users/admin/builder/spi-builder-workspace/.dependencies/checkouts/vapor/Sources/Vapor/Client/Request+Client.swift /Users/admin/builder/spi-builder-workspace/.dependencies/checkouts/vapor/Sources/Vapor/Commands/BootCommand.swift /Users/admin/builder/spi-builder-workspace/.dependencies/checkouts/vapor/Sources/Vapor/Commands/CommandContext+Application.swift /Users/admin/builder/spi-builder-workspace/.dependencies/checkouts/vapor/Sources/Vapor/Commands/RoutesCommand.swift (in target 'Vapor' from project 'vapor')
SwiftCompile normal arm64 /Users/admin/builder/spi-builder-workspace/.dependencies/checkouts/vapor/Sources/Vapor/Application.swift (in target 'Vapor' from project 'vapor')
    cd /Users/admin/builder/spi-builder-workspace/.swiftpm/xcode
    builtin-SwiftPerFileCompile Application.swift
SwiftCompile normal arm64 /Users/admin/builder/spi-builder-workspace/.dependencies/checkouts/vapor/Sources/Vapor/Authentication/AuthenticationCache.swift (in target 'Vapor' from project 'vapor')
    cd /Users/admin/builder/spi-builder-workspace/.swiftpm/xcode
    builtin-SwiftPerFileCompile AuthenticationCache.swift
SwiftCompile normal arm64 /Users/admin/builder/spi-builder-workspace/.dependencies/checkouts/vapor/Sources/Vapor/Authentication/Authenticator.swift (in target 'Vapor' from project 'vapor')
    cd /Users/admin/builder/spi-builder-workspace/.swiftpm/xcode
    builtin-SwiftPerFileCompile Authenticator.swift
SwiftCompile normal arm64 /Users/admin/builder/spi-builder-workspace/.dependencies/checkouts/vapor/Sources/Vapor/Authentication/BasicAuthorization.swift (in target 'Vapor' from project 'vapor')
    cd /Users/admin/builder/spi-builder-workspace/.swiftpm/xcode
    builtin-SwiftPerFileCompile BasicAuthorization.swift
SwiftCompile normal arm64 /Users/admin/builder/spi-builder-workspace/.dependencies/checkouts/vapor/Sources/Vapor/Authentication/BearerAuthorization.swift (in target 'Vapor' from project 'vapor')
    cd /Users/admin/builder/spi-builder-workspace/.swiftpm/xcode
    builtin-SwiftPerFileCompile BearerAuthorization.swift
SwiftCompile normal arm64 /Users/admin/builder/spi-builder-workspace/.dependencies/checkouts/vapor/Sources/Vapor/Authentication/GuardMiddleware.swift (in target 'Vapor' from project 'vapor')
    cd /Users/admin/builder/spi-builder-workspace/.swiftpm/xcode
    builtin-SwiftPerFileCompile GuardMiddleware.swift
SwiftCompile normal arm64 /Users/admin/builder/spi-builder-workspace/.dependencies/checkouts/vapor/Sources/Vapor/Authentication/RedirectMiddleware.swift (in target 'Vapor' from project 'vapor')
    cd /Users/admin/builder/spi-builder-workspace/.swiftpm/xcode
    builtin-SwiftPerFileCompile RedirectMiddleware.swift
SwiftCompile normal arm64 /Users/admin/builder/spi-builder-workspace/.dependencies/checkouts/vapor/Sources/Vapor/Authentication/SessionAuthenticatable.swift (in target 'Vapor' from project 'vapor')
    cd /Users/admin/builder/spi-builder-workspace/.swiftpm/xcode
    builtin-SwiftPerFileCompile SessionAuthenticatable.swift
SwiftCompile normal arm64 /Users/admin/builder/spi-builder-workspace/.dependencies/checkouts/vapor/Sources/Vapor/Bcrypt/Bcrypt.swift (in target 'Vapor' from project 'vapor')
    cd /Users/admin/builder/spi-builder-workspace/.swiftpm/xcode
    builtin-SwiftPerFileCompile Bcrypt.swift
SwiftCompile normal arm64 /Users/admin/builder/spi-builder-workspace/.dependencies/checkouts/vapor/Sources/Vapor/Cache/Application+Cache.swift (in target 'Vapor' from project 'vapor')
    cd /Users/admin/builder/spi-builder-workspace/.swiftpm/xcode
    builtin-SwiftPerFileCompile Application+Cache.swift
SwiftCompile normal arm64 /Users/admin/builder/spi-builder-workspace/.dependencies/checkouts/vapor/Sources/Vapor/Cache/Cache.swift (in target 'Vapor' from project 'vapor')
    cd /Users/admin/builder/spi-builder-workspace/.swiftpm/xcode
    builtin-SwiftPerFileCompile Cache.swift
SwiftCompile normal arm64 /Users/admin/builder/spi-builder-workspace/.dependencies/checkouts/vapor/Sources/Vapor/Cache/CacheExpirationTime.swift (in target 'Vapor' from project 'vapor')
    cd /Users/admin/builder/spi-builder-workspace/.swiftpm/xcode
    builtin-SwiftPerFileCompile CacheExpirationTime.swift
SwiftCompile normal arm64 /Users/admin/builder/spi-builder-workspace/.dependencies/checkouts/vapor/Sources/Vapor/Cache/MemoryCache.swift (in target 'Vapor' from project 'vapor')
    cd /Users/admin/builder/spi-builder-workspace/.swiftpm/xcode
    builtin-SwiftPerFileCompile MemoryCache.swift
SwiftCompile normal arm64 /Users/admin/builder/spi-builder-workspace/.dependencies/checkouts/vapor/Sources/Vapor/Cache/Request+Cache.swift (in target 'Vapor' from project 'vapor')
    cd /Users/admin/builder/spi-builder-workspace/.swiftpm/xcode
    builtin-SwiftPerFileCompile Request+Cache.swift
SwiftCompile normal arm64 /Users/admin/builder/spi-builder-workspace/.dependencies/checkouts/vapor/Sources/Vapor/Client/Application+Clients.swift (in target 'Vapor' from project 'vapor')
    cd /Users/admin/builder/spi-builder-workspace/.swiftpm/xcode
    builtin-SwiftPerFileCompile Application+Clients.swift
SwiftCompile normal arm64 /Users/admin/builder/spi-builder-workspace/.dependencies/checkouts/vapor/Sources/Vapor/Client/Client.swift (in target 'Vapor' from project 'vapor')
    cd /Users/admin/builder/spi-builder-workspace/.swiftpm/xcode
    builtin-SwiftPerFileCompile Client.swift
SwiftCompile normal arm64 /Users/admin/builder/spi-builder-workspace/.dependencies/checkouts/vapor/Sources/Vapor/Client/ClientRequest.swift (in target 'Vapor' from project 'vapor')
    cd /Users/admin/builder/spi-builder-workspace/.swiftpm/xcode
    builtin-SwiftPerFileCompile ClientRequest.swift
SwiftCompile normal arm64 /Users/admin/builder/spi-builder-workspace/.dependencies/checkouts/vapor/Sources/Vapor/Client/ClientResponse.swift (in target 'Vapor' from project 'vapor')
    cd /Users/admin/builder/spi-builder-workspace/.swiftpm/xcode
    builtin-SwiftPerFileCompile ClientResponse.swift
SwiftCompile normal arm64 /Users/admin/builder/spi-builder-workspace/.dependencies/checkouts/vapor/Sources/Vapor/Client/Request+Client.swift (in target 'Vapor' from project 'vapor')
    cd /Users/admin/builder/spi-builder-workspace/.swiftpm/xcode
    builtin-SwiftPerFileCompile Request+Client.swift
SwiftCompile normal arm64 /Users/admin/builder/spi-builder-workspace/.dependencies/checkouts/vapor/Sources/Vapor/Commands/BootCommand.swift (in target 'Vapor' from project 'vapor')
    cd /Users/admin/builder/spi-builder-workspace/.swiftpm/xcode
    builtin-SwiftPerFileCompile BootCommand.swift
SwiftCompile normal arm64 /Users/admin/builder/spi-builder-workspace/.dependencies/checkouts/vapor/Sources/Vapor/Commands/CommandContext+Application.swift (in target 'Vapor' from project 'vapor')
    cd /Users/admin/builder/spi-builder-workspace/.swiftpm/xcode
    builtin-SwiftPerFileCompile CommandContext+Application.swift
SwiftCompile normal arm64 /Users/admin/builder/spi-builder-workspace/.dependencies/checkouts/vapor/Sources/Vapor/Commands/RoutesCommand.swift (in target 'Vapor' from project 'vapor')
    cd /Users/admin/builder/spi-builder-workspace/.swiftpm/xcode
    builtin-SwiftPerFileCompile RoutesCommand.swift
SwiftCompile normal arm64 Compiling\ URLEncodedFormData.swift,\ URLEncodedFormDecoder.swift,\ URLEncodedFormEncoder.swift,\ URLEncodedFormError.swift,\ URLEncodedFormParser.swift,\ URLEncodedFormSerializer.swift,\ URLQueryFragmentConvertible.swift,\ AnyResponse.swift,\ Array+Random.swift,\ Base32.swift,\ Base64.swift,\ BaseN.swift,\ BasicCodingKey.swift,\ ByteCount.swift,\ Bytes+Hex.swift,\ Bytes+SecureCompare.swift,\ Collection+Safe.swift,\ DataProtocol+Copy.swift,\ DecoderUnwrapper.swift,\ DirectoryConfiguration.swift,\ DotEnv.swift /Users/admin/builder/spi-builder-workspace/.dependencies/checkouts/vapor/Sources/Vapor/URLEncodedForm/URLEncodedFormData.swift /Users/admin/builder/spi-builder-workspace/.dependencies/checkouts/vapor/Sources/Vapor/URLEncodedForm/URLEncodedFormDecoder.swift /Users/admin/builder/spi-builder-workspace/.dependencies/checkouts/vapor/Sources/Vapor/URLEncodedForm/URLEncodedFormEncoder.swift /Users/admin/builder/spi-builder-workspace/.dependencies/checkouts/vapor/Sources/Vapor/URLEncodedForm/URLEncodedFormError.swift /Users/admin/builder/spi-builder-workspace/.dependencies/checkouts/vapor/Sources/Vapor/URLEncodedForm/URLEncodedFormParser.swift /Users/admin/builder/spi-builder-workspace/.dependencies/checkouts/vapor/Sources/Vapor/URLEncodedForm/URLEncodedFormSerializer.swift /Users/admin/builder/spi-builder-workspace/.dependencies/checkouts/vapor/Sources/Vapor/URLEncodedForm/URLQueryFragmentConvertible.swift /Users/admin/builder/spi-builder-workspace/.dependencies/checkouts/vapor/Sources/Vapor/Utilities/AnyResponse.swift /Users/admin/builder/spi-builder-workspace/.dependencies/checkouts/vapor/Sources/Vapor/Utilities/Array+Random.swift /Users/admin/builder/spi-builder-workspace/.dependencies/checkouts/vapor/Sources/Vapor/Utilities/Base32.swift /Users/admin/builder/spi-builder-workspace/.dependencies/checkouts/vapor/Sources/Vapor/Utilities/Base64.swift /Users/admin/builder/spi-builder-workspace/.dependencies/checkouts/vapor/Sources/Vapor/Utilities/BaseN.swift /Users/admin/builder/spi-builder-workspace/.dependencies/checkouts/vapor/Sources/Vapor/Utilities/BasicCodingKey.swift /Users/admin/builder/spi-builder-workspace/.dependencies/checkouts/vapor/Sources/Vapor/Utilities/ByteCount.swift /Users/admin/builder/spi-builder-workspace/.dependencies/checkouts/vapor/Sources/Vapor/Utilities/Bytes+Hex.swift /Users/admin/builder/spi-builder-workspace/.dependencies/checkouts/vapor/Sources/Vapor/Utilities/Bytes+SecureCompare.swift /Users/admin/builder/spi-builder-workspace/.dependencies/checkouts/vapor/Sources/Vapor/Utilities/Collection+Safe.swift /Users/admin/builder/spi-builder-workspace/.dependencies/checkouts/vapor/Sources/Vapor/Utilities/DataProtocol+Copy.swift /Users/admin/builder/spi-builder-workspace/.dependencies/checkouts/vapor/Sources/Vapor/Utilities/DecoderUnwrapper.swift /Users/admin/builder/spi-builder-workspace/.dependencies/checkouts/vapor/Sources/Vapor/Utilities/DirectoryConfiguration.swift /Users/admin/builder/spi-builder-workspace/.dependencies/checkouts/vapor/Sources/Vapor/Utilities/DotEnv.swift (in target 'Vapor' from project 'vapor')
SwiftCompile normal arm64 /Users/admin/builder/spi-builder-workspace/.dependencies/checkouts/vapor/Sources/Vapor/URLEncodedForm/URLEncodedFormData.swift (in target 'Vapor' from project 'vapor')
    cd /Users/admin/builder/spi-builder-workspace/.swiftpm/xcode
    builtin-SwiftPerFileCompile URLEncodedFormData.swift
SwiftCompile normal arm64 /Users/admin/builder/spi-builder-workspace/.dependencies/checkouts/vapor/Sources/Vapor/URLEncodedForm/URLEncodedFormDecoder.swift (in target 'Vapor' from project 'vapor')
    cd /Users/admin/builder/spi-builder-workspace/.swiftpm/xcode
    builtin-SwiftPerFileCompile URLEncodedFormDecoder.swift
SwiftCompile normal arm64 /Users/admin/builder/spi-builder-workspace/.dependencies/checkouts/vapor/Sources/Vapor/URLEncodedForm/URLEncodedFormEncoder.swift (in target 'Vapor' from project 'vapor')
    cd /Users/admin/builder/spi-builder-workspace/.swiftpm/xcode
    builtin-SwiftPerFileCompile URLEncodedFormEncoder.swift
SwiftCompile normal arm64 /Users/admin/builder/spi-builder-workspace/.dependencies/checkouts/vapor/Sources/Vapor/URLEncodedForm/URLEncodedFormError.swift (in target 'Vapor' from project 'vapor')
    cd /Users/admin/builder/spi-builder-workspace/.swiftpm/xcode
    builtin-SwiftPerFileCompile URLEncodedFormError.swift
SwiftCompile normal arm64 /Users/admin/builder/spi-builder-workspace/.dependencies/checkouts/vapor/Sources/Vapor/URLEncodedForm/URLEncodedFormParser.swift (in target 'Vapor' from project 'vapor')
    cd /Users/admin/builder/spi-builder-workspace/.swiftpm/xcode
    builtin-SwiftPerFileCompile URLEncodedFormParser.swift
SwiftCompile normal arm64 /Users/admin/builder/spi-builder-workspace/.dependencies/checkouts/vapor/Sources/Vapor/URLEncodedForm/URLEncodedFormSerializer.swift (in target 'Vapor' from project 'vapor')
    cd /Users/admin/builder/spi-builder-workspace/.swiftpm/xcode
    builtin-SwiftPerFileCompile URLEncodedFormSerializer.swift
SwiftCompile normal arm64 /Users/admin/builder/spi-builder-workspace/.dependencies/checkouts/vapor/Sources/Vapor/URLEncodedForm/URLQueryFragmentConvertible.swift (in target 'Vapor' from project 'vapor')
    cd /Users/admin/builder/spi-builder-workspace/.swiftpm/xcode
    builtin-SwiftPerFileCompile URLQueryFragmentConvertible.swift
SwiftCompile normal arm64 /Users/admin/builder/spi-builder-workspace/.dependencies/checkouts/vapor/Sources/Vapor/Utilities/AnyResponse.swift (in target 'Vapor' from project 'vapor')
    cd /Users/admin/builder/spi-builder-workspace/.swiftpm/xcode
    builtin-SwiftPerFileCompile AnyResponse.swift
SwiftCompile normal arm64 /Users/admin/builder/spi-builder-workspace/.dependencies/checkouts/vapor/Sources/Vapor/Utilities/Array+Random.swift (in target 'Vapor' from project 'vapor')
    cd /Users/admin/builder/spi-builder-workspace/.swiftpm/xcode
    builtin-SwiftPerFileCompile Array+Random.swift
SwiftCompile normal arm64 /Users/admin/builder/spi-builder-workspace/.dependencies/checkouts/vapor/Sources/Vapor/Utilities/Base32.swift (in target 'Vapor' from project 'vapor')
    cd /Users/admin/builder/spi-builder-workspace/.swiftpm/xcode
    builtin-SwiftPerFileCompile Base32.swift
SwiftCompile normal arm64 /Users/admin/builder/spi-builder-workspace/.dependencies/checkouts/vapor/Sources/Vapor/Utilities/Base64.swift (in target 'Vapor' from project 'vapor')
    cd /Users/admin/builder/spi-builder-workspace/.swiftpm/xcode
    builtin-SwiftPerFileCompile Base64.swift
SwiftCompile normal arm64 /Users/admin/builder/spi-builder-workspace/.dependencies/checkouts/vapor/Sources/Vapor/Utilities/BaseN.swift (in target 'Vapor' from project 'vapor')
    cd /Users/admin/builder/spi-builder-workspace/.swiftpm/xcode
    builtin-SwiftPerFileCompile BaseN.swift
SwiftCompile normal arm64 /Users/admin/builder/spi-builder-workspace/.dependencies/checkouts/vapor/Sources/Vapor/Utilities/BasicCodingKey.swift (in target 'Vapor' from project 'vapor')
    cd /Users/admin/builder/spi-builder-workspace/.swiftpm/xcode
    builtin-SwiftPerFileCompile BasicCodingKey.swift
SwiftCompile normal arm64 /Users/admin/builder/spi-builder-workspace/.dependencies/checkouts/vapor/Sources/Vapor/Utilities/ByteCount.swift (in target 'Vapor' from project 'vapor')
    cd /Users/admin/builder/spi-builder-workspace/.swiftpm/xcode
    builtin-SwiftPerFileCompile ByteCount.swift
SwiftCompile normal arm64 /Users/admin/builder/spi-builder-workspace/.dependencies/checkouts/vapor/Sources/Vapor/Utilities/Bytes+Hex.swift (in target 'Vapor' from project 'vapor')
    cd /Users/admin/builder/spi-builder-workspace/.swiftpm/xcode
    builtin-SwiftPerFileCompile Bytes+Hex.swift
SwiftCompile normal arm64 /Users/admin/builder/spi-builder-workspace/.dependencies/checkouts/vapor/Sources/Vapor/Utilities/Bytes+SecureCompare.swift (in target 'Vapor' from project 'vapor')
    cd /Users/admin/builder/spi-builder-workspace/.swiftpm/xcode
    builtin-SwiftPerFileCompile Bytes+SecureCompare.swift
SwiftCompile normal arm64 /Users/admin/builder/spi-builder-workspace/.dependencies/checkouts/vapor/Sources/Vapor/Utilities/Collection+Safe.swift (in target 'Vapor' from project 'vapor')
    cd /Users/admin/builder/spi-builder-workspace/.swiftpm/xcode
    builtin-SwiftPerFileCompile Collection+Safe.swift
SwiftCompile normal arm64 /Users/admin/builder/spi-builder-workspace/.dependencies/checkouts/vapor/Sources/Vapor/Utilities/DataProtocol+Copy.swift (in target 'Vapor' from project 'vapor')
    cd /Users/admin/builder/spi-builder-workspace/.swiftpm/xcode
    builtin-SwiftPerFileCompile DataProtocol+Copy.swift
SwiftCompile normal arm64 /Users/admin/builder/spi-builder-workspace/.dependencies/checkouts/vapor/Sources/Vapor/Utilities/DecoderUnwrapper.swift (in target 'Vapor' from project 'vapor')
    cd /Users/admin/builder/spi-builder-workspace/.swiftpm/xcode
    builtin-SwiftPerFileCompile DecoderUnwrapper.swift
SwiftCompile normal arm64 /Users/admin/builder/spi-builder-workspace/.dependencies/checkouts/vapor/Sources/Vapor/Utilities/DirectoryConfiguration.swift (in target 'Vapor' from project 'vapor')
    cd /Users/admin/builder/spi-builder-workspace/.swiftpm/xcode
    builtin-SwiftPerFileCompile DirectoryConfiguration.swift
SwiftCompile normal arm64 /Users/admin/builder/spi-builder-workspace/.dependencies/checkouts/vapor/Sources/Vapor/Utilities/DotEnv.swift (in target 'Vapor' from project 'vapor')
    cd /Users/admin/builder/spi-builder-workspace/.swiftpm/xcode
    builtin-SwiftPerFileCompile DotEnv.swift
SwiftCompile normal arm64 Compiling\ BasicResponder.swift,\ BodyStream.swift,\ Application+HTTP+Client.swift,\ EventLoopHTTPClient.swift,\ EndpointCache.swift,\ HTTPMethod+String.swift,\ HTTPStatus.swift,\ HTTPCookies.swift,\ HTTPHeaderCacheControl.swift,\ HTTPHeaderExpires.swift,\ HTTPHeaderLastModified.swift,\ HTTPHeaders+Cache.swift,\ HTTPHeaders+Connection.swift,\ HTTPHeaders+ContentDisposition.swift,\ HTTPHeaders+ContentRange.swift,\ HTTPHeaders+Directive.swift,\ HTTPHeaders+Forwarded.swift,\ HTTPHeaders+Link.swift,\ HTTPHeaders+Name.swift,\ HTTPHeaders+ResponseCompression.swift,\ HTTPHeaders.swift,\ HTTPMediaType.swift /Users/admin/builder/spi-builder-workspace/.dependencies/checkouts/vapor/Sources/Vapor/HTTP/BasicResponder.swift /Users/admin/builder/spi-builder-workspace/.dependencies/checkouts/vapor/Sources/Vapor/HTTP/BodyStream.swift /Users/admin/builder/spi-builder-workspace/.dependencies/checkouts/vapor/Sources/Vapor/HTTP/Client/Application+HTTP+Client.swift /Users/admin/builder/spi-builder-workspace/.dependencies/checkouts/vapor/Sources/Vapor/HTTP/Client/EventLoopHTTPClient.swift /Users/admin/builder/spi-builder-workspace/.dependencies/checkouts/vapor/Sources/Vapor/HTTP/EndpointCache.swift /Users/admin/builder/spi-builder-workspace/.dependencies/checkouts/vapor/Sources/Vapor/HTTP/HTTPMethod+String.swift /Users/admin/builder/spi-builder-workspace/.dependencies/checkouts/vapor/Sources/Vapor/HTTP/HTTPStatus.swift /Users/admin/builder/spi-builder-workspace/.dependencies/checkouts/vapor/Sources/Vapor/HTTP/Headers/HTTPCookies.swift /Users/admin/builder/spi-builder-workspace/.dependencies/checkouts/vapor/Sources/Vapor/HTTP/Headers/HTTPHeaderCacheControl.swift /Users/admin/builder/spi-builder-workspace/.dependencies/checkouts/vapor/Sources/Vapor/HTTP/Headers/HTTPHeaderExpires.swift /Users/admin/builder/spi-builder-workspace/.dependencies/checkouts/vapor/Sources/Vapor/HTTP/Headers/HTTPHeaderLastModified.swift /Users/admin/builder/spi-builder-workspace/.dependencies/checkouts/vapor/Sources/Vapor/HTTP/Headers/HTTPHeaders+Cache.swift /Users/admin/builder/spi-builder-workspace/.dependencies/checkouts/vapor/Sources/Vapor/HTTP/Headers/HTTPHeaders+Connection.swift /Users/admin/builder/spi-builder-workspace/.dependencies/checkouts/vapor/Sources/Vapor/HTTP/Headers/HTTPHeaders+ContentDisposition.swift /Users/admin/builder/spi-builder-workspace/.dependencies/checkouts/vapor/Sources/Vapor/HTTP/Headers/HTTPHeaders+ContentRange.swift /Users/admin/builder/spi-builder-workspace/.dependencies/checkouts/vapor/Sources/Vapor/HTTP/Headers/HTTPHeaders+Directive.swift /Users/admin/builder/spi-builder-workspace/.dependencies/checkouts/vapor/Sources/Vapor/HTTP/Headers/HTTPHeaders+Forwarded.swift /Users/admin/builder/spi-builder-workspace/.dependencies/checkouts/vapor/Sources/Vapor/HTTP/Headers/HTTPHeaders+Link.swift /Users/admin/builder/spi-builder-workspace/.dependencies/checkouts/vapor/Sources/Vapor/HTTP/Headers/HTTPHeaders+Name.swift /Users/admin/builder/spi-builder-workspace/.dependencies/checkouts/vapor/Sources/Vapor/HTTP/Headers/HTTPHeaders+ResponseCompression.swift /Users/admin/builder/spi-builder-workspace/.dependencies/checkouts/vapor/Sources/Vapor/HTTP/Headers/HTTPHeaders.swift /Users/admin/builder/spi-builder-workspace/.dependencies/checkouts/vapor/Sources/Vapor/HTTP/Headers/HTTPMediaType.swift (in target 'Vapor' from project 'vapor')
SwiftCompile normal arm64 /Users/admin/builder/spi-builder-workspace/.dependencies/checkouts/vapor/Sources/Vapor/HTTP/BasicResponder.swift (in target 'Vapor' from project 'vapor')
    cd /Users/admin/builder/spi-builder-workspace/.swiftpm/xcode
    builtin-SwiftPerFileCompile BasicResponder.swift
SwiftCompile normal arm64 /Users/admin/builder/spi-builder-workspace/.dependencies/checkouts/vapor/Sources/Vapor/HTTP/BodyStream.swift (in target 'Vapor' from project 'vapor')
    cd /Users/admin/builder/spi-builder-workspace/.swiftpm/xcode
    builtin-SwiftPerFileCompile BodyStream.swift
SwiftCompile normal arm64 /Users/admin/builder/spi-builder-workspace/.dependencies/checkouts/vapor/Sources/Vapor/HTTP/Client/Application+HTTP+Client.swift (in target 'Vapor' from project 'vapor')
    cd /Users/admin/builder/spi-builder-workspace/.swiftpm/xcode
    builtin-SwiftPerFileCompile Application+HTTP+Client.swift
SwiftCompile normal arm64 /Users/admin/builder/spi-builder-workspace/.dependencies/checkouts/vapor/Sources/Vapor/HTTP/Client/EventLoopHTTPClient.swift (in target 'Vapor' from project 'vapor')
    cd /Users/admin/builder/spi-builder-workspace/.swiftpm/xcode
    builtin-SwiftPerFileCompile EventLoopHTTPClient.swift
SwiftCompile normal arm64 /Users/admin/builder/spi-builder-workspace/.dependencies/checkouts/vapor/Sources/Vapor/HTTP/EndpointCache.swift (in target 'Vapor' from project 'vapor')
    cd /Users/admin/builder/spi-builder-workspace/.swiftpm/xcode
    builtin-SwiftPerFileCompile EndpointCache.swift
SwiftCompile normal arm64 /Users/admin/builder/spi-builder-workspace/.dependencies/checkouts/vapor/Sources/Vapor/HTTP/HTTPMethod+String.swift (in target 'Vapor' from project 'vapor')
    cd /Users/admin/builder/spi-builder-workspace/.swiftpm/xcode
    builtin-SwiftPerFileCompile HTTPMethod+String.swift
SwiftCompile normal arm64 /Users/admin/builder/spi-builder-workspace/.dependencies/checkouts/vapor/Sources/Vapor/HTTP/HTTPStatus.swift (in target 'Vapor' from project 'vapor')
    cd /Users/admin/builder/spi-builder-workspace/.swiftpm/xcode
    builtin-SwiftPerFileCompile HTTPStatus.swift
SwiftCompile normal arm64 /Users/admin/builder/spi-builder-workspace/.dependencies/checkouts/vapor/Sources/Vapor/HTTP/Headers/HTTPCookies.swift (in target 'Vapor' from project 'vapor')
    cd /Users/admin/builder/spi-builder-workspace/.swiftpm/xcode
    builtin-SwiftPerFileCompile HTTPCookies.swift
SwiftCompile normal arm64 /Users/admin/builder/spi-builder-workspace/.dependencies/checkouts/vapor/Sources/Vapor/HTTP/Headers/HTTPHeaderCacheControl.swift (in target 'Vapor' from project 'vapor')
    cd /Users/admin/builder/spi-builder-workspace/.swiftpm/xcode
    builtin-SwiftPerFileCompile HTTPHeaderCacheControl.swift
SwiftCompile normal arm64 /Users/admin/builder/spi-builder-workspace/.dependencies/checkouts/vapor/Sources/Vapor/HTTP/Headers/HTTPHeaderExpires.swift (in target 'Vapor' from project 'vapor')
    cd /Users/admin/builder/spi-builder-workspace/.swiftpm/xcode
    builtin-SwiftPerFileCompile HTTPHeaderExpires.swift
SwiftCompile normal arm64 /Users/admin/builder/spi-builder-workspace/.dependencies/checkouts/vapor/Sources/Vapor/HTTP/Headers/HTTPHeaderLastModified.swift (in target 'Vapor' from project 'vapor')
    cd /Users/admin/builder/spi-builder-workspace/.swiftpm/xcode
    builtin-SwiftPerFileCompile HTTPHeaderLastModified.swift
SwiftCompile normal arm64 /Users/admin/builder/spi-builder-workspace/.dependencies/checkouts/vapor/Sources/Vapor/HTTP/Headers/HTTPHeaders+Cache.swift (in target 'Vapor' from project 'vapor')
    cd /Users/admin/builder/spi-builder-workspace/.swiftpm/xcode
    builtin-SwiftPerFileCompile HTTPHeaders+Cache.swift
SwiftCompile normal arm64 /Users/admin/builder/spi-builder-workspace/.dependencies/checkouts/vapor/Sources/Vapor/HTTP/Headers/HTTPHeaders+Connection.swift (in target 'Vapor' from project 'vapor')
    cd /Users/admin/builder/spi-builder-workspace/.swiftpm/xcode
    builtin-SwiftPerFileCompile HTTPHeaders+Connection.swift
SwiftCompile normal arm64 /Users/admin/builder/spi-builder-workspace/.dependencies/checkouts/vapor/Sources/Vapor/HTTP/Headers/HTTPHeaders+ContentDisposition.swift (in target 'Vapor' from project 'vapor')
    cd /Users/admin/builder/spi-builder-workspace/.swiftpm/xcode
    builtin-SwiftPerFileCompile HTTPHeaders+ContentDisposition.swift
SwiftCompile normal arm64 /Users/admin/builder/spi-builder-workspace/.dependencies/checkouts/vapor/Sources/Vapor/HTTP/Headers/HTTPHeaders+ContentRange.swift (in target 'Vapor' from project 'vapor')
    cd /Users/admin/builder/spi-builder-workspace/.swiftpm/xcode
    builtin-SwiftPerFileCompile HTTPHeaders+ContentRange.swift
SwiftCompile normal arm64 /Users/admin/builder/spi-builder-workspace/.dependencies/checkouts/vapor/Sources/Vapor/HTTP/Headers/HTTPHeaders+Directive.swift (in target 'Vapor' from project 'vapor')
    cd /Users/admin/builder/spi-builder-workspace/.swiftpm/xcode
    builtin-SwiftPerFileCompile HTTPHeaders+Directive.swift
SwiftCompile normal arm64 /Users/admin/builder/spi-builder-workspace/.dependencies/checkouts/vapor/Sources/Vapor/HTTP/Headers/HTTPHeaders+Forwarded.swift (in target 'Vapor' from project 'vapor')
    cd /Users/admin/builder/spi-builder-workspace/.swiftpm/xcode
    builtin-SwiftPerFileCompile HTTPHeaders+Forwarded.swift
SwiftCompile normal arm64 /Users/admin/builder/spi-builder-workspace/.dependencies/checkouts/vapor/Sources/Vapor/HTTP/Headers/HTTPHeaders+Link.swift (in target 'Vapor' from project 'vapor')
    cd /Users/admin/builder/spi-builder-workspace/.swiftpm/xcode
    builtin-SwiftPerFileCompile HTTPHeaders+Link.swift
SwiftCompile normal arm64 /Users/admin/builder/spi-builder-workspace/.dependencies/checkouts/vapor/Sources/Vapor/HTTP/Headers/HTTPHeaders+Name.swift (in target 'Vapor' from project 'vapor')
    cd /Users/admin/builder/spi-builder-workspace/.swiftpm/xcode
    builtin-SwiftPerFileCompile HTTPHeaders+Name.swift
SwiftCompile normal arm64 /Users/admin/builder/spi-builder-workspace/.dependencies/checkouts/vapor/Sources/Vapor/HTTP/Headers/HTTPHeaders+ResponseCompression.swift (in target 'Vapor' from project 'vapor')
    cd /Users/admin/builder/spi-builder-workspace/.swiftpm/xcode
    builtin-SwiftPerFileCompile HTTPHeaders+ResponseCompression.swift
SwiftCompile normal arm64 /Users/admin/builder/spi-builder-workspace/.dependencies/checkouts/vapor/Sources/Vapor/HTTP/Headers/HTTPHeaders.swift (in target 'Vapor' from project 'vapor')
    cd /Users/admin/builder/spi-builder-workspace/.swiftpm/xcode
    builtin-SwiftPerFileCompile HTTPHeaders.swift
SwiftCompile normal arm64 /Users/admin/builder/spi-builder-workspace/.dependencies/checkouts/vapor/Sources/Vapor/HTTP/Headers/HTTPMediaType.swift (in target 'Vapor' from project 'vapor')
    cd /Users/admin/builder/spi-builder-workspace/.swiftpm/xcode
    builtin-SwiftPerFileCompile HTTPMediaType.swift
SwiftCompile normal arm64 Compiling\ Extendable.swift,\ File.swift,\ FileIO.swift,\ LifecycleHandler.swift,\ OptionalType.swift,\ RFC1123.swift,\ SocketAddress+Hostname.swift,\ Storage.swift,\ String+IsIPAddress.swift,\ Thread.swift,\ URI.swift,\ VaporSendableMetadataType.swift,\ RangeResult.swift,\ Validatable.swift,\ Validation.swift,\ ValidationKey.swift,\ Validations.swift,\ ValidationsError.swift,\ Validator.swift,\ ValidatorResult.swift,\ And.swift /Users/admin/builder/spi-builder-workspace/.dependencies/checkouts/vapor/Sources/Vapor/Utilities/Extendable.swift /Users/admin/builder/spi-builder-workspace/.dependencies/checkouts/vapor/Sources/Vapor/Utilities/File.swift /Users/admin/builder/spi-builder-workspace/.dependencies/checkouts/vapor/Sources/Vapor/Utilities/FileIO.swift /Users/admin/builder/spi-builder-workspace/.dependencies/checkouts/vapor/Sources/Vapor/Utilities/LifecycleHandler.swift /Users/admin/builder/spi-builder-workspace/.dependencies/checkouts/vapor/Sources/Vapor/Utilities/OptionalType.swift /Users/admin/builder/spi-builder-workspace/.dependencies/checkouts/vapor/Sources/Vapor/Utilities/RFC1123.swift /Users/admin/builder/spi-builder-workspace/.dependencies/checkouts/vapor/Sources/Vapor/Utilities/SocketAddress+Hostname.swift /Users/admin/builder/spi-builder-workspace/.dependencies/checkouts/vapor/Sources/Vapor/Utilities/Storage.swift /Users/admin/builder/spi-builder-workspace/.dependencies/checkouts/vapor/Sources/Vapor/Utilities/String+IsIPAddress.swift /Users/admin/builder/spi-builder-workspace/.dependencies/checkouts/vapor/Sources/Vapor/Utilities/Thread.swift /Users/admin/builder/spi-builder-workspace/.dependencies/checkouts/vapor/Sources/Vapor/Utilities/URI.swift /Users/admin/builder/spi-builder-workspace/.dependencies/checkouts/vapor/Sources/Vapor/Utilities/VaporSendableMetadataType.swift /Users/admin/builder/spi-builder-workspace/.dependencies/checkouts/vapor/Sources/Vapor/Validation/RangeResult.swift /Users/admin/builder/spi-builder-workspace/.dependencies/checkouts/vapor/Sources/Vapor/Validation/Validatable.swift /Users/admin/builder/spi-builder-workspace/.dependencies/checkouts/vapor/Sources/Vapor/Validation/Validation.swift /Users/admin/builder/spi-builder-workspace/.dependencies/checkouts/vapor/Sources/Vapor/Validation/ValidationKey.swift /Users/admin/builder/spi-builder-workspace/.dependencies/checkouts/vapor/Sources/Vapor/Validation/Validations.swift /Users/admin/builder/spi-builder-workspace/.dependencies/checkouts/vapor/Sources/Vapor/Validation/ValidationsError.swift /Users/admin/builder/spi-builder-workspace/.dependencies/checkouts/vapor/Sources/Vapor/Validation/Validator.swift /Users/admin/builder/spi-builder-workspace/.dependencies/checkouts/vapor/Sources/Vapor/Validation/ValidatorResult.swift /Users/admin/builder/spi-builder-workspace/.dependencies/checkouts/vapor/Sources/Vapor/Validation/Validators/And.swift (in target 'Vapor' from project 'vapor')
SwiftCompile normal arm64 /Users/admin/builder/spi-builder-workspace/.dependencies/checkouts/vapor/Sources/Vapor/Utilities/Extendable.swift (in target 'Vapor' from project 'vapor')
    cd /Users/admin/builder/spi-builder-workspace/.swiftpm/xcode
    builtin-SwiftPerFileCompile Extendable.swift
SwiftCompile normal arm64 /Users/admin/builder/spi-builder-workspace/.dependencies/checkouts/vapor/Sources/Vapor/Utilities/File.swift (in target 'Vapor' from project 'vapor')
    cd /Users/admin/builder/spi-builder-workspace/.swiftpm/xcode
    builtin-SwiftPerFileCompile File.swift
SwiftCompile normal arm64 /Users/admin/builder/spi-builder-workspace/.dependencies/checkouts/vapor/Sources/Vapor/Utilities/FileIO.swift (in target 'Vapor' from project 'vapor')
    cd /Users/admin/builder/spi-builder-workspace/.swiftpm/xcode
    builtin-SwiftPerFileCompile FileIO.swift
SwiftCompile normal arm64 /Users/admin/builder/spi-builder-workspace/.dependencies/checkouts/vapor/Sources/Vapor/Utilities/LifecycleHandler.swift (in target 'Vapor' from project 'vapor')
    cd /Users/admin/builder/spi-builder-workspace/.swiftpm/xcode
    builtin-SwiftPerFileCompile LifecycleHandler.swift
SwiftCompile normal arm64 /Users/admin/builder/spi-builder-workspace/.dependencies/checkouts/vapor/Sources/Vapor/Utilities/OptionalType.swift (in target 'Vapor' from project 'vapor')
    cd /Users/admin/builder/spi-builder-workspace/.swiftpm/xcode
    builtin-SwiftPerFileCompile OptionalType.swift
SwiftCompile normal arm64 /Users/admin/builder/spi-builder-workspace/.dependencies/checkouts/vapor/Sources/Vapor/Utilities/RFC1123.swift (in target 'Vapor' from project 'vapor')
    cd /Users/admin/builder/spi-builder-workspace/.swiftpm/xcode
    builtin-SwiftPerFileCompile RFC1123.swift
SwiftCompile normal arm64 /Users/admin/builder/spi-builder-workspace/.dependencies/checkouts/vapor/Sources/Vapor/Utilities/SocketAddress+Hostname.swift (in target 'Vapor' from project 'vapor')
    cd /Users/admin/builder/spi-builder-workspace/.swiftpm/xcode
    builtin-SwiftPerFileCompile SocketAddress+Hostname.swift
SwiftCompile normal arm64 /Users/admin/builder/spi-builder-workspace/.dependencies/checkouts/vapor/Sources/Vapor/Utilities/Storage.swift (in target 'Vapor' from project 'vapor')
    cd /Users/admin/builder/spi-builder-workspace/.swiftpm/xcode
    builtin-SwiftPerFileCompile Storage.swift
SwiftCompile normal arm64 /Users/admin/builder/spi-builder-workspace/.dependencies/checkouts/vapor/Sources/Vapor/Utilities/String+IsIPAddress.swift (in target 'Vapor' from project 'vapor')
    cd /Users/admin/builder/spi-builder-workspace/.swiftpm/xcode
    builtin-SwiftPerFileCompile String+IsIPAddress.swift
SwiftCompile normal arm64 /Users/admin/builder/spi-builder-workspace/.dependencies/checkouts/vapor/Sources/Vapor/Utilities/Thread.swift (in target 'Vapor' from project 'vapor')
    cd /Users/admin/builder/spi-builder-workspace/.swiftpm/xcode
    builtin-SwiftPerFileCompile Thread.swift
SwiftCompile normal arm64 /Users/admin/builder/spi-builder-workspace/.dependencies/checkouts/vapor/Sources/Vapor/Utilities/URI.swift (in target 'Vapor' from project 'vapor')
    cd /Users/admin/builder/spi-builder-workspace/.swiftpm/xcode
    builtin-SwiftPerFileCompile URI.swift
SwiftCompile normal arm64 /Users/admin/builder/spi-builder-workspace/.dependencies/checkouts/vapor/Sources/Vapor/Utilities/VaporSendableMetadataType.swift (in target 'Vapor' from project 'vapor')
    cd /Users/admin/builder/spi-builder-workspace/.swiftpm/xcode
    builtin-SwiftPerFileCompile VaporSendableMetadataType.swift
SwiftCompile normal arm64 /Users/admin/builder/spi-builder-workspace/.dependencies/checkouts/vapor/Sources/Vapor/Validation/RangeResult.swift (in target 'Vapor' from project 'vapor')
    cd /Users/admin/builder/spi-builder-workspace/.swiftpm/xcode
    builtin-SwiftPerFileCompile RangeResult.swift
SwiftCompile normal arm64 /Users/admin/builder/spi-builder-workspace/.dependencies/checkouts/vapor/Sources/Vapor/Validation/Validatable.swift (in target 'Vapor' from project 'vapor')
    cd /Users/admin/builder/spi-builder-workspace/.swiftpm/xcode
    builtin-SwiftPerFileCompile Validatable.swift
SwiftCompile normal arm64 /Users/admin/builder/spi-builder-workspace/.dependencies/checkouts/vapor/Sources/Vapor/Validation/Validation.swift (in target 'Vapor' from project 'vapor')
    cd /Users/admin/builder/spi-builder-workspace/.swiftpm/xcode
    builtin-SwiftPerFileCompile Validation.swift
SwiftCompile normal arm64 /Users/admin/builder/spi-builder-workspace/.dependencies/checkouts/vapor/Sources/Vapor/Validation/ValidationKey.swift (in target 'Vapor' from project 'vapor')
    cd /Users/admin/builder/spi-builder-workspace/.swiftpm/xcode
    builtin-SwiftPerFileCompile ValidationKey.swift
SwiftCompile normal arm64 /Users/admin/builder/spi-builder-workspace/.dependencies/checkouts/vapor/Sources/Vapor/Validation/Validations.swift (in target 'Vapor' from project 'vapor')
    cd /Users/admin/builder/spi-builder-workspace/.swiftpm/xcode
    builtin-SwiftPerFileCompile Validations.swift
SwiftCompile normal arm64 /Users/admin/builder/spi-builder-workspace/.dependencies/checkouts/vapor/Sources/Vapor/Validation/ValidationsError.swift (in target 'Vapor' from project 'vapor')
    cd /Users/admin/builder/spi-builder-workspace/.swiftpm/xcode
    builtin-SwiftPerFileCompile ValidationsError.swift
SwiftCompile normal arm64 /Users/admin/builder/spi-builder-workspace/.dependencies/checkouts/vapor/Sources/Vapor/Validation/Validator.swift (in target 'Vapor' from project 'vapor')
    cd /Users/admin/builder/spi-builder-workspace/.swiftpm/xcode
    builtin-SwiftPerFileCompile Validator.swift
SwiftCompile normal arm64 /Users/admin/builder/spi-builder-workspace/.dependencies/checkouts/vapor/Sources/Vapor/Validation/ValidatorResult.swift (in target 'Vapor' from project 'vapor')
    cd /Users/admin/builder/spi-builder-workspace/.swiftpm/xcode
    builtin-SwiftPerFileCompile ValidatorResult.swift
SwiftCompile normal arm64 /Users/admin/builder/spi-builder-workspace/.dependencies/checkouts/vapor/Sources/Vapor/Validation/Validators/And.swift (in target 'Vapor' from project 'vapor')
    cd /Users/admin/builder/spi-builder-workspace/.swiftpm/xcode
    builtin-SwiftPerFileCompile And.swift
SwiftCompile normal arm64 Compiling\ RouteCollection.swift,\ Routes.swift,\ RoutesBuilder+Group.swift,\ RoutesBuilder+Method.swift,\ RoutesBuilder+Middleware.swift,\ RoutesBuilder+WebSocket.swift,\ RoutesBuilder.swift,\ OTP.swift,\ Application+Servers.swift,\ Server.swift,\ App+Service.swift,\ Req+Service.swift,\ Service.swift,\ Application+Sessions.swift,\ MemorySessions.swift,\ Request+Session.swift,\ Session.swift,\ SessionCache.swift,\ SessionData.swift,\ SessionDriver.swift,\ SessionsConfiguration.swift,\ SessionsMiddleware.swift /Users/admin/builder/spi-builder-workspace/.dependencies/checkouts/vapor/Sources/Vapor/Routing/RouteCollection.swift /Users/admin/builder/spi-builder-workspace/.dependencies/checkouts/vapor/Sources/Vapor/Routing/Routes.swift /Users/admin/builder/spi-builder-workspace/.dependencies/checkouts/vapor/Sources/Vapor/Routing/RoutesBuilder+Group.swift /Users/admin/builder/spi-builder-workspace/.dependencies/checkouts/vapor/Sources/Vapor/Routing/RoutesBuilder+Method.swift /Users/admin/builder/spi-builder-workspace/.dependencies/checkouts/vapor/Sources/Vapor/Routing/RoutesBuilder+Middleware.swift /Users/admin/builder/spi-builder-workspace/.dependencies/checkouts/vapor/Sources/Vapor/Routing/RoutesBuilder+WebSocket.swift /Users/admin/builder/spi-builder-workspace/.dependencies/checkouts/vapor/Sources/Vapor/Routing/RoutesBuilder.swift /Users/admin/builder/spi-builder-workspace/.dependencies/checkouts/vapor/Sources/Vapor/Security/OTP.swift /Users/admin/builder/spi-builder-workspace/.dependencies/checkouts/vapor/Sources/Vapor/Server/Application+Servers.swift /Users/admin/builder/spi-builder-workspace/.dependencies/checkouts/vapor/Sources/Vapor/Server/Server.swift /Users/admin/builder/spi-builder-workspace/.dependencies/checkouts/vapor/Sources/Vapor/Services/App+Service.swift /Users/admin/builder/spi-builder-workspace/.dependencies/checkouts/vapor/Sources/Vapor/Services/Req+Service.swift /Users/admin/builder/spi-builder-workspace/.dependencies/checkouts/vapor/Sources/Vapor/Services/Service.swift /Users/admin/builder/spi-builder-workspace/.dependencies/checkouts/vapor/Sources/Vapor/Sessions/Application+Sessions.swift /Users/admin/builder/spi-builder-workspace/.dependencies/checkouts/vapor/Sources/Vapor/Sessions/MemorySessions.swift /Users/admin/builder/spi-builder-workspace/.dependencies/checkouts/vapor/Sources/Vapor/Sessions/Request+Session.swift /Users/admin/builder/spi-builder-workspace/.dependencies/checkouts/vapor/Sources/Vapor/Sessions/Session.swift /Users/admin/builder/spi-builder-workspace/.dependencies/checkouts/vapor/Sources/Vapor/Sessions/SessionCache.swift /Users/admin/builder/spi-builder-workspace/.dependencies/checkouts/vapor/Sources/Vapor/Sessions/SessionData.swift /Users/admin/builder/spi-builder-workspace/.dependencies/checkouts/vapor/Sources/Vapor/Sessions/SessionDriver.swift /Users/admin/builder/spi-builder-workspace/.dependencies/checkouts/vapor/Sources/Vapor/Sessions/SessionsConfiguration.swift /Users/admin/builder/spi-builder-workspace/.dependencies/checkouts/vapor/Sources/Vapor/Sessions/SessionsMiddleware.swift (in target 'Vapor' from project 'vapor')
/Users/admin/builder/spi-builder-workspace/.dependencies/checkouts/vapor/Sources/Vapor/Security/OTP.swift:130:9: error: stored property 'key' of 'Sendable'-conforming struct 'HOTP' has non-Sendable type 'SymmetricKey'
128 | /// See `TOTP` for time-based one-time passwords.
129 | public struct HOTP: OTP, Sendable {
130 |     let key: SymmetricKey
    |         `- error: stored property 'key' of 'Sendable'-conforming struct 'HOTP' has non-Sendable type 'SymmetricKey'
131 |     let digits: OTPDigits
132 |     let digest: OTPDigest
Crypto.SymmetricKey:1:15: note: struct 'SymmetricKey' does not conform to the 'Sendable' protocol
1 | public struct SymmetricKey : ContiguousBytes {
  |               `- note: struct 'SymmetricKey' does not conform to the 'Sendable' protocol
2 |     public func withUnsafeBytes<R>(_ body: (UnsafeRawBufferPointer) throws -> R) rethrows -> R
3 |     public init<D>(data: D) where D : ContiguousBytes
/Users/admin/builder/spi-builder-workspace/.dependencies/checkouts/vapor/Sources/Vapor/Security/OTP.swift:198:9: error: stored property 'key' of 'Sendable'-conforming struct 'TOTP' has non-Sendable type 'SymmetricKey'
196 | /// See `HOTP` for hash-based one-time passwords.
197 | public struct TOTP: OTP, Sendable {
198 |     let key: SymmetricKey
    |         `- error: stored property 'key' of 'Sendable'-conforming struct 'TOTP' has non-Sendable type 'SymmetricKey'
199 |     let digits: OTPDigits
200 |     let digest: OTPDigest
Crypto.SymmetricKey:1:15: note: struct 'SymmetricKey' does not conform to the 'Sendable' protocol
1 | public struct SymmetricKey : ContiguousBytes {
  |               `- note: struct 'SymmetricKey' does not conform to the 'Sendable' protocol
2 |     public func withUnsafeBytes<R>(_ body: (UnsafeRawBufferPointer) throws -> R) rethrows -> R
3 |     public init<D>(data: D) where D : ContiguousBytes
Failed frontend command:
/Applications/Xcode-27.0.0-Release.Candidate.app/Contents/Developer/Toolchains/XcodeDefault.xctoolchain/usr/bin/swift-frontend -frontend -c -filelist /Users/admin/builder/spi-builder-workspace/.derivedData/Build/Intermediates.noindex/vapor.build/Debug-xros/Vapor-t.build/Objects-normal/arm64/sources-1 -primary-file /Users/admin/builder/spi-builder-workspace/.dependencies/checkouts/vapor/Sources/Vapor/Routing/RouteCollection.swift -primary-file /Users/admin/builder/spi-builder-workspace/.dependencies/checkouts/vapor/Sources/Vapor/Routing/Routes.swift -primary-file /Users/admin/builder/spi-builder-workspace/.dependencies/checkouts/vapor/Sources/Vapor/Routing/RoutesBuilder+Group.swift -primary-file /Users/admin/builder/spi-builder-workspace/.dependencies/checkouts/vapor/Sources/Vapor/Routing/RoutesBuilder+Method.swift -primary-file /Users/admin/builder/spi-builder-workspace/.dependencies/checkouts/vapor/Sources/Vapor/Routing/RoutesBuilder+Middleware.swift -primary-file /Users/admin/builder/spi-builder-workspace/.dependencies/checkouts/vapor/Sources/Vapor/Routing/RoutesBuilder+WebSocket.swift -primary-file /Users/admin/builder/spi-builder-workspace/.dependencies/checkouts/vapor/Sources/Vapor/Routing/RoutesBuilder.swift -primary-file /Users/admin/builder/spi-builder-workspace/.dependencies/checkouts/vapor/Sources/Vapor/Security/OTP.swift -primary-file /Users/admin/builder/spi-builder-workspace/.dependencies/checkouts/vapor/Sources/Vapor/Server/Application+Servers.swift -primary-file /Users/admin/builder/spi-builder-workspace/.dependencies/checkouts/vapor/Sources/Vapor/Server/Server.swift -primary-file /Users/admin/builder/spi-builder-workspace/.dependencies/checkouts/vapor/Sources/Vapor/Services/App+Service.swift -primary-file /Users/admin/builder/spi-builder-workspace/.dependencies/checkouts/vapor/Sources/Vapor/Services/Req+Service.swift -primary-file /Users/admin/builder/spi-builder-workspace/.dependencies/checkouts/vapor/Sources/Vapor/Services/Service.swift -primary-file /Users/admin/builder/spi-builder-workspace/.dependencies/checkouts/vapor/Sources/Vapor/Sessions/Application+Sessions.swift -primary-file /Users/admin/builder/spi-builder-workspace/.dependencies/checkouts/vapor/Sources/Vapor/Sessions/MemorySessions.swift -primary-file /Users/admin/builder/spi-builder-workspace/.dependencies/checkouts/vapor/Sources/Vapor/Sessions/Request+Session.swift -primary-file /Users/admin/builder/spi-builder-workspace/.dependencies/checkouts/vapor/Sources/Vapor/Sessions/Session.swift -primary-file /Users/admin/builder/spi-builder-workspace/.dependencies/checkouts/vapor/Sources/Vapor/Sessions/SessionCache.swift -primary-file /Users/admin/builder/spi-builder-workspace/.dependencies/checkouts/vapor/Sources/Vapor/Sessions/SessionData.swift -primary-file /Users/admin/builder/spi-builder-workspace/.dependencies/checkouts/vapor/Sources/Vapor/Sessions/SessionDriver.swift -primary-file /Users/admin/builder/spi-builder-workspace/.dependencies/checkouts/vapor/Sources/Vapor/Sessions/SessionsConfiguration.swift -primary-file /Users/admin/builder/spi-builder-workspace/.dependencies/checkouts/vapor/Sources/Vapor/Sessions/SessionsMiddleware.swift -supplementary-output-file-map /Users/admin/builder/spi-builder-workspace/.derivedData/Build/Intermediates.noindex/vapor.build/Debug-xros/Vapor-t.build/Objects-normal/arm64/supplementaryOutputs-7 -target arm64-apple-xros1.0 -module-can-import-version Darwin 428.0.10 0 -disable-cross-import-overlay-search -swift-module-cross-import Darwin /Applications/Xcode-27.0.0-Release.Candidate.app/Contents/Developer/Platforms/XROS.platform/Developer/SDKs/XROS.sdk/usr/include/Darwin.swiftcrossimport/xlocale.swiftoverlay -load-resolved-plugin /Applications/Xcode-27.0.0-Release.Candidate.app/Contents/Developer/Platforms/XROS.platform/Developer/usr/lib/swift/host/plugins/libFoundationMacros.dylib\#/Applications/Xcode-27.0.0-Release.Candidate.app/Contents/Developer/Platforms/XROS.platform/Developer/usr/bin/swift-plugin-server\#FoundationMacros -load-resolved-plugin /Applications/Xcode-27.0.0-Release.Candidate.app/Contents/Developer/Platforms/XROS.platform/Developer/usr/lib/swift/host/plugins/libObservationMacros.dylib\#/Applications/Xcode-27.0.0-Release.Candidate.app/Contents/Developer/Platforms/XROS.platform/Developer/usr/bin/swift-plugin-server\#ObservationMacros -load-resolved-plugin /Applications/Xcode-27.0.0-Release.Candidate.app/Contents/Developer/Platforms/XROS.platform/Developer/usr/lib/swift/host/plugins/libSwiftMacros.dylib\#/Applications/Xcode-27.0.0-Release.Candidate.app/Contents/Developer/Platforms/XROS.platform/Developer/usr/bin/swift-plugin-server\#SwiftMacros -disable-implicit-swift-modules -Xcc -fno-implicit-modules -Xcc -fno-implicit-module-maps -explicit-swift-module-map-file /Users/admin/builder/spi-builder-workspace/.derivedData/Build/Intermediates.noindex/vapor.build/Debug-xros/Vapor-t.build/Objects-normal/arm64/Vapor-dependencies-1.json -Xllvm -aarch64-use-tbi -enable-objc-interop -stack-check -sdk /Applications/Xcode-27.0.0-Release.Candidate.app/Contents/Developer/Platforms/XROS.platform/Developer/SDKs/XROS27.0.sdk -I /Users/admin/builder/spi-builder-workspace/.derivedData/Build/Products/Debug-xros -Isystem /Applications/Xcode-27.0.0-Release.Candidate.app/Contents/Developer/Platforms/XROS.platform/Developer/usr/lib -F /Users/admin/builder/spi-builder-workspace/.derivedData/Build/Products/Debug-xros/PackageFrameworks -F /Users/admin/builder/spi-builder-workspace/.derivedData/Build/Products/Debug-xros -F /Applications/Xcode-27.0.0-Release.Candidate.app/Contents/Developer/Platforms/XROS.platform/Developer/Library/Frameworks -F /Applications/Xcode-27.0.0-Release.Candidate.app/Contents/Developer/Platforms/XROS.platform/Developer/SDKs/XROS27.0.sdk/Developer/Library/Frameworks -module-cache-path /Users/admin/builder/spi-builder-workspace/.derivedData/Build/Intermediates.noindex/SwiftExplicitPrecompiledModules -no-color-diagnostics -Xcc -fno-color-diagnostics -enable-testing -g -debug-info-format\=dwarf -dwarf-version\=4 -suppress-warnings -profile-generate -profile-coverage-mapping -swift-version 6 -Onone -D SWIFT_PACKAGE -D DEBUG -D SWIFT_MODULE_RESOURCE_BUNDLE_UNAVAILABLE -D Xcode -serialize-debugging-options -enable-upcoming-feature MemberImportVisibility -enable-upcoming-feature InferIsolatedConformances -enable-upcoming-feature ImmutableWeakCaptures -enable-experimental-feature DebugDescriptionMacro -empty-abi-descriptor -user-module-version 4.118.0 -validate-clang-modules-once -clang-build-session-file /Users/admin/builder/spi-builder-workspace/.derivedData/ModuleCache.noindex/Session.modulevalidation -Xcc -working-directory -Xcc /Users/admin/builder/spi-builder-workspace/.swiftpm/xcode -enable-anonymous-context-mangled-names -file-compilation-dir /Users/admin/builder/spi-builder-workspace/.swiftpm/xcode -Xcc -fmodule-map-file\=/Users/admin/builder/spi-builder-workspace/.derivedData/Build/Intermediates.noindex/GeneratedModuleMaps-xros/CAsyncHTTPClient.modulemap -Xcc -fmodule-map-file\=/Users/admin/builder/spi-builder-workspace/.derivedData/Build/Intermediates.noindex/GeneratedModuleMaps-xros/CNIOExtrasZlib.modulemap -Xcc -fmodule-map-file\=/Users/admin/builder/spi-builder-workspace/.derivedData/Build/Intermediates.noindex/GeneratedModuleMaps-xros/CNIOBoringSSLShims.modulemap -Xcc -fmodule-map-file\=/Users/admin/builder/spi-builder-workspace/.dependencies/checkouts/swift-nio-ssl/Sources/CNIOBoringSSL/include/module.modulemap -Xcc -fmodule-map-file\=/Users/admin/builder/spi-builder-workspace/.derivedData/Build/Intermediates.noindex/GeneratedModuleMaps-xros/CNIOSHA1.modulemap -Xcc -fmodule-map-file\=/Users/admin/builder/spi-builder-workspace/.derivedData/Build/Intermediates.noindex/GeneratedModuleMaps-xros/CNIOLLHTTP.modulemap -Xcc -fmodule-map-file\=/Users/admin/builder/spi-builder-workspace/.dependencies/checkouts/swift-crypto/Sources/CCryptoBoringSSLShims/include/module.modulemap -Xcc -fmodule-map-file\=/Users/admin/builder/spi-builder-workspace/.dependencies/checkouts/swift-crypto/Sources/CCryptoBoringSSL/include/module.modulemap -Xcc -fmodule-map-file\=/Users/admin/builder/spi-builder-workspace/.dependencies/checkouts/swift-numerics/Sources/_NumericsShims/include/module.modulemap -Xcc -fmodule-map-file\=/Users/admin/builder/spi-builder-workspace/.dependencies/checkouts/swift-atomics/Sources/_AtomicsShims/include/module.modulemap -Xcc -fmodule-map-file\=/Users/admin/builder/spi-builder-workspace/.dependencies/checkouts/swift-system/Sources/CSystem/include/module.modulemap -Xcc -fmodule-map-file\=/Users/admin/builder/spi-builder-workspace/.derivedData/Build/Intermediates.noindex/GeneratedModuleMaps-xros/CNIOPosix.modulemap -Xcc -fmodule-map-file\=/Users/admin/builder/spi-builder-workspace/.derivedData/Build/Intermediates.noindex/GeneratedModuleMaps-xros/CNIOWASI.modulemap -Xcc -fmodule-map-file\=/Users/admin/builder/spi-builder-workspace/.dependencies/checkouts/swift-nio/Sources/CNIOWindows/include/module.modulemap -Xcc -fmodule-map-file\=/Users/admin/builder/spi-builder-workspace/.derivedData/Build/Intermediates.noindex/GeneratedModuleMaps-xros/CNIOLinux.modulemap -Xcc -fmodule-map-file\=/Users/admin/builder/spi-builder-workspace/.derivedData/Build/Intermediates.noindex/GeneratedModuleMaps-xros/CNIODarwin.modulemap -Xcc -fmodule-map-file\=/Users/admin/builder/spi-builder-workspace/.derivedData/Build/Intermediates.noindex/GeneratedModuleMaps-xros/CNIOFreeBSD.modulemap -Xcc -fmodule-map-file\=/Users/admin/builder/spi-builder-workspace/.derivedData/Build/Intermediates.noindex/GeneratedModuleMaps-xros/CNIOOpenBSD.modulemap -Xcc -fmodule-map-file\=/Users/admin/builder/spi-builder-workspace/.derivedData/Build/Intermediates.noindex/GeneratedModuleMaps-xros/CNIOAtomics.modulemap -Xcc -fmodule-map-file\=/Users/admin/builder/spi-builder-workspace/.dependencies/checkouts/vapor/Sources/CVaporBcrypt/include/module.modulemap -Xcc -D_LIBCPP_HARDENING_MODE\=_LIBCPP_HARDENING_MODE_DEBUG -Xcc -ivfsstatcache -Xcc /Users/admin/builder/spi-builder-workspace/.derivedData/SDKStatCaches.noindex/xros27.0-24M361-e829b21a6f8c9b70876ba0858053c044735bd543db762f57723cac368afd1ce4.sdkstatcache -Xcc -fmodules-prune-interval\=86400 -Xcc -fmodules-prune-after\=345600 -Xcc -I/Users/admin/builder/spi-builder-workspace/.dependencies/checkouts/async-http-client/Sources/CAsyncHTTPClient/include -Xcc -I/Users/admin/builder/spi-builder-workspace/.dependencies/checkouts/swift-nio-extras/Sources/CNIOExtrasZlib/include -Xcc -I/Users/admin/builder/spi-builder-workspace/.dependencies/checkouts/swift-nio-ssl/Sources/CNIOBoringSSLShims/include -Xcc -I/Users/admin/builder/spi-builder-workspace/.dependencies/checkouts/swift-nio-ssl/Sources/CNIOBoringSSL/include -Xcc -I/Users/admin/builder/spi-builder-workspace/.dependencies/checkouts/swift-nio/Sources/CNIOSHA1/include -Xcc -I/Users/admin/builder/spi-builder-workspace/.dependencies/checkouts/swift-nio/Sources/CNIOLLHTTP/include -Xcc -I/Users/admin/builder/spi-builder-workspace/.dependencies/checkouts/swift-crypto/Sources/CCryptoBoringSSLShims/include -Xcc -I/Users/admin/builder/spi-builder-workspace/.dependencies/checkouts/swift-crypto/Sources/CCryptoBoringSSL/include -Xcc -I/Users/admin/builder/spi-builder-workspace/.dependencies/checkouts/swift-numerics/Sources/_NumericsShims/include -Xcc -I/Users/admin/builder/spi-builder-workspace/.dependencies/checkouts/swift-atomics/Sources/_AtomicsShims/include -Xcc -I/Users/admin/builder/spi-builder-workspace/.dependencies/checkouts/swift-system/Sources/CSystem/include -Xcc -I/Users/admin/builder/spi-builder-workspace/.dependencies/checkouts/swift-nio/Sources/CNIOPosix/include -Xcc -I/Users/admin/builder/spi-builder-workspace/.dependencies/checkouts/swift-nio/Sources/CNIOWASI/include -Xcc -I/Users/admin/builder/spi-builder-workspace/.dependencies/checkouts/swift-nio/Sources/CNIOWindows/include -Xcc -I/Users/admin/builder/spi-builder-workspace/.dependencies/checkouts/swift-nio/Sources/CNIOLinux/include -Xcc -I/Users/admin/builder/spi-builder-workspace/.dependencies/checkouts/swift-nio/Sources/CNIODarwin/include -Xcc -I/Users/admin/builder/spi-builder-workspace/.dependencies/checkouts/swift-nio/Sources/CNIOFreeBSD/include -Xcc -I/Users/admin/builder/spi-builder-workspace/.dependencies/checkouts/swift-nio/Sources/CNIOOpenBSD/include -Xcc -I/Users/admin/builder/spi-builder-workspace/.dependencies/checkouts/swift-nio/Sources/CNIOAtomics/include -Xcc -I/Users/admin/builder/spi-builder-workspace/.dependencies/checkouts/vapor/Sources/CVaporBcrypt/include -Xcc -I/Users/admin/builder/spi-builder-workspace/.derivedData/Build/Products/Debug-xros/include -Xcc -I/Users/admin/builder/spi-builder-workspace/.derivedData/Build/Intermediates.noindex/vapor.build/Debug-xros/Vapor-t.build/DerivedSources-normal/arm64 -Xcc -I/Users/admin/builder/spi-builder-workspace/.derivedData/Build/Intermediates.noindex/vapor.build/Debug-xros/Vapor-t.build/DerivedSources/arm64 -Xcc -I/Users/admin/builder/spi-builder-workspace/.derivedData/Build/Intermediates.noindex/vapor.build/Debug-xros/Vapor-t.build/DerivedSources -Xcc -DSWIFT_PACKAGE -Xcc -DDEBUG\=1 -no-auto-bridging-header-chaining -module-name Vapor -package-name vapor -const-gather-protocols-file /Users/admin/builder/spi-builder-workspace/.derivedData/Build/Intermediates.noindex/vapor.build/Debug-xros/Vapor-t.build/Objects-normal/arm64/Vapor_const_extract_protocols.json -disable-clang-spi -clang-target arm64-apple-xros27.0 -target-sdk-version 27.0 -target-sdk-name xros27.0 -in-process-plugin-server-path /Applications/Xcode-27.0.0-Release.Candidate.app/Contents/Developer/Toolchains/XcodeDefault.xctoolchain/usr/lib/swift/host/libSwiftInProcPluginServer.dylib -parse-as-library -o /Users/admin/builder/spi-builder-workspace/.derivedData/Build/Intermediates.noindex/vapor.build/Debug-xros/Vapor-t.build/Objects-normal/arm64/RouteCollection.o -o /Users/admin/builder/spi-builder-workspace/.derivedData/Build/Intermediates.noindex/vapor.build/Debug-xros/Vapor-t.build/Objects-normal/arm64/Routes.o -o /Users/admin/builder/spi-builder-workspace/.derivedData/Build/Intermediates.noindex/vapor.build/Debug-xros/Vapor-t.build/Objects-normal/arm64/RoutesBuilder+Group.o -o /Users/admin/builder/spi-builder-workspace/.derivedData/Build/Intermediates.noindex/vapor.build/Debug-xros/Vapor-t.build/Objects-normal/arm64/RoutesBuilder+Method.o -o /Users/admin/builder/spi-builder-workspace/.derivedData/Build/Intermediates.noindex/vapor.build/Debug-xros/Vapor-t.build/Objects-normal/arm64/RoutesBuilder+Middleware.o -o /Users/admin/builder/spi-builder-workspace/.derivedData/Build/Intermediates.noindex/vapor.build/Debug-xros/Vapor-t.build/Objects-normal/arm64/RoutesBuilder+WebSocket.o -o /Users/admin/builder/spi-builder-workspace/.derivedData/Build/Intermediates.noindex/vapor.build/Debug-xros/Vapor-t.build/Objects-normal/arm64/RoutesBuilder.o -o /Users/admin/builder/spi-builder-workspace/.derivedData/Build/Intermediates.noindex/vapor.build/Debug-xros/Vapor-t.build/Objects-normal/arm64/OTP.o -o /Users/admin/builder/spi-builder-workspace/.derivedData/Build/Intermediates.noindex/vapor.build/Debug-xros/Vapor-t.build/Objects-normal/arm64/Application+Servers.o -o /Users/admin/builder/spi-builder-workspace/.derivedData/Build/Intermediates.noindex/vapor.build/Debug-xros/Vapor-t.build/Objects-normal/arm64/Server.o -o /Users/admin/builder/spi-builder-workspace/.derivedData/Build/Intermediates.noindex/vapor.build/Debug-xros/Vapor-t.build/Objects-normal/arm64/App+Service.o -o /Users/admin/builder/spi-builder-workspace/.derivedData/Build/Intermediates.noindex/vapor.build/Debug-xros/Vapor-t.build/Objects-normal/arm64/Req+Service.o -o /Users/admin/builder/spi-builder-workspace/.derivedData/Build/Intermediates.noindex/vapor.build/Debug-xros/Vapor-t.build/Objects-normal/arm64/Service.o -o /Users/admin/builder/spi-builder-workspace/.derivedData/Build/Intermediates.noindex/vapor.build/Debug-xros/Vapor-t.build/Objects-normal/arm64/Application+Sessions.o -o /Users/admin/builder/spi-builder-workspace/.derivedData/Build/Intermediates.noindex/vapor.build/Debug-xros/Vapor-t.build/Objects-normal/arm64/MemorySessions.o -o /Users/admin/builder/spi-builder-workspace/.derivedData/Build/Intermediates.noindex/vapor.build/Debug-xros/Vapor-t.build/Objects-normal/arm64/Request+Session.o -o /Users/admin/builder/spi-builder-workspace/.derivedData/Build/Intermediates.noindex/vapor.build/Debug-xros/Vapor-t.build/Objects-normal/arm64/Session.o -o /Users/admin/builder/spi-builder-workspace/.derivedData/Build/Intermediates.noindex/vapor.build/Debug-xros/Vapor-t.build/Objects-normal/arm64/SessionCache.o -o /Users/admin/builder/spi-builder-workspace/.derivedData/Build/Intermediates.noindex/vapor.build/Debug-xros/Vapor-t.build/Objects-normal/arm64/SessionData.o -o /Users/admin/builder/spi-builder-workspace/.derivedData/Build/Intermediates.noindex/vapor.build/Debug-xros/Vapor-t.build/Objects-normal/arm64/SessionDriver.o -o /Users/admin/builder/spi-builder-workspace/.derivedData/Build/Intermediates.noindex/vapor.build/Debug-xros/Vapor-t.build/Objects-normal/arm64/SessionsConfiguration.o -o /Users/admin/builder/spi-builder-workspace/.derivedData/Build/Intermediates.noindex/vapor.build/Debug-xros/Vapor-t.build/Objects-normal/arm64/SessionsMiddleware.o -debug-module-path /Users/admin/builder/spi-builder-workspace/.derivedData/Build/Intermediates.noindex/vapor.build/Debug-xros/Vapor-t.build/Objects-normal/arm64/Vapor.swiftmodule -index-unit-output-path /vapor.build/Debug-xros/Vapor-t.build/Objects-normal/arm64/RouteCollection.o -index-unit-output-path /vapor.build/Debug-xros/Vapor-t.build/Objects-normal/arm64/Routes.o -index-unit-output-path /vapor.build/Debug-xros/Vapor-t.build/Objects-normal/arm64/RoutesBuilder+Group.o -index-unit-output-path /vapor.build/Debug-xros/Vapor-t.build/Objects-normal/arm64/RoutesBuilder+Method.o -index-unit-output-path /vapor.build/Debug-xros/Vapor-t.build/Objects-normal/arm64/RoutesBuilder+Middleware.o -index-unit-output-path /vapor.build/Debug-xros/Vapor-t.build/Objects-normal/arm64/RoutesBuilder+WebSocket.o -index-unit-output-path /vapor.build/Debug-xros/Vapor-t.build/Objects-normal/arm64/RoutesBuilder.o -index-unit-output-path /vapor.build/Debug-xros/Vapor-t.build/Objects-normal/arm64/OTP.o -index-unit-output-path /vapor.build/Debug-xros/Vapor-t.build/Objects-normal/arm64/Application+Servers.o -index-unit-output-path /vapor.build/Debug-xros/Vapor-t.build/Objects-normal/arm64/Server.o -index-unit-output-path /vapor.build/Debug-xros/Vapor-t.build/Objects-normal/arm64/App+Service.o -index-unit-output-path /vapor.build/Debug-xros/Vapor-t.build/Objects-normal/arm64/Req+Service.o -index-unit-output-path /vapor.build/Debug-xros/Vapor-t.build/Objects-normal/arm64/Service.o -index-unit-output-path /vapor.build/Debug-xros/Vapor-t.build/Objects-normal/arm64/Application+Sessions.o -index-unit-output-path /vapor.build/Debug-xros/Vapor-t.build/Objects-normal/arm64/MemorySessions.o -index-unit-output-path /vapor.build/Debug-xros/Vapor-t.build/Objects-normal/arm64/Request+Session.o -index-unit-output-path /vapor.build/Debug-xros/Vapor-t.build/Objects-normal/arm64/Session.o -index-unit-output-path /vapor.build/Debug-xros/Vapor-t.build/Objects-normal/arm64/SessionCache.o -index-unit-output-path /vapor.build/Debug-xros/Vapor-t.build/Objects-normal/arm64/SessionData.o -index-unit-output-path /vapor.build/Debug-xros/Vapor-t.build/Objects-normal/arm64/SessionDriver.o -index-unit-output-path /vapor.build/Debug-xros/Vapor-t.build/Objects-normal/arm64/SessionsConfiguration.o -index-unit-output-path /vapor.build/Debug-xros/Vapor-t.build/Objects-normal/arm64/SessionsMiddleware.o -index-store-path /Users/admin/builder/spi-builder-workspace/.derivedData/Index.noindex/DataStore -index-system-modules
SwiftCompile normal arm64 /Users/admin/builder/spi-builder-workspace/.dependencies/checkouts/vapor/Sources/Vapor/Routing/RouteCollection.swift (in target 'Vapor' from project 'vapor')
    cd /Users/admin/builder/spi-builder-workspace/.swiftpm/xcode
    builtin-SwiftPerFileCompile RouteCollection.swift
SwiftCompile normal arm64 /Users/admin/builder/spi-builder-workspace/.dependencies/checkouts/vapor/Sources/Vapor/Routing/Routes.swift (in target 'Vapor' from project 'vapor')
    cd /Users/admin/builder/spi-builder-workspace/.swiftpm/xcode
    builtin-SwiftPerFileCompile Routes.swift
SwiftCompile normal arm64 /Users/admin/builder/spi-builder-workspace/.dependencies/checkouts/vapor/Sources/Vapor/Routing/RoutesBuilder+Group.swift (in target 'Vapor' from project 'vapor')
    cd /Users/admin/builder/spi-builder-workspace/.swiftpm/xcode
    builtin-SwiftPerFileCompile RoutesBuilder+Group.swift
SwiftCompile normal arm64 /Users/admin/builder/spi-builder-workspace/.dependencies/checkouts/vapor/Sources/Vapor/Routing/RoutesBuilder+Method.swift (in target 'Vapor' from project 'vapor')
    cd /Users/admin/builder/spi-builder-workspace/.swiftpm/xcode
    builtin-SwiftPerFileCompile RoutesBuilder+Method.swift
SwiftCompile normal arm64 /Users/admin/builder/spi-builder-workspace/.dependencies/checkouts/vapor/Sources/Vapor/Routing/RoutesBuilder+Middleware.swift (in target 'Vapor' from project 'vapor')
    cd /Users/admin/builder/spi-builder-workspace/.swiftpm/xcode
    builtin-SwiftPerFileCompile RoutesBuilder+Middleware.swift
SwiftCompile normal arm64 /Users/admin/builder/spi-builder-workspace/.dependencies/checkouts/vapor/Sources/Vapor/Routing/RoutesBuilder+WebSocket.swift (in target 'Vapor' from project 'vapor')
    cd /Users/admin/builder/spi-builder-workspace/.swiftpm/xcode
    builtin-SwiftPerFileCompile RoutesBuilder+WebSocket.swift
SwiftCompile normal arm64 /Users/admin/builder/spi-builder-workspace/.dependencies/checkouts/vapor/Sources/Vapor/Routing/RoutesBuilder.swift (in target 'Vapor' from project 'vapor')
    cd /Users/admin/builder/spi-builder-workspace/.swiftpm/xcode
    builtin-SwiftPerFileCompile RoutesBuilder.swift
SwiftCompile normal arm64 /Users/admin/builder/spi-builder-workspace/.dependencies/checkouts/vapor/Sources/Vapor/Security/OTP.swift (in target 'Vapor' from project 'vapor')
    cd /Users/admin/builder/spi-builder-workspace/.swiftpm/xcode
    builtin-SwiftPerFileCompile OTP.swift
SwiftCompile normal arm64 /Users/admin/builder/spi-builder-workspace/.dependencies/checkouts/vapor/Sources/Vapor/Server/Application+Servers.swift (in target 'Vapor' from project 'vapor')
    cd /Users/admin/builder/spi-builder-workspace/.swiftpm/xcode
    builtin-SwiftPerFileCompile Application+Servers.swift
SwiftCompile normal arm64 /Users/admin/builder/spi-builder-workspace/.dependencies/checkouts/vapor/Sources/Vapor/Server/Server.swift (in target 'Vapor' from project 'vapor')
    cd /Users/admin/builder/spi-builder-workspace/.swiftpm/xcode
    builtin-SwiftPerFileCompile Server.swift
SwiftCompile normal arm64 /Users/admin/builder/spi-builder-workspace/.dependencies/checkouts/vapor/Sources/Vapor/Services/App+Service.swift (in target 'Vapor' from project 'vapor')
    cd /Users/admin/builder/spi-builder-workspace/.swiftpm/xcode
    builtin-SwiftPerFileCompile App+Service.swift
SwiftCompile normal arm64 /Users/admin/builder/spi-builder-workspace/.dependencies/checkouts/vapor/Sources/Vapor/Services/Req+Service.swift (in target 'Vapor' from project 'vapor')
    cd /Users/admin/builder/spi-builder-workspace/.swiftpm/xcode
    builtin-SwiftPerFileCompile Req+Service.swift
SwiftCompile normal arm64 /Users/admin/builder/spi-builder-workspace/.dependencies/checkouts/vapor/Sources/Vapor/Services/Service.swift (in target 'Vapor' from project 'vapor')
    cd /Users/admin/builder/spi-builder-workspace/.swiftpm/xcode
    builtin-SwiftPerFileCompile Service.swift
SwiftCompile normal arm64 /Users/admin/builder/spi-builder-workspace/.dependencies/checkouts/vapor/Sources/Vapor/Sessions/Application+Sessions.swift (in target 'Vapor' from project 'vapor')
    cd /Users/admin/builder/spi-builder-workspace/.swiftpm/xcode
    builtin-SwiftPerFileCompile Application+Sessions.swift
SwiftCompile normal arm64 /Users/admin/builder/spi-builder-workspace/.dependencies/checkouts/vapor/Sources/Vapor/Sessions/MemorySessions.swift (in target 'Vapor' from project 'vapor')
    cd /Users/admin/builder/spi-builder-workspace/.swiftpm/xcode
    builtin-SwiftPerFileCompile MemorySessions.swift
SwiftCompile normal arm64 /Users/admin/builder/spi-builder-workspace/.dependencies/checkouts/vapor/Sources/Vapor/Sessions/Request+Session.swift (in target 'Vapor' from project 'vapor')
    cd /Users/admin/builder/spi-builder-workspace/.swiftpm/xcode
    builtin-SwiftPerFileCompile Request+Session.swift
SwiftCompile normal arm64 /Users/admin/builder/spi-builder-workspace/.dependencies/checkouts/vapor/Sources/Vapor/Sessions/Session.swift (in target 'Vapor' from project 'vapor')
    cd /Users/admin/builder/spi-builder-workspace/.swiftpm/xcode
    builtin-SwiftPerFileCompile Session.swift
SwiftCompile normal arm64 /Users/admin/builder/spi-builder-workspace/.dependencies/checkouts/vapor/Sources/Vapor/Sessions/SessionCache.swift (in target 'Vapor' from project 'vapor')
    cd /Users/admin/builder/spi-builder-workspace/.swiftpm/xcode
    builtin-SwiftPerFileCompile SessionCache.swift
SwiftCompile normal arm64 /Users/admin/builder/spi-builder-workspace/.dependencies/checkouts/vapor/Sources/Vapor/Sessions/SessionData.swift (in target 'Vapor' from project 'vapor')
    cd /Users/admin/builder/spi-builder-workspace/.swiftpm/xcode
    builtin-SwiftPerFileCompile SessionData.swift
SwiftCompile normal arm64 /Users/admin/builder/spi-builder-workspace/.dependencies/checkouts/vapor/Sources/Vapor/Sessions/SessionDriver.swift (in target 'Vapor' from project 'vapor')
    cd /Users/admin/builder/spi-builder-workspace/.swiftpm/xcode
    builtin-SwiftPerFileCompile SessionDriver.swift
SwiftCompile normal arm64 /Users/admin/builder/spi-builder-workspace/.dependencies/checkouts/vapor/Sources/Vapor/Sessions/SessionsConfiguration.swift (in target 'Vapor' from project 'vapor')
    cd /Users/admin/builder/spi-builder-workspace/.swiftpm/xcode
    builtin-SwiftPerFileCompile SessionsConfiguration.swift
SwiftCompile normal arm64 /Users/admin/builder/spi-builder-workspace/.dependencies/checkouts/vapor/Sources/Vapor/Sessions/SessionsMiddleware.swift (in target 'Vapor' from project 'vapor')
    cd /Users/admin/builder/spi-builder-workspace/.swiftpm/xcode
    builtin-SwiftPerFileCompile SessionsMiddleware.swift
SwiftEmitModule normal arm64 Emitting\ module\ for\ Vapor (in target 'Vapor' from project 'vapor')
SwiftCompile normal arm64 (in target 'Vapor' from project 'vapor')
    cd /Users/admin/builder/spi-builder-workspace/.swiftpm/xcode

SwiftCompile normal arm64 Compiling\ Case.swift,\ CharacterSet.swift,\ Count.swift,\ Custom.swift,\ Email.swift,\ Empty.swift,\ In.swift,\ Nil.swift,\ NilIgnoring.swift,\ Not.swift,\ Or.swift,\ Pattern.swift,\ Range.swift,\ URL.swift,\ Valid.swift,\ Application+Views.swift,\ PlaintextRenderer.swift,\ Request+View.swift,\ View.swift,\ ViewRenderer.swift,\ _Deprecations.swift /Users/admin/builder/spi-builder-workspace/.dependencies/checkouts/vapor/Sources/Vapor/Validation/Validators/Case.swift /Users/admin/builder/spi-builder-workspace/.dependencies/checkouts/vapor/Sources/Vapor/Validation/Validators/CharacterSet.swift /Users/admin/builder/spi-builder-workspace/.dependencies/checkouts/vapor/Sources/Vapor/Validation/Validators/Count.swift /Users/admin/builder/spi-builder-workspace/.dependencies/checkouts/vapor/Sources/Vapor/Validation/Validators/Custom.swift /Users/admin/builder/spi-builder-workspace/.dependencies/checkouts/vapor/Sources/Vapor/Validation/Validators/Email.swift /Users/admin/builder/spi-builder-workspace/.dependencies/checkouts/vapor/Sources/Vapor/Validation/Validators/Empty.swift /Users/admin/builder/spi-builder-workspace/.dependencies/checkouts/vapor/Sources/Vapor/Validation/Validators/In.swift /Users/admin/builder/spi-builder-workspace/.dependencies/checkouts/vapor/Sources/Vapor/Validation/Validators/Nil.swift /Users/admin/builder/spi-builder-workspace/.dependencies/checkouts/vapor/Sources/Vapor/Validation/Validators/NilIgnoring.swift /Users/admin/builder/spi-builder-workspace/.dependencies/checkouts/vapor/Sources/Vapor/Validation/Validators/Not.swift /Users/admin/builder/spi-builder-workspace/.dependencies/checkouts/vapor/Sources/Vapor/Validation/Validators/Or.swift /Users/admin/builder/spi-builder-workspace/.dependencies/checkouts/vapor/Sources/Vapor/Validation/Validators/Pattern.swift /Users/admin/builder/spi-builder-workspace/.dependencies/checkouts/vapor/Sources/Vapor/Validation/Validators/Range.swift /Users/admin/builder/spi-builder-workspace/.dependencies/checkouts/vapor/Sources/Vapor/Validation/Validators/URL.swift /Users/admin/builder/spi-builder-workspace/.dependencies/checkouts/vapor/Sources/Vapor/Validation/Validators/Valid.swift /Users/admin/builder/spi-builder-workspace/.dependencies/checkouts/vapor/Sources/Vapor/View/Application+Views.swift /Users/admin/builder/spi-builder-workspace/.dependencies/checkouts/vapor/Sources/Vapor/View/PlaintextRenderer.swift /Users/admin/builder/spi-builder-workspace/.dependencies/checkouts/vapor/Sources/Vapor/View/Request+View.swift /Users/admin/builder/spi-builder-workspace/.dependencies/checkouts/vapor/Sources/Vapor/View/View.swift /Users/admin/builder/spi-builder-workspace/.dependencies/checkouts/vapor/Sources/Vapor/View/ViewRenderer.swift /Users/admin/builder/spi-builder-workspace/.dependencies/checkouts/vapor/Sources/Vapor/_Deprecations.swift (in target 'Vapor' from project 'vapor')
SwiftCompile normal arm64 /Users/admin/builder/spi-builder-workspace/.dependencies/checkouts/vapor/Sources/Vapor/Validation/Validators/Case.swift (in target 'Vapor' from project 'vapor')
    cd /Users/admin/builder/spi-builder-workspace/.swiftpm/xcode
    builtin-SwiftPerFileCompile Case.swift
SwiftCompile normal arm64 /Users/admin/builder/spi-builder-workspace/.dependencies/checkouts/vapor/Sources/Vapor/Validation/Validators/CharacterSet.swift (in target 'Vapor' from project 'vapor')
    cd /Users/admin/builder/spi-builder-workspace/.swiftpm/xcode
    builtin-SwiftPerFileCompile CharacterSet.swift
SwiftCompile normal arm64 /Users/admin/builder/spi-builder-workspace/.dependencies/checkouts/vapor/Sources/Vapor/Validation/Validators/Count.swift (in target 'Vapor' from project 'vapor')
    cd /Users/admin/builder/spi-builder-workspace/.swiftpm/xcode
    builtin-SwiftPerFileCompile Count.swift
SwiftCompile normal arm64 /Users/admin/builder/spi-builder-workspace/.dependencies/checkouts/vapor/Sources/Vapor/Validation/Validators/Custom.swift (in target 'Vapor' from project 'vapor')
    cd /Users/admin/builder/spi-builder-workspace/.swiftpm/xcode
    builtin-SwiftPerFileCompile Custom.swift
SwiftCompile normal arm64 /Users/admin/builder/spi-builder-workspace/.dependencies/checkouts/vapor/Sources/Vapor/Validation/Validators/Email.swift (in target 'Vapor' from project 'vapor')
    cd /Users/admin/builder/spi-builder-workspace/.swiftpm/xcode
    builtin-SwiftPerFileCompile Email.swift
SwiftCompile normal arm64 /Users/admin/builder/spi-builder-workspace/.dependencies/checkouts/vapor/Sources/Vapor/Validation/Validators/Empty.swift (in target 'Vapor' from project 'vapor')
    cd /Users/admin/builder/spi-builder-workspace/.swiftpm/xcode
    builtin-SwiftPerFileCompile Empty.swift
SwiftCompile normal arm64 /Users/admin/builder/spi-builder-workspace/.dependencies/checkouts/vapor/Sources/Vapor/Validation/Validators/In.swift (in target 'Vapor' from project 'vapor')
    cd /Users/admin/builder/spi-builder-workspace/.swiftpm/xcode
    builtin-SwiftPerFileCompile In.swift
SwiftCompile normal arm64 /Users/admin/builder/spi-builder-workspace/.dependencies/checkouts/vapor/Sources/Vapor/Validation/Validators/Nil.swift (in target 'Vapor' from project 'vapor')
    cd /Users/admin/builder/spi-builder-workspace/.swiftpm/xcode
    builtin-SwiftPerFileCompile Nil.swift
SwiftCompile normal arm64 /Users/admin/builder/spi-builder-workspace/.dependencies/checkouts/vapor/Sources/Vapor/Validation/Validators/NilIgnoring.swift (in target 'Vapor' from project 'vapor')
    cd /Users/admin/builder/spi-builder-workspace/.swiftpm/xcode
    builtin-SwiftPerFileCompile NilIgnoring.swift
SwiftCompile normal arm64 /Users/admin/builder/spi-builder-workspace/.dependencies/checkouts/vapor/Sources/Vapor/Validation/Validators/Not.swift (in target 'Vapor' from project 'vapor')
    cd /Users/admin/builder/spi-builder-workspace/.swiftpm/xcode
    builtin-SwiftPerFileCompile Not.swift
SwiftCompile normal arm64 /Users/admin/builder/spi-builder-workspace/.dependencies/checkouts/vapor/Sources/Vapor/Validation/Validators/Or.swift (in target 'Vapor' from project 'vapor')
    cd /Users/admin/builder/spi-builder-workspace/.swiftpm/xcode
    builtin-SwiftPerFileCompile Or.swift
SwiftCompile normal arm64 /Users/admin/builder/spi-builder-workspace/.dependencies/checkouts/vapor/Sources/Vapor/Validation/Validators/Pattern.swift (in target 'Vapor' from project 'vapor')
    cd /Users/admin/builder/spi-builder-workspace/.swiftpm/xcode
    builtin-SwiftPerFileCompile Pattern.swift
SwiftCompile normal arm64 /Users/admin/builder/spi-builder-workspace/.dependencies/checkouts/vapor/Sources/Vapor/Validation/Validators/Range.swift (in target 'Vapor' from project 'vapor')
    cd /Users/admin/builder/spi-builder-workspace/.swiftpm/xcode
    builtin-SwiftPerFileCompile Range.swift
SwiftCompile normal arm64 /Users/admin/builder/spi-builder-workspace/.dependencies/checkouts/vapor/Sources/Vapor/Validation/Validators/URL.swift (in target 'Vapor' from project 'vapor')
    cd /Users/admin/builder/spi-builder-workspace/.swiftpm/xcode
    builtin-SwiftPerFileCompile URL.swift
SwiftCompile normal arm64 /Users/admin/builder/spi-builder-workspace/.dependencies/checkouts/vapor/Sources/Vapor/Validation/Validators/Valid.swift (in target 'Vapor' from project 'vapor')
    cd /Users/admin/builder/spi-builder-workspace/.swiftpm/xcode
    builtin-SwiftPerFileCompile Valid.swift
SwiftCompile normal arm64 /Users/admin/builder/spi-builder-workspace/.dependencies/checkouts/vapor/Sources/Vapor/View/Application+Views.swift (in target 'Vapor' from project 'vapor')
    cd /Users/admin/builder/spi-builder-workspace/.swiftpm/xcode
    builtin-SwiftPerFileCompile Application+Views.swift
SwiftCompile normal arm64 /Users/admin/builder/spi-builder-workspace/.dependencies/checkouts/vapor/Sources/Vapor/View/PlaintextRenderer.swift (in target 'Vapor' from project 'vapor')
    cd /Users/admin/builder/spi-builder-workspace/.swiftpm/xcode
    builtin-SwiftPerFileCompile PlaintextRenderer.swift
SwiftCompile normal arm64 /Users/admin/builder/spi-builder-workspace/.dependencies/checkouts/vapor/Sources/Vapor/View/Request+View.swift (in target 'Vapor' from project 'vapor')
    cd /Users/admin/builder/spi-builder-workspace/.swiftpm/xcode
    builtin-SwiftPerFileCompile Request+View.swift
SwiftCompile normal arm64 /Users/admin/builder/spi-builder-workspace/.dependencies/checkouts/vapor/Sources/Vapor/View/View.swift (in target 'Vapor' from project 'vapor')
    cd /Users/admin/builder/spi-builder-workspace/.swiftpm/xcode
    builtin-SwiftPerFileCompile View.swift
SwiftCompile normal arm64 /Users/admin/builder/spi-builder-workspace/.dependencies/checkouts/vapor/Sources/Vapor/View/ViewRenderer.swift (in target 'Vapor' from project 'vapor')
    cd /Users/admin/builder/spi-builder-workspace/.swiftpm/xcode
    builtin-SwiftPerFileCompile ViewRenderer.swift
SwiftCompile normal arm64 /Users/admin/builder/spi-builder-workspace/.dependencies/checkouts/vapor/Sources/Vapor/_Deprecations.swift (in target 'Vapor' from project 'vapor')
    cd /Users/admin/builder/spi-builder-workspace/.swiftpm/xcode
    builtin-SwiftPerFileCompile _Deprecations.swift
PruneExplicitPrecompiledModules /Users/admin/builder/spi-builder-workspace/.derivedData/Build/Intermediates.noindex/ExplicitPrecompiledModules
PruneExplicitPrecompiledModules /Users/admin/builder/spi-builder-workspace/.derivedData/SDKExplicitPrecompiledModules
PruneExplicitPrecompiledModules /Users/admin/builder/spi-builder-workspace/.derivedData/Build/Intermediates.noindex/SwiftExplicitPrecompiledModules
2026-09-17 05:52:27.280 xcodebuild[4856:18645] [MT] IDERunDestination: Supported platforms for the buildables in the current scheme is empty.
** BUILD FAILED **
The following build commands failed:
	SwiftCompile normal arm64 Compiling\ RouteCollection.swift,\ Routes.swift,\ RoutesBuilder+Group.swift,\ RoutesBuilder+Method.swift,\ RoutesBuilder+Middleware.swift,\ RoutesBuilder+WebSocket.swift,\ RoutesBuilder.swift,\ OTP.swift,\ Application+Servers.swift,\ Server.swift,\ App+Service.swift,\ Req+Service.swift,\ Service.swift,\ Application+Sessions.swift,\ MemorySessions.swift,\ Request+Session.swift,\ Session.swift,\ SessionCache.swift,\ SessionData.swift,\ SessionDriver.swift,\ SessionsConfiguration.swift,\ SessionsMiddleware.swift /Users/admin/builder/spi-builder-workspace/.dependencies/checkouts/vapor/Sources/Vapor/Routing/RouteCollection.swift /Users/admin/builder/spi-builder-workspace/.dependencies/checkouts/vapor/Sources/Vapor/Routing/Routes.swift /Users/admin/builder/spi-builder-workspace/.dependencies/checkouts/vapor/Sources/Vapor/Routing/RoutesBuilder+Group.swift /Users/admin/builder/spi-builder-workspace/.dependencies/checkouts/vapor/Sources/Vapor/Routing/RoutesBuilder+Method.swift /Users/admin/builder/spi-builder-workspace/.dependencies/checkouts/vapor/Sources/Vapor/Routing/RoutesBuilder+Middleware.swift /Users/admin/builder/spi-builder-workspace/.dependencies/checkouts/vapor/Sources/Vapor/Routing/RoutesBuilder+WebSocket.swift /Users/admin/builder/spi-builder-workspace/.dependencies/checkouts/vapor/Sources/Vapor/Routing/RoutesBuilder.swift /Users/admin/builder/spi-builder-workspace/.dependencies/checkouts/vapor/Sources/Vapor/Security/OTP.swift /Users/admin/builder/spi-builder-workspace/.dependencies/checkouts/vapor/Sources/Vapor/Server/Application+Servers.swift /Users/admin/builder/spi-builder-workspace/.dependencies/checkouts/vapor/Sources/Vapor/Server/Server.swift /Users/admin/builder/spi-builder-workspace/.dependencies/checkouts/vapor/Sources/Vapor/Services/App+Service.swift /Users/admin/builder/spi-builder-workspace/.dependencies/checkouts/vapor/Sources/Vapor/Services/Req+Service.swift /Users/admin/builder/spi-builder-workspace/.dependencies/checkouts/vapor/Sources/Vapor/Services/Service.swift /Users/admin/builder/spi-builder-workspace/.dependencies/checkouts/vapor/Sources/Vapor/Sessions/Application+Sessions.swift /Users/admin/builder/spi-builder-workspace/.dependencies/checkouts/vapor/Sources/Vapor/Sessions/MemorySessions.swift /Users/admin/builder/spi-builder-workspace/.dependencies/checkouts/vapor/Sources/Vapor/Sessions/Request+Session.swift /Users/admin/builder/spi-builder-workspace/.dependencies/checkouts/vapor/Sources/Vapor/Sessions/Session.swift /Users/admin/builder/spi-builder-workspace/.dependencies/checkouts/vapor/Sources/Vapor/Sessions/SessionCache.swift /Users/admin/builder/spi-builder-workspace/.dependencies/checkouts/vapor/Sources/Vapor/Sessions/SessionData.swift /Users/admin/builder/spi-builder-workspace/.dependencies/checkouts/vapor/Sources/Vapor/Sessions/SessionDriver.swift /Users/admin/builder/spi-builder-workspace/.dependencies/checkouts/vapor/Sources/Vapor/Sessions/SessionsConfiguration.swift /Users/admin/builder/spi-builder-workspace/.dependencies/checkouts/vapor/Sources/Vapor/Sessions/SessionsMiddleware.swift (in target 'Vapor' from project 'vapor')
	SwiftCompile normal arm64 /Users/admin/builder/spi-builder-workspace/.dependencies/checkouts/vapor/Sources/Vapor/Security/OTP.swift (in target 'Vapor' from project 'vapor')
	Building workspace TwitterVapor with scheme TwitterVapor
(3 failures)
BUILD FAILURE 6.4 visionOS