Build Information
Failed to build FontVertexBuilder, reference v3.0.0 (870298), with Swift 6.4 for watchOS using Xcode 27.0 on 23 Sep 2026 12:08:33 UTC.
Build Command
env DEVELOPER_DIR=/Applications/Xcode-27.0.0-Release.Candidate.app xcrun xcodebuild -IDEClonedSourcePackagesDirPathOverride=$PWD/.dependencies -skipMacroValidation -skipPackagePluginValidation -derivedDataPath $PWD/.derivedData build -scheme FontVertexBuilder -destination generic/platform=watchOSBuild Log
SwiftDriverJobDiscovery normal arm64 Emitting module for iShapeTriangulation (in target 'iShapeTriangulation' from project 'FontVertexBuilder')
SwiftDriver\ Compilation\ Requirements iShapeTriangulation normal arm64 com.apple.xcode.tools.swift.compiler (in target 'iShapeTriangulation' from project 'FontVertexBuilder')
cd /Users/admin/builder/spi-builder-workspace/.swiftpm/xcode
builtin-Swift-Compilation-Requirements -- /Applications/Xcode-27.0.0-Release.Candidate.app/Contents/Developer/Toolchains/XcodeDefault.xctoolchain/usr/bin/swiftc -parse-as-library -module-name iShapeTriangulation -Onone @/Users/admin/builder/spi-builder-workspace/.derivedData/Build/Intermediates.noindex/FontVertexBuilder.build/Debug-watchos/iShapeTriangulation-t.build/Objects-normal/arm64/iShapeTriangulation.SwiftFileList -DSWIFT_PACKAGE -DDEBUG -DSWIFT_MODULE_RESOURCE_BUNDLE_UNAVAILABLE -DXcode -plugin-path /Applications/Xcode-27.0.0-Release.Candidate.app/Contents/Developer/Toolchains/XcodeDefault.xctoolchain/usr/lib/swift/host/plugins/testing -enable-experimental-feature DebugDescriptionMacro -sdk /Applications/Xcode-27.0.0-Release.Candidate.app/Contents/Developer/Platforms/WatchOS.platform/Developer/SDKs/WatchOS27.0.sdk -target arm64-apple-watchos9.0 -g -module-cache-path /Users/admin/builder/spi-builder-workspace/.derivedData/ModuleCache.noindex -Xfrontend -serialize-debugging-options -profile-coverage-mapping -profile-generate -enable-testing -index-store-path /Users/admin/builder/spi-builder-workspace/.derivedData/Index.noindex/DataStore -Xcc -D_LIBCPP_HARDENING_MODE\=_LIBCPP_HARDENING_MODE_DEBUG -swift-version 5 -I /Users/admin/builder/spi-builder-workspace/.derivedData/Build/Products/Debug-watchos -Isystem /Applications/Xcode-27.0.0-Release.Candidate.app/Contents/Developer/Platforms/WatchOS.platform/Developer/usr/lib -F /Users/admin/builder/spi-builder-workspace/.derivedData/Build/Products/Debug-watchos/PackageFrameworks -F /Users/admin/builder/spi-builder-workspace/.derivedData/Build/Products/Debug-watchos -F /Applications/Xcode-27.0.0-Release.Candidate.app/Contents/Developer/Platforms/WatchOS.platform/Developer/Library/Frameworks -F /Applications/Xcode-27.0.0-Release.Candidate.app/Contents/Developer/Platforms/WatchOS.platform/Developer/SDKs/WatchOS27.0.sdk/Developer/Library/Frameworks -c -j10 -enable-batch-mode -incremental -Xcc -ivfsstatcache -Xcc /Users/admin/builder/spi-builder-workspace/.derivedData/SDKStatCaches.noindex/watchos27.0-24R360-e829b21a6f8c9b70876ba0858053c04477534ef55a1706bf4c1112bbb242f0a2.sdkstatcache -output-file-map /Users/admin/builder/spi-builder-workspace/.derivedData/Build/Intermediates.noindex/FontVertexBuilder.build/Debug-watchos/iShapeTriangulation-t.build/Objects-normal/arm64/iShapeTriangulation-OutputFileMap.json -save-temps -no-color-diagnostics -explicit-module-build -module-cache-path /Users/admin/builder/spi-builder-workspace/.derivedData/Build/Intermediates.noindex/SwiftExplicitPrecompiledModules -clang-scanner-module-cache-path /Users/admin/builder/spi-builder-workspace/.derivedData/ModuleCache.noindex -sdk-module-cache-path /Users/admin/builder/spi-builder-workspace/.derivedData/SDKExplicitPrecompiledModules -emit-dependencies -emit-module -emit-module-path /Users/admin/builder/spi-builder-workspace/.derivedData/Build/Intermediates.noindex/FontVertexBuilder.build/Debug-watchos/iShapeTriangulation-t.build/Objects-normal/arm64/iShapeTriangulation.swiftmodule -serialize-diagnostics -dependency-scan-serialize-diagnostics-path /Users/admin/builder/spi-builder-workspace/.derivedData/Build/Intermediates.noindex/FontVertexBuilder.build/Debug-watchos/iShapeTriangulation-t.build/Objects-normal/arm64/iShapeTriangulation-dependency-scan.dia -validate-clang-modules-once -clang-build-session-file /Users/admin/builder/spi-builder-workspace/.derivedData/ModuleCache.noindex/Session.modulevalidation -Xcc -fmodules-prune-interval\=86400 -Xcc -fmodules-prune-after\=345600 -package-name spi_builder_workspace -emit-const-values -const-gather-protocols-list /Users/admin/builder/spi-builder-workspace/.derivedData/Build/Intermediates.noindex/FontVertexBuilder.build/Debug-watchos/iShapeTriangulation-t.build/Objects-normal/arm64/iShapeTriangulation_const_extract_protocols.json -Xcc -I/Users/admin/builder/spi-builder-workspace/.derivedData/Build/Products/Debug-watchos/include -Xcc -I/Users/admin/builder/spi-builder-workspace/.derivedData/Build/Intermediates.noindex/FontVertexBuilder.build/Debug-watchos/iShapeTriangulation-t.build/DerivedSources-normal/arm64 -Xcc -I/Users/admin/builder/spi-builder-workspace/.derivedData/Build/Intermediates.noindex/FontVertexBuilder.build/Debug-watchos/iShapeTriangulation-t.build/DerivedSources/arm64 -Xcc -I/Users/admin/builder/spi-builder-workspace/.derivedData/Build/Intermediates.noindex/FontVertexBuilder.build/Debug-watchos/iShapeTriangulation-t.build/DerivedSources -Xcc -DSWIFT_PACKAGE -Xcc -DDEBUG\=1 -emit-objc-header -emit-objc-header-path /Users/admin/builder/spi-builder-workspace/.derivedData/Build/Intermediates.noindex/FontVertexBuilder.build/Debug-watchos/iShapeTriangulation-t.build/Objects-normal/arm64/iShapeTriangulation-Swift.h -working-directory /Users/admin/builder/spi-builder-workspace/.swiftpm/xcode -experimental-emit-module-separately -disable-cmo
Copy /Users/admin/builder/spi-builder-workspace/.derivedData/Build/Products/Debug-watchos/iShapeTriangulation.swiftmodule/arm64_32-apple-watchos.swiftmodule /Users/admin/builder/spi-builder-workspace/.derivedData/Build/Intermediates.noindex/FontVertexBuilder.build/Debug-watchos/iShapeTriangulation-t.build/Objects-normal/arm64_32/iShapeTriangulation.swiftmodule (in target 'iShapeTriangulation' from project 'FontVertexBuilder')
cd /Users/admin/builder/spi-builder-workspace
builtin-copy -exclude .DS_Store -exclude CVS -exclude .svn -exclude .git -exclude .hg -resolve-src-symlinks -rename /Users/admin/builder/spi-builder-workspace/.derivedData/Build/Intermediates.noindex/FontVertexBuilder.build/Debug-watchos/iShapeTriangulation-t.build/Objects-normal/arm64_32/iShapeTriangulation.swiftmodule /Users/admin/builder/spi-builder-workspace/.derivedData/Build/Products/Debug-watchos/iShapeTriangulation.swiftmodule/arm64_32-apple-watchos.swiftmodule
SwiftMergeGeneratedHeaders /Users/admin/builder/spi-builder-workspace/.derivedData/Build/Intermediates.noindex/GeneratedModuleMaps-watchos/iShapeTriangulation-Swift.h /Users/admin/builder/spi-builder-workspace/.derivedData/Build/Intermediates.noindex/FontVertexBuilder.build/Debug-watchos/iShapeTriangulation-t.build/Objects-normal/arm64/iShapeTriangulation-Swift.h /Users/admin/builder/spi-builder-workspace/.derivedData/Build/Intermediates.noindex/FontVertexBuilder.build/Debug-watchos/iShapeTriangulation-t.build/Objects-normal/arm64_32/iShapeTriangulation-Swift.h (in target 'iShapeTriangulation' from project 'FontVertexBuilder')
cd /Users/admin/builder/spi-builder-workspace
builtin-swiftHeaderTool -arch arm64 /Users/admin/builder/spi-builder-workspace/.derivedData/Build/Intermediates.noindex/FontVertexBuilder.build/Debug-watchos/iShapeTriangulation-t.build/Objects-normal/arm64/iShapeTriangulation-Swift.h -arch arm64_32 /Users/admin/builder/spi-builder-workspace/.derivedData/Build/Intermediates.noindex/FontVertexBuilder.build/Debug-watchos/iShapeTriangulation-t.build/Objects-normal/arm64_32/iShapeTriangulation-Swift.h -o /Users/admin/builder/spi-builder-workspace/.derivedData/Build/Intermediates.noindex/GeneratedModuleMaps-watchos/iShapeTriangulation-Swift.h
Copy /Users/admin/builder/spi-builder-workspace/.derivedData/Build/Products/Debug-watchos/iShapeTriangulation.swiftmodule/arm64_32-apple-watchos.swiftdoc /Users/admin/builder/spi-builder-workspace/.derivedData/Build/Intermediates.noindex/FontVertexBuilder.build/Debug-watchos/iShapeTriangulation-t.build/Objects-normal/arm64_32/iShapeTriangulation.swiftdoc (in target 'iShapeTriangulation' from project 'FontVertexBuilder')
cd /Users/admin/builder/spi-builder-workspace
builtin-copy -exclude .DS_Store -exclude CVS -exclude .svn -exclude .git -exclude .hg -resolve-src-symlinks -rename /Users/admin/builder/spi-builder-workspace/.derivedData/Build/Intermediates.noindex/FontVertexBuilder.build/Debug-watchos/iShapeTriangulation-t.build/Objects-normal/arm64_32/iShapeTriangulation.swiftdoc /Users/admin/builder/spi-builder-workspace/.derivedData/Build/Products/Debug-watchos/iShapeTriangulation.swiftmodule/arm64_32-apple-watchos.swiftdoc
Copy /Users/admin/builder/spi-builder-workspace/.derivedData/Build/Products/Debug-watchos/iShapeTriangulation.swiftmodule/arm64_32-apple-watchos.abi.json /Users/admin/builder/spi-builder-workspace/.derivedData/Build/Intermediates.noindex/FontVertexBuilder.build/Debug-watchos/iShapeTriangulation-t.build/Objects-normal/arm64_32/iShapeTriangulation.abi.json (in target 'iShapeTriangulation' from project 'FontVertexBuilder')
cd /Users/admin/builder/spi-builder-workspace
builtin-copy -exclude .DS_Store -exclude CVS -exclude .svn -exclude .git -exclude .hg -resolve-src-symlinks -rename /Users/admin/builder/spi-builder-workspace/.derivedData/Build/Intermediates.noindex/FontVertexBuilder.build/Debug-watchos/iShapeTriangulation-t.build/Objects-normal/arm64_32/iShapeTriangulation.abi.json /Users/admin/builder/spi-builder-workspace/.derivedData/Build/Products/Debug-watchos/iShapeTriangulation.swiftmodule/arm64_32-apple-watchos.abi.json
Copy /Users/admin/builder/spi-builder-workspace/.derivedData/Build/Products/Debug-watchos/iShapeTriangulation.swiftmodule/arm64-apple-watchos.swiftmodule /Users/admin/builder/spi-builder-workspace/.derivedData/Build/Intermediates.noindex/FontVertexBuilder.build/Debug-watchos/iShapeTriangulation-t.build/Objects-normal/arm64/iShapeTriangulation.swiftmodule (in target 'iShapeTriangulation' from project 'FontVertexBuilder')
cd /Users/admin/builder/spi-builder-workspace
builtin-copy -exclude .DS_Store -exclude CVS -exclude .svn -exclude .git -exclude .hg -resolve-src-symlinks -rename /Users/admin/builder/spi-builder-workspace/.derivedData/Build/Intermediates.noindex/FontVertexBuilder.build/Debug-watchos/iShapeTriangulation-t.build/Objects-normal/arm64/iShapeTriangulation.swiftmodule /Users/admin/builder/spi-builder-workspace/.derivedData/Build/Products/Debug-watchos/iShapeTriangulation.swiftmodule/arm64-apple-watchos.swiftmodule
Copy /Users/admin/builder/spi-builder-workspace/.derivedData/Build/Products/Debug-watchos/iShapeTriangulation.swiftmodule/arm64-apple-watchos.swiftdoc /Users/admin/builder/spi-builder-workspace/.derivedData/Build/Intermediates.noindex/FontVertexBuilder.build/Debug-watchos/iShapeTriangulation-t.build/Objects-normal/arm64/iShapeTriangulation.swiftdoc (in target 'iShapeTriangulation' from project 'FontVertexBuilder')
cd /Users/admin/builder/spi-builder-workspace
builtin-copy -exclude .DS_Store -exclude CVS -exclude .svn -exclude .git -exclude .hg -resolve-src-symlinks -rename /Users/admin/builder/spi-builder-workspace/.derivedData/Build/Intermediates.noindex/FontVertexBuilder.build/Debug-watchos/iShapeTriangulation-t.build/Objects-normal/arm64/iShapeTriangulation.swiftdoc /Users/admin/builder/spi-builder-workspace/.derivedData/Build/Products/Debug-watchos/iShapeTriangulation.swiftmodule/arm64-apple-watchos.swiftdoc
Copy /Users/admin/builder/spi-builder-workspace/.derivedData/Build/Products/Debug-watchos/iShapeTriangulation.swiftmodule/arm64-apple-watchos.abi.json /Users/admin/builder/spi-builder-workspace/.derivedData/Build/Intermediates.noindex/FontVertexBuilder.build/Debug-watchos/iShapeTriangulation-t.build/Objects-normal/arm64/iShapeTriangulation.abi.json (in target 'iShapeTriangulation' from project 'FontVertexBuilder')
cd /Users/admin/builder/spi-builder-workspace
builtin-copy -exclude .DS_Store -exclude CVS -exclude .svn -exclude .git -exclude .hg -resolve-src-symlinks -rename /Users/admin/builder/spi-builder-workspace/.derivedData/Build/Intermediates.noindex/FontVertexBuilder.build/Debug-watchos/iShapeTriangulation-t.build/Objects-normal/arm64/iShapeTriangulation.abi.json /Users/admin/builder/spi-builder-workspace/.derivedData/Build/Products/Debug-watchos/iShapeTriangulation.swiftmodule/arm64-apple-watchos.abi.json
Copy /Users/admin/builder/spi-builder-workspace/.derivedData/Build/Products/Debug-watchos/iShapeTriangulation.swiftmodule/Project/arm64_32-apple-watchos.swiftsourceinfo /Users/admin/builder/spi-builder-workspace/.derivedData/Build/Intermediates.noindex/FontVertexBuilder.build/Debug-watchos/iShapeTriangulation-t.build/Objects-normal/arm64_32/iShapeTriangulation.swiftsourceinfo (in target 'iShapeTriangulation' from project 'FontVertexBuilder')
cd /Users/admin/builder/spi-builder-workspace
builtin-copy -exclude .DS_Store -exclude CVS -exclude .svn -exclude .git -exclude .hg -resolve-src-symlinks -rename /Users/admin/builder/spi-builder-workspace/.derivedData/Build/Intermediates.noindex/FontVertexBuilder.build/Debug-watchos/iShapeTriangulation-t.build/Objects-normal/arm64_32/iShapeTriangulation.swiftsourceinfo /Users/admin/builder/spi-builder-workspace/.derivedData/Build/Products/Debug-watchos/iShapeTriangulation.swiftmodule/Project/arm64_32-apple-watchos.swiftsourceinfo
Copy /Users/admin/builder/spi-builder-workspace/.derivedData/Build/Products/Debug-watchos/iShapeTriangulation.swiftmodule/Project/arm64-apple-watchos.swiftsourceinfo /Users/admin/builder/spi-builder-workspace/.derivedData/Build/Intermediates.noindex/FontVertexBuilder.build/Debug-watchos/iShapeTriangulation-t.build/Objects-normal/arm64/iShapeTriangulation.swiftsourceinfo (in target 'iShapeTriangulation' from project 'FontVertexBuilder')
cd /Users/admin/builder/spi-builder-workspace
builtin-copy -exclude .DS_Store -exclude CVS -exclude .svn -exclude .git -exclude .hg -resolve-src-symlinks -rename /Users/admin/builder/spi-builder-workspace/.derivedData/Build/Intermediates.noindex/FontVertexBuilder.build/Debug-watchos/iShapeTriangulation-t.build/Objects-normal/arm64/iShapeTriangulation.swiftsourceinfo /Users/admin/builder/spi-builder-workspace/.derivedData/Build/Products/Debug-watchos/iShapeTriangulation.swiftmodule/Project/arm64-apple-watchos.swiftsourceinfo
SwiftCompile normal arm64 Compiling\ DelaunayError.swift,\ TessellationError.swift /Users/admin/builder/spi-builder-workspace/Sources/iShapeTriangulation/Triangulation/Error/DelaunayError.swift /Users/admin/builder/spi-builder-workspace/Sources/iShapeTriangulation/Triangulation/Error/TessellationError.swift (in target 'iShapeTriangulation' from project 'FontVertexBuilder')
/Users/admin/builder/spi-builder-workspace/Sources/iShapeTriangulation/Triangulation/PlainShape/Delaunay/Delaunay.swift:13:20: warning: extraneous whitespace between attribute name and '('; this is an error in the Swift 6 language mode
11 | public struct Delaunay {
12 |
13 | public internal (set) var points: [IntPoint]
| `- warning: extraneous whitespace between attribute name and '('; this is an error in the Swift 6 language mode
14 | var triangles: [Triangle]
15 |
SwiftCompile normal arm64 /Users/admin/builder/spi-builder-workspace/Sources/iShapeTriangulation/Triangulation/Error/DelaunayError.swift (in target 'iShapeTriangulation' from project 'FontVertexBuilder')
cd /Users/admin/builder/spi-builder-workspace/.swiftpm/xcode
builtin-SwiftPerFileCompile DelaunayError.swift
SwiftCompile normal arm64 /Users/admin/builder/spi-builder-workspace/Sources/iShapeTriangulation/Triangulation/Error/TessellationError.swift (in target 'iShapeTriangulation' from project 'FontVertexBuilder')
cd /Users/admin/builder/spi-builder-workspace/.swiftpm/xcode
builtin-SwiftPerFileCompile TessellationError.swift
SwiftDriverJobDiscovery normal arm64_32 Compiling PlainShape+Triangulation.swift, Triangulator.swift (in target 'iShapeTriangulation' from project 'FontVertexBuilder')
SwiftCompile normal arm64 Compiling\ PlainShape+SliceBuffer.swift,\ PlainShape+Layout.swift /Users/admin/builder/spi-builder-workspace/Sources/iShapeTriangulation/Triangulation/PlainShape/Delaunay/PlainShape+SliceBuffer.swift /Users/admin/builder/spi-builder-workspace/Sources/iShapeTriangulation/Triangulation/PlainShape/PlainShape+Layout.swift (in target 'iShapeTriangulation' from project 'FontVertexBuilder')
SwiftCompile normal arm64 /Users/admin/builder/spi-builder-workspace/Sources/iShapeTriangulation/Triangulation/PlainShape/Delaunay/PlainShape+SliceBuffer.swift (in target 'iShapeTriangulation' from project 'FontVertexBuilder')
cd /Users/admin/builder/spi-builder-workspace/.swiftpm/xcode
builtin-SwiftPerFileCompile PlainShape+SliceBuffer.swift
SwiftCompile normal arm64 /Users/admin/builder/spi-builder-workspace/Sources/iShapeTriangulation/Triangulation/PlainShape/PlainShape+Layout.swift (in target 'iShapeTriangulation' from project 'FontVertexBuilder')
cd /Users/admin/builder/spi-builder-workspace/.swiftpm/xcode
builtin-SwiftPerFileCompile PlainShape+Layout.swift
/Users/admin/builder/spi-builder-workspace/Sources/iShapeTriangulation/Triangulation/PlainShape/Delaunay/Delaunay.swift:13:20: warning: extraneous whitespace between attribute name and '('; this is an error in the Swift 6 language mode
11 | public struct Delaunay {
12 |
13 | public internal (set) var points: [IntPoint]
| `- warning: extraneous whitespace between attribute name and '('; this is an error in the Swift 6 language mode
14 | var triangles: [Triangle]
15 |
SwiftCompile normal arm64 Compiling\ TriangulationError.swift,\ Delaunay+Centroid.swift /Users/admin/builder/spi-builder-workspace/Sources/iShapeTriangulation/Triangulation/Error/TriangulationError.swift /Users/admin/builder/spi-builder-workspace/Sources/iShapeTriangulation/Triangulation/PlainShape/Delaunay/Delaunay+Centroid.swift (in target 'iShapeTriangulation' from project 'FontVertexBuilder')
/Users/admin/builder/spi-builder-workspace/Sources/iShapeTriangulation/Triangulation/PlainShape/Delaunay/Delaunay.swift:13:20: warning: extraneous whitespace between attribute name and '('; this is an error in the Swift 6 language mode
11 | public struct Delaunay {
12 |
13 | public internal (set) var points: [IntPoint]
| `- warning: extraneous whitespace between attribute name and '('; this is an error in the Swift 6 language mode
14 | var triangles: [Triangle]
15 |
SwiftCompile normal arm64 /Users/admin/builder/spi-builder-workspace/Sources/iShapeTriangulation/Triangulation/Error/TriangulationError.swift (in target 'iShapeTriangulation' from project 'FontVertexBuilder')
cd /Users/admin/builder/spi-builder-workspace/.swiftpm/xcode
builtin-SwiftPerFileCompile TriangulationError.swift
SwiftCompile normal arm64 /Users/admin/builder/spi-builder-workspace/Sources/iShapeTriangulation/Triangulation/PlainShape/Delaunay/Delaunay+Centroid.swift (in target 'iShapeTriangulation' from project 'FontVertexBuilder')
cd /Users/admin/builder/spi-builder-workspace/.swiftpm/xcode
builtin-SwiftPerFileCompile Delaunay+Centroid.swift
SwiftDriverJobDiscovery normal arm64_32 Compiling Delaunay+Polygon.swift, Delaunay+Tesselation.swift (in target 'iShapeTriangulation' from project 'FontVertexBuilder')
SwiftCompile normal arm64 Compiling\ Delaunay+Polygon.swift,\ Delaunay+Tesselation.swift /Users/admin/builder/spi-builder-workspace/Sources/iShapeTriangulation/Triangulation/PlainShape/Delaunay/Delaunay+Polygon.swift /Users/admin/builder/spi-builder-workspace/Sources/iShapeTriangulation/Triangulation/PlainShape/Delaunay/Delaunay+Tesselation.swift (in target 'iShapeTriangulation' from project 'FontVertexBuilder')
/Users/admin/builder/spi-builder-workspace/Sources/iShapeTriangulation/Triangulation/PlainShape/Delaunay/Delaunay.swift:13:20: warning: extraneous whitespace between attribute name and '('; this is an error in the Swift 6 language mode
11 | public struct Delaunay {
12 |
13 | public internal (set) var points: [IntPoint]
| `- warning: extraneous whitespace between attribute name and '('; this is an error in the Swift 6 language mode
14 | var triangles: [Triangle]
15 |
SwiftCompile normal arm64 /Users/admin/builder/spi-builder-workspace/Sources/iShapeTriangulation/Triangulation/PlainShape/Delaunay/Delaunay+Polygon.swift (in target 'iShapeTriangulation' from project 'FontVertexBuilder')
cd /Users/admin/builder/spi-builder-workspace/.swiftpm/xcode
builtin-SwiftPerFileCompile Delaunay+Polygon.swift
SwiftCompile normal arm64 /Users/admin/builder/spi-builder-workspace/Sources/iShapeTriangulation/Triangulation/PlainShape/Delaunay/Delaunay+Tesselation.swift (in target 'iShapeTriangulation' from project 'FontVertexBuilder')
cd /Users/admin/builder/spi-builder-workspace/.swiftpm/xcode
builtin-SwiftPerFileCompile Delaunay+Tesselation.swift
SwiftDriverJobDiscovery normal arm64_32 Compiling TriangulationError.swift, Delaunay+Centroid.swift (in target 'iShapeTriangulation' from project 'FontVertexBuilder')
SwiftCompile normal arm64 Compiling\ Delaunay+Triangle.swift,\ Delaunay.swift /Users/admin/builder/spi-builder-workspace/Sources/iShapeTriangulation/Triangulation/PlainShape/Delaunay/Delaunay+Triangle.swift /Users/admin/builder/spi-builder-workspace/Sources/iShapeTriangulation/Triangulation/PlainShape/Delaunay/Delaunay.swift (in target 'iShapeTriangulation' from project 'FontVertexBuilder')
/Users/admin/builder/spi-builder-workspace/Sources/iShapeTriangulation/Triangulation/PlainShape/Delaunay/Delaunay.swift:13:20: warning: extraneous whitespace between attribute name and '('; this is an error in the Swift 6 language mode
11 | public struct Delaunay {
12 |
13 | public internal (set) var points: [IntPoint]
| `- warning: extraneous whitespace between attribute name and '('; this is an error in the Swift 6 language mode
14 | var triangles: [Triangle]
15 |
/Users/admin/builder/spi-builder-workspace/Sources/iShapeTriangulation/Triangulation/PlainShape/Delaunay/Delaunay.swift:344:12: warning: extraneous whitespace between attribute name and '('; this is an error in the Swift 6 language mode
342 | private var buffer: UnsafeMutablePointer<Int>
343 | private var capacity: Int
344 | private (set) var count: Int
| `- warning: extraneous whitespace between attribute name and '('; this is an error in the Swift 6 language mode
345 |
346 | subscript(index: Int) -> Int {
SwiftCompile normal arm64 /Users/admin/builder/spi-builder-workspace/Sources/iShapeTriangulation/Triangulation/PlainShape/Delaunay/Delaunay+Triangle.swift (in target 'iShapeTriangulation' from project 'FontVertexBuilder')
cd /Users/admin/builder/spi-builder-workspace/.swiftpm/xcode
builtin-SwiftPerFileCompile Delaunay+Triangle.swift
SwiftCompile normal arm64 /Users/admin/builder/spi-builder-workspace/Sources/iShapeTriangulation/Triangulation/PlainShape/Delaunay/Delaunay.swift (in target 'iShapeTriangulation' from project 'FontVertexBuilder')
cd /Users/admin/builder/spi-builder-workspace/.swiftpm/xcode
builtin-SwiftPerFileCompile Delaunay.swift
SwiftDriverJobDiscovery normal arm64_32 Compiling IndexBuffer.swift, PlainShape+Delaunay.swift (in target 'iShapeTriangulation' from project 'FontVertexBuilder')
SwiftCompile normal arm64_32 Compiling\ PlainShape+Modification.swift,\ PlainShape+ShapeNavigator.swift /Users/admin/builder/spi-builder-workspace/Sources/iShapeTriangulation/Triangulation/PlainShape/PlainShape+Modification.swift /Users/admin/builder/spi-builder-workspace/Sources/iShapeTriangulation/Triangulation/PlainShape/PlainShape+ShapeNavigator.swift (in target 'iShapeTriangulation' from project 'FontVertexBuilder')
SwiftCompile normal arm64_32 /Users/admin/builder/spi-builder-workspace/Sources/iShapeTriangulation/Triangulation/PlainShape/PlainShape+Modification.swift (in target 'iShapeTriangulation' from project 'FontVertexBuilder')
cd /Users/admin/builder/spi-builder-workspace/.swiftpm/xcode
builtin-SwiftPerFileCompile PlainShape+Modification.swift
SwiftCompile normal arm64_32 /Users/admin/builder/spi-builder-workspace/Sources/iShapeTriangulation/Triangulation/PlainShape/PlainShape+ShapeNavigator.swift (in target 'iShapeTriangulation' from project 'FontVertexBuilder')
cd /Users/admin/builder/spi-builder-workspace/.swiftpm/xcode
builtin-SwiftPerFileCompile PlainShape+ShapeNavigator.swift
/Users/admin/builder/spi-builder-workspace/Sources/iShapeTriangulation/Triangulation/PlainShape/Delaunay/Delaunay.swift:13:20: warning: extraneous whitespace between attribute name and '('; this is an error in the Swift 6 language mode
11 | public struct Delaunay {
12 |
13 | public internal (set) var points: [IntPoint]
| `- warning: extraneous whitespace between attribute name and '('; this is an error in the Swift 6 language mode
14 | var triangles: [Triangle]
15 |
SwiftDriverJobDiscovery normal arm64 Compiling IntPoint+Monotone.swift, IntTriangle.swift (in target 'iShapeTriangulation' from project 'FontVertexBuilder')
SwiftCompile normal arm64_32 Compiling\ IntPoint+Monotone.swift,\ IntTriangle.swift /Users/admin/builder/spi-builder-workspace/Sources/iShapeTriangulation/Triangulation/Util/IntPoint+Monotone.swift /Users/admin/builder/spi-builder-workspace/Sources/iShapeTriangulation/Triangulation/Util/IntTriangle.swift (in target 'iShapeTriangulation' from project 'FontVertexBuilder')
/Users/admin/builder/spi-builder-workspace/Sources/iShapeTriangulation/Triangulation/PlainShape/Delaunay/Delaunay.swift:13:20: warning: extraneous whitespace between attribute name and '('; this is an error in the Swift 6 language mode
11 | public struct Delaunay {
12 |
13 | public internal (set) var points: [IntPoint]
| `- warning: extraneous whitespace between attribute name and '('; this is an error in the Swift 6 language mode
14 | var triangles: [Triangle]
15 |
SwiftCompile normal arm64_32 /Users/admin/builder/spi-builder-workspace/Sources/iShapeTriangulation/Triangulation/Util/IntPoint+Monotone.swift (in target 'iShapeTriangulation' from project 'FontVertexBuilder')
cd /Users/admin/builder/spi-builder-workspace/.swiftpm/xcode
builtin-SwiftPerFileCompile IntPoint+Monotone.swift
SwiftCompile normal arm64_32 /Users/admin/builder/spi-builder-workspace/Sources/iShapeTriangulation/Triangulation/Util/IntTriangle.swift (in target 'iShapeTriangulation' from project 'FontVertexBuilder')
cd /Users/admin/builder/spi-builder-workspace/.swiftpm/xcode
builtin-SwiftPerFileCompile IntTriangle.swift
SwiftDriverJobDiscovery normal arm64_32 Compiling Delaunay+Triangle.swift, Delaunay.swift (in target 'iShapeTriangulation' from project 'FontVertexBuilder')
SwiftCompile normal arm64 Compiling\ CentroidNetError.swift,\ CustomError.swift /Users/admin/builder/spi-builder-workspace/Sources/iShapeTriangulation/Triangulation/Error/CentroidNetError.swift /Users/admin/builder/spi-builder-workspace/Sources/iShapeTriangulation/Triangulation/Error/CustomError.swift (in target 'iShapeTriangulation' from project 'FontVertexBuilder')
/Users/admin/builder/spi-builder-workspace/Sources/iShapeTriangulation/Triangulation/PlainShape/Delaunay/Delaunay.swift:13:20: warning: extraneous whitespace between attribute name and '('; this is an error in the Swift 6 language mode
11 | public struct Delaunay {
12 |
13 | public internal (set) var points: [IntPoint]
| `- warning: extraneous whitespace between attribute name and '('; this is an error in the Swift 6 language mode
14 | var triangles: [Triangle]
15 |
SwiftCompile normal arm64 /Users/admin/builder/spi-builder-workspace/Sources/iShapeTriangulation/Triangulation/Error/CentroidNetError.swift (in target 'iShapeTriangulation' from project 'FontVertexBuilder')
cd /Users/admin/builder/spi-builder-workspace/.swiftpm/xcode
builtin-SwiftPerFileCompile CentroidNetError.swift
SwiftCompile normal arm64 /Users/admin/builder/spi-builder-workspace/Sources/iShapeTriangulation/Triangulation/Error/CustomError.swift (in target 'iShapeTriangulation' from project 'FontVertexBuilder')
cd /Users/admin/builder/spi-builder-workspace/.swiftpm/xcode
builtin-SwiftPerFileCompile CustomError.swift
SwiftDriverJobDiscovery normal arm64 Compiling DelaunayError.swift, TessellationError.swift (in target 'iShapeTriangulation' from project 'FontVertexBuilder')
SwiftCompile normal arm64 Compiling\ PlainShape+Modification.swift,\ PlainShape+ShapeNavigator.swift /Users/admin/builder/spi-builder-workspace/Sources/iShapeTriangulation/Triangulation/PlainShape/PlainShape+Modification.swift /Users/admin/builder/spi-builder-workspace/Sources/iShapeTriangulation/Triangulation/PlainShape/PlainShape+ShapeNavigator.swift (in target 'iShapeTriangulation' from project 'FontVertexBuilder')
SwiftCompile normal arm64 /Users/admin/builder/spi-builder-workspace/Sources/iShapeTriangulation/Triangulation/PlainShape/PlainShape+Modification.swift (in target 'iShapeTriangulation' from project 'FontVertexBuilder')
cd /Users/admin/builder/spi-builder-workspace/.swiftpm/xcode
builtin-SwiftPerFileCompile PlainShape+Modification.swift
SwiftCompile normal arm64 /Users/admin/builder/spi-builder-workspace/Sources/iShapeTriangulation/Triangulation/PlainShape/PlainShape+ShapeNavigator.swift (in target 'iShapeTriangulation' from project 'FontVertexBuilder')
cd /Users/admin/builder/spi-builder-workspace/.swiftpm/xcode
builtin-SwiftPerFileCompile PlainShape+ShapeNavigator.swift
/Users/admin/builder/spi-builder-workspace/Sources/iShapeTriangulation/Triangulation/PlainShape/Delaunay/Delaunay.swift:13:20: warning: extraneous whitespace between attribute name and '('; this is an error in the Swift 6 language mode
11 | public struct Delaunay {
12 |
13 | public internal (set) var points: [IntPoint]
| `- warning: extraneous whitespace between attribute name and '('; this is an error in the Swift 6 language mode
14 | var triangles: [Triangle]
15 |
SwiftDriverJobDiscovery normal arm64_32 Compiling PlainShape+SliceBuffer.swift, PlainShape+Layout.swift (in target 'iShapeTriangulation' from project 'FontVertexBuilder')
SwiftDriverJobDiscovery normal arm64 Compiling PlainShape+Triangulation.swift, Triangulator.swift (in target 'iShapeTriangulation' from project 'FontVertexBuilder')
ExtractAppIntentsMetadata (in target 'iGeometry' from project 'FontVertexBuilder')
cd /Users/admin/builder/spi-builder-workspace
/Applications/Xcode-27.0.0-Release.Candidate.app/Contents/Developer/Toolchains/XcodeDefault.xctoolchain/usr/bin/appintentsmetadataprocessor --toolchain-dir /var/run/com.apple.security.cryptexd/mnt/com.apple.MobileAsset.MetalToolchain-v27.1.266.1.88XHYR/Metal.xctoolchain --module-name iGeometry --sdk-root /Applications/Xcode-27.0.0-Release.Candidate.app/Contents/Developer/Platforms/WatchOS.platform/Developer/SDKs/WatchOS27.0.sdk --xcode-version 27A266a --platform-family watchOS --deployment-target 9.0 --bundle-identifier spi-builder-workspace.iGeometry --output /Users/admin/builder/spi-builder-workspace/.derivedData/Build/Products/Debug-watchos/iGeometry.appintents --target-triple arm64-apple-watchos9.0 --target-triple arm64_32-apple-watchos9.0 --binary-file /Users/admin/builder/spi-builder-workspace/.derivedData/Build/Products/Debug-watchos/iGeometry.o --dependency-file /Users/admin/builder/spi-builder-workspace/.derivedData/Build/Intermediates.noindex/FontVertexBuilder.build/Debug-watchos/iGeometry-t.build/Objects-normal/arm64/iGeometry_dependency_info.dat --dependency-file /Users/admin/builder/spi-builder-workspace/.derivedData/Build/Intermediates.noindex/FontVertexBuilder.build/Debug-watchos/iGeometry-t.build/Objects-normal/arm64_32/iGeometry_dependency_info.dat --stringsdata-file /Users/admin/builder/spi-builder-workspace/.derivedData/Build/Intermediates.noindex/FontVertexBuilder.build/Debug-watchos/iGeometry-t.build/Objects-normal/arm64/ExtractedAppShortcutsMetadata.stringsdata --stringsdata-file /Users/admin/builder/spi-builder-workspace/.derivedData/Build/Intermediates.noindex/FontVertexBuilder.build/Debug-watchos/iGeometry-t.build/Objects-normal/arm64_32/ExtractedAppShortcutsMetadata.stringsdata --source-file-list /Users/admin/builder/spi-builder-workspace/.derivedData/Build/Intermediates.noindex/FontVertexBuilder.build/Debug-watchos/iGeometry-t.build/Objects-normal/arm64/iGeometry.SwiftFileList --source-file-list /Users/admin/builder/spi-builder-workspace/.derivedData/Build/Intermediates.noindex/FontVertexBuilder.build/Debug-watchos/iGeometry-t.build/Objects-normal/arm64_32/iGeometry.SwiftFileList --metadata-file-list /Users/admin/builder/spi-builder-workspace/.derivedData/Build/Intermediates.noindex/FontVertexBuilder.build/Debug-watchos/iGeometry-t.build/iGeometry.DependencyMetadataFileList --static-metadata-file-list /Users/admin/builder/spi-builder-workspace/.derivedData/Build/Intermediates.noindex/FontVertexBuilder.build/Debug-watchos/iGeometry-t.build/iGeometry.DependencyStaticMetadataFileList --swift-const-vals-list /Users/admin/builder/spi-builder-workspace/.derivedData/Build/Intermediates.noindex/FontVertexBuilder.build/Debug-watchos/iGeometry-t.build/Objects-normal/arm64/iGeometry.SwiftConstValuesFileList --swift-const-vals-list /Users/admin/builder/spi-builder-workspace/.derivedData/Build/Intermediates.noindex/FontVertexBuilder.build/Debug-watchos/iGeometry-t.build/Objects-normal/arm64_32/iGeometry.SwiftConstValuesFileList --force --compile-time-extraction --deployment-aware-processing --no-app-shortcuts-localization
2026-09-23 08:08:27.878 appintentsmetadataprocessor[973:5732] Starting appintentsmetadataprocessor export
2026-09-23 08:08:27.979 appintentsmetadataprocessor[973:5732] Extracted no relevant App Intents symbols, skipping writing output
SwiftDriverJobDiscovery normal arm64 Compiling IndexBuffer.swift, PlainShape+Delaunay.swift (in target 'iShapeTriangulation' from project 'FontVertexBuilder')
SwiftDriver VectorTriangulator normal arm64_32 com.apple.xcode.tools.swift.compiler (in target 'VectorTriangulator' from project 'FontVertexBuilder')
cd /Users/admin/builder/spi-builder-workspace/.swiftpm/xcode
builtin-SwiftDriver -- /Applications/Xcode-27.0.0-Release.Candidate.app/Contents/Developer/Toolchains/XcodeDefault.xctoolchain/usr/bin/swiftc -parse-as-library -module-name VectorTriangulator -Onone @/Users/admin/builder/spi-builder-workspace/.derivedData/Build/Intermediates.noindex/FontVertexBuilder.build/Debug-watchos/VectorTriangulator-t.build/Objects-normal/arm64_32/VectorTriangulator.SwiftFileList -DSWIFT_PACKAGE -DDEBUG -DSWIFT_MODULE_RESOURCE_BUNDLE_UNAVAILABLE -DXcode -plugin-path /Applications/Xcode-27.0.0-Release.Candidate.app/Contents/Developer/Toolchains/XcodeDefault.xctoolchain/usr/lib/swift/host/plugins/testing -enable-experimental-feature DebugDescriptionMacro -sdk /Applications/Xcode-27.0.0-Release.Candidate.app/Contents/Developer/Platforms/WatchOS.platform/Developer/SDKs/WatchOS27.0.sdk -target arm64_32-apple-watchos9.0 -g -module-cache-path /Users/admin/builder/spi-builder-workspace/.derivedData/ModuleCache.noindex -Xfrontend -serialize-debugging-options -profile-coverage-mapping -profile-generate -enable-testing -index-store-path /Users/admin/builder/spi-builder-workspace/.derivedData/Index.noindex/DataStore -Xcc -D_LIBCPP_HARDENING_MODE\=_LIBCPP_HARDENING_MODE_DEBUG -swift-version 5 -I /Users/admin/builder/spi-builder-workspace/.derivedData/Build/Products/Debug-watchos -Isystem /Applications/Xcode-27.0.0-Release.Candidate.app/Contents/Developer/Platforms/WatchOS.platform/Developer/usr/lib -F /Users/admin/builder/spi-builder-workspace/.derivedData/Build/Products/Debug-watchos/PackageFrameworks -F /Users/admin/builder/spi-builder-workspace/.derivedData/Build/Products/Debug-watchos -F /Applications/Xcode-27.0.0-Release.Candidate.app/Contents/Developer/Platforms/WatchOS.platform/Developer/Library/Frameworks -F /Applications/Xcode-27.0.0-Release.Candidate.app/Contents/Developer/Platforms/WatchOS.platform/Developer/SDKs/WatchOS27.0.sdk/Developer/Library/Frameworks -c -j10 -enable-batch-mode -incremental -Xcc -ivfsstatcache -Xcc /Users/admin/builder/spi-builder-workspace/.derivedData/SDKStatCaches.noindex/watchos27.0-24R360-e829b21a6f8c9b70876ba0858053c04477534ef55a1706bf4c1112bbb242f0a2.sdkstatcache -output-file-map /Users/admin/builder/spi-builder-workspace/.derivedData/Build/Intermediates.noindex/FontVertexBuilder.build/Debug-watchos/VectorTriangulator-t.build/Objects-normal/arm64_32/VectorTriangulator-OutputFileMap.json -save-temps -no-color-diagnostics -explicit-module-build -module-cache-path /Users/admin/builder/spi-builder-workspace/.derivedData/Build/Intermediates.noindex/SwiftExplicitPrecompiledModules -clang-scanner-module-cache-path /Users/admin/builder/spi-builder-workspace/.derivedData/ModuleCache.noindex -sdk-module-cache-path /Users/admin/builder/spi-builder-workspace/.derivedData/SDKExplicitPrecompiledModules -emit-dependencies -emit-module -emit-module-path /Users/admin/builder/spi-builder-workspace/.derivedData/Build/Intermediates.noindex/FontVertexBuilder.build/Debug-watchos/VectorTriangulator-t.build/Objects-normal/arm64_32/VectorTriangulator.swiftmodule -serialize-diagnostics -dependency-scan-serialize-diagnostics-path /Users/admin/builder/spi-builder-workspace/.derivedData/Build/Intermediates.noindex/FontVertexBuilder.build/Debug-watchos/VectorTriangulator-t.build/Objects-normal/arm64_32/VectorTriangulator-dependency-scan.dia -validate-clang-modules-once -clang-build-session-file /Users/admin/builder/spi-builder-workspace/.derivedData/ModuleCache.noindex/Session.modulevalidation -Xcc -fmodules-prune-interval\=86400 -Xcc -fmodules-prune-after\=345600 -package-name spi_builder_workspace -emit-const-values -const-gather-protocols-list /Users/admin/builder/spi-builder-workspace/.derivedData/Build/Intermediates.noindex/FontVertexBuilder.build/Debug-watchos/VectorTriangulator-t.build/Objects-normal/arm64_32/VectorTriangulator_const_extract_protocols.json -Xcc -I/Users/admin/builder/spi-builder-workspace/.derivedData/Build/Products/Debug-watchos/include -Xcc -I/Users/admin/builder/spi-builder-workspace/.derivedData/Build/Intermediates.noindex/FontVertexBuilder.build/Debug-watchos/VectorTriangulator-t.build/DerivedSources-normal/arm64_32 -Xcc -I/Users/admin/builder/spi-builder-workspace/.derivedData/Build/Intermediates.noindex/FontVertexBuilder.build/Debug-watchos/VectorTriangulator-t.build/DerivedSources/arm64_32 -Xcc -I/Users/admin/builder/spi-builder-workspace/.derivedData/Build/Intermediates.noindex/FontVertexBuilder.build/Debug-watchos/VectorTriangulator-t.build/DerivedSources -Xcc -DSWIFT_PACKAGE -Xcc -DDEBUG\=1 -emit-objc-header -emit-objc-header-path /Users/admin/builder/spi-builder-workspace/.derivedData/Build/Intermediates.noindex/FontVertexBuilder.build/Debug-watchos/VectorTriangulator-t.build/Objects-normal/arm64_32/VectorTriangulator-Swift.h -working-directory /Users/admin/builder/spi-builder-workspace/.swiftpm/xcode -experimental-emit-module-separately -disable-cmo
SwiftDriver VectorTriangulator normal arm64 com.apple.xcode.tools.swift.compiler (in target 'VectorTriangulator' from project 'FontVertexBuilder')
cd /Users/admin/builder/spi-builder-workspace/.swiftpm/xcode
builtin-SwiftDriver -- /Applications/Xcode-27.0.0-Release.Candidate.app/Contents/Developer/Toolchains/XcodeDefault.xctoolchain/usr/bin/swiftc -parse-as-library -module-name VectorTriangulator -Onone @/Users/admin/builder/spi-builder-workspace/.derivedData/Build/Intermediates.noindex/FontVertexBuilder.build/Debug-watchos/VectorTriangulator-t.build/Objects-normal/arm64/VectorTriangulator.SwiftFileList -DSWIFT_PACKAGE -DDEBUG -DSWIFT_MODULE_RESOURCE_BUNDLE_UNAVAILABLE -DXcode -plugin-path /Applications/Xcode-27.0.0-Release.Candidate.app/Contents/Developer/Toolchains/XcodeDefault.xctoolchain/usr/lib/swift/host/plugins/testing -enable-experimental-feature DebugDescriptionMacro -sdk /Applications/Xcode-27.0.0-Release.Candidate.app/Contents/Developer/Platforms/WatchOS.platform/Developer/SDKs/WatchOS27.0.sdk -target arm64-apple-watchos9.0 -g -module-cache-path /Users/admin/builder/spi-builder-workspace/.derivedData/ModuleCache.noindex -Xfrontend -serialize-debugging-options -profile-coverage-mapping -profile-generate -enable-testing -index-store-path /Users/admin/builder/spi-builder-workspace/.derivedData/Index.noindex/DataStore -Xcc -D_LIBCPP_HARDENING_MODE\=_LIBCPP_HARDENING_MODE_DEBUG -swift-version 5 -I /Users/admin/builder/spi-builder-workspace/.derivedData/Build/Products/Debug-watchos -Isystem /Applications/Xcode-27.0.0-Release.Candidate.app/Contents/Developer/Platforms/WatchOS.platform/Developer/usr/lib -F /Users/admin/builder/spi-builder-workspace/.derivedData/Build/Products/Debug-watchos/PackageFrameworks -F /Users/admin/builder/spi-builder-workspace/.derivedData/Build/Products/Debug-watchos -F /Applications/Xcode-27.0.0-Release.Candidate.app/Contents/Developer/Platforms/WatchOS.platform/Developer/Library/Frameworks -F /Applications/Xcode-27.0.0-Release.Candidate.app/Contents/Developer/Platforms/WatchOS.platform/Developer/SDKs/WatchOS27.0.sdk/Developer/Library/Frameworks -c -j10 -enable-batch-mode -incremental -Xcc -ivfsstatcache -Xcc /Users/admin/builder/spi-builder-workspace/.derivedData/SDKStatCaches.noindex/watchos27.0-24R360-e829b21a6f8c9b70876ba0858053c04477534ef55a1706bf4c1112bbb242f0a2.sdkstatcache -output-file-map /Users/admin/builder/spi-builder-workspace/.derivedData/Build/Intermediates.noindex/FontVertexBuilder.build/Debug-watchos/VectorTriangulator-t.build/Objects-normal/arm64/VectorTriangulator-OutputFileMap.json -save-temps -no-color-diagnostics -explicit-module-build -module-cache-path /Users/admin/builder/spi-builder-workspace/.derivedData/Build/Intermediates.noindex/SwiftExplicitPrecompiledModules -clang-scanner-module-cache-path /Users/admin/builder/spi-builder-workspace/.derivedData/ModuleCache.noindex -sdk-module-cache-path /Users/admin/builder/spi-builder-workspace/.derivedData/SDKExplicitPrecompiledModules -emit-dependencies -emit-module -emit-module-path /Users/admin/builder/spi-builder-workspace/.derivedData/Build/Intermediates.noindex/FontVertexBuilder.build/Debug-watchos/VectorTriangulator-t.build/Objects-normal/arm64/VectorTriangulator.swiftmodule -serialize-diagnostics -dependency-scan-serialize-diagnostics-path /Users/admin/builder/spi-builder-workspace/.derivedData/Build/Intermediates.noindex/FontVertexBuilder.build/Debug-watchos/VectorTriangulator-t.build/Objects-normal/arm64/VectorTriangulator-dependency-scan.dia -validate-clang-modules-once -clang-build-session-file /Users/admin/builder/spi-builder-workspace/.derivedData/ModuleCache.noindex/Session.modulevalidation -Xcc -fmodules-prune-interval\=86400 -Xcc -fmodules-prune-after\=345600 -package-name spi_builder_workspace -emit-const-values -const-gather-protocols-list /Users/admin/builder/spi-builder-workspace/.derivedData/Build/Intermediates.noindex/FontVertexBuilder.build/Debug-watchos/VectorTriangulator-t.build/Objects-normal/arm64/VectorTriangulator_const_extract_protocols.json -Xcc -I/Users/admin/builder/spi-builder-workspace/.derivedData/Build/Products/Debug-watchos/include -Xcc -I/Users/admin/builder/spi-builder-workspace/.derivedData/Build/Intermediates.noindex/FontVertexBuilder.build/Debug-watchos/VectorTriangulator-t.build/DerivedSources-normal/arm64 -Xcc -I/Users/admin/builder/spi-builder-workspace/.derivedData/Build/Intermediates.noindex/FontVertexBuilder.build/Debug-watchos/VectorTriangulator-t.build/DerivedSources/arm64 -Xcc -I/Users/admin/builder/spi-builder-workspace/.derivedData/Build/Intermediates.noindex/FontVertexBuilder.build/Debug-watchos/VectorTriangulator-t.build/DerivedSources -Xcc -DSWIFT_PACKAGE -Xcc -DDEBUG\=1 -emit-objc-header -emit-objc-header-path /Users/admin/builder/spi-builder-workspace/.derivedData/Build/Intermediates.noindex/FontVertexBuilder.build/Debug-watchos/VectorTriangulator-t.build/Objects-normal/arm64/VectorTriangulator-Swift.h -working-directory /Users/admin/builder/spi-builder-workspace/.swiftpm/xcode -experimental-emit-module-separately -disable-cmo
SwiftDriverJobDiscovery normal arm64 Compiling CentroidNetError.swift, CustomError.swift (in target 'iShapeTriangulation' from project 'FontVertexBuilder')
SwiftDriverJobDiscovery normal arm64_32 Compiling IntPoint+Monotone.swift, IntTriangle.swift (in target 'iShapeTriangulation' from project 'FontVertexBuilder')
SwiftDriver SVGVertexBuilder normal arm64 com.apple.xcode.tools.swift.compiler (in target 'SVGVertexBuilder' from project 'FontVertexBuilder')
cd /Users/admin/builder/spi-builder-workspace/.swiftpm/xcode
builtin-SwiftDriver -- /Applications/Xcode-27.0.0-Release.Candidate.app/Contents/Developer/Toolchains/XcodeDefault.xctoolchain/usr/bin/swiftc -parse-as-library -module-name SVGVertexBuilder -Onone @/Users/admin/builder/spi-builder-workspace/.derivedData/Build/Intermediates.noindex/FontVertexBuilder.build/Debug-watchos/SVGVertexBuilder-t.build/Objects-normal/arm64/SVGVertexBuilder.SwiftFileList -DSWIFT_PACKAGE -DDEBUG -DSWIFT_MODULE_RESOURCE_BUNDLE_UNAVAILABLE -DXcode -plugin-path /Applications/Xcode-27.0.0-Release.Candidate.app/Contents/Developer/Toolchains/XcodeDefault.xctoolchain/usr/lib/swift/host/plugins/testing -enable-experimental-feature DebugDescriptionMacro -sdk /Applications/Xcode-27.0.0-Release.Candidate.app/Contents/Developer/Platforms/WatchOS.platform/Developer/SDKs/WatchOS27.0.sdk -target arm64-apple-watchos9.0 -g -module-cache-path /Users/admin/builder/spi-builder-workspace/.derivedData/ModuleCache.noindex -Xfrontend -serialize-debugging-options -profile-coverage-mapping -profile-generate -enable-testing -index-store-path /Users/admin/builder/spi-builder-workspace/.derivedData/Index.noindex/DataStore -Xcc -D_LIBCPP_HARDENING_MODE\=_LIBCPP_HARDENING_MODE_DEBUG -swift-version 5 -I /Users/admin/builder/spi-builder-workspace/.derivedData/Build/Products/Debug-watchos -Isystem /Applications/Xcode-27.0.0-Release.Candidate.app/Contents/Developer/Platforms/WatchOS.platform/Developer/usr/lib -F /Users/admin/builder/spi-builder-workspace/.derivedData/Build/Products/Debug-watchos/PackageFrameworks -F /Users/admin/builder/spi-builder-workspace/.derivedData/Build/Products/Debug-watchos -F /Applications/Xcode-27.0.0-Release.Candidate.app/Contents/Developer/Platforms/WatchOS.platform/Developer/Library/Frameworks -F /Applications/Xcode-27.0.0-Release.Candidate.app/Contents/Developer/Platforms/WatchOS.platform/Developer/SDKs/WatchOS27.0.sdk/Developer/Library/Frameworks -c -j10 -enable-batch-mode -incremental -Xcc -ivfsstatcache -Xcc /Users/admin/builder/spi-builder-workspace/.derivedData/SDKStatCaches.noindex/watchos27.0-24R360-e829b21a6f8c9b70876ba0858053c04477534ef55a1706bf4c1112bbb242f0a2.sdkstatcache -output-file-map /Users/admin/builder/spi-builder-workspace/.derivedData/Build/Intermediates.noindex/FontVertexBuilder.build/Debug-watchos/SVGVertexBuilder-t.build/Objects-normal/arm64/SVGVertexBuilder-OutputFileMap.json -save-temps -no-color-diagnostics -explicit-module-build -module-cache-path /Users/admin/builder/spi-builder-workspace/.derivedData/Build/Intermediates.noindex/SwiftExplicitPrecompiledModules -clang-scanner-module-cache-path /Users/admin/builder/spi-builder-workspace/.derivedData/ModuleCache.noindex -sdk-module-cache-path /Users/admin/builder/spi-builder-workspace/.derivedData/SDKExplicitPrecompiledModules -emit-dependencies -emit-module -emit-module-path /Users/admin/builder/spi-builder-workspace/.derivedData/Build/Intermediates.noindex/FontVertexBuilder.build/Debug-watchos/SVGVertexBuilder-t.build/Objects-normal/arm64/SVGVertexBuilder.swiftmodule -serialize-diagnostics -dependency-scan-serialize-diagnostics-path /Users/admin/builder/spi-builder-workspace/.derivedData/Build/Intermediates.noindex/FontVertexBuilder.build/Debug-watchos/SVGVertexBuilder-t.build/Objects-normal/arm64/SVGVertexBuilder-dependency-scan.dia -validate-clang-modules-once -clang-build-session-file /Users/admin/builder/spi-builder-workspace/.derivedData/ModuleCache.noindex/Session.modulevalidation -Xcc -fmodules-prune-interval\=86400 -Xcc -fmodules-prune-after\=345600 -package-name spi_builder_workspace -emit-const-values -const-gather-protocols-list /Users/admin/builder/spi-builder-workspace/.derivedData/Build/Intermediates.noindex/FontVertexBuilder.build/Debug-watchos/SVGVertexBuilder-t.build/Objects-normal/arm64/SVGVertexBuilder_const_extract_protocols.json -Xcc -I/Users/admin/builder/spi-builder-workspace/.derivedData/Build/Products/Debug-watchos/include -Xcc -I/Users/admin/builder/spi-builder-workspace/.derivedData/Build/Intermediates.noindex/FontVertexBuilder.build/Debug-watchos/SVGVertexBuilder-t.build/DerivedSources-normal/arm64 -Xcc -I/Users/admin/builder/spi-builder-workspace/.derivedData/Build/Intermediates.noindex/FontVertexBuilder.build/Debug-watchos/SVGVertexBuilder-t.build/DerivedSources/arm64 -Xcc -I/Users/admin/builder/spi-builder-workspace/.derivedData/Build/Intermediates.noindex/FontVertexBuilder.build/Debug-watchos/SVGVertexBuilder-t.build/DerivedSources -Xcc -DSWIFT_PACKAGE -Xcc -DDEBUG\=1 -emit-objc-header -emit-objc-header-path /Users/admin/builder/spi-builder-workspace/.derivedData/Build/Intermediates.noindex/FontVertexBuilder.build/Debug-watchos/SVGVertexBuilder-t.build/Objects-normal/arm64/SVGVertexBuilder-Swift.h -working-directory /Users/admin/builder/spi-builder-workspace/.swiftpm/xcode -experimental-emit-module-separately -disable-cmo
SwiftDriver SVGVertexBuilder normal arm64_32 com.apple.xcode.tools.swift.compiler (in target 'SVGVertexBuilder' from project 'FontVertexBuilder')
cd /Users/admin/builder/spi-builder-workspace/.swiftpm/xcode
builtin-SwiftDriver -- /Applications/Xcode-27.0.0-Release.Candidate.app/Contents/Developer/Toolchains/XcodeDefault.xctoolchain/usr/bin/swiftc -parse-as-library -module-name SVGVertexBuilder -Onone @/Users/admin/builder/spi-builder-workspace/.derivedData/Build/Intermediates.noindex/FontVertexBuilder.build/Debug-watchos/SVGVertexBuilder-t.build/Objects-normal/arm64_32/SVGVertexBuilder.SwiftFileList -DSWIFT_PACKAGE -DDEBUG -DSWIFT_MODULE_RESOURCE_BUNDLE_UNAVAILABLE -DXcode -plugin-path /Applications/Xcode-27.0.0-Release.Candidate.app/Contents/Developer/Toolchains/XcodeDefault.xctoolchain/usr/lib/swift/host/plugins/testing -enable-experimental-feature DebugDescriptionMacro -sdk /Applications/Xcode-27.0.0-Release.Candidate.app/Contents/Developer/Platforms/WatchOS.platform/Developer/SDKs/WatchOS27.0.sdk -target arm64_32-apple-watchos9.0 -g -module-cache-path /Users/admin/builder/spi-builder-workspace/.derivedData/ModuleCache.noindex -Xfrontend -serialize-debugging-options -profile-coverage-mapping -profile-generate -enable-testing -index-store-path /Users/admin/builder/spi-builder-workspace/.derivedData/Index.noindex/DataStore -Xcc -D_LIBCPP_HARDENING_MODE\=_LIBCPP_HARDENING_MODE_DEBUG -swift-version 5 -I /Users/admin/builder/spi-builder-workspace/.derivedData/Build/Products/Debug-watchos -Isystem /Applications/Xcode-27.0.0-Release.Candidate.app/Contents/Developer/Platforms/WatchOS.platform/Developer/usr/lib -F /Users/admin/builder/spi-builder-workspace/.derivedData/Build/Products/Debug-watchos/PackageFrameworks -F /Users/admin/builder/spi-builder-workspace/.derivedData/Build/Products/Debug-watchos -F /Applications/Xcode-27.0.0-Release.Candidate.app/Contents/Developer/Platforms/WatchOS.platform/Developer/Library/Frameworks -F /Applications/Xcode-27.0.0-Release.Candidate.app/Contents/Developer/Platforms/WatchOS.platform/Developer/SDKs/WatchOS27.0.sdk/Developer/Library/Frameworks -c -j10 -enable-batch-mode -incremental -Xcc -ivfsstatcache -Xcc /Users/admin/builder/spi-builder-workspace/.derivedData/SDKStatCaches.noindex/watchos27.0-24R360-e829b21a6f8c9b70876ba0858053c04477534ef55a1706bf4c1112bbb242f0a2.sdkstatcache -output-file-map /Users/admin/builder/spi-builder-workspace/.derivedData/Build/Intermediates.noindex/FontVertexBuilder.build/Debug-watchos/SVGVertexBuilder-t.build/Objects-normal/arm64_32/SVGVertexBuilder-OutputFileMap.json -save-temps -no-color-diagnostics -explicit-module-build -module-cache-path /Users/admin/builder/spi-builder-workspace/.derivedData/Build/Intermediates.noindex/SwiftExplicitPrecompiledModules -clang-scanner-module-cache-path /Users/admin/builder/spi-builder-workspace/.derivedData/ModuleCache.noindex -sdk-module-cache-path /Users/admin/builder/spi-builder-workspace/.derivedData/SDKExplicitPrecompiledModules -emit-dependencies -emit-module -emit-module-path /Users/admin/builder/spi-builder-workspace/.derivedData/Build/Intermediates.noindex/FontVertexBuilder.build/Debug-watchos/SVGVertexBuilder-t.build/Objects-normal/arm64_32/SVGVertexBuilder.swiftmodule -serialize-diagnostics -dependency-scan-serialize-diagnostics-path /Users/admin/builder/spi-builder-workspace/.derivedData/Build/Intermediates.noindex/FontVertexBuilder.build/Debug-watchos/SVGVertexBuilder-t.build/Objects-normal/arm64_32/SVGVertexBuilder-dependency-scan.dia -validate-clang-modules-once -clang-build-session-file /Users/admin/builder/spi-builder-workspace/.derivedData/ModuleCache.noindex/Session.modulevalidation -Xcc -fmodules-prune-interval\=86400 -Xcc -fmodules-prune-after\=345600 -package-name spi_builder_workspace -emit-const-values -const-gather-protocols-list /Users/admin/builder/spi-builder-workspace/.derivedData/Build/Intermediates.noindex/FontVertexBuilder.build/Debug-watchos/SVGVertexBuilder-t.build/Objects-normal/arm64_32/SVGVertexBuilder_const_extract_protocols.json -Xcc -I/Users/admin/builder/spi-builder-workspace/.derivedData/Build/Products/Debug-watchos/include -Xcc -I/Users/admin/builder/spi-builder-workspace/.derivedData/Build/Intermediates.noindex/FontVertexBuilder.build/Debug-watchos/SVGVertexBuilder-t.build/DerivedSources-normal/arm64_32 -Xcc -I/Users/admin/builder/spi-builder-workspace/.derivedData/Build/Intermediates.noindex/FontVertexBuilder.build/Debug-watchos/SVGVertexBuilder-t.build/DerivedSources/arm64_32 -Xcc -I/Users/admin/builder/spi-builder-workspace/.derivedData/Build/Intermediates.noindex/FontVertexBuilder.build/Debug-watchos/SVGVertexBuilder-t.build/DerivedSources -Xcc -DSWIFT_PACKAGE -Xcc -DDEBUG\=1 -emit-objc-header -emit-objc-header-path /Users/admin/builder/spi-builder-workspace/.derivedData/Build/Intermediates.noindex/FontVertexBuilder.build/Debug-watchos/SVGVertexBuilder-t.build/Objects-normal/arm64_32/SVGVertexBuilder-Swift.h -working-directory /Users/admin/builder/spi-builder-workspace/.swiftpm/xcode -experimental-emit-module-separately -disable-cmo
SwiftDriverJobDiscovery normal arm64 Compiling TriangulationError.swift, Delaunay+Centroid.swift (in target 'iShapeTriangulation' from project 'FontVertexBuilder')
SwiftDriverJobDiscovery normal arm64 Compiling Delaunay+Polygon.swift, Delaunay+Tesselation.swift (in target 'iShapeTriangulation' from project 'FontVertexBuilder')
SwiftDriverJobDiscovery normal arm64 Compiling Delaunay+Triangle.swift, Delaunay.swift (in target 'iShapeTriangulation' from project 'FontVertexBuilder')
SwiftDriver FontVertexBuilder normal arm64_32 com.apple.xcode.tools.swift.compiler (in target 'FontVertexBuilder' from project 'FontVertexBuilder')
cd /Users/admin/builder/spi-builder-workspace/.swiftpm/xcode
builtin-SwiftDriver -- /Applications/Xcode-27.0.0-Release.Candidate.app/Contents/Developer/Toolchains/XcodeDefault.xctoolchain/usr/bin/swiftc -parse-as-library -module-name FontVertexBuilder -Onone @/Users/admin/builder/spi-builder-workspace/.derivedData/Build/Intermediates.noindex/FontVertexBuilder.build/Debug-watchos/FontVertexBuilder-t.build/Objects-normal/arm64_32/FontVertexBuilder.SwiftFileList -DSWIFT_PACKAGE -DDEBUG -DSWIFT_MODULE_RESOURCE_BUNDLE_UNAVAILABLE -DXcode -plugin-path /Applications/Xcode-27.0.0-Release.Candidate.app/Contents/Developer/Toolchains/XcodeDefault.xctoolchain/usr/lib/swift/host/plugins/testing -enable-experimental-feature DebugDescriptionMacro -sdk /Applications/Xcode-27.0.0-Release.Candidate.app/Contents/Developer/Platforms/WatchOS.platform/Developer/SDKs/WatchOS27.0.sdk -target arm64_32-apple-watchos9.0 -g -module-cache-path /Users/admin/builder/spi-builder-workspace/.derivedData/ModuleCache.noindex -Xfrontend -serialize-debugging-options -profile-coverage-mapping -profile-generate -enable-testing -index-store-path /Users/admin/builder/spi-builder-workspace/.derivedData/Index.noindex/DataStore -Xcc -D_LIBCPP_HARDENING_MODE\=_LIBCPP_HARDENING_MODE_DEBUG -swift-version 5 -I /Users/admin/builder/spi-builder-workspace/.derivedData/Build/Products/Debug-watchos -Isystem /Applications/Xcode-27.0.0-Release.Candidate.app/Contents/Developer/Platforms/WatchOS.platform/Developer/usr/lib -F /Users/admin/builder/spi-builder-workspace/.derivedData/Build/Products/Debug-watchos/PackageFrameworks -F /Users/admin/builder/spi-builder-workspace/.derivedData/Build/Products/Debug-watchos -F /Applications/Xcode-27.0.0-Release.Candidate.app/Contents/Developer/Platforms/WatchOS.platform/Developer/Library/Frameworks -F /Applications/Xcode-27.0.0-Release.Candidate.app/Contents/Developer/Platforms/WatchOS.platform/Developer/SDKs/WatchOS27.0.sdk/Developer/Library/Frameworks -c -j10 -enable-batch-mode -incremental -Xcc -ivfsstatcache -Xcc /Users/admin/builder/spi-builder-workspace/.derivedData/SDKStatCaches.noindex/watchos27.0-24R360-e829b21a6f8c9b70876ba0858053c04477534ef55a1706bf4c1112bbb242f0a2.sdkstatcache -output-file-map /Users/admin/builder/spi-builder-workspace/.derivedData/Build/Intermediates.noindex/FontVertexBuilder.build/Debug-watchos/FontVertexBuilder-t.build/Objects-normal/arm64_32/FontVertexBuilder-OutputFileMap.json -save-temps -no-color-diagnostics -explicit-module-build -module-cache-path /Users/admin/builder/spi-builder-workspace/.derivedData/Build/Intermediates.noindex/SwiftExplicitPrecompiledModules -clang-scanner-module-cache-path /Users/admin/builder/spi-builder-workspace/.derivedData/ModuleCache.noindex -sdk-module-cache-path /Users/admin/builder/spi-builder-workspace/.derivedData/SDKExplicitPrecompiledModules -emit-dependencies -emit-module -emit-module-path /Users/admin/builder/spi-builder-workspace/.derivedData/Build/Intermediates.noindex/FontVertexBuilder.build/Debug-watchos/FontVertexBuilder-t.build/Objects-normal/arm64_32/FontVertexBuilder.swiftmodule -serialize-diagnostics -dependency-scan-serialize-diagnostics-path /Users/admin/builder/spi-builder-workspace/.derivedData/Build/Intermediates.noindex/FontVertexBuilder.build/Debug-watchos/FontVertexBuilder-t.build/Objects-normal/arm64_32/FontVertexBuilder-dependency-scan.dia -validate-clang-modules-once -clang-build-session-file /Users/admin/builder/spi-builder-workspace/.derivedData/ModuleCache.noindex/Session.modulevalidation -Xcc -fmodules-prune-interval\=86400 -Xcc -fmodules-prune-after\=345600 -package-name spi_builder_workspace -emit-const-values -const-gather-protocols-list /Users/admin/builder/spi-builder-workspace/.derivedData/Build/Intermediates.noindex/FontVertexBuilder.build/Debug-watchos/FontVertexBuilder-t.build/Objects-normal/arm64_32/FontVertexBuilder_const_extract_protocols.json -Xcc -I/Users/admin/builder/spi-builder-workspace/.derivedData/Build/Products/Debug-watchos/include -Xcc -I/Users/admin/builder/spi-builder-workspace/.derivedData/Build/Intermediates.noindex/FontVertexBuilder.build/Debug-watchos/FontVertexBuilder-t.build/DerivedSources-normal/arm64_32 -Xcc -I/Users/admin/builder/spi-builder-workspace/.derivedData/Build/Intermediates.noindex/FontVertexBuilder.build/Debug-watchos/FontVertexBuilder-t.build/DerivedSources/arm64_32 -Xcc -I/Users/admin/builder/spi-builder-workspace/.derivedData/Build/Intermediates.noindex/FontVertexBuilder.build/Debug-watchos/FontVertexBuilder-t.build/DerivedSources -Xcc -DSWIFT_PACKAGE -Xcc -DDEBUG\=1 -emit-objc-header -emit-objc-header-path /Users/admin/builder/spi-builder-workspace/.derivedData/Build/Intermediates.noindex/FontVertexBuilder.build/Debug-watchos/FontVertexBuilder-t.build/Objects-normal/arm64_32/FontVertexBuilder-Swift.h -working-directory /Users/admin/builder/spi-builder-workspace/.swiftpm/xcode -experimental-emit-module-separately -disable-cmo
error: Clang dependency scanning failure: (in target 'FontVertexBuilder' from project 'FontVertexBuilder')
/Users/admin/builder/spi-builder-workspace/Sources/FontVertexBuilder/FontBufferGenerator.swift:8:8: error: Unable to resolve module dependency: 'MetalKit' (in target 'FontVertexBuilder' from project 'FontVertexBuilder')
note: A dependency of main module 'FontVertexBuilder'
/Users/admin/builder/spi-builder-workspace/Sources/FontVertexBuilder/FontBufferGenerator.swift:8:8: note: A dependency of main module 'FontVertexBuilder'
import MetalKit
^ (in target 'FontVertexBuilder' from project 'FontVertexBuilder')
SwiftDriver FontVertexBuilder normal arm64 com.apple.xcode.tools.swift.compiler (in target 'FontVertexBuilder' from project 'FontVertexBuilder')
cd /Users/admin/builder/spi-builder-workspace/.swiftpm/xcode
builtin-SwiftDriver -- /Applications/Xcode-27.0.0-Release.Candidate.app/Contents/Developer/Toolchains/XcodeDefault.xctoolchain/usr/bin/swiftc -parse-as-library -module-name FontVertexBuilder -Onone @/Users/admin/builder/spi-builder-workspace/.derivedData/Build/Intermediates.noindex/FontVertexBuilder.build/Debug-watchos/FontVertexBuilder-t.build/Objects-normal/arm64/FontVertexBuilder.SwiftFileList -DSWIFT_PACKAGE -DDEBUG -DSWIFT_MODULE_RESOURCE_BUNDLE_UNAVAILABLE -DXcode -plugin-path /Applications/Xcode-27.0.0-Release.Candidate.app/Contents/Developer/Toolchains/XcodeDefault.xctoolchain/usr/lib/swift/host/plugins/testing -enable-experimental-feature DebugDescriptionMacro -sdk /Applications/Xcode-27.0.0-Release.Candidate.app/Contents/Developer/Platforms/WatchOS.platform/Developer/SDKs/WatchOS27.0.sdk -target arm64-apple-watchos9.0 -g -module-cache-path /Users/admin/builder/spi-builder-workspace/.derivedData/ModuleCache.noindex -Xfrontend -serialize-debugging-options -profile-coverage-mapping -profile-generate -enable-testing -index-store-path /Users/admin/builder/spi-builder-workspace/.derivedData/Index.noindex/DataStore -Xcc -D_LIBCPP_HARDENING_MODE\=_LIBCPP_HARDENING_MODE_DEBUG -swift-version 5 -I /Users/admin/builder/spi-builder-workspace/.derivedData/Build/Products/Debug-watchos -Isystem /Applications/Xcode-27.0.0-Release.Candidate.app/Contents/Developer/Platforms/WatchOS.platform/Developer/usr/lib -F /Users/admin/builder/spi-builder-workspace/.derivedData/Build/Products/Debug-watchos/PackageFrameworks -F /Users/admin/builder/spi-builder-workspace/.derivedData/Build/Products/Debug-watchos -F /Applications/Xcode-27.0.0-Release.Candidate.app/Contents/Developer/Platforms/WatchOS.platform/Developer/Library/Frameworks -F /Applications/Xcode-27.0.0-Release.Candidate.app/Contents/Developer/Platforms/WatchOS.platform/Developer/SDKs/WatchOS27.0.sdk/Developer/Library/Frameworks -c -j10 -enable-batch-mode -incremental -Xcc -ivfsstatcache -Xcc /Users/admin/builder/spi-builder-workspace/.derivedData/SDKStatCaches.noindex/watchos27.0-24R360-e829b21a6f8c9b70876ba0858053c04477534ef55a1706bf4c1112bbb242f0a2.sdkstatcache -output-file-map /Users/admin/builder/spi-builder-workspace/.derivedData/Build/Intermediates.noindex/FontVertexBuilder.build/Debug-watchos/FontVertexBuilder-t.build/Objects-normal/arm64/FontVertexBuilder-OutputFileMap.json -save-temps -no-color-diagnostics -explicit-module-build -module-cache-path /Users/admin/builder/spi-builder-workspace/.derivedData/Build/Intermediates.noindex/SwiftExplicitPrecompiledModules -clang-scanner-module-cache-path /Users/admin/builder/spi-builder-workspace/.derivedData/ModuleCache.noindex -sdk-module-cache-path /Users/admin/builder/spi-builder-workspace/.derivedData/SDKExplicitPrecompiledModules -emit-dependencies -emit-module -emit-module-path /Users/admin/builder/spi-builder-workspace/.derivedData/Build/Intermediates.noindex/FontVertexBuilder.build/Debug-watchos/FontVertexBuilder-t.build/Objects-normal/arm64/FontVertexBuilder.swiftmodule -serialize-diagnostics -dependency-scan-serialize-diagnostics-path /Users/admin/builder/spi-builder-workspace/.derivedData/Build/Intermediates.noindex/FontVertexBuilder.build/Debug-watchos/FontVertexBuilder-t.build/Objects-normal/arm64/FontVertexBuilder-dependency-scan.dia -validate-clang-modules-once -clang-build-session-file /Users/admin/builder/spi-builder-workspace/.derivedData/ModuleCache.noindex/Session.modulevalidation -Xcc -fmodules-prune-interval\=86400 -Xcc -fmodules-prune-after\=345600 -package-name spi_builder_workspace -emit-const-values -const-gather-protocols-list /Users/admin/builder/spi-builder-workspace/.derivedData/Build/Intermediates.noindex/FontVertexBuilder.build/Debug-watchos/FontVertexBuilder-t.build/Objects-normal/arm64/FontVertexBuilder_const_extract_protocols.json -Xcc -I/Users/admin/builder/spi-builder-workspace/.derivedData/Build/Products/Debug-watchos/include -Xcc -I/Users/admin/builder/spi-builder-workspace/.derivedData/Build/Intermediates.noindex/FontVertexBuilder.build/Debug-watchos/FontVertexBuilder-t.build/DerivedSources-normal/arm64 -Xcc -I/Users/admin/builder/spi-builder-workspace/.derivedData/Build/Intermediates.noindex/FontVertexBuilder.build/Debug-watchos/FontVertexBuilder-t.build/DerivedSources/arm64 -Xcc -I/Users/admin/builder/spi-builder-workspace/.derivedData/Build/Intermediates.noindex/FontVertexBuilder.build/Debug-watchos/FontVertexBuilder-t.build/DerivedSources -Xcc -DSWIFT_PACKAGE -Xcc -DDEBUG\=1 -emit-objc-header -emit-objc-header-path /Users/admin/builder/spi-builder-workspace/.derivedData/Build/Intermediates.noindex/FontVertexBuilder.build/Debug-watchos/FontVertexBuilder-t.build/Objects-normal/arm64/FontVertexBuilder-Swift.h -working-directory /Users/admin/builder/spi-builder-workspace/.swiftpm/xcode -experimental-emit-module-separately -disable-cmo
error: Clang dependency scanning failure: (in target 'FontVertexBuilder' from project 'FontVertexBuilder')
/Users/admin/builder/spi-builder-workspace/Sources/FontVertexBuilder/FontBufferGenerator.swift:8:8: error: Unable to resolve module dependency: 'MetalKit' (in target 'FontVertexBuilder' from project 'FontVertexBuilder')
note: A dependency of main module 'FontVertexBuilder'
/Users/admin/builder/spi-builder-workspace/Sources/FontVertexBuilder/FontBufferGenerator.swift:8:8: note: A dependency of main module 'FontVertexBuilder'
import MetalKit
^ (in target 'FontVertexBuilder' from project 'FontVertexBuilder')
SwiftEmitModule normal arm64_32 Emitting\ module\ for\ VectorTriangulator (in target 'VectorTriangulator' from project 'FontVertexBuilder')
SwiftCompile normal arm64_32 (in target 'VectorTriangulator' from project 'FontVertexBuilder')
cd /Users/admin/builder/spi-builder-workspace/.swiftpm/xcode
SwiftCompile normal arm64_32 Compiling\ VectorTriangulator.swift /Users/admin/builder/spi-builder-workspace/Sources/VectorTriangulator/VectorTriangulator.swift (in target 'VectorTriangulator' from project 'FontVertexBuilder')
SwiftCompile normal arm64_32 /Users/admin/builder/spi-builder-workspace/Sources/VectorTriangulator/VectorTriangulator.swift (in target 'VectorTriangulator' from project 'FontVertexBuilder')
cd /Users/admin/builder/spi-builder-workspace/.swiftpm/xcode
builtin-SwiftPerFileCompile VectorTriangulator.swift
SwiftDriverJobDiscovery normal arm64 Compiling PlainShape+SliceBuffer.swift, PlainShape+Layout.swift (in target 'iShapeTriangulation' from project 'FontVertexBuilder')
SwiftEmitModule normal arm64 Emitting\ module\ for\ SVGVertexBuilder (in target 'SVGVertexBuilder' from project 'FontVertexBuilder')
SwiftCompile normal arm64 (in target 'SVGVertexBuilder' from project 'FontVertexBuilder')
cd /Users/admin/builder/spi-builder-workspace/.swiftpm/xcode
SwiftCompile normal arm64 Compiling\ SVGUtil+HelperFunctions.swift /Users/admin/builder/spi-builder-workspace/Sources/SVGVertexBuilder/SVGUtils/SVGUtil+HelperFunctions.swift (in target 'SVGVertexBuilder' from project 'FontVertexBuilder')
SwiftCompile normal arm64 /Users/admin/builder/spi-builder-workspace/Sources/SVGVertexBuilder/SVGUtils/SVGUtil+HelperFunctions.swift (in target 'SVGVertexBuilder' from project 'FontVertexBuilder')
cd /Users/admin/builder/spi-builder-workspace/.swiftpm/xcode
builtin-SwiftPerFileCompile SVGUtil+HelperFunctions.swift
SwiftCompile normal arm64 Compiling\ SVGUtil.swift /Users/admin/builder/spi-builder-workspace/Sources/SVGVertexBuilder/SVGUtils/SVGUtil.swift (in target 'SVGVertexBuilder' from project 'FontVertexBuilder')
SwiftCompile normal arm64 /Users/admin/builder/spi-builder-workspace/Sources/SVGVertexBuilder/SVGUtils/SVGUtil.swift (in target 'SVGVertexBuilder' from project 'FontVertexBuilder')
cd /Users/admin/builder/spi-builder-workspace/.swiftpm/xcode
builtin-SwiftPerFileCompile SVGUtil.swift
SwiftEmitModule normal arm64 Emitting\ module\ for\ VectorTriangulator (in target 'VectorTriangulator' from project 'FontVertexBuilder')
SwiftCompile normal arm64 (in target 'VectorTriangulator' from project 'FontVertexBuilder')
cd /Users/admin/builder/spi-builder-workspace/.swiftpm/xcode
SwiftEmitModule normal arm64_32 Emitting\ module\ for\ SVGVertexBuilder (in target 'SVGVertexBuilder' from project 'FontVertexBuilder')
SwiftCompile normal arm64_32 (in target 'SVGVertexBuilder' from project 'FontVertexBuilder')
cd /Users/admin/builder/spi-builder-workspace/.swiftpm/xcode
SwiftDriverJobDiscovery normal arm64_32 Compiling PlainShape+Modification.swift, PlainShape+ShapeNavigator.swift (in target 'iShapeTriangulation' from project 'FontVertexBuilder')
SwiftDriverJobDiscovery normal arm64_32 Emitting module for VectorTriangulator (in target 'VectorTriangulator' from project 'FontVertexBuilder')
SwiftDriver\ Compilation iShapeTriangulation normal arm64_32 com.apple.xcode.tools.swift.compiler (in target 'iShapeTriangulation' from project 'FontVertexBuilder')
cd /Users/admin/builder/spi-builder-workspace/.swiftpm/xcode
builtin-Swift-Compilation -- /Applications/Xcode-27.0.0-Release.Candidate.app/Contents/Developer/Toolchains/XcodeDefault.xctoolchain/usr/bin/swiftc -parse-as-library -module-name iShapeTriangulation -Onone @/Users/admin/builder/spi-builder-workspace/.derivedData/Build/Intermediates.noindex/FontVertexBuilder.build/Debug-watchos/iShapeTriangulation-t.build/Objects-normal/arm64_32/iShapeTriangulation.SwiftFileList -DSWIFT_PACKAGE -DDEBUG -DSWIFT_MODULE_RESOURCE_BUNDLE_UNAVAILABLE -DXcode -plugin-path /Applications/Xcode-27.0.0-Release.Candidate.app/Contents/Developer/Toolchains/XcodeDefault.xctoolchain/usr/lib/swift/host/plugins/testing -enable-experimental-feature DebugDescriptionMacro -sdk /Applications/Xcode-27.0.0-Release.Candidate.app/Contents/Developer/Platforms/WatchOS.platform/Developer/SDKs/WatchOS27.0.sdk -target arm64_32-apple-watchos9.0 -g -module-cache-path /Users/admin/builder/spi-builder-workspace/.derivedData/ModuleCache.noindex -Xfrontend -serialize-debugging-options -profile-coverage-mapping -profile-generate -enable-testing -index-store-path /Users/admin/builder/spi-builder-workspace/.derivedData/Index.noindex/DataStore -Xcc -D_LIBCPP_HARDENING_MODE\=_LIBCPP_HARDENING_MODE_DEBUG -swift-version 5 -I /Users/admin/builder/spi-builder-workspace/.derivedData/Build/Products/Debug-watchos -Isystem /Applications/Xcode-27.0.0-Release.Candidate.app/Contents/Developer/Platforms/WatchOS.platform/Developer/usr/lib -F /Users/admin/builder/spi-builder-workspace/.derivedData/Build/Products/Debug-watchos/PackageFrameworks -F /Users/admin/builder/spi-builder-workspace/.derivedData/Build/Products/Debug-watchos -F /Applications/Xcode-27.0.0-Release.Candidate.app/Contents/Developer/Platforms/WatchOS.platform/Developer/Library/Frameworks -F /Applications/Xcode-27.0.0-Release.Candidate.app/Contents/Developer/Platforms/WatchOS.platform/Developer/SDKs/WatchOS27.0.sdk/Developer/Library/Frameworks -c -j10 -enable-batch-mode -incremental -Xcc -ivfsstatcache -Xcc /Users/admin/builder/spi-builder-workspace/.derivedData/SDKStatCaches.noindex/watchos27.0-24R360-e829b21a6f8c9b70876ba0858053c04477534ef55a1706bf4c1112bbb242f0a2.sdkstatcache -output-file-map /Users/admin/builder/spi-builder-workspace/.derivedData/Build/Intermediates.noindex/FontVertexBuilder.build/Debug-watchos/iShapeTriangulation-t.build/Objects-normal/arm64_32/iShapeTriangulation-OutputFileMap.json -save-temps -no-color-diagnostics -explicit-module-build -module-cache-path /Users/admin/builder/spi-builder-workspace/.derivedData/Build/Intermediates.noindex/SwiftExplicitPrecompiledModules -clang-scanner-module-cache-path /Users/admin/builder/spi-builder-workspace/.derivedData/ModuleCache.noindex -sdk-module-cache-path /Users/admin/builder/spi-builder-workspace/.derivedData/SDKExplicitPrecompiledModules -emit-dependencies -emit-module -emit-module-path /Users/admin/builder/spi-builder-workspace/.derivedData/Build/Intermediates.noindex/FontVertexBuilder.build/Debug-watchos/iShapeTriangulation-t.build/Objects-normal/arm64_32/iShapeTriangulation.swiftmodule -serialize-diagnostics -dependency-scan-serialize-diagnostics-path /Users/admin/builder/spi-builder-workspace/.derivedData/Build/Intermediates.noindex/FontVertexBuilder.build/Debug-watchos/iShapeTriangulation-t.build/Objects-normal/arm64_32/iShapeTriangulation-dependency-scan.dia -validate-clang-modules-once -clang-build-session-file /Users/admin/builder/spi-builder-workspace/.derivedData/ModuleCache.noindex/Session.modulevalidation -Xcc -fmodules-prune-interval\=86400 -Xcc -fmodules-prune-after\=345600 -package-name spi_builder_workspace -emit-const-values -const-gather-protocols-list /Users/admin/builder/spi-builder-workspace/.derivedData/Build/Intermediates.noindex/FontVertexBuilder.build/Debug-watchos/iShapeTriangulation-t.build/Objects-normal/arm64_32/iShapeTriangulation_const_extract_protocols.json -Xcc -I/Users/admin/builder/spi-builder-workspace/.derivedData/Build/Products/Debug-watchos/include -Xcc -I/Users/admin/builder/spi-builder-workspace/.derivedData/Build/Intermediates.noindex/FontVertexBuilder.build/Debug-watchos/iShapeTriangulation-t.build/DerivedSources-normal/arm64_32 -Xcc -I/Users/admin/builder/spi-builder-workspace/.derivedData/Build/Intermediates.noindex/FontVertexBuilder.build/Debug-watchos/iShapeTriangulation-t.build/DerivedSources/arm64_32 -Xcc -I/Users/admin/builder/spi-builder-workspace/.derivedData/Build/Intermediates.noindex/FontVertexBuilder.build/Debug-watchos/iShapeTriangulation-t.build/DerivedSources -Xcc -DSWIFT_PACKAGE -Xcc -DDEBUG\=1 -emit-objc-header -emit-objc-header-path /Users/admin/builder/spi-builder-workspace/.derivedData/Build/Intermediates.noindex/FontVertexBuilder.build/Debug-watchos/iShapeTriangulation-t.build/Objects-normal/arm64_32/iShapeTriangulation-Swift.h -working-directory /Users/admin/builder/spi-builder-workspace/.swiftpm/xcode -experimental-emit-module-separately -disable-cmo
SwiftDriver\ Compilation\ Requirements VectorTriangulator normal arm64_32 com.apple.xcode.tools.swift.compiler (in target 'VectorTriangulator' from project 'FontVertexBuilder')
cd /Users/admin/builder/spi-builder-workspace/.swiftpm/xcode
builtin-Swift-Compilation-Requirements -- /Applications/Xcode-27.0.0-Release.Candidate.app/Contents/Developer/Toolchains/XcodeDefault.xctoolchain/usr/bin/swiftc -parse-as-library -module-name VectorTriangulator -Onone @/Users/admin/builder/spi-builder-workspace/.derivedData/Build/Intermediates.noindex/FontVertexBuilder.build/Debug-watchos/VectorTriangulator-t.build/Objects-normal/arm64_32/VectorTriangulator.SwiftFileList -DSWIFT_PACKAGE -DDEBUG -DSWIFT_MODULE_RESOURCE_BUNDLE_UNAVAILABLE -DXcode -plugin-path /Applications/Xcode-27.0.0-Release.Candidate.app/Contents/Developer/Toolchains/XcodeDefault.xctoolchain/usr/lib/swift/host/plugins/testing -enable-experimental-feature DebugDescriptionMacro -sdk /Applications/Xcode-27.0.0-Release.Candidate.app/Contents/Developer/Platforms/WatchOS.platform/Developer/SDKs/WatchOS27.0.sdk -target arm64_32-apple-watchos9.0 -g -module-cache-path /Users/admin/builder/spi-builder-workspace/.derivedData/ModuleCache.noindex -Xfrontend -serialize-debugging-options -profile-coverage-mapping -profile-generate -enable-testing -index-store-path /Users/admin/builder/spi-builder-workspace/.derivedData/Index.noindex/DataStore -Xcc -D_LIBCPP_HARDENING_MODE\=_LIBCPP_HARDENING_MODE_DEBUG -swift-version 5 -I /Users/admin/builder/spi-builder-workspace/.derivedData/Build/Products/Debug-watchos -Isystem /Applications/Xcode-27.0.0-Release.Candidate.app/Contents/Developer/Platforms/WatchOS.platform/Developer/usr/lib -F /Users/admin/builder/spi-builder-workspace/.derivedData/Build/Products/Debug-watchos/PackageFrameworks -F /Users/admin/builder/spi-builder-workspace/.derivedData/Build/Products/Debug-watchos -F /Applications/Xcode-27.0.0-Release.Candidate.app/Contents/Developer/Platforms/WatchOS.platform/Developer/Library/Frameworks -F /Applications/Xcode-27.0.0-Release.Candidate.app/Contents/Developer/Platforms/WatchOS.platform/Developer/SDKs/WatchOS27.0.sdk/Developer/Library/Frameworks -c -j10 -enable-batch-mode -incremental -Xcc -ivfsstatcache -Xcc /Users/admin/builder/spi-builder-workspace/.derivedData/SDKStatCaches.noindex/watchos27.0-24R360-e829b21a6f8c9b70876ba0858053c04477534ef55a1706bf4c1112bbb242f0a2.sdkstatcache -output-file-map /Users/admin/builder/spi-builder-workspace/.derivedData/Build/Intermediates.noindex/FontVertexBuilder.build/Debug-watchos/VectorTriangulator-t.build/Objects-normal/arm64_32/VectorTriangulator-OutputFileMap.json -save-temps -no-color-diagnostics -explicit-module-build -module-cache-path /Users/admin/builder/spi-builder-workspace/.derivedData/Build/Intermediates.noindex/SwiftExplicitPrecompiledModules -clang-scanner-module-cache-path /Users/admin/builder/spi-builder-workspace/.derivedData/ModuleCache.noindex -sdk-module-cache-path /Users/admin/builder/spi-builder-workspace/.derivedData/SDKExplicitPrecompiledModules -emit-dependencies -emit-module -emit-module-path /Users/admin/builder/spi-builder-workspace/.derivedData/Build/Intermediates.noindex/FontVertexBuilder.build/Debug-watchos/VectorTriangulator-t.build/Objects-normal/arm64_32/VectorTriangulator.swiftmodule -serialize-diagnostics -dependency-scan-serialize-diagnostics-path /Users/admin/builder/spi-builder-workspace/.derivedData/Build/Intermediates.noindex/FontVertexBuilder.build/Debug-watchos/VectorTriangulator-t.build/Objects-normal/arm64_32/VectorTriangulator-dependency-scan.dia -validate-clang-modules-once -clang-build-session-file /Users/admin/builder/spi-builder-workspace/.derivedData/ModuleCache.noindex/Session.modulevalidation -Xcc -fmodules-prune-interval\=86400 -Xcc -fmodules-prune-after\=345600 -package-name spi_builder_workspace -emit-const-values -const-gather-protocols-list /Users/admin/builder/spi-builder-workspace/.derivedData/Build/Intermediates.noindex/FontVertexBuilder.build/Debug-watchos/VectorTriangulator-t.build/Objects-normal/arm64_32/VectorTriangulator_const_extract_protocols.json -Xcc -I/Users/admin/builder/spi-builder-workspace/.derivedData/Build/Products/Debug-watchos/include -Xcc -I/Users/admin/builder/spi-builder-workspace/.derivedData/Build/Intermediates.noindex/FontVertexBuilder.build/Debug-watchos/VectorTriangulator-t.build/DerivedSources-normal/arm64_32 -Xcc -I/Users/admin/builder/spi-builder-workspace/.derivedData/Build/Intermediates.noindex/FontVertexBuilder.build/Debug-watchos/VectorTriangulator-t.build/DerivedSources/arm64_32 -Xcc -I/Users/admin/builder/spi-builder-workspace/.derivedData/Build/Intermediates.noindex/FontVertexBuilder.build/Debug-watchos/VectorTriangulator-t.build/DerivedSources -Xcc -DSWIFT_PACKAGE -Xcc -DDEBUG\=1 -emit-objc-header -emit-objc-header-path /Users/admin/builder/spi-builder-workspace/.derivedData/Build/Intermediates.noindex/FontVertexBuilder.build/Debug-watchos/VectorTriangulator-t.build/Objects-normal/arm64_32/VectorTriangulator-Swift.h -working-directory /Users/admin/builder/spi-builder-workspace/.swiftpm/xcode -experimental-emit-module-separately -disable-cmo
Ld /Users/admin/builder/spi-builder-workspace/.derivedData/Build/Intermediates.noindex/FontVertexBuilder.build/Debug-watchos/iShapeTriangulation-t.build/Objects-normal/arm64_32/Binary/iShapeTriangulation.o normal arm64_32 (in target 'iShapeTriangulation' from project 'FontVertexBuilder')
cd /Users/admin/builder/spi-builder-workspace
/Applications/Xcode-27.0.0-Release.Candidate.app/Contents/Developer/Toolchains/XcodeDefault.xctoolchain/usr/bin/clang -Xlinker -reproducible -target arm64_32-apple-watchos9.0 -r -isysroot /Applications/Xcode-27.0.0-Release.Candidate.app/Contents/Developer/Platforms/WatchOS.platform/Developer/SDKs/WatchOS27.0.sdk -O0 -Xlinker -no_warn_duplicate_libraries -F/Users/admin/builder/spi-builder-workspace/.derivedData/Build/Intermediates.noindex/EagerLinkingTBDs/Debug-watchos -F/Users/admin/builder/spi-builder-workspace/.derivedData/Build/Products/Debug-watchos/PackageFrameworks -F/Users/admin/builder/spi-builder-workspace/.derivedData/Build/Products/Debug-watchos -iframework /Applications/Xcode-27.0.0-Release.Candidate.app/Contents/Developer/Platforms/WatchOS.platform/Developer/Library/Frameworks -iframework /Applications/Xcode-27.0.0-Release.Candidate.app/Contents/Developer/Platforms/WatchOS.platform/Developer/SDKs/WatchOS27.0.sdk/Developer/Library/Frameworks -filelist /Users/admin/builder/spi-builder-workspace/.derivedData/Build/Intermediates.noindex/FontVertexBuilder.build/Debug-watchos/iShapeTriangulation-t.build/Objects-normal/arm64_32/iShapeTriangulation.LinkFileList -nostdlib -Xlinker -object_path_lto -Xlinker /Users/admin/builder/spi-builder-workspace/.derivedData/Build/Intermediates.noindex/FontVertexBuilder.build/Debug-watchos/iShapeTriangulation-t.build/Objects-normal/arm64_32/iShapeTriangulation_lto.o -Xlinker -no_deduplicate -Xlinker -debug_variant -Xlinker -dependency_info -Xlinker /Users/admin/builder/spi-builder-workspace/.derivedData/Build/Intermediates.noindex/FontVertexBuilder.build/Debug-watchos/iShapeTriangulation-t.build/Objects-normal/arm64_32/iShapeTriangulation_dependency_info.dat -fobjc-link-runtime -L/Applications/Xcode-27.0.0-Release.Candidate.app/Contents/Developer/Toolchains/XcodeDefault.xctoolchain/usr/lib/swift/watchos -L/usr/lib/swift -Xlinker -add_ast_path -Xlinker /Users/admin/builder/spi-builder-workspace/.derivedData/Build/Intermediates.noindex/FontVertexBuilder.build/Debug-watchos/iShapeTriangulation-t.build/Objects-normal/arm64_32/iShapeTriangulation.swiftmodule -o /Users/admin/builder/spi-builder-workspace/.derivedData/Build/Intermediates.noindex/FontVertexBuilder.build/Debug-watchos/iShapeTriangulation-t.build/Objects-normal/arm64_32/Binary/iShapeTriangulation.o
SwiftDriverJobDiscovery normal arm64 Compiling SVGUtil.swift (in target 'SVGVertexBuilder' from project 'FontVertexBuilder')
Copy /Users/admin/builder/spi-builder-workspace/.derivedData/Build/Products/Debug-watchos/VectorTriangulator.swiftmodule/arm64_32-apple-watchos.swiftmodule /Users/admin/builder/spi-builder-workspace/.derivedData/Build/Intermediates.noindex/FontVertexBuilder.build/Debug-watchos/VectorTriangulator-t.build/Objects-normal/arm64_32/VectorTriangulator.swiftmodule (in target 'VectorTriangulator' from project 'FontVertexBuilder')
cd /Users/admin/builder/spi-builder-workspace
builtin-copy -exclude .DS_Store -exclude CVS -exclude .svn -exclude .git -exclude .hg -resolve-src-symlinks -rename /Users/admin/builder/spi-builder-workspace/.derivedData/Build/Intermediates.noindex/FontVertexBuilder.build/Debug-watchos/VectorTriangulator-t.build/Objects-normal/arm64_32/VectorTriangulator.swiftmodule /Users/admin/builder/spi-builder-workspace/.derivedData/Build/Products/Debug-watchos/VectorTriangulator.swiftmodule/arm64_32-apple-watchos.swiftmodule
Copy /Users/admin/builder/spi-builder-workspace/.derivedData/Build/Products/Debug-watchos/VectorTriangulator.swiftmodule/arm64_32-apple-watchos.swiftdoc /Users/admin/builder/spi-builder-workspace/.derivedData/Build/Intermediates.noindex/FontVertexBuilder.build/Debug-watchos/VectorTriangulator-t.build/Objects-normal/arm64_32/VectorTriangulator.swiftdoc (in target 'VectorTriangulator' from project 'FontVertexBuilder')
cd /Users/admin/builder/spi-builder-workspace
builtin-copy -exclude .DS_Store -exclude CVS -exclude .svn -exclude .git -exclude .hg -resolve-src-symlinks -rename /Users/admin/builder/spi-builder-workspace/.derivedData/Build/Intermediates.noindex/FontVertexBuilder.build/Debug-watchos/VectorTriangulator-t.build/Objects-normal/arm64_32/VectorTriangulator.swiftdoc /Users/admin/builder/spi-builder-workspace/.derivedData/Build/Products/Debug-watchos/VectorTriangulator.swiftmodule/arm64_32-apple-watchos.swiftdoc
Copy /Users/admin/builder/spi-builder-workspace/.derivedData/Build/Products/Debug-watchos/VectorTriangulator.swiftmodule/arm64_32-apple-watchos.abi.json /Users/admin/builder/spi-builder-workspace/.derivedData/Build/Intermediates.noindex/FontVertexBuilder.build/Debug-watchos/VectorTriangulator-t.build/Objects-normal/arm64_32/VectorTriangulator.abi.json (in target 'VectorTriangulator' from project 'FontVertexBuilder')
cd /Users/admin/builder/spi-builder-workspace
builtin-copy -exclude .DS_Store -exclude CVS -exclude .svn -exclude .git -exclude .hg -resolve-src-symlinks -rename /Users/admin/builder/spi-builder-workspace/.derivedData/Build/Intermediates.noindex/FontVertexBuilder.build/Debug-watchos/VectorTriangulator-t.build/Objects-normal/arm64_32/VectorTriangulator.abi.json /Users/admin/builder/spi-builder-workspace/.derivedData/Build/Products/Debug-watchos/VectorTriangulator.swiftmodule/arm64_32-apple-watchos.abi.json
Copy /Users/admin/builder/spi-builder-workspace/.derivedData/Build/Products/Debug-watchos/VectorTriangulator.swiftmodule/Project/arm64_32-apple-watchos.swiftsourceinfo /Users/admin/builder/spi-builder-workspace/.derivedData/Build/Intermediates.noindex/FontVertexBuilder.build/Debug-watchos/VectorTriangulator-t.build/Objects-normal/arm64_32/VectorTriangulator.swiftsourceinfo (in target 'VectorTriangulator' from project 'FontVertexBuilder')
cd /Users/admin/builder/spi-builder-workspace
builtin-copy -exclude .DS_Store -exclude CVS -exclude .svn -exclude .git -exclude .hg -resolve-src-symlinks -rename /Users/admin/builder/spi-builder-workspace/.derivedData/Build/Intermediates.noindex/FontVertexBuilder.build/Debug-watchos/VectorTriangulator-t.build/Objects-normal/arm64_32/VectorTriangulator.swiftsourceinfo /Users/admin/builder/spi-builder-workspace/.derivedData/Build/Products/Debug-watchos/VectorTriangulator.swiftmodule/Project/arm64_32-apple-watchos.swiftsourceinfo
SwiftCompile normal arm64 Compiling\ VectorTriangulator.swift /Users/admin/builder/spi-builder-workspace/Sources/VectorTriangulator/VectorTriangulator.swift (in target 'VectorTriangulator' from project 'FontVertexBuilder')
SwiftCompile normal arm64 /Users/admin/builder/spi-builder-workspace/Sources/VectorTriangulator/VectorTriangulator.swift (in target 'VectorTriangulator' from project 'FontVertexBuilder')
cd /Users/admin/builder/spi-builder-workspace/.swiftpm/xcode
builtin-SwiftPerFileCompile VectorTriangulator.swift
SwiftCompile normal arm64_32 Compiling\ SVGPathAlias.swift /Users/admin/builder/spi-builder-workspace/Sources/SVGVertexBuilder/Extensions/SVGPathAlias.swift (in target 'SVGVertexBuilder' from project 'FontVertexBuilder')
SwiftCompile normal arm64_32 /Users/admin/builder/spi-builder-workspace/Sources/SVGVertexBuilder/Extensions/SVGPathAlias.swift (in target 'SVGVertexBuilder' from project 'FontVertexBuilder')
cd /Users/admin/builder/spi-builder-workspace/.swiftpm/xcode
builtin-SwiftPerFileCompile SVGPathAlias.swift
SwiftDriverJobDiscovery normal arm64 Emitting module for VectorTriangulator (in target 'VectorTriangulator' from project 'FontVertexBuilder')
SwiftDriver\ Compilation\ Requirements VectorTriangulator normal arm64 com.apple.xcode.tools.swift.compiler (in target 'VectorTriangulator' from project 'FontVertexBuilder')
cd /Users/admin/builder/spi-builder-workspace/.swiftpm/xcode
builtin-Swift-Compilation-Requirements -- /Applications/Xcode-27.0.0-Release.Candidate.app/Contents/Developer/Toolchains/XcodeDefault.xctoolchain/usr/bin/swiftc -parse-as-library -module-name VectorTriangulator -Onone @/Users/admin/builder/spi-builder-workspace/.derivedData/Build/Intermediates.noindex/FontVertexBuilder.build/Debug-watchos/VectorTriangulator-t.build/Objects-normal/arm64/VectorTriangulator.SwiftFileList -DSWIFT_PACKAGE -DDEBUG -DSWIFT_MODULE_RESOURCE_BUNDLE_UNAVAILABLE -DXcode -plugin-path /Applications/Xcode-27.0.0-Release.Candidate.app/Contents/Developer/Toolchains/XcodeDefault.xctoolchain/usr/lib/swift/host/plugins/testing -enable-experimental-feature DebugDescriptionMacro -sdk /Applications/Xcode-27.0.0-Release.Candidate.app/Contents/Developer/Platforms/WatchOS.platform/Developer/SDKs/WatchOS27.0.sdk -target arm64-apple-watchos9.0 -g -module-cache-path /Users/admin/builder/spi-builder-workspace/.derivedData/ModuleCache.noindex -Xfrontend -serialize-debugging-options -profile-coverage-mapping -profile-generate -enable-testing -index-store-path /Users/admin/builder/spi-builder-workspace/.derivedData/Index.noindex/DataStore -Xcc -D_LIBCPP_HARDENING_MODE\=_LIBCPP_HARDENING_MODE_DEBUG -swift-version 5 -I /Users/admin/builder/spi-builder-workspace/.derivedData/Build/Products/Debug-watchos -Isystem /Applications/Xcode-27.0.0-Release.Candidate.app/Contents/Developer/Platforms/WatchOS.platform/Developer/usr/lib -F /Users/admin/builder/spi-builder-workspace/.derivedData/Build/Products/Debug-watchos/PackageFrameworks -F /Users/admin/builder/spi-builder-workspace/.derivedData/Build/Products/Debug-watchos -F /Applications/Xcode-27.0.0-Release.Candidate.app/Contents/Developer/Platforms/WatchOS.platform/Developer/Library/Frameworks -F /Applications/Xcode-27.0.0-Release.Candidate.app/Contents/Developer/Platforms/WatchOS.platform/Developer/SDKs/WatchOS27.0.sdk/Developer/Library/Frameworks -c -j10 -enable-batch-mode -incremental -Xcc -ivfsstatcache -Xcc /Users/admin/builder/spi-builder-workspace/.derivedData/SDKStatCaches.noindex/watchos27.0-24R360-e829b21a6f8c9b70876ba0858053c04477534ef55a1706bf4c1112bbb242f0a2.sdkstatcache -output-file-map /Users/admin/builder/spi-builder-workspace/.derivedData/Build/Intermediates.noindex/FontVertexBuilder.build/Debug-watchos/VectorTriangulator-t.build/Objects-normal/arm64/VectorTriangulator-OutputFileMap.json -save-temps -no-color-diagnostics -explicit-module-build -module-cache-path /Users/admin/builder/spi-builder-workspace/.derivedData/Build/Intermediates.noindex/SwiftExplicitPrecompiledModules -clang-scanner-module-cache-path /Users/admin/builder/spi-builder-workspace/.derivedData/ModuleCache.noindex -sdk-module-cache-path /Users/admin/builder/spi-builder-workspace/.derivedData/SDKExplicitPrecompiledModules -emit-dependencies -emit-module -emit-module-path /Users/admin/builder/spi-builder-workspace/.derivedData/Build/Intermediates.noindex/FontVertexBuilder.build/Debug-watchos/VectorTriangulator-t.build/Objects-normal/arm64/VectorTriangulator.swiftmodule -serialize-diagnostics -dependency-scan-serialize-diagnostics-path /Users/admin/builder/spi-builder-workspace/.derivedData/Build/Intermediates.noindex/FontVertexBuilder.build/Debug-watchos/VectorTriangulator-t.build/Objects-normal/arm64/VectorTriangulator-dependency-scan.dia -validate-clang-modules-once -clang-build-session-file /Users/admin/builder/spi-builder-workspace/.derivedData/ModuleCache.noindex/Session.modulevalidation -Xcc -fmodules-prune-interval\=86400 -Xcc -fmodules-prune-after\=345600 -package-name spi_builder_workspace -emit-const-values -const-gather-protocols-list /Users/admin/builder/spi-builder-workspace/.derivedData/Build/Intermediates.noindex/FontVertexBuilder.build/Debug-watchos/VectorTriangulator-t.build/Objects-normal/arm64/VectorTriangulator_const_extract_protocols.json -Xcc -I/Users/admin/builder/spi-builder-workspace/.derivedData/Build/Products/Debug-watchos/include -Xcc -I/Users/admin/builder/spi-builder-workspace/.derivedData/Build/Intermediates.noindex/FontVertexBuilder.build/Debug-watchos/VectorTriangulator-t.build/DerivedSources-normal/arm64 -Xcc -I/Users/admin/builder/spi-builder-workspace/.derivedData/Build/Intermediates.noindex/FontVertexBuilder.build/Debug-watchos/VectorTriangulator-t.build/DerivedSources/arm64 -Xcc -I/Users/admin/builder/spi-builder-workspace/.derivedData/Build/Intermediates.noindex/FontVertexBuilder.build/Debug-watchos/VectorTriangulator-t.build/DerivedSources -Xcc -DSWIFT_PACKAGE -Xcc -DDEBUG\=1 -emit-objc-header -emit-objc-header-path /Users/admin/builder/spi-builder-workspace/.derivedData/Build/Intermediates.noindex/FontVertexBuilder.build/Debug-watchos/VectorTriangulator-t.build/Objects-normal/arm64/VectorTriangulator-Swift.h -working-directory /Users/admin/builder/spi-builder-workspace/.swiftpm/xcode -experimental-emit-module-separately -disable-cmo
SwiftCompile normal arm64_32 Compiling\ SVGUtil+HelperFunctions.swift /Users/admin/builder/spi-builder-workspace/Sources/SVGVertexBuilder/SVGUtils/SVGUtil+HelperFunctions.swift (in target 'SVGVertexBuilder' from project 'FontVertexBuilder')
SwiftCompile normal arm64_32 /Users/admin/builder/spi-builder-workspace/Sources/SVGVertexBuilder/SVGUtils/SVGUtil+HelperFunctions.swift (in target 'SVGVertexBuilder' from project 'FontVertexBuilder')
cd /Users/admin/builder/spi-builder-workspace/.swiftpm/xcode
builtin-SwiftPerFileCompile SVGUtil+HelperFunctions.swift
SwiftMergeGeneratedHeaders /Users/admin/builder/spi-builder-workspace/.derivedData/Build/Intermediates.noindex/GeneratedModuleMaps-watchos/VectorTriangulator-Swift.h /Users/admin/builder/spi-builder-workspace/.derivedData/Build/Intermediates.noindex/FontVertexBuilder.build/Debug-watchos/VectorTriangulator-t.build/Objects-normal/arm64/VectorTriangulator-Swift.h /Users/admin/builder/spi-builder-workspace/.derivedData/Build/Intermediates.noindex/FontVertexBuilder.build/Debug-watchos/VectorTriangulator-t.build/Objects-normal/arm64_32/VectorTriangulator-Swift.h (in target 'VectorTriangulator' from project 'FontVertexBuilder')
cd /Users/admin/builder/spi-builder-workspace
builtin-swiftHeaderTool -arch arm64 /Users/admin/builder/spi-builder-workspace/.derivedData/Build/Intermediates.noindex/FontVertexBuilder.build/Debug-watchos/VectorTriangulator-t.build/Objects-normal/arm64/VectorTriangulator-Swift.h -arch arm64_32 /Users/admin/builder/spi-builder-workspace/.derivedData/Build/Intermediates.noindex/FontVertexBuilder.build/Debug-watchos/VectorTriangulator-t.build/Objects-normal/arm64_32/VectorTriangulator-Swift.h -o /Users/admin/builder/spi-builder-workspace/.derivedData/Build/Intermediates.noindex/GeneratedModuleMaps-watchos/VectorTriangulator-Swift.h
SwiftDriverJobDiscovery normal arm64 Emitting module for SVGVertexBuilder (in target 'SVGVertexBuilder' from project 'FontVertexBuilder')
Copy /Users/admin/builder/spi-builder-workspace/.derivedData/Build/Products/Debug-watchos/VectorTriangulator.swiftmodule/arm64-apple-watchos.swiftmodule /Users/admin/builder/spi-builder-workspace/.derivedData/Build/Intermediates.noindex/FontVertexBuilder.build/Debug-watchos/VectorTriangulator-t.build/Objects-normal/arm64/VectorTriangulator.swiftmodule (in target 'VectorTriangulator' from project 'FontVertexBuilder')
cd /Users/admin/builder/spi-builder-workspace
builtin-copy -exclude .DS_Store -exclude CVS -exclude .svn -exclude .git -exclude .hg -resolve-src-symlinks -rename /Users/admin/builder/spi-builder-workspace/.derivedData/Build/Intermediates.noindex/FontVertexBuilder.build/Debug-watchos/VectorTriangulator-t.build/Objects-normal/arm64/VectorTriangulator.swiftmodule /Users/admin/builder/spi-builder-workspace/.derivedData/Build/Products/Debug-watchos/VectorTriangulator.swiftmodule/arm64-apple-watchos.swiftmodule
Copy /Users/admin/builder/spi-builder-workspace/.derivedData/Build/Products/Debug-watchos/VectorTriangulator.swiftmodule/arm64-apple-watchos.swiftdoc /Users/admin/builder/spi-builder-workspace/.derivedData/Build/Intermediates.noindex/FontVertexBuilder.build/Debug-watchos/VectorTriangulator-t.build/Objects-normal/arm64/VectorTriangulator.swiftdoc (in target 'VectorTriangulator' from project 'FontVertexBuilder')
cd /Users/admin/builder/spi-builder-workspace
builtin-copy -exclude .DS_Store -exclude CVS -exclude .svn -exclude .git -exclude .hg -resolve-src-symlinks -rename /Users/admin/builder/spi-builder-workspace/.derivedData/Build/Intermediates.noindex/FontVertexBuilder.build/Debug-watchos/VectorTriangulator-t.build/Objects-normal/arm64/VectorTriangulator.swiftdoc /Users/admin/builder/spi-builder-workspace/.derivedData/Build/Products/Debug-watchos/VectorTriangulator.swiftmodule/arm64-apple-watchos.swiftdoc
Copy /Users/admin/builder/spi-builder-workspace/.derivedData/Build/Products/Debug-watchos/VectorTriangulator.swiftmodule/arm64-apple-watchos.abi.json /Users/admin/builder/spi-builder-workspace/.derivedData/Build/Intermediates.noindex/FontVertexBuilder.build/Debug-watchos/VectorTriangulator-t.build/Objects-normal/arm64/VectorTriangulator.abi.json (in target 'VectorTriangulator' from project 'FontVertexBuilder')
cd /Users/admin/builder/spi-builder-workspace
builtin-copy -exclude .DS_Store -exclude CVS -exclude .svn -exclude .git -exclude .hg -resolve-src-symlinks -rename /Users/admin/builder/spi-builder-workspace/.derivedData/Build/Intermediates.noindex/FontVertexBuilder.build/Debug-watchos/VectorTriangulator-t.build/Objects-normal/arm64/VectorTriangulator.abi.json /Users/admin/builder/spi-builder-workspace/.derivedData/Build/Products/Debug-watchos/VectorTriangulator.swiftmodule/arm64-apple-watchos.abi.json
Copy /Users/admin/builder/spi-builder-workspace/.derivedData/Build/Products/Debug-watchos/VectorTriangulator.swiftmodule/Project/arm64-apple-watchos.swiftsourceinfo /Users/admin/builder/spi-builder-workspace/.derivedData/Build/Intermediates.noindex/FontVertexBuilder.build/Debug-watchos/VectorTriangulator-t.build/Objects-normal/arm64/VectorTriangulator.swiftsourceinfo (in target 'VectorTriangulator' from project 'FontVertexBuilder')
cd /Users/admin/builder/spi-builder-workspace
builtin-copy -exclude .DS_Store -exclude CVS -exclude .svn -exclude .git -exclude .hg -resolve-src-symlinks -rename /Users/admin/builder/spi-builder-workspace/.derivedData/Build/Intermediates.noindex/FontVertexBuilder.build/Debug-watchos/VectorTriangulator-t.build/Objects-normal/arm64/VectorTriangulator.swiftsourceinfo /Users/admin/builder/spi-builder-workspace/.derivedData/Build/Products/Debug-watchos/VectorTriangulator.swiftmodule/Project/arm64-apple-watchos.swiftsourceinfo
SwiftDriver\ Compilation\ Requirements SVGVertexBuilder normal arm64 com.apple.xcode.tools.swift.compiler (in target 'SVGVertexBuilder' from project 'FontVertexBuilder')
cd /Users/admin/builder/spi-builder-workspace/.swiftpm/xcode
builtin-Swift-Compilation-Requirements -- /Applications/Xcode-27.0.0-Release.Candidate.app/Contents/Developer/Toolchains/XcodeDefault.xctoolchain/usr/bin/swiftc -parse-as-library -module-name SVGVertexBuilder -Onone @/Users/admin/builder/spi-builder-workspace/.derivedData/Build/Intermediates.noindex/FontVertexBuilder.build/Debug-watchos/SVGVertexBuilder-t.build/Objects-normal/arm64/SVGVertexBuilder.SwiftFileList -DSWIFT_PACKAGE -DDEBUG -DSWIFT_MODULE_RESOURCE_BUNDLE_UNAVAILABLE -DXcode -plugin-path /Applications/Xcode-27.0.0-Release.Candidate.app/Contents/Developer/Toolchains/XcodeDefault.xctoolchain/usr/lib/swift/host/plugins/testing -enable-experimental-feature DebugDescriptionMacro -sdk /Applications/Xcode-27.0.0-Release.Candidate.app/Contents/Developer/Platforms/WatchOS.platform/Developer/SDKs/WatchOS27.0.sdk -target arm64-apple-watchos9.0 -g -module-cache-path /Users/admin/builder/spi-builder-workspace/.derivedData/ModuleCache.noindex -Xfrontend -serialize-debugging-options -profile-coverage-mapping -profile-generate -enable-testing -index-store-path /Users/admin/builder/spi-builder-workspace/.derivedData/Index.noindex/DataStore -Xcc -D_LIBCPP_HARDENING_MODE\=_LIBCPP_HARDENING_MODE_DEBUG -swift-version 5 -I /Users/admin/builder/spi-builder-workspace/.derivedData/Build/Products/Debug-watchos -Isystem /Applications/Xcode-27.0.0-Release.Candidate.app/Contents/Developer/Platforms/WatchOS.platform/Developer/usr/lib -F /Users/admin/builder/spi-builder-workspace/.derivedData/Build/Products/Debug-watchos/PackageFrameworks -F /Users/admin/builder/spi-builder-workspace/.derivedData/Build/Products/Debug-watchos -F /Applications/Xcode-27.0.0-Release.Candidate.app/Contents/Developer/Platforms/WatchOS.platform/Developer/Library/Frameworks -F /Applications/Xcode-27.0.0-Release.Candidate.app/Contents/Developer/Platforms/WatchOS.platform/Developer/SDKs/WatchOS27.0.sdk/Developer/Library/Frameworks -c -j10 -enable-batch-mode -incremental -Xcc -ivfsstatcache -Xcc /Users/admin/builder/spi-builder-workspace/.derivedData/SDKStatCaches.noindex/watchos27.0-24R360-e829b21a6f8c9b70876ba0858053c04477534ef55a1706bf4c1112bbb242f0a2.sdkstatcache -output-file-map /Users/admin/builder/spi-builder-workspace/.derivedData/Build/Intermediates.noindex/FontVertexBuilder.build/Debug-watchos/SVGVertexBuilder-t.build/Objects-normal/arm64/SVGVertexBuilder-OutputFileMap.json -save-temps -no-color-diagnostics -explicit-module-build -module-cache-path /Users/admin/builder/spi-builder-workspace/.derivedData/Build/Intermediates.noindex/SwiftExplicitPrecompiledModules -clang-scanner-module-cache-path /Users/admin/builder/spi-builder-workspace/.derivedData/ModuleCache.noindex -sdk-module-cache-path /Users/admin/builder/spi-builder-workspace/.derivedData/SDKExplicitPrecompiledModules -emit-dependencies -emit-module -emit-module-path /Users/admin/builder/spi-builder-workspace/.derivedData/Build/Intermediates.noindex/FontVertexBuilder.build/Debug-watchos/SVGVertexBuilder-t.build/Objects-normal/arm64/SVGVertexBuilder.swiftmodule -serialize-diagnostics -dependency-scan-serialize-diagnostics-path /Users/admin/builder/spi-builder-workspace/.derivedData/Build/Intermediates.noindex/FontVertexBuilder.build/Debug-watchos/SVGVertexBuilder-t.build/Objects-normal/arm64/SVGVertexBuilder-dependency-scan.dia -validate-clang-modules-once -clang-build-session-file /Users/admin/builder/spi-builder-workspace/.derivedData/ModuleCache.noindex/Session.modulevalidation -Xcc -fmodules-prune-interval\=86400 -Xcc -fmodules-prune-after\=345600 -package-name spi_builder_workspace -emit-const-values -const-gather-protocols-list /Users/admin/builder/spi-builder-workspace/.derivedData/Build/Intermediates.noindex/FontVertexBuilder.build/Debug-watchos/SVGVertexBuilder-t.build/Objects-normal/arm64/SVGVertexBuilder_const_extract_protocols.json -Xcc -I/Users/admin/builder/spi-builder-workspace/.derivedData/Build/Products/Debug-watchos/include -Xcc -I/Users/admin/builder/spi-builder-workspace/.derivedData/Build/Intermediates.noindex/FontVertexBuilder.build/Debug-watchos/SVGVertexBuilder-t.build/DerivedSources-normal/arm64 -Xcc -I/Users/admin/builder/spi-builder-workspace/.derivedData/Build/Intermediates.noindex/FontVertexBuilder.build/Debug-watchos/SVGVertexBuilder-t.build/DerivedSources/arm64 -Xcc -I/Users/admin/builder/spi-builder-workspace/.derivedData/Build/Intermediates.noindex/FontVertexBuilder.build/Debug-watchos/SVGVertexBuilder-t.build/DerivedSources -Xcc -DSWIFT_PACKAGE -Xcc -DDEBUG\=1 -emit-objc-header -emit-objc-header-path /Users/admin/builder/spi-builder-workspace/.derivedData/Build/Intermediates.noindex/FontVertexBuilder.build/Debug-watchos/SVGVertexBuilder-t.build/Objects-normal/arm64/SVGVertexBuilder-Swift.h -working-directory /Users/admin/builder/spi-builder-workspace/.swiftpm/xcode -experimental-emit-module-separately -disable-cmo
SwiftCompile normal arm64 Compiling\ SVG.swift /Users/admin/builder/spi-builder-workspace/Sources/SVGVertexBuilder/SVG.swift (in target 'SVGVertexBuilder' from project 'FontVertexBuilder')
SwiftCompile normal arm64 /Users/admin/builder/spi-builder-workspace/Sources/SVGVertexBuilder/SVG.swift (in target 'SVGVertexBuilder' from project 'FontVertexBuilder')
cd /Users/admin/builder/spi-builder-workspace/.swiftpm/xcode
builtin-SwiftPerFileCompile SVG.swift
Copy /Users/admin/builder/spi-builder-workspace/.derivedData/Build/Products/Debug-watchos/SVGVertexBuilder.swiftmodule/arm64-apple-watchos.swiftmodule /Users/admin/builder/spi-builder-workspace/.derivedData/Build/Intermediates.noindex/FontVertexBuilder.build/Debug-watchos/SVGVertexBuilder-t.build/Objects-normal/arm64/SVGVertexBuilder.swiftmodule (in target 'SVGVertexBuilder' from project 'FontVertexBuilder')
cd /Users/admin/builder/spi-builder-workspace
builtin-copy -exclude .DS_Store -exclude CVS -exclude .svn -exclude .git -exclude .hg -resolve-src-symlinks -rename /Users/admin/builder/spi-builder-workspace/.derivedData/Build/Intermediates.noindex/FontVertexBuilder.build/Debug-watchos/SVGVertexBuilder-t.build/Objects-normal/arm64/SVGVertexBuilder.swiftmodule /Users/admin/builder/spi-builder-workspace/.derivedData/Build/Products/Debug-watchos/SVGVertexBuilder.swiftmodule/arm64-apple-watchos.swiftmodule
SwiftDriverJobDiscovery normal arm64 Compiling PlainShape+Modification.swift, PlainShape+ShapeNavigator.swift (in target 'iShapeTriangulation' from project 'FontVertexBuilder')
Copy /Users/admin/builder/spi-builder-workspace/.derivedData/Build/Products/Debug-watchos/SVGVertexBuilder.swiftmodule/arm64-apple-watchos.swiftdoc /Users/admin/builder/spi-builder-workspace/.derivedData/Build/Intermediates.noindex/FontVertexBuilder.build/Debug-watchos/SVGVertexBuilder-t.build/Objects-normal/arm64/SVGVertexBuilder.swiftdoc (in target 'SVGVertexBuilder' from project 'FontVertexBuilder')
cd /Users/admin/builder/spi-builder-workspace
builtin-copy -exclude .DS_Store -exclude CVS -exclude .svn -exclude .git -exclude .hg -resolve-src-symlinks -rename /Users/admin/builder/spi-builder-workspace/.derivedData/Build/Intermediates.noindex/FontVertexBuilder.build/Debug-watchos/SVGVertexBuilder-t.build/Objects-normal/arm64/SVGVertexBuilder.swiftdoc /Users/admin/builder/spi-builder-workspace/.derivedData/Build/Products/Debug-watchos/SVGVertexBuilder.swiftmodule/arm64-apple-watchos.swiftdoc
Copy /Users/admin/builder/spi-builder-workspace/.derivedData/Build/Products/Debug-watchos/SVGVertexBuilder.swiftmodule/arm64-apple-watchos.abi.json /Users/admin/builder/spi-builder-workspace/.derivedData/Build/Intermediates.noindex/FontVertexBuilder.build/Debug-watchos/SVGVertexBuilder-t.build/Objects-normal/arm64/SVGVertexBuilder.abi.json (in target 'SVGVertexBuilder' from project 'FontVertexBuilder')
cd /Users/admin/builder/spi-builder-workspace
builtin-copy -exclude .DS_Store -exclude CVS -exclude .svn -exclude .git -exclude .hg -resolve-src-symlinks -rename /Users/admin/builder/spi-builder-workspace/.derivedData/Build/Intermediates.noindex/FontVertexBuilder.build/Debug-watchos/SVGVertexBuilder-t.build/Objects-normal/arm64/SVGVertexBuilder.abi.json /Users/admin/builder/spi-builder-workspace/.derivedData/Build/Products/Debug-watchos/SVGVertexBuilder.swiftmodule/arm64-apple-watchos.abi.json
Copy /Users/admin/builder/spi-builder-workspace/.derivedData/Build/Products/Debug-watchos/SVGVertexBuilder.swiftmodule/Project/arm64-apple-watchos.swiftsourceinfo /Users/admin/builder/spi-builder-workspace/.derivedData/Build/Intermediates.noindex/FontVertexBuilder.build/Debug-watchos/SVGVertexBuilder-t.build/Objects-normal/arm64/SVGVertexBuilder.swiftsourceinfo (in target 'SVGVertexBuilder' from project 'FontVertexBuilder')
cd /Users/admin/builder/spi-builder-workspace
builtin-copy -exclude .DS_Store -exclude CVS -exclude .svn -exclude .git -exclude .hg -resolve-src-symlinks -rename /Users/admin/builder/spi-builder-workspace/.derivedData/Build/Intermediates.noindex/FontVertexBuilder.build/Debug-watchos/SVGVertexBuilder-t.build/Objects-normal/arm64/SVGVertexBuilder.swiftsourceinfo /Users/admin/builder/spi-builder-workspace/.derivedData/Build/Products/Debug-watchos/SVGVertexBuilder.swiftmodule/Project/arm64-apple-watchos.swiftsourceinfo
SwiftDriver\ Compilation iShapeTriangulation normal arm64 com.apple.xcode.tools.swift.compiler (in target 'iShapeTriangulation' from project 'FontVertexBuilder')
cd /Users/admin/builder/spi-builder-workspace/.swiftpm/xcode
builtin-Swift-Compilation -- /Applications/Xcode-27.0.0-Release.Candidate.app/Contents/Developer/Toolchains/XcodeDefault.xctoolchain/usr/bin/swiftc -parse-as-library -module-name iShapeTriangulation -Onone @/Users/admin/builder/spi-builder-workspace/.derivedData/Build/Intermediates.noindex/FontVertexBuilder.build/Debug-watchos/iShapeTriangulation-t.build/Objects-normal/arm64/iShapeTriangulation.SwiftFileList -DSWIFT_PACKAGE -DDEBUG -DSWIFT_MODULE_RESOURCE_BUNDLE_UNAVAILABLE -DXcode -plugin-path /Applications/Xcode-27.0.0-Release.Candidate.app/Contents/Developer/Toolchains/XcodeDefault.xctoolchain/usr/lib/swift/host/plugins/testing -enable-experimental-feature DebugDescriptionMacro -sdk /Applications/Xcode-27.0.0-Release.Candidate.app/Contents/Developer/Platforms/WatchOS.platform/Developer/SDKs/WatchOS27.0.sdk -target arm64-apple-watchos9.0 -g -module-cache-path /Users/admin/builder/spi-builder-workspace/.derivedData/ModuleCache.noindex -Xfrontend -serialize-debugging-options -profile-coverage-mapping -profile-generate -enable-testing -index-store-path /Users/admin/builder/spi-builder-workspace/.derivedData/Index.noindex/DataStore -Xcc -D_LIBCPP_HARDENING_MODE\=_LIBCPP_HARDENING_MODE_DEBUG -swift-version 5 -I /Users/admin/builder/spi-builder-workspace/.derivedData/Build/Products/Debug-watchos -Isystem /Applications/Xcode-27.0.0-Release.Candidate.app/Contents/Developer/Platforms/WatchOS.platform/Developer/usr/lib -F /Users/admin/builder/spi-builder-workspace/.derivedData/Build/Products/Debug-watchos/PackageFrameworks -F /Users/admin/builder/spi-builder-workspace/.derivedData/Build/Products/Debug-watchos -F /Applications/Xcode-27.0.0-Release.Candidate.app/Contents/Developer/Platforms/WatchOS.platform/Developer/Library/Frameworks -F /Applications/Xcode-27.0.0-Release.Candidate.app/Contents/Developer/Platforms/WatchOS.platform/Developer/SDKs/WatchOS27.0.sdk/Developer/Library/Frameworks -c -j10 -enable-batch-mode -incremental -Xcc -ivfsstatcache -Xcc /Users/admin/builder/spi-builder-workspace/.derivedData/SDKStatCaches.noindex/watchos27.0-24R360-e829b21a6f8c9b70876ba0858053c04477534ef55a1706bf4c1112bbb242f0a2.sdkstatcache -output-file-map /Users/admin/builder/spi-builder-workspace/.derivedData/Build/Intermediates.noindex/FontVertexBuilder.build/Debug-watchos/iShapeTriangulation-t.build/Objects-normal/arm64/iShapeTriangulation-OutputFileMap.json -save-temps -no-color-diagnostics -explicit-module-build -module-cache-path /Users/admin/builder/spi-builder-workspace/.derivedData/Build/Intermediates.noindex/SwiftExplicitPrecompiledModules -clang-scanner-module-cache-path /Users/admin/builder/spi-builder-workspace/.derivedData/ModuleCache.noindex -sdk-module-cache-path /Users/admin/builder/spi-builder-workspace/.derivedData/SDKExplicitPrecompiledModules -emit-dependencies -emit-module -emit-module-path /Users/admin/builder/spi-builder-workspace/.derivedData/Build/Intermediates.noindex/FontVertexBuilder.build/Debug-watchos/iShapeTriangulation-t.build/Objects-normal/arm64/iShapeTriangulation.swiftmodule -serialize-diagnostics -dependency-scan-serialize-diagnostics-path /Users/admin/builder/spi-builder-workspace/.derivedData/Build/Intermediates.noindex/FontVertexBuilder.build/Debug-watchos/iShapeTriangulation-t.build/Objects-normal/arm64/iShapeTriangulation-dependency-scan.dia -validate-clang-modules-once -clang-build-session-file /Users/admin/builder/spi-builder-workspace/.derivedData/ModuleCache.noindex/Session.modulevalidation -Xcc -fmodules-prune-interval\=86400 -Xcc -fmodules-prune-after\=345600 -package-name spi_builder_workspace -emit-const-values -const-gather-protocols-list /Users/admin/builder/spi-builder-workspace/.derivedData/Build/Intermediates.noindex/FontVertexBuilder.build/Debug-watchos/iShapeTriangulation-t.build/Objects-normal/arm64/iShapeTriangulation_const_extract_protocols.json -Xcc -I/Users/admin/builder/spi-builder-workspace/.derivedData/Build/Products/Debug-watchos/include -Xcc -I/Users/admin/builder/spi-builder-workspace/.derivedData/Build/Intermediates.noindex/FontVertexBuilder.build/Debug-watchos/iShapeTriangulation-t.build/DerivedSources-normal/arm64 -Xcc -I/Users/admin/builder/spi-builder-workspace/.derivedData/Build/Intermediates.noindex/FontVertexBuilder.build/Debug-watchos/iShapeTriangulation-t.build/DerivedSources/arm64 -Xcc -I/Users/admin/builder/spi-builder-workspace/.derivedData/Build/Intermediates.noindex/FontVertexBuilder.build/Debug-watchos/iShapeTriangulation-t.build/DerivedSources -Xcc -DSWIFT_PACKAGE -Xcc -DDEBUG\=1 -emit-objc-header -emit-objc-header-path /Users/admin/builder/spi-builder-workspace/.derivedData/Build/Intermediates.noindex/FontVertexBuilder.build/Debug-watchos/iShapeTriangulation-t.build/Objects-normal/arm64/iShapeTriangulation-Swift.h -working-directory /Users/admin/builder/spi-builder-workspace/.swiftpm/xcode -experimental-emit-module-separately -disable-cmo
SwiftCompile normal arm64 Compiling\ SVGPathAlias.swift /Users/admin/builder/spi-builder-workspace/Sources/SVGVertexBuilder/Extensions/SVGPathAlias.swift (in target 'SVGVertexBuilder' from project 'FontVertexBuilder')
SwiftCompile normal arm64 /Users/admin/builder/spi-builder-workspace/Sources/SVGVertexBuilder/Extensions/SVGPathAlias.swift (in target 'SVGVertexBuilder' from project 'FontVertexBuilder')
cd /Users/admin/builder/spi-builder-workspace/.swiftpm/xcode
builtin-SwiftPerFileCompile SVGPathAlias.swift
Ld /Users/admin/builder/spi-builder-workspace/.derivedData/Build/Intermediates.noindex/FontVertexBuilder.build/Debug-watchos/iShapeTriangulation-t.build/Objects-normal/arm64/Binary/iShapeTriangulation.o normal arm64 (in target 'iShapeTriangulation' from project 'FontVertexBuilder')
cd /Users/admin/builder/spi-builder-workspace
/Applications/Xcode-27.0.0-Release.Candidate.app/Contents/Developer/Toolchains/XcodeDefault.xctoolchain/usr/bin/clang -Xlinker -reproducible -target arm64-apple-watchos9.0 -r -isysroot /Applications/Xcode-27.0.0-Release.Candidate.app/Contents/Developer/Platforms/WatchOS.platform/Developer/SDKs/WatchOS27.0.sdk -O0 -Xlinker -no_warn_duplicate_libraries -F/Users/admin/builder/spi-builder-workspace/.derivedData/Build/Intermediates.noindex/EagerLinkingTBDs/Debug-watchos -F/Users/admin/builder/spi-builder-workspace/.derivedData/Build/Products/Debug-watchos/PackageFrameworks -F/Users/admin/builder/spi-builder-workspace/.derivedData/Build/Products/Debug-watchos -iframework /Applications/Xcode-27.0.0-Release.Candidate.app/Contents/Developer/Platforms/WatchOS.platform/Developer/Library/Frameworks -iframework /Applications/Xcode-27.0.0-Release.Candidate.app/Contents/Developer/Platforms/WatchOS.platform/Developer/SDKs/WatchOS27.0.sdk/Developer/Library/Frameworks -filelist /Users/admin/builder/spi-builder-workspace/.derivedData/Build/Intermediates.noindex/FontVertexBuilder.build/Debug-watchos/iShapeTriangulation-t.build/Objects-normal/arm64/iShapeTriangulation.LinkFileList -nostdlib -Xlinker -object_path_lto -Xlinker /Users/admin/builder/spi-builder-workspace/.derivedData/Build/Intermediates.noindex/FontVertexBuilder.build/Debug-watchos/iShapeTriangulation-t.build/Objects-normal/arm64/iShapeTriangulation_lto.o -Xlinker -no_deduplicate -Xlinker -debug_variant -Xlinker -dependency_info -Xlinker /Users/admin/builder/spi-builder-workspace/.derivedData/Build/Intermediates.noindex/FontVertexBuilder.build/Debug-watchos/iShapeTriangulation-t.build/Objects-normal/arm64/iShapeTriangulation_dependency_info.dat -fobjc-link-runtime -L/Applications/Xcode-27.0.0-Release.Candidate.app/Contents/Developer/Toolchains/XcodeDefault.xctoolchain/usr/lib/swift/watchos -L/usr/lib/swift -Xlinker -add_ast_path -Xlinker /Users/admin/builder/spi-builder-workspace/.derivedData/Build/Intermediates.noindex/FontVertexBuilder.build/Debug-watchos/iShapeTriangulation-t.build/Objects-normal/arm64/iShapeTriangulation.swiftmodule -o /Users/admin/builder/spi-builder-workspace/.derivedData/Build/Intermediates.noindex/FontVertexBuilder.build/Debug-watchos/iShapeTriangulation-t.build/Objects-normal/arm64/Binary/iShapeTriangulation.o
SwiftDriverJobDiscovery normal arm64_32 Emitting module for SVGVertexBuilder (in target 'SVGVertexBuilder' from project 'FontVertexBuilder')
SwiftDriver\ Compilation\ Requirements SVGVertexBuilder normal arm64_32 com.apple.xcode.tools.swift.compiler (in target 'SVGVertexBuilder' from project 'FontVertexBuilder')
cd /Users/admin/builder/spi-builder-workspace/.swiftpm/xcode
builtin-Swift-Compilation-Requirements -- /Applications/Xcode-27.0.0-Release.Candidate.app/Contents/Developer/Toolchains/XcodeDefault.xctoolchain/usr/bin/swiftc -parse-as-library -module-name SVGVertexBuilder -Onone @/Users/admin/builder/spi-builder-workspace/.derivedData/Build/Intermediates.noindex/FontVertexBuilder.build/Debug-watchos/SVGVertexBuilder-t.build/Objects-normal/arm64_32/SVGVertexBuilder.SwiftFileList -DSWIFT_PACKAGE -DDEBUG -DSWIFT_MODULE_RESOURCE_BUNDLE_UNAVAILABLE -DXcode -plugin-path /Applications/Xcode-27.0.0-Release.Candidate.app/Contents/Developer/Toolchains/XcodeDefault.xctoolchain/usr/lib/swift/host/plugins/testing -enable-experimental-feature DebugDescriptionMacro -sdk /Applications/Xcode-27.0.0-Release.Candidate.app/Contents/Developer/Platforms/WatchOS.platform/Developer/SDKs/WatchOS27.0.sdk -target arm64_32-apple-watchos9.0 -g -module-cache-path /Users/admin/builder/spi-builder-workspace/.derivedData/ModuleCache.noindex -Xfrontend -serialize-debugging-options -profile-coverage-mapping -profile-generate -enable-testing -index-store-path /Users/admin/builder/spi-builder-workspace/.derivedData/Index.noindex/DataStore -Xcc -D_LIBCPP_HARDENING_MODE\=_LIBCPP_HARDENING_MODE_DEBUG -swift-version 5 -I /Users/admin/builder/spi-builder-workspace/.derivedData/Build/Products/Debug-watchos -Isystem /Applications/Xcode-27.0.0-Release.Candidate.app/Contents/Developer/Platforms/WatchOS.platform/Developer/usr/lib -F /Users/admin/builder/spi-builder-workspace/.derivedData/Build/Products/Debug-watchos/PackageFrameworks -F /Users/admin/builder/spi-builder-workspace/.derivedData/Build/Products/Debug-watchos -F /Applications/Xcode-27.0.0-Release.Candidate.app/Contents/Developer/Platforms/WatchOS.platform/Developer/Library/Frameworks -F /Applications/Xcode-27.0.0-Release.Candidate.app/Contents/Developer/Platforms/WatchOS.platform/Developer/SDKs/WatchOS27.0.sdk/Developer/Library/Frameworks -c -j10 -enable-batch-mode -incremental -Xcc -ivfsstatcache -Xcc /Users/admin/builder/spi-builder-workspace/.derivedData/SDKStatCaches.noindex/watchos27.0-24R360-e829b21a6f8c9b70876ba0858053c04477534ef55a1706bf4c1112bbb242f0a2.sdkstatcache -output-file-map /Users/admin/builder/spi-builder-workspace/.derivedData/Build/Intermediates.noindex/FontVertexBuilder.build/Debug-watchos/SVGVertexBuilder-t.build/Objects-normal/arm64_32/SVGVertexBuilder-OutputFileMap.json -save-temps -no-color-diagnostics -explicit-module-build -module-cache-path /Users/admin/builder/spi-builder-workspace/.derivedData/Build/Intermediates.noindex/SwiftExplicitPrecompiledModules -clang-scanner-module-cache-path /Users/admin/builder/spi-builder-workspace/.derivedData/ModuleCache.noindex -sdk-module-cache-path /Users/admin/builder/spi-builder-workspace/.derivedData/SDKExplicitPrecompiledModules -emit-dependencies -emit-module -emit-module-path /Users/admin/builder/spi-builder-workspace/.derivedData/Build/Intermediates.noindex/FontVertexBuilder.build/Debug-watchos/SVGVertexBuilder-t.build/Objects-normal/arm64_32/SVGVertexBuilder.swiftmodule -serialize-diagnostics -dependency-scan-serialize-diagnostics-path /Users/admin/builder/spi-builder-workspace/.derivedData/Build/Intermediates.noindex/FontVertexBuilder.build/Debug-watchos/SVGVertexBuilder-t.build/Objects-normal/arm64_32/SVGVertexBuilder-dependency-scan.dia -validate-clang-modules-once -clang-build-session-file /Users/admin/builder/spi-builder-workspace/.derivedData/ModuleCache.noindex/Session.modulevalidation -Xcc -fmodules-prune-interval\=86400 -Xcc -fmodules-prune-after\=345600 -package-name spi_builder_workspace -emit-const-values -const-gather-protocols-list /Users/admin/builder/spi-builder-workspace/.derivedData/Build/Intermediates.noindex/FontVertexBuilder.build/Debug-watchos/SVGVertexBuilder-t.build/Objects-normal/arm64_32/SVGVertexBuilder_const_extract_protocols.json -Xcc -I/Users/admin/builder/spi-builder-workspace/.derivedData/Build/Products/Debug-watchos/include -Xcc -I/Users/admin/builder/spi-builder-workspace/.derivedData/Build/Intermediates.noindex/FontVertexBuilder.build/Debug-watchos/SVGVertexBuilder-t.build/DerivedSources-normal/arm64_32 -Xcc -I/Users/admin/builder/spi-builder-workspace/.derivedData/Build/Intermediates.noindex/FontVertexBuilder.build/Debug-watchos/SVGVertexBuilder-t.build/DerivedSources/arm64_32 -Xcc -I/Users/admin/builder/spi-builder-workspace/.derivedData/Build/Intermediates.noindex/FontVertexBuilder.build/Debug-watchos/SVGVertexBuilder-t.build/DerivedSources -Xcc -DSWIFT_PACKAGE -Xcc -DDEBUG\=1 -emit-objc-header -emit-objc-header-path /Users/admin/builder/spi-builder-workspace/.derivedData/Build/Intermediates.noindex/FontVertexBuilder.build/Debug-watchos/SVGVertexBuilder-t.build/Objects-normal/arm64_32/SVGVertexBuilder-Swift.h -working-directory /Users/admin/builder/spi-builder-workspace/.swiftpm/xcode -experimental-emit-module-separately -disable-cmo
SwiftDriverJobDiscovery normal arm64 Compiling SVGUtil+HelperFunctions.swift (in target 'SVGVertexBuilder' from project 'FontVertexBuilder')
SwiftCompile normal arm64 Compiling\ SVGUtil+MainFunctions.swift /Users/admin/builder/spi-builder-workspace/Sources/SVGVertexBuilder/SVGUtils/SVGUtil+MainFunctions.swift (in target 'SVGVertexBuilder' from project 'FontVertexBuilder')
SwiftCompile normal arm64 /Users/admin/builder/spi-builder-workspace/Sources/SVGVertexBuilder/SVGUtils/SVGUtil+MainFunctions.swift (in target 'SVGVertexBuilder' from project 'FontVertexBuilder')
cd /Users/admin/builder/spi-builder-workspace/.swiftpm/xcode
builtin-SwiftPerFileCompile SVGUtil+MainFunctions.swift
SwiftMergeGeneratedHeaders /Users/admin/builder/spi-builder-workspace/.derivedData/Build/Intermediates.noindex/GeneratedModuleMaps-watchos/SVGVertexBuilder-Swift.h /Users/admin/builder/spi-builder-workspace/.derivedData/Build/Intermediates.noindex/FontVertexBuilder.build/Debug-watchos/SVGVertexBuilder-t.build/Objects-normal/arm64/SVGVertexBuilder-Swift.h /Users/admin/builder/spi-builder-workspace/.derivedData/Build/Intermediates.noindex/FontVertexBuilder.build/Debug-watchos/SVGVertexBuilder-t.build/Objects-normal/arm64_32/SVGVertexBuilder-Swift.h (in target 'SVGVertexBuilder' from project 'FontVertexBuilder')
cd /Users/admin/builder/spi-builder-workspace
builtin-swiftHeaderTool -arch arm64 /Users/admin/builder/spi-builder-workspace/.derivedData/Build/Intermediates.noindex/FontVertexBuilder.build/Debug-watchos/SVGVertexBuilder-t.build/Objects-normal/arm64/SVGVertexBuilder-Swift.h -arch arm64_32 /Users/admin/builder/spi-builder-workspace/.derivedData/Build/Intermediates.noindex/FontVertexBuilder.build/Debug-watchos/SVGVertexBuilder-t.build/Objects-normal/arm64_32/SVGVertexBuilder-Swift.h -o /Users/admin/builder/spi-builder-workspace/.derivedData/Build/Intermediates.noindex/GeneratedModuleMaps-watchos/SVGVertexBuilder-Swift.h
CreateUniversalBinary /Users/admin/builder/spi-builder-workspace/.derivedData/Build/Products/Debug-watchos/iShapeTriangulation.o normal arm64\ arm64_32 (in target 'iShapeTriangulation' from project 'FontVertexBuilder')
cd /Users/admin/builder/spi-builder-workspace
/Applications/Xcode-27.0.0-Release.Candidate.app/Contents/Developer/Toolchains/XcodeDefault.xctoolchain/usr/bin/lipo -create /Users/admin/builder/spi-builder-workspace/.derivedData/Build/Intermediates.noindex/FontVertexBuilder.build/Debug-watchos/iShapeTriangulation-t.build/Objects-normal/arm64/Binary/iShapeTriangulation.o /Users/admin/builder/spi-builder-workspace/.derivedData/Build/Intermediates.noindex/FontVertexBuilder.build/Debug-watchos/iShapeTriangulation-t.build/Objects-normal/arm64_32/Binary/iShapeTriangulation.o -output /Users/admin/builder/spi-builder-workspace/.derivedData/Build/Products/Debug-watchos/iShapeTriangulation.o
Copy /Users/admin/builder/spi-builder-workspace/.derivedData/Build/Products/Debug-watchos/SVGVertexBuilder.swiftmodule/arm64_32-apple-watchos.swiftmodule /Users/admin/builder/spi-builder-workspace/.derivedData/Build/Intermediates.noindex/FontVertexBuilder.build/Debug-watchos/SVGVertexBuilder-t.build/Objects-normal/arm64_32/SVGVertexBuilder.swiftmodule (in target 'SVGVertexBuilder' from project 'FontVertexBuilder')
cd /Users/admin/builder/spi-builder-workspace
builtin-copy -exclude .DS_Store -exclude CVS -exclude .svn -exclude .git -exclude .hg -resolve-src-symlinks -rename /Users/admin/builder/spi-builder-workspace/.derivedData/Build/Intermediates.noindex/FontVertexBuilder.build/Debug-watchos/SVGVertexBuilder-t.build/Objects-normal/arm64_32/SVGVertexBuilder.swiftmodule /Users/admin/builder/spi-builder-workspace/.derivedData/Build/Products/Debug-watchos/SVGVertexBuilder.swiftmodule/arm64_32-apple-watchos.swiftmodule
SwiftDriverJobDiscovery normal arm64_32 Compiling SVGPathAlias.swift (in target 'SVGVertexBuilder' from project 'FontVertexBuilder')
Copy /Users/admin/builder/spi-builder-workspace/.derivedData/Build/Products/Debug-watchos/SVGVertexBuilder.swiftmodule/arm64_32-apple-watchos.swiftdoc /Users/admin/builder/spi-builder-workspace/.derivedData/Build/Intermediates.noindex/FontVertexBuilder.build/Debug-watchos/SVGVertexBuilder-t.build/Objects-normal/arm64_32/SVGVertexBuilder.swiftdoc (in target 'SVGVertexBuilder' from project 'FontVertexBuilder')
cd /Users/admin/builder/spi-builder-workspace
builtin-copy -exclude .DS_Store -exclude CVS -exclude .svn -exclude .git -exclude .hg -resolve-src-symlinks -rename /Users/admin/builder/spi-builder-workspace/.derivedData/Build/Intermediates.noindex/FontVertexBuilder.build/Debug-watchos/SVGVertexBuilder-t.build/Objects-normal/arm64_32/SVGVertexBuilder.swiftdoc /Users/admin/builder/spi-builder-workspace/.derivedData/Build/Products/Debug-watchos/SVGVertexBuilder.swiftmodule/arm64_32-apple-watchos.swiftdoc
Copy /Users/admin/builder/spi-builder-workspace/.derivedData/Build/Products/Debug-watchos/SVGVertexBuilder.swiftmodule/arm64_32-apple-watchos.abi.json /Users/admin/builder/spi-builder-workspace/.derivedData/Build/Intermediates.noindex/FontVertexBuilder.build/Debug-watchos/SVGVertexBuilder-t.build/Objects-normal/arm64_32/SVGVertexBuilder.abi.json (in target 'SVGVertexBuilder' from project 'FontVertexBuilder')
cd /Users/admin/builder/spi-builder-workspace
builtin-copy -exclude .DS_Store -exclude CVS -exclude .svn -exclude .git -exclude .hg -resolve-src-symlinks -rename /Users/admin/builder/spi-builder-workspace/.derivedData/Build/Intermediates.noindex/FontVertexBuilder.build/Debug-watchos/SVGVertexBuilder-t.build/Objects-normal/arm64_32/SVGVertexBuilder.abi.json /Users/admin/builder/spi-builder-workspace/.derivedData/Build/Products/Debug-watchos/SVGVertexBuilder.swiftmodule/arm64_32-apple-watchos.abi.json
Copy /Users/admin/builder/spi-builder-workspace/.derivedData/Build/Products/Debug-watchos/SVGVertexBuilder.swiftmodule/Project/arm64_32-apple-watchos.swiftsourceinfo /Users/admin/builder/spi-builder-workspace/.derivedData/Build/Intermediates.noindex/FontVertexBuilder.build/Debug-watchos/SVGVertexBuilder-t.build/Objects-normal/arm64_32/SVGVertexBuilder.swiftsourceinfo (in target 'SVGVertexBuilder' from project 'FontVertexBuilder')
cd /Users/admin/builder/spi-builder-workspace
builtin-copy -exclude .DS_Store -exclude CVS -exclude .svn -exclude .git -exclude .hg -resolve-src-symlinks -rename /Users/admin/builder/spi-builder-workspace/.derivedData/Build/Intermediates.noindex/FontVertexBuilder.build/Debug-watchos/SVGVertexBuilder-t.build/Objects-normal/arm64_32/SVGVertexBuilder.swiftsourceinfo /Users/admin/builder/spi-builder-workspace/.derivedData/Build/Products/Debug-watchos/SVGVertexBuilder.swiftmodule/Project/arm64_32-apple-watchos.swiftsourceinfo
SwiftCompile normal arm64_32 Compiling\ SVGUtil.swift /Users/admin/builder/spi-builder-workspace/Sources/SVGVertexBuilder/SVGUtils/SVGUtil.swift (in target 'SVGVertexBuilder' from project 'FontVertexBuilder')
SwiftCompile normal arm64_32 /Users/admin/builder/spi-builder-workspace/Sources/SVGVertexBuilder/SVGUtils/SVGUtil.swift (in target 'SVGVertexBuilder' from project 'FontVertexBuilder')
cd /Users/admin/builder/spi-builder-workspace/.swiftpm/xcode
builtin-SwiftPerFileCompile SVGUtil.swift
SwiftCompile normal arm64_32 Compiling\ SVG.swift /Users/admin/builder/spi-builder-workspace/Sources/SVGVertexBuilder/SVG.swift (in target 'SVGVertexBuilder' from project 'FontVertexBuilder')
SwiftCompile normal arm64_32 /Users/admin/builder/spi-builder-workspace/Sources/SVGVertexBuilder/SVG.swift (in target 'SVGVertexBuilder' from project 'FontVertexBuilder')
cd /Users/admin/builder/spi-builder-workspace/.swiftpm/xcode
builtin-SwiftPerFileCompile SVG.swift
SwiftDriverJobDiscovery normal arm64 Compiling SVGPathAlias.swift (in target 'SVGVertexBuilder' from project 'FontVertexBuilder')
SwiftCompile normal arm64_32 Compiling\ SVGUtil+MainFunctions.swift /Users/admin/builder/spi-builder-workspace/Sources/SVGVertexBuilder/SVGUtils/SVGUtil+MainFunctions.swift (in target 'SVGVertexBuilder' from project 'FontVertexBuilder')
SwiftCompile normal arm64_32 /Users/admin/builder/spi-builder-workspace/Sources/SVGVertexBuilder/SVGUtils/SVGUtil+MainFunctions.swift (in target 'SVGVertexBuilder' from project 'FontVertexBuilder')
cd /Users/admin/builder/spi-builder-workspace/.swiftpm/xcode
builtin-SwiftPerFileCompile SVGUtil+MainFunctions.swift
SwiftDriverJobDiscovery normal arm64_32 Compiling SVGUtil+HelperFunctions.swift (in target 'SVGVertexBuilder' from project 'FontVertexBuilder')
ExtractAppIntentsMetadata (in target 'iShapeTriangulation' from project 'FontVertexBuilder')
cd /Users/admin/builder/spi-builder-workspace
/Applications/Xcode-27.0.0-Release.Candidate.app/Contents/Developer/Toolchains/XcodeDefault.xctoolchain/usr/bin/appintentsmetadataprocessor --toolchain-dir /var/run/com.apple.security.cryptexd/mnt/com.apple.MobileAsset.MetalToolchain-v27.1.266.1.88XHYR/Metal.xctoolchain --module-name iShapeTriangulation --sdk-root /Applications/Xcode-27.0.0-Release.Candidate.app/Contents/Developer/Platforms/WatchOS.platform/Developer/SDKs/WatchOS27.0.sdk --xcode-version 27A266a --platform-family watchOS --deployment-target 9.0 --bundle-identifier spi-builder-workspace.iShapeTriangulation --output /Users/admin/builder/spi-builder-workspace/.derivedData/Build/Products/Debug-watchos/iShapeTriangulation.appintents --target-triple arm64-apple-watchos9.0 --target-triple arm64_32-apple-watchos9.0 --binary-file /Users/admin/builder/spi-builder-workspace/.derivedData/Build/Products/Debug-watchos/iShapeTriangulation.o --dependency-file /Users/admin/builder/spi-builder-workspace/.derivedData/Build/Intermediates.noindex/FontVertexBuilder.build/Debug-watchos/iShapeTriangulation-t.build/Objects-normal/arm64/iShapeTriangulation_dependency_info.dat --dependency-file /Users/admin/builder/spi-builder-workspace/.derivedData/Build/Intermediates.noindex/FontVertexBuilder.build/Debug-watchos/iShapeTriangulation-t.build/Objects-normal/arm64_32/iShapeTriangulation_dependency_info.dat --stringsdata-file /Users/admin/builder/spi-builder-workspace/.derivedData/Build/Intermediates.noindex/FontVertexBuilder.build/Debug-watchos/iShapeTriangulation-t.build/Objects-normal/arm64/ExtractedAppShortcutsMetadata.stringsdata --stringsdata-file /Users/admin/builder/spi-builder-workspace/.derivedData/Build/Intermediates.noindex/FontVertexBuilder.build/Debug-watchos/iShapeTriangulation-t.build/Objects-normal/arm64_32/ExtractedAppShortcutsMetadata.stringsdata --source-file-list /Users/admin/builder/spi-builder-workspace/.derivedData/Build/Intermediates.noindex/FontVertexBuilder.build/Debug-watchos/iShapeTriangulation-t.build/Objects-normal/arm64/iShapeTriangulation.SwiftFileList --source-file-list /Users/admin/builder/spi-builder-workspace/.derivedData/Build/Intermediates.noindex/FontVertexBuilder.build/Debug-watchos/iShapeTriangulation-t.build/Objects-normal/arm64_32/iShapeTriangulation.SwiftFileList --metadata-file-list /Users/admin/builder/spi-builder-workspace/.derivedData/Build/Intermediates.noindex/FontVertexBuilder.build/Debug-watchos/iShapeTriangulation-t.build/iShapeTriangulation.DependencyMetadataFileList --static-metadata-file-list /Users/admin/builder/spi-builder-workspace/.derivedData/Build/Intermediates.noindex/FontVertexBuilder.build/Debug-watchos/iShapeTriangulation-t.build/iShapeTriangulation.DependencyStaticMetadataFileList --swift-const-vals-list /Users/admin/builder/spi-builder-workspace/.derivedData/Build/Intermediates.noindex/FontVertexBuilder.build/Debug-watchos/iShapeTriangulation-t.build/Objects-normal/arm64/iShapeTriangulation.SwiftConstValuesFileList --swift-const-vals-list /Users/admin/builder/spi-builder-workspace/.derivedData/Build/Intermediates.noindex/FontVertexBuilder.build/Debug-watchos/iShapeTriangulation-t.build/Objects-normal/arm64_32/iShapeTriangulation.SwiftConstValuesFileList --force --compile-time-extraction --deployment-aware-processing --no-app-shortcuts-localization
2026-09-23 08:08:28.692 appintentsmetadataprocessor[995:6098] Starting appintentsmetadataprocessor export
2026-09-23 08:08:28.768 appintentsmetadataprocessor[995:6098] Extracted no relevant App Intents symbols, skipping writing output
SwiftDriverJobDiscovery normal arm64_32 Compiling SVGUtil.swift (in target 'SVGVertexBuilder' from project 'FontVertexBuilder')
SwiftDriverJobDiscovery normal arm64 Compiling SVG.swift (in target 'SVGVertexBuilder' from project 'FontVertexBuilder')
PruneExplicitPrecompiledModules /Users/admin/builder/spi-builder-workspace/.derivedData/SDKExplicitPrecompiledModules
PruneExplicitPrecompiledModules /Users/admin/builder/spi-builder-workspace/.derivedData/Build/Intermediates.noindex/ExplicitPrecompiledModules
PruneExplicitPrecompiledModules /Users/admin/builder/spi-builder-workspace/.derivedData/Build/Intermediates.noindex/SwiftExplicitPrecompiledModules
2026-09-23 08:08:19.903 xcodebuild[761:4580] [MT] IDERunDestination: Supported platforms for the buildables in the current scheme is empty.
** BUILD FAILED **
The following build commands failed:
SwiftDriver FontVertexBuilder normal arm64_32 com.apple.xcode.tools.swift.compiler (in target 'FontVertexBuilder' from project 'FontVertexBuilder')
SwiftDriver FontVertexBuilder normal arm64 com.apple.xcode.tools.swift.compiler (in target 'FontVertexBuilder' from project 'FontVertexBuilder')
Building workspace FontVertexBuilder with scheme FontVertexBuilder
(3 failures)
Command line invocation:
/Applications/Xcode-27.0.0-Release.Candidate.app/Contents/Developer/usr/bin/xcodebuild -IDEClonedSourcePackagesDirPathOverride=/Users/admin/builder/spi-builder-workspace/.dependencies -resolvePackageDependencies
Resolve Package Graph
Resolved source packages:
SimpleSimdSwift: https://github.com/yukiny0811/SimpleSimdSwift @ 1.0.1
SwiftyCoreText: https://github.com/yukiny0811/SwiftyCoreText @ 1.0.0
FontVertexBuilder: /Users/admin/builder/spi-builder-workspace
SVGPath: https://github.com/yukiny0811/SVGPath @ 1.0.0
resolved source packages: SimpleSimdSwift, SwiftyCoreText, FontVertexBuilder, SVGPath
2026-09-23 08:08:29.886 xcodebuild[996:6134] [MT] IDERunDestination: Supported platforms for the buildables in the current scheme is empty.
{
"dependencies" : [
{
"identity" : "swiftycoretext",
"requirement" : {
"range" : [
{
"lower_bound" : "1.0.0",
"upper_bound" : "2.0.0"
}
]
},
"type" : "sourceControl",
"url" : "https://github.com/yukiny0811/SwiftyCoreText"
},
{
"identity" : "simplesimdswift",
"requirement" : {
"range" : [
{
"lower_bound" : "1.0.1",
"upper_bound" : "2.0.0"
}
]
},
"type" : "sourceControl",
"url" : "https://github.com/yukiny0811/SimpleSimdSwift"
},
{
"identity" : "svgpath",
"requirement" : {
"range" : [
{
"lower_bound" : "1.0.0",
"upper_bound" : "2.0.0"
}
]
},
"type" : "sourceControl",
"url" : "https://github.com/yukiny0811/SVGPath"
}
],
"manifest_display_name" : "FontVertexBuilder",
"name" : "FontVertexBuilder",
"path" : "/Users/admin/builder/spi-builder-workspace",
"platforms" : [
{
"name" : "ios",
"version" : "13.0"
},
{
"name" : "macos",
"version" : "10.15"
},
{
"name" : "tvos",
"version" : "13.0"
},
{
"name" : "visionos",
"version" : "1.0"
}
],
"products" : [
{
"name" : "FontVertexBuilder",
"targets" : [
"FontVertexBuilder",
"SVGVertexBuilder",
"VectorTriangulator"
],
"type" : {
"library" : [
"automatic"
]
}
}
],
"targets" : [
{
"c99name" : "iShapeTriangulation",
"module_type" : "SwiftTarget",
"name" : "iShapeTriangulation",
"path" : "Sources/iShapeTriangulation",
"product_dependencies" : [
"SimpleSimdSwift"
],
"product_memberships" : [
"FontVertexBuilder"
],
"sources" : [
"Triangulation/Error/CentroidNetError.swift",
"Triangulation/Error/CustomError.swift",
"Triangulation/Error/DelaunayError.swift",
"Triangulation/Error/TessellationError.swift",
"Triangulation/Error/TriangulationError.swift",
"Triangulation/PlainShape/Delaunay/Delaunay+Centroid.swift",
"Triangulation/PlainShape/Delaunay/Delaunay+Polygon.swift",
"Triangulation/PlainShape/Delaunay/Delaunay+Tesselation.swift",
"Triangulation/PlainShape/Delaunay/Delaunay+Triangle.swift",
"Triangulation/PlainShape/Delaunay/Delaunay.swift",
"Triangulation/PlainShape/Delaunay/IndexBuffer.swift",
"Triangulation/PlainShape/Delaunay/PlainShape+Delaunay.swift",
"Triangulation/PlainShape/Delaunay/PlainShape+SliceBuffer.swift",
"Triangulation/PlainShape/PlainShape+Layout.swift",
"Triangulation/PlainShape/PlainShape+Modification.swift",
"Triangulation/PlainShape/PlainShape+ShapeNavigator.swift",
"Triangulation/PlainShape/PlainShape+Triangulation.swift",
"Triangulation/Triangulator.swift",
"Triangulation/Util/IntPoint+Monotone.swift",
"Triangulation/Util/IntTriangle.swift"
],
"target_dependencies" : [
"iGeometry"
],
"type" : "library"
},
{
"c99name" : "iGeometry",
"module_type" : "SwiftTarget",
"name" : "iGeometry",
"path" : "Sources/iGeometry",
"product_dependencies" : [
"SimpleSimdSwift"
],
"product_memberships" : [
"FontVertexBuilder"
],
"sources" : [
"Collection/Int+Empty.swift",
"Collection/PathList.swift",
"Collection/RingSet.swift",
"Extension/PlainShape+Validation.swift",
"Geom/Circle.swift",
"Geom/IntPoint+Geom.swift",
"Geom/Rect.swift",
"Geom/Triangle.swift",
"IntGeom/DBPoint.swift",
"IntGeom/IntGeom.swift",
"IntGeom/IntPoint.swift",
"Shape/IntPoint+Array.swift",
"Shape/IntShape.swift",
"Shape/PlainShape+Initializers.swift",
"Shape/PlainShape.swift",
"Shape/PlainShapeList.swift",
"Shape/Shape.swift",
"Shape/Vertex.swift",
"Simplify/Simplificator+Angle.swift",
"Simplify/Simplificator+Area.swift",
"Simplify/Simplificator+Linear.swift",
"Simplify/Simplificator.swift"
],
"type" : "library"
},
{
"c99name" : "VectorTriangulator",
"module_type" : "SwiftTarget",
"name" : "VectorTriangulator",
"path" : "Sources/VectorTriangulator",
"product_dependencies" : [
"SwiftyCoreText",
"SimpleSimdSwift"
],
"product_memberships" : [
"FontVertexBuilder"
],
"sources" : [
"VectorTriangulator.swift"
],
"target_dependencies" : [
"iShapeTriangulation"
],
"type" : "library"
},
{
"c99name" : "SVGVertexBuilder",
"module_type" : "SwiftTarget",
"name" : "SVGVertexBuilder",
"path" : "Sources/SVGVertexBuilder",
"product_dependencies" : [
"SimpleSimdSwift",
"SVGPath"
],
"product_memberships" : [
"FontVertexBuilder"
],
"sources" : [
"Extensions/SVGPathAlias.swift",
"SVG.swift",
"SVGUtils/SVGUtil+HelperFunctions.swift",
"SVGUtils/SVGUtil+MainFunctions.swift",
"SVGUtils/SVGUtil.swift"
],
"target_dependencies" : [
"iShapeTriangulation"
],
"type" : "library"
},
{
"c99name" : "FontVertexBuilderTests",
"module_type" : "SwiftTarget",
"name" : "FontVertexBuilderTests",
"path" : "Tests/FontVertexBuilderTests",
"sources" : [
"FontVertexBuilderTests.swift"
],
"target_dependencies" : [
"FontVertexBuilder",
"SVGVertexBuilder"
],
"type" : "test"
},
{
"c99name" : "FontVertexBuilder",
"module_type" : "SwiftTarget",
"name" : "FontVertexBuilder",
"path" : "Sources/FontVertexBuilder",
"product_dependencies" : [
"SwiftyCoreText",
"SimpleSimdSwift"
],
"product_memberships" : [
"FontVertexBuilder"
],
"sources" : [
"Extensions/GlyphAlias.swift",
"FontBufferGenerator.swift",
"GlyphUtils/GlyphUtil+HelperFunctions.swift",
"GlyphUtils/GlyphUtil+MainFunctions.swift",
"GlyphUtils/GlyphUtil.swift",
"PathText.swift"
],
"target_dependencies" : [
"iShapeTriangulation"
],
"type" : "library"
}
],
"tools_version" : "5.9"
}
{
"workspace" : {
"name" : "FontVertexBuilder",
"schemes" : [
"FontVertexBuilder"
]
}
}
2026-09-23 08:08:31.116 xcodebuild[1004:6208] [MT] IDERunDestination: Supported platforms for the buildables in the current scheme is empty.
Running build ...
env DEVELOPER_DIR=/Applications/Xcode-27.0.0-Release.Candidate.app xcrun xcodebuild -IDEClonedSourcePackagesDirPathOverride=$PWD/.dependencies -skipMacroValidation -skipPackagePluginValidation -derivedDataPath $PWD/.derivedData build -scheme FontVertexBuilder -destination generic/platform=watchOS
Command line invocation:
/Applications/Xcode-27.0.0-Release.Candidate.app/Contents/Developer/usr/bin/xcodebuild -IDEClonedSourcePackagesDirPathOverride=/Users/admin/builder/spi-builder-workspace/.dependencies -skipMacroValidation -skipPackagePluginValidation -derivedDataPath /Users/admin/builder/spi-builder-workspace/.derivedData build -scheme FontVertexBuilder -destination generic/platform=watchOS
Resolve Package Graph
Resolved source packages:
SVGPath: https://github.com/yukiny0811/SVGPath @ 1.0.0
SwiftyCoreText: https://github.com/yukiny0811/SwiftyCoreText @ 1.0.0
FontVertexBuilder: /Users/admin/builder/spi-builder-workspace
SimpleSimdSwift: https://github.com/yukiny0811/SimpleSimdSwift @ 1.0.1
ComputePackagePrebuildTargetDependencyGraph
Prepare packages
CreateBuildRequest
SendProjectDescription
CreateBuildOperation
ComputeTargetDependencyGraph
note: Building targets in dependency order
note: Target dependency graph (12 targets)
Target 'FontVertexBuilder-product' in project 'FontVertexBuilder'
➜ Explicit dependency on target 'FontVertexBuilder' in project 'FontVertexBuilder'
➜ Explicit dependency on target 'SVGVertexBuilder' in project 'FontVertexBuilder'
➜ Explicit dependency on target 'VectorTriangulator' in project 'FontVertexBuilder'
➜ Explicit dependency on target 'iGeometry' in project 'FontVertexBuilder'
➜ Explicit dependency on target 'iShapeTriangulation' in project 'FontVertexBuilder'
➜ Explicit dependency on target 'SimpleSimdSwift-product' in project 'SimpleSimdSwift'
➜ Explicit dependency on target 'SwiftyCoreText-product' in project 'SwiftyCoreText'
➜ Explicit dependency on target 'SVGPath-product' in project 'SVGPath'
Target 'VectorTriangulator' in project 'FontVertexBuilder'
➜ Explicit dependency on target 'iGeometry' in project 'FontVertexBuilder'
➜ Explicit dependency on target 'iShapeTriangulation' in project 'FontVertexBuilder'
➜ Explicit dependency on target 'SimpleSimdSwift-product' in project 'SimpleSimdSwift'
➜ Explicit dependency on target 'SwiftyCoreText-product' in project 'SwiftyCoreText'
Target 'SVGVertexBuilder' in project 'FontVertexBuilder'
➜ Explicit dependency on target 'iGeometry' in project 'FontVertexBuilder'
➜ Explicit dependency on target 'iShapeTriangulation' in project 'FontVertexBuilder'
➜ Explicit dependency on target 'SimpleSimdSwift-product' in project 'SimpleSimdSwift'
➜ Explicit dependency on target 'SVGPath-product' in project 'SVGPath'
Target 'SVGPath-product' in project 'SVGPath'
➜ Explicit dependency on target 'SVGPath' in project 'SVGPath'
Target 'SVGPath' in project 'SVGPath' (no dependencies)
Target 'FontVertexBuilder' in project 'FontVertexBuilder'
➜ Explicit dependency on target 'iGeometry' in project 'FontVertexBuilder'
➜ Explicit dependency on target 'iShapeTriangulation' in project 'FontVertexBuilder'
➜ Explicit dependency on target 'SimpleSimdSwift-product' in project 'SimpleSimdSwift'
➜ Explicit dependency on target 'SwiftyCoreText-product' in project 'SwiftyCoreText'
Target 'SwiftyCoreText-product' in project 'SwiftyCoreText'
➜ Explicit dependency on target 'SwiftyCoreText' in project 'SwiftyCoreText'
Target 'SwiftyCoreText' in project 'SwiftyCoreText' (no dependencies)
Target 'iShapeTriangulation' in project 'FontVertexBuilder'
➜ Explicit dependency on target 'iGeometry' in project 'FontVertexBuilder'
➜ Explicit dependency on target 'SimpleSimdSwift-product' in project 'SimpleSimdSwift'
Target 'iGeometry' in project 'FontVertexBuilder'
➜ Explicit dependency on target 'SimpleSimdSwift-product' in project 'SimpleSimdSwift'
Target 'SimpleSimdSwift-product' in project 'SimpleSimdSwift'
➜ Explicit dependency on target 'SimpleSimdSwift' in project 'SimpleSimdSwift'
Target 'SimpleSimdSwift' in project 'SimpleSimdSwift' (no dependencies)
GatherProvisioningInputs
CreateBuildDescription
ClangStatCache /Applications/Xcode-27.0.0-Release.Candidate.app/Contents/Developer/Toolchains/XcodeDefault.xctoolchain/usr/bin/clang-stat-cache /Applications/Xcode-27.0.0-Release.Candidate.app/Contents/Developer/Platforms/WatchOS.platform/Developer/SDKs/WatchOS27.0.sdk /Users/admin/builder/spi-builder-workspace/.derivedData/SDKStatCaches.noindex/watchos27.0-24R360-e829b21a6f8c9b70876ba0858053c04477534ef55a1706bf4c1112bbb242f0a2.sdkstatcache
cd /Users/admin/builder/spi-builder-workspace/.swiftpm/xcode
/Applications/Xcode-27.0.0-Release.Candidate.app/Contents/Developer/Toolchains/XcodeDefault.xctoolchain/usr/bin/clang-stat-cache /Applications/Xcode-27.0.0-Release.Candidate.app/Contents/Developer/Platforms/WatchOS.platform/Developer/SDKs/WatchOS27.0.sdk -o /Users/admin/builder/spi-builder-workspace/.derivedData/SDKStatCaches.noindex/watchos27.0-24R360-e829b21a6f8c9b70876ba0858053c04477534ef55a1706bf4c1112bbb242f0a2.sdkstatcache
SwiftDriver SVGVertexBuilder normal arm64_32 com.apple.xcode.tools.swift.compiler (in target 'SVGVertexBuilder' from project 'FontVertexBuilder')
cd /Users/admin/builder/spi-builder-workspace/.swiftpm/xcode
builtin-SwiftDriver -- /Applications/Xcode-27.0.0-Release.Candidate.app/Contents/Developer/Toolchains/XcodeDefault.xctoolchain/usr/bin/swiftc -parse-as-library -module-name SVGVertexBuilder -Onone @/Users/admin/builder/spi-builder-workspace/.derivedData/Build/Intermediates.noindex/FontVertexBuilder.build/Debug-watchos/SVGVertexBuilder-t.build/Objects-normal/arm64_32/SVGVertexBuilder.SwiftFileList -DSWIFT_PACKAGE -DDEBUG -DSWIFT_MODULE_RESOURCE_BUNDLE_UNAVAILABLE -DXcode -plugin-path /Applications/Xcode-27.0.0-Release.Candidate.app/Contents/Developer/Toolchains/XcodeDefault.xctoolchain/usr/lib/swift/host/plugins/testing -enable-experimental-feature DebugDescriptionMacro -sdk /Applications/Xcode-27.0.0-Release.Candidate.app/Contents/Developer/Platforms/WatchOS.platform/Developer/SDKs/WatchOS27.0.sdk -target arm64_32-apple-watchos9.0 -g -module-cache-path /Users/admin/builder/spi-builder-workspace/.derivedData/ModuleCache.noindex -Xfrontend -serialize-debugging-options -profile-coverage-mapping -profile-generate -enable-testing -index-store-path /Users/admin/builder/spi-builder-workspace/.derivedData/Index.noindex/DataStore -Xcc -D_LIBCPP_HARDENING_MODE\=_LIBCPP_HARDENING_MODE_DEBUG -swift-version 5 -I /Users/admin/builder/spi-builder-workspace/.derivedData/Build/Products/Debug-watchos -Isystem /Applications/Xcode-27.0.0-Release.Candidate.app/Contents/Developer/Platforms/WatchOS.platform/Developer/usr/lib -F /Users/admin/builder/spi-builder-workspace/.derivedData/Build/Products/Debug-watchos/PackageFrameworks -F /Users/admin/builder/spi-builder-workspace/.derivedData/Build/Products/Debug-watchos -F /Applications/Xcode-27.0.0-Release.Candidate.app/Contents/Developer/Platforms/WatchOS.platform/Developer/Library/Frameworks -F /Applications/Xcode-27.0.0-Release.Candidate.app/Contents/Developer/Platforms/WatchOS.platform/Developer/SDKs/WatchOS27.0.sdk/Developer/Library/Frameworks -c -j10 -enable-batch-mode -incremental -Xcc -ivfsstatcache -Xcc /Users/admin/builder/spi-builder-workspace/.derivedData/SDKStatCaches.noindex/watchos27.0-24R360-e829b21a6f8c9b70876ba0858053c04477534ef55a1706bf4c1112bbb242f0a2.sdkstatcache -output-file-map /Users/admin/builder/spi-builder-workspace/.derivedData/Build/Intermediates.noindex/FontVertexBuilder.build/Debug-watchos/SVGVertexBuilder-t.build/Objects-normal/arm64_32/SVGVertexBuilder-OutputFileMap.json -save-temps -no-color-diagnostics -explicit-module-build -module-cache-path /Users/admin/builder/spi-builder-workspace/.derivedData/Build/Intermediates.noindex/SwiftExplicitPrecompiledModules -clang-scanner-module-cache-path /Users/admin/builder/spi-builder-workspace/.derivedData/ModuleCache.noindex -sdk-module-cache-path /Users/admin/builder/spi-builder-workspace/.derivedData/SDKExplicitPrecompiledModules -emit-dependencies -emit-module -emit-module-path /Users/admin/builder/spi-builder-workspace/.derivedData/Build/Intermediates.noindex/FontVertexBuilder.build/Debug-watchos/SVGVertexBuilder-t.build/Objects-normal/arm64_32/SVGVertexBuilder.swiftmodule -serialize-diagnostics -dependency-scan-serialize-diagnostics-path /Users/admin/builder/spi-builder-workspace/.derivedData/Build/Intermediates.noindex/FontVertexBuilder.build/Debug-watchos/SVGVertexBuilder-t.build/Objects-normal/arm64_32/SVGVertexBuilder-dependency-scan.dia -validate-clang-modules-once -clang-build-session-file /Users/admin/builder/spi-builder-workspace/.derivedData/ModuleCache.noindex/Session.modulevalidation -Xcc -fmodules-prune-interval\=86400 -Xcc -fmodules-prune-after\=345600 -package-name spi_builder_workspace -emit-const-values -const-gather-protocols-list /Users/admin/builder/spi-builder-workspace/.derivedData/Build/Intermediates.noindex/FontVertexBuilder.build/Debug-watchos/SVGVertexBuilder-t.build/Objects-normal/arm64_32/SVGVertexBuilder_const_extract_protocols.json -Xcc -I/Users/admin/builder/spi-builder-workspace/.derivedData/Build/Products/Debug-watchos/include -Xcc -I/Users/admin/builder/spi-builder-workspace/.derivedData/Build/Intermediates.noindex/FontVertexBuilder.build/Debug-watchos/SVGVertexBuilder-t.build/DerivedSources-normal/arm64_32 -Xcc -I/Users/admin/builder/spi-builder-workspace/.derivedData/Build/Intermediates.noindex/FontVertexBuilder.build/Debug-watchos/SVGVertexBuilder-t.build/DerivedSources/arm64_32 -Xcc -I/Users/admin/builder/spi-builder-workspace/.derivedData/Build/Intermediates.noindex/FontVertexBuilder.build/Debug-watchos/SVGVertexBuilder-t.build/DerivedSources -Xcc -DSWIFT_PACKAGE -Xcc -DDEBUG\=1 -emit-objc-header -emit-objc-header-path /Users/admin/builder/spi-builder-workspace/.derivedData/Build/Intermediates.noindex/FontVertexBuilder.build/Debug-watchos/SVGVertexBuilder-t.build/Objects-normal/arm64_32/SVGVertexBuilder-Swift.h -working-directory /Users/admin/builder/spi-builder-workspace/.swiftpm/xcode -experimental-emit-module-separately -disable-cmo
SwiftDriver FontVertexBuilder normal arm64_32 com.apple.xcode.tools.swift.compiler (in target 'FontVertexBuilder' from project 'FontVertexBuilder')
cd /Users/admin/builder/spi-builder-workspace/.swiftpm/xcode
builtin-SwiftDriver -- /Applications/Xcode-27.0.0-Release.Candidate.app/Contents/Developer/Toolchains/XcodeDefault.xctoolchain/usr/bin/swiftc -parse-as-library -module-name FontVertexBuilder -Onone @/Users/admin/builder/spi-builder-workspace/.derivedData/Build/Intermediates.noindex/FontVertexBuilder.build/Debug-watchos/FontVertexBuilder-t.build/Objects-normal/arm64_32/FontVertexBuilder.SwiftFileList -DSWIFT_PACKAGE -DDEBUG -DSWIFT_MODULE_RESOURCE_BUNDLE_UNAVAILABLE -DXcode -plugin-path /Applications/Xcode-27.0.0-Release.Candidate.app/Contents/Developer/Toolchains/XcodeDefault.xctoolchain/usr/lib/swift/host/plugins/testing -enable-experimental-feature DebugDescriptionMacro -sdk /Applications/Xcode-27.0.0-Release.Candidate.app/Contents/Developer/Platforms/WatchOS.platform/Developer/SDKs/WatchOS27.0.sdk -target arm64_32-apple-watchos9.0 -g -module-cache-path /Users/admin/builder/spi-builder-workspace/.derivedData/ModuleCache.noindex -Xfrontend -serialize-debugging-options -profile-coverage-mapping -profile-generate -enable-testing -index-store-path /Users/admin/builder/spi-builder-workspace/.derivedData/Index.noindex/DataStore -Xcc -D_LIBCPP_HARDENING_MODE\=_LIBCPP_HARDENING_MODE_DEBUG -swift-version 5 -I /Users/admin/builder/spi-builder-workspace/.derivedData/Build/Products/Debug-watchos -Isystem /Applications/Xcode-27.0.0-Release.Candidate.app/Contents/Developer/Platforms/WatchOS.platform/Developer/usr/lib -F /Users/admin/builder/spi-builder-workspace/.derivedData/Build/Products/Debug-watchos/PackageFrameworks -F /Users/admin/builder/spi-builder-workspace/.derivedData/Build/Products/Debug-watchos -F /Applications/Xcode-27.0.0-Release.Candidate.app/Contents/Developer/Platforms/WatchOS.platform/Developer/Library/Frameworks -F /Applications/Xcode-27.0.0-Release.Candidate.app/Contents/Developer/Platforms/WatchOS.platform/Developer/SDKs/WatchOS27.0.sdk/Developer/Library/Frameworks -c -j10 -enable-batch-mode -incremental -Xcc -ivfsstatcache -Xcc /Users/admin/builder/spi-builder-workspace/.derivedData/SDKStatCaches.noindex/watchos27.0-24R360-e829b21a6f8c9b70876ba0858053c04477534ef55a1706bf4c1112bbb242f0a2.sdkstatcache -output-file-map /Users/admin/builder/spi-builder-workspace/.derivedData/Build/Intermediates.noindex/FontVertexBuilder.build/Debug-watchos/FontVertexBuilder-t.build/Objects-normal/arm64_32/FontVertexBuilder-OutputFileMap.json -save-temps -no-color-diagnostics -explicit-module-build -module-cache-path /Users/admin/builder/spi-builder-workspace/.derivedData/Build/Intermediates.noindex/SwiftExplicitPrecompiledModules -clang-scanner-module-cache-path /Users/admin/builder/spi-builder-workspace/.derivedData/ModuleCache.noindex -sdk-module-cache-path /Users/admin/builder/spi-builder-workspace/.derivedData/SDKExplicitPrecompiledModules -emit-dependencies -emit-module -emit-module-path /Users/admin/builder/spi-builder-workspace/.derivedData/Build/Intermediates.noindex/FontVertexBuilder.build/Debug-watchos/FontVertexBuilder-t.build/Objects-normal/arm64_32/FontVertexBuilder.swiftmodule -serialize-diagnostics -dependency-scan-serialize-diagnostics-path /Users/admin/builder/spi-builder-workspace/.derivedData/Build/Intermediates.noindex/FontVertexBuilder.build/Debug-watchos/FontVertexBuilder-t.build/Objects-normal/arm64_32/FontVertexBuilder-dependency-scan.dia -validate-clang-modules-once -clang-build-session-file /Users/admin/builder/spi-builder-workspace/.derivedData/ModuleCache.noindex/Session.modulevalidation -Xcc -fmodules-prune-interval\=86400 -Xcc -fmodules-prune-after\=345600 -package-name spi_builder_workspace -emit-const-values -const-gather-protocols-list /Users/admin/builder/spi-builder-workspace/.derivedData/Build/Intermediates.noindex/FontVertexBuilder.build/Debug-watchos/FontVertexBuilder-t.build/Objects-normal/arm64_32/FontVertexBuilder_const_extract_protocols.json -Xcc -I/Users/admin/builder/spi-builder-workspace/.derivedData/Build/Products/Debug-watchos/include -Xcc -I/Users/admin/builder/spi-builder-workspace/.derivedData/Build/Intermediates.noindex/FontVertexBuilder.build/Debug-watchos/FontVertexBuilder-t.build/DerivedSources-normal/arm64_32 -Xcc -I/Users/admin/builder/spi-builder-workspace/.derivedData/Build/Intermediates.noindex/FontVertexBuilder.build/Debug-watchos/FontVertexBuilder-t.build/DerivedSources/arm64_32 -Xcc -I/Users/admin/builder/spi-builder-workspace/.derivedData/Build/Intermediates.noindex/FontVertexBuilder.build/Debug-watchos/FontVertexBuilder-t.build/DerivedSources -Xcc -DSWIFT_PACKAGE -Xcc -DDEBUG\=1 -emit-objc-header -emit-objc-header-path /Users/admin/builder/spi-builder-workspace/.derivedData/Build/Intermediates.noindex/FontVertexBuilder.build/Debug-watchos/FontVertexBuilder-t.build/Objects-normal/arm64_32/FontVertexBuilder-Swift.h -working-directory /Users/admin/builder/spi-builder-workspace/.swiftpm/xcode -experimental-emit-module-separately -disable-cmo
/Users/admin/builder/spi-builder-workspace/Sources/FontVertexBuilder/FontBufferGenerator.swift:8:8: error: Unable to resolve module dependency: 'MetalKit' (in target 'FontVertexBuilder' from project 'FontVertexBuilder')
note: A dependency of main module 'FontVertexBuilder'
/Users/admin/builder/spi-builder-workspace/Sources/FontVertexBuilder/FontBufferGenerator.swift:8:8: note: A dependency of main module 'FontVertexBuilder'
import MetalKit
^ (in target 'FontVertexBuilder' from project 'FontVertexBuilder')
SwiftDriver VectorTriangulator normal arm64 com.apple.xcode.tools.swift.compiler (in target 'VectorTriangulator' from project 'FontVertexBuilder')
cd /Users/admin/builder/spi-builder-workspace/.swiftpm/xcode
builtin-SwiftDriver -- /Applications/Xcode-27.0.0-Release.Candidate.app/Contents/Developer/Toolchains/XcodeDefault.xctoolchain/usr/bin/swiftc -parse-as-library -module-name VectorTriangulator -Onone @/Users/admin/builder/spi-builder-workspace/.derivedData/Build/Intermediates.noindex/FontVertexBuilder.build/Debug-watchos/VectorTriangulator-t.build/Objects-normal/arm64/VectorTriangulator.SwiftFileList -DSWIFT_PACKAGE -DDEBUG -DSWIFT_MODULE_RESOURCE_BUNDLE_UNAVAILABLE -DXcode -plugin-path /Applications/Xcode-27.0.0-Release.Candidate.app/Contents/Developer/Toolchains/XcodeDefault.xctoolchain/usr/lib/swift/host/plugins/testing -enable-experimental-feature DebugDescriptionMacro -sdk /Applications/Xcode-27.0.0-Release.Candidate.app/Contents/Developer/Platforms/WatchOS.platform/Developer/SDKs/WatchOS27.0.sdk -target arm64-apple-watchos9.0 -g -module-cache-path /Users/admin/builder/spi-builder-workspace/.derivedData/ModuleCache.noindex -Xfrontend -serialize-debugging-options -profile-coverage-mapping -profile-generate -enable-testing -index-store-path /Users/admin/builder/spi-builder-workspace/.derivedData/Index.noindex/DataStore -Xcc -D_LIBCPP_HARDENING_MODE\=_LIBCPP_HARDENING_MODE_DEBUG -swift-version 5 -I /Users/admin/builder/spi-builder-workspace/.derivedData/Build/Products/Debug-watchos -Isystem /Applications/Xcode-27.0.0-Release.Candidate.app/Contents/Developer/Platforms/WatchOS.platform/Developer/usr/lib -F /Users/admin/builder/spi-builder-workspace/.derivedData/Build/Products/Debug-watchos/PackageFrameworks -F /Users/admin/builder/spi-builder-workspace/.derivedData/Build/Products/Debug-watchos -F /Applications/Xcode-27.0.0-Release.Candidate.app/Contents/Developer/Platforms/WatchOS.platform/Developer/Library/Frameworks -F /Applications/Xcode-27.0.0-Release.Candidate.app/Contents/Developer/Platforms/WatchOS.platform/Developer/SDKs/WatchOS27.0.sdk/Developer/Library/Frameworks -c -j10 -enable-batch-mode -incremental -Xcc -ivfsstatcache -Xcc /Users/admin/builder/spi-builder-workspace/.derivedData/SDKStatCaches.noindex/watchos27.0-24R360-e829b21a6f8c9b70876ba0858053c04477534ef55a1706bf4c1112bbb242f0a2.sdkstatcache -output-file-map /Users/admin/builder/spi-builder-workspace/.derivedData/Build/Intermediates.noindex/FontVertexBuilder.build/Debug-watchos/VectorTriangulator-t.build/Objects-normal/arm64/VectorTriangulator-OutputFileMap.json -save-temps -no-color-diagnostics -explicit-module-build -module-cache-path /Users/admin/builder/spi-builder-workspace/.derivedData/Build/Intermediates.noindex/SwiftExplicitPrecompiledModules -clang-scanner-module-cache-path /Users/admin/builder/spi-builder-workspace/.derivedData/ModuleCache.noindex -sdk-module-cache-path /Users/admin/builder/spi-builder-workspace/.derivedData/SDKExplicitPrecompiledModules -emit-dependencies -emit-module -emit-module-path /Users/admin/builder/spi-builder-workspace/.derivedData/Build/Intermediates.noindex/FontVertexBuilder.build/Debug-watchos/VectorTriangulator-t.build/Objects-normal/arm64/VectorTriangulator.swiftmodule -serialize-diagnostics -dependency-scan-serialize-diagnostics-path /Users/admin/builder/spi-builder-workspace/.derivedData/Build/Intermediates.noindex/FontVertexBuilder.build/Debug-watchos/VectorTriangulator-t.build/Objects-normal/arm64/VectorTriangulator-dependency-scan.dia -validate-clang-modules-once -clang-build-session-file /Users/admin/builder/spi-builder-workspace/.derivedData/ModuleCache.noindex/Session.modulevalidation -Xcc -fmodules-prune-interval\=86400 -Xcc -fmodules-prune-after\=345600 -package-name spi_builder_workspace -emit-const-values -const-gather-protocols-list /Users/admin/builder/spi-builder-workspace/.derivedData/Build/Intermediates.noindex/FontVertexBuilder.build/Debug-watchos/VectorTriangulator-t.build/Objects-normal/arm64/VectorTriangulator_const_extract_protocols.json -Xcc -I/Users/admin/builder/spi-builder-workspace/.derivedData/Build/Products/Debug-watchos/include -Xcc -I/Users/admin/builder/spi-builder-workspace/.derivedData/Build/Intermediates.noindex/FontVertexBuilder.build/Debug-watchos/VectorTriangulator-t.build/DerivedSources-normal/arm64 -Xcc -I/Users/admin/builder/spi-builder-workspace/.derivedData/Build/Intermediates.noindex/FontVertexBuilder.build/Debug-watchos/VectorTriangulator-t.build/DerivedSources/arm64 -Xcc -I/Users/admin/builder/spi-builder-workspace/.derivedData/Build/Intermediates.noindex/FontVertexBuilder.build/Debug-watchos/VectorTriangulator-t.build/DerivedSources -Xcc -DSWIFT_PACKAGE -Xcc -DDEBUG\=1 -emit-objc-header -emit-objc-header-path /Users/admin/builder/spi-builder-workspace/.derivedData/Build/Intermediates.noindex/FontVertexBuilder.build/Debug-watchos/VectorTriangulator-t.build/Objects-normal/arm64/VectorTriangulator-Swift.h -working-directory /Users/admin/builder/spi-builder-workspace/.swiftpm/xcode -experimental-emit-module-separately -disable-cmo
SwiftDriver FontVertexBuilder normal arm64 com.apple.xcode.tools.swift.compiler (in target 'FontVertexBuilder' from project 'FontVertexBuilder')
cd /Users/admin/builder/spi-builder-workspace/.swiftpm/xcode
builtin-SwiftDriver -- /Applications/Xcode-27.0.0-Release.Candidate.app/Contents/Developer/Toolchains/XcodeDefault.xctoolchain/usr/bin/swiftc -parse-as-library -module-name FontVertexBuilder -Onone @/Users/admin/builder/spi-builder-workspace/.derivedData/Build/Intermediates.noindex/FontVertexBuilder.build/Debug-watchos/FontVertexBuilder-t.build/Objects-normal/arm64/FontVertexBuilder.SwiftFileList -DSWIFT_PACKAGE -DDEBUG -DSWIFT_MODULE_RESOURCE_BUNDLE_UNAVAILABLE -DXcode -plugin-path /Applications/Xcode-27.0.0-Release.Candidate.app/Contents/Developer/Toolchains/XcodeDefault.xctoolchain/usr/lib/swift/host/plugins/testing -enable-experimental-feature DebugDescriptionMacro -sdk /Applications/Xcode-27.0.0-Release.Candidate.app/Contents/Developer/Platforms/WatchOS.platform/Developer/SDKs/WatchOS27.0.sdk -target arm64-apple-watchos9.0 -g -module-cache-path /Users/admin/builder/spi-builder-workspace/.derivedData/ModuleCache.noindex -Xfrontend -serialize-debugging-options -profile-coverage-mapping -profile-generate -enable-testing -index-store-path /Users/admin/builder/spi-builder-workspace/.derivedData/Index.noindex/DataStore -Xcc -D_LIBCPP_HARDENING_MODE\=_LIBCPP_HARDENING_MODE_DEBUG -swift-version 5 -I /Users/admin/builder/spi-builder-workspace/.derivedData/Build/Products/Debug-watchos -Isystem /Applications/Xcode-27.0.0-Release.Candidate.app/Contents/Developer/Platforms/WatchOS.platform/Developer/usr/lib -F /Users/admin/builder/spi-builder-workspace/.derivedData/Build/Products/Debug-watchos/PackageFrameworks -F /Users/admin/builder/spi-builder-workspace/.derivedData/Build/Products/Debug-watchos -F /Applications/Xcode-27.0.0-Release.Candidate.app/Contents/Developer/Platforms/WatchOS.platform/Developer/Library/Frameworks -F /Applications/Xcode-27.0.0-Release.Candidate.app/Contents/Developer/Platforms/WatchOS.platform/Developer/SDKs/WatchOS27.0.sdk/Developer/Library/Frameworks -c -j10 -enable-batch-mode -incremental -Xcc -ivfsstatcache -Xcc /Users/admin/builder/spi-builder-workspace/.derivedData/SDKStatCaches.noindex/watchos27.0-24R360-e829b21a6f8c9b70876ba0858053c04477534ef55a1706bf4c1112bbb242f0a2.sdkstatcache -output-file-map /Users/admin/builder/spi-builder-workspace/.derivedData/Build/Intermediates.noindex/FontVertexBuilder.build/Debug-watchos/FontVertexBuilder-t.build/Objects-normal/arm64/FontVertexBuilder-OutputFileMap.json -save-temps -no-color-diagnostics -explicit-module-build -module-cache-path /Users/admin/builder/spi-builder-workspace/.derivedData/Build/Intermediates.noindex/SwiftExplicitPrecompiledModules -clang-scanner-module-cache-path /Users/admin/builder/spi-builder-workspace/.derivedData/ModuleCache.noindex -sdk-module-cache-path /Users/admin/builder/spi-builder-workspace/.derivedData/SDKExplicitPrecompiledModules -emit-dependencies -emit-module -emit-module-path /Users/admin/builder/spi-builder-workspace/.derivedData/Build/Intermediates.noindex/FontVertexBuilder.build/Debug-watchos/FontVertexBuilder-t.build/Objects-normal/arm64/FontVertexBuilder.swiftmodule -serialize-diagnostics -dependency-scan-serialize-diagnostics-path /Users/admin/builder/spi-builder-workspace/.derivedData/Build/Intermediates.noindex/FontVertexBuilder.build/Debug-watchos/FontVertexBuilder-t.build/Objects-normal/arm64/FontVertexBuilder-dependency-scan.dia -validate-clang-modules-once -clang-build-session-file /Users/admin/builder/spi-builder-workspace/.derivedData/ModuleCache.noindex/Session.modulevalidation -Xcc -fmodules-prune-interval\=86400 -Xcc -fmodules-prune-after\=345600 -package-name spi_builder_workspace -emit-const-values -const-gather-protocols-list /Users/admin/builder/spi-builder-workspace/.derivedData/Build/Intermediates.noindex/FontVertexBuilder.build/Debug-watchos/FontVertexBuilder-t.build/Objects-normal/arm64/FontVertexBuilder_const_extract_protocols.json -Xcc -I/Users/admin/builder/spi-builder-workspace/.derivedData/Build/Products/Debug-watchos/include -Xcc -I/Users/admin/builder/spi-builder-workspace/.derivedData/Build/Intermediates.noindex/FontVertexBuilder.build/Debug-watchos/FontVertexBuilder-t.build/DerivedSources-normal/arm64 -Xcc -I/Users/admin/builder/spi-builder-workspace/.derivedData/Build/Intermediates.noindex/FontVertexBuilder.build/Debug-watchos/FontVertexBuilder-t.build/DerivedSources/arm64 -Xcc -I/Users/admin/builder/spi-builder-workspace/.derivedData/Build/Intermediates.noindex/FontVertexBuilder.build/Debug-watchos/FontVertexBuilder-t.build/DerivedSources -Xcc -DSWIFT_PACKAGE -Xcc -DDEBUG\=1 -emit-objc-header -emit-objc-header-path /Users/admin/builder/spi-builder-workspace/.derivedData/Build/Intermediates.noindex/FontVertexBuilder.build/Debug-watchos/FontVertexBuilder-t.build/Objects-normal/arm64/FontVertexBuilder-Swift.h -working-directory /Users/admin/builder/spi-builder-workspace/.swiftpm/xcode -experimental-emit-module-separately -disable-cmo
/Users/admin/builder/spi-builder-workspace/Sources/FontVertexBuilder/FontBufferGenerator.swift:8:8: error: Unable to resolve module dependency: 'MetalKit' (in target 'FontVertexBuilder' from project 'FontVertexBuilder')
note: A dependency of main module 'FontVertexBuilder'
/Users/admin/builder/spi-builder-workspace/Sources/FontVertexBuilder/FontBufferGenerator.swift:8:8: note: A dependency of main module 'FontVertexBuilder'
import MetalKit
^ (in target 'FontVertexBuilder' from project 'FontVertexBuilder')
SwiftDriver VectorTriangulator normal arm64_32 com.apple.xcode.tools.swift.compiler (in target 'VectorTriangulator' from project 'FontVertexBuilder')
cd /Users/admin/builder/spi-builder-workspace/.swiftpm/xcode
builtin-SwiftDriver -- /Applications/Xcode-27.0.0-Release.Candidate.app/Contents/Developer/Toolchains/XcodeDefault.xctoolchain/usr/bin/swiftc -parse-as-library -module-name VectorTriangulator -Onone @/Users/admin/builder/spi-builder-workspace/.derivedData/Build/Intermediates.noindex/FontVertexBuilder.build/Debug-watchos/VectorTriangulator-t.build/Objects-normal/arm64_32/VectorTriangulator.SwiftFileList -DSWIFT_PACKAGE -DDEBUG -DSWIFT_MODULE_RESOURCE_BUNDLE_UNAVAILABLE -DXcode -plugin-path /Applications/Xcode-27.0.0-Release.Candidate.app/Contents/Developer/Toolchains/XcodeDefault.xctoolchain/usr/lib/swift/host/plugins/testing -enable-experimental-feature DebugDescriptionMacro -sdk /Applications/Xcode-27.0.0-Release.Candidate.app/Contents/Developer/Platforms/WatchOS.platform/Developer/SDKs/WatchOS27.0.sdk -target arm64_32-apple-watchos9.0 -g -module-cache-path /Users/admin/builder/spi-builder-workspace/.derivedData/ModuleCache.noindex -Xfrontend -serialize-debugging-options -profile-coverage-mapping -profile-generate -enable-testing -index-store-path /Users/admin/builder/spi-builder-workspace/.derivedData/Index.noindex/DataStore -Xcc -D_LIBCPP_HARDENING_MODE\=_LIBCPP_HARDENING_MODE_DEBUG -swift-version 5 -I /Users/admin/builder/spi-builder-workspace/.derivedData/Build/Products/Debug-watchos -Isystem /Applications/Xcode-27.0.0-Release.Candidate.app/Contents/Developer/Platforms/WatchOS.platform/Developer/usr/lib -F /Users/admin/builder/spi-builder-workspace/.derivedData/Build/Products/Debug-watchos/PackageFrameworks -F /Users/admin/builder/spi-builder-workspace/.derivedData/Build/Products/Debug-watchos -F /Applications/Xcode-27.0.0-Release.Candidate.app/Contents/Developer/Platforms/WatchOS.platform/Developer/Library/Frameworks -F /Applications/Xcode-27.0.0-Release.Candidate.app/Contents/Developer/Platforms/WatchOS.platform/Developer/SDKs/WatchOS27.0.sdk/Developer/Library/Frameworks -c -j10 -enable-batch-mode -incremental -Xcc -ivfsstatcache -Xcc /Users/admin/builder/spi-builder-workspace/.derivedData/SDKStatCaches.noindex/watchos27.0-24R360-e829b21a6f8c9b70876ba0858053c04477534ef55a1706bf4c1112bbb242f0a2.sdkstatcache -output-file-map /Users/admin/builder/spi-builder-workspace/.derivedData/Build/Intermediates.noindex/FontVertexBuilder.build/Debug-watchos/VectorTriangulator-t.build/Objects-normal/arm64_32/VectorTriangulator-OutputFileMap.json -save-temps -no-color-diagnostics -explicit-module-build -module-cache-path /Users/admin/builder/spi-builder-workspace/.derivedData/Build/Intermediates.noindex/SwiftExplicitPrecompiledModules -clang-scanner-module-cache-path /Users/admin/builder/spi-builder-workspace/.derivedData/ModuleCache.noindex -sdk-module-cache-path /Users/admin/builder/spi-builder-workspace/.derivedData/SDKExplicitPrecompiledModules -emit-dependencies -emit-module -emit-module-path /Users/admin/builder/spi-builder-workspace/.derivedData/Build/Intermediates.noindex/FontVertexBuilder.build/Debug-watchos/VectorTriangulator-t.build/Objects-normal/arm64_32/VectorTriangulator.swiftmodule -serialize-diagnostics -dependency-scan-serialize-diagnostics-path /Users/admin/builder/spi-builder-workspace/.derivedData/Build/Intermediates.noindex/FontVertexBuilder.build/Debug-watchos/VectorTriangulator-t.build/Objects-normal/arm64_32/VectorTriangulator-dependency-scan.dia -validate-clang-modules-once -clang-build-session-file /Users/admin/builder/spi-builder-workspace/.derivedData/ModuleCache.noindex/Session.modulevalidation -Xcc -fmodules-prune-interval\=86400 -Xcc -fmodules-prune-after\=345600 -package-name spi_builder_workspace -emit-const-values -const-gather-protocols-list /Users/admin/builder/spi-builder-workspace/.derivedData/Build/Intermediates.noindex/FontVertexBuilder.build/Debug-watchos/VectorTriangulator-t.build/Objects-normal/arm64_32/VectorTriangulator_const_extract_protocols.json -Xcc -I/Users/admin/builder/spi-builder-workspace/.derivedData/Build/Products/Debug-watchos/include -Xcc -I/Users/admin/builder/spi-builder-workspace/.derivedData/Build/Intermediates.noindex/FontVertexBuilder.build/Debug-watchos/VectorTriangulator-t.build/DerivedSources-normal/arm64_32 -Xcc -I/Users/admin/builder/spi-builder-workspace/.derivedData/Build/Intermediates.noindex/FontVertexBuilder.build/Debug-watchos/VectorTriangulator-t.build/DerivedSources/arm64_32 -Xcc -I/Users/admin/builder/spi-builder-workspace/.derivedData/Build/Intermediates.noindex/FontVertexBuilder.build/Debug-watchos/VectorTriangulator-t.build/DerivedSources -Xcc -DSWIFT_PACKAGE -Xcc -DDEBUG\=1 -emit-objc-header -emit-objc-header-path /Users/admin/builder/spi-builder-workspace/.derivedData/Build/Intermediates.noindex/FontVertexBuilder.build/Debug-watchos/VectorTriangulator-t.build/Objects-normal/arm64_32/VectorTriangulator-Swift.h -working-directory /Users/admin/builder/spi-builder-workspace/.swiftpm/xcode -experimental-emit-module-separately -disable-cmo
SwiftDriver SVGVertexBuilder normal arm64 com.apple.xcode.tools.swift.compiler (in target 'SVGVertexBuilder' from project 'FontVertexBuilder')
cd /Users/admin/builder/spi-builder-workspace/.swiftpm/xcode
builtin-SwiftDriver -- /Applications/Xcode-27.0.0-Release.Candidate.app/Contents/Developer/Toolchains/XcodeDefault.xctoolchain/usr/bin/swiftc -parse-as-library -module-name SVGVertexBuilder -Onone @/Users/admin/builder/spi-builder-workspace/.derivedData/Build/Intermediates.noindex/FontVertexBuilder.build/Debug-watchos/SVGVertexBuilder-t.build/Objects-normal/arm64/SVGVertexBuilder.SwiftFileList -DSWIFT_PACKAGE -DDEBUG -DSWIFT_MODULE_RESOURCE_BUNDLE_UNAVAILABLE -DXcode -plugin-path /Applications/Xcode-27.0.0-Release.Candidate.app/Contents/Developer/Toolchains/XcodeDefault.xctoolchain/usr/lib/swift/host/plugins/testing -enable-experimental-feature DebugDescriptionMacro -sdk /Applications/Xcode-27.0.0-Release.Candidate.app/Contents/Developer/Platforms/WatchOS.platform/Developer/SDKs/WatchOS27.0.sdk -target arm64-apple-watchos9.0 -g -module-cache-path /Users/admin/builder/spi-builder-workspace/.derivedData/ModuleCache.noindex -Xfrontend -serialize-debugging-options -profile-coverage-mapping -profile-generate -enable-testing -index-store-path /Users/admin/builder/spi-builder-workspace/.derivedData/Index.noindex/DataStore -Xcc -D_LIBCPP_HARDENING_MODE\=_LIBCPP_HARDENING_MODE_DEBUG -swift-version 5 -I /Users/admin/builder/spi-builder-workspace/.derivedData/Build/Products/Debug-watchos -Isystem /Applications/Xcode-27.0.0-Release.Candidate.app/Contents/Developer/Platforms/WatchOS.platform/Developer/usr/lib -F /Users/admin/builder/spi-builder-workspace/.derivedData/Build/Products/Debug-watchos/PackageFrameworks -F /Users/admin/builder/spi-builder-workspace/.derivedData/Build/Products/Debug-watchos -F /Applications/Xcode-27.0.0-Release.Candidate.app/Contents/Developer/Platforms/WatchOS.platform/Developer/Library/Frameworks -F /Applications/Xcode-27.0.0-Release.Candidate.app/Contents/Developer/Platforms/WatchOS.platform/Developer/SDKs/WatchOS27.0.sdk/Developer/Library/Frameworks -c -j10 -enable-batch-mode -incremental -Xcc -ivfsstatcache -Xcc /Users/admin/builder/spi-builder-workspace/.derivedData/SDKStatCaches.noindex/watchos27.0-24R360-e829b21a6f8c9b70876ba0858053c04477534ef55a1706bf4c1112bbb242f0a2.sdkstatcache -output-file-map /Users/admin/builder/spi-builder-workspace/.derivedData/Build/Intermediates.noindex/FontVertexBuilder.build/Debug-watchos/SVGVertexBuilder-t.build/Objects-normal/arm64/SVGVertexBuilder-OutputFileMap.json -save-temps -no-color-diagnostics -explicit-module-build -module-cache-path /Users/admin/builder/spi-builder-workspace/.derivedData/Build/Intermediates.noindex/SwiftExplicitPrecompiledModules -clang-scanner-module-cache-path /Users/admin/builder/spi-builder-workspace/.derivedData/ModuleCache.noindex -sdk-module-cache-path /Users/admin/builder/spi-builder-workspace/.derivedData/SDKExplicitPrecompiledModules -emit-dependencies -emit-module -emit-module-path /Users/admin/builder/spi-builder-workspace/.derivedData/Build/Intermediates.noindex/FontVertexBuilder.build/Debug-watchos/SVGVertexBuilder-t.build/Objects-normal/arm64/SVGVertexBuilder.swiftmodule -serialize-diagnostics -dependency-scan-serialize-diagnostics-path /Users/admin/builder/spi-builder-workspace/.derivedData/Build/Intermediates.noindex/FontVertexBuilder.build/Debug-watchos/SVGVertexBuilder-t.build/Objects-normal/arm64/SVGVertexBuilder-dependency-scan.dia -validate-clang-modules-once -clang-build-session-file /Users/admin/builder/spi-builder-workspace/.derivedData/ModuleCache.noindex/Session.modulevalidation -Xcc -fmodules-prune-interval\=86400 -Xcc -fmodules-prune-after\=345600 -package-name spi_builder_workspace -emit-const-values -const-gather-protocols-list /Users/admin/builder/spi-builder-workspace/.derivedData/Build/Intermediates.noindex/FontVertexBuilder.build/Debug-watchos/SVGVertexBuilder-t.build/Objects-normal/arm64/SVGVertexBuilder_const_extract_protocols.json -Xcc -I/Users/admin/builder/spi-builder-workspace/.derivedData/Build/Products/Debug-watchos/include -Xcc -I/Users/admin/builder/spi-builder-workspace/.derivedData/Build/Intermediates.noindex/FontVertexBuilder.build/Debug-watchos/SVGVertexBuilder-t.build/DerivedSources-normal/arm64 -Xcc -I/Users/admin/builder/spi-builder-workspace/.derivedData/Build/Intermediates.noindex/FontVertexBuilder.build/Debug-watchos/SVGVertexBuilder-t.build/DerivedSources/arm64 -Xcc -I/Users/admin/builder/spi-builder-workspace/.derivedData/Build/Intermediates.noindex/FontVertexBuilder.build/Debug-watchos/SVGVertexBuilder-t.build/DerivedSources -Xcc -DSWIFT_PACKAGE -Xcc -DDEBUG\=1 -emit-objc-header -emit-objc-header-path /Users/admin/builder/spi-builder-workspace/.derivedData/Build/Intermediates.noindex/FontVertexBuilder.build/Debug-watchos/SVGVertexBuilder-t.build/Objects-normal/arm64/SVGVertexBuilder-Swift.h -working-directory /Users/admin/builder/spi-builder-workspace/.swiftpm/xcode -experimental-emit-module-separately -disable-cmo
SwiftEmitModule normal arm64_32 Emitting\ module\ for\ VectorTriangulator (in target 'VectorTriangulator' from project 'FontVertexBuilder')
SwiftCompile normal arm64_32 (in target 'VectorTriangulator' from project 'FontVertexBuilder')
cd /Users/admin/builder/spi-builder-workspace/.swiftpm/xcode
SwiftCompile normal arm64_32 Compiling\ VectorTriangulator.swift /Users/admin/builder/spi-builder-workspace/Sources/VectorTriangulator/VectorTriangulator.swift (in target 'VectorTriangulator' from project 'FontVertexBuilder')
SwiftCompile normal arm64_32 /Users/admin/builder/spi-builder-workspace/Sources/VectorTriangulator/VectorTriangulator.swift (in target 'VectorTriangulator' from project 'FontVertexBuilder')
cd /Users/admin/builder/spi-builder-workspace/.swiftpm/xcode
builtin-SwiftPerFileCompile VectorTriangulator.swift
SwiftCompile normal arm64 Compiling\ VectorTriangulator.swift /Users/admin/builder/spi-builder-workspace/Sources/VectorTriangulator/VectorTriangulator.swift (in target 'VectorTriangulator' from project 'FontVertexBuilder')
SwiftCompile normal arm64 /Users/admin/builder/spi-builder-workspace/Sources/VectorTriangulator/VectorTriangulator.swift (in target 'VectorTriangulator' from project 'FontVertexBuilder')
cd /Users/admin/builder/spi-builder-workspace/.swiftpm/xcode
builtin-SwiftPerFileCompile VectorTriangulator.swift
SwiftEmitModule normal arm64 Emitting\ module\ for\ VectorTriangulator (in target 'VectorTriangulator' from project 'FontVertexBuilder')
SwiftCompile normal arm64 (in target 'VectorTriangulator' from project 'FontVertexBuilder')
cd /Users/admin/builder/spi-builder-workspace/.swiftpm/xcode
SwiftCompile normal arm64_32 Compiling\ SVG.swift /Users/admin/builder/spi-builder-workspace/Sources/SVGVertexBuilder/SVG.swift (in target 'SVGVertexBuilder' from project 'FontVertexBuilder')
SwiftCompile normal arm64_32 /Users/admin/builder/spi-builder-workspace/Sources/SVGVertexBuilder/SVG.swift (in target 'SVGVertexBuilder' from project 'FontVertexBuilder')
cd /Users/admin/builder/spi-builder-workspace/.swiftpm/xcode
builtin-SwiftPerFileCompile SVG.swift
SwiftEmitModule normal arm64_32 Emitting\ module\ for\ SVGVertexBuilder (in target 'SVGVertexBuilder' from project 'FontVertexBuilder')
SwiftCompile normal arm64_32 (in target 'SVGVertexBuilder' from project 'FontVertexBuilder')
cd /Users/admin/builder/spi-builder-workspace/.swiftpm/xcode
SwiftCompile normal arm64_32 Compiling\ SVGUtil+MainFunctions.swift /Users/admin/builder/spi-builder-workspace/Sources/SVGVertexBuilder/SVGUtils/SVGUtil+MainFunctions.swift (in target 'SVGVertexBuilder' from project 'FontVertexBuilder')
SwiftCompile normal arm64_32 /Users/admin/builder/spi-builder-workspace/Sources/SVGVertexBuilder/SVGUtils/SVGUtil+MainFunctions.swift (in target 'SVGVertexBuilder' from project 'FontVertexBuilder')
cd /Users/admin/builder/spi-builder-workspace/.swiftpm/xcode
builtin-SwiftPerFileCompile SVGUtil+MainFunctions.swift
SwiftEmitModule normal arm64 Emitting\ module\ for\ SVGVertexBuilder (in target 'SVGVertexBuilder' from project 'FontVertexBuilder')
SwiftCompile normal arm64 (in target 'SVGVertexBuilder' from project 'FontVertexBuilder')
cd /Users/admin/builder/spi-builder-workspace/.swiftpm/xcode
SwiftCompile normal arm64 Compiling\ SVGUtil+MainFunctions.swift /Users/admin/builder/spi-builder-workspace/Sources/SVGVertexBuilder/SVGUtils/SVGUtil+MainFunctions.swift (in target 'SVGVertexBuilder' from project 'FontVertexBuilder')
SwiftCompile normal arm64 /Users/admin/builder/spi-builder-workspace/Sources/SVGVertexBuilder/SVGUtils/SVGUtil+MainFunctions.swift (in target 'SVGVertexBuilder' from project 'FontVertexBuilder')
cd /Users/admin/builder/spi-builder-workspace/.swiftpm/xcode
builtin-SwiftPerFileCompile SVGUtil+MainFunctions.swift
SwiftDriver\ Compilation\ Requirements FontVertexBuilder normal arm64 com.apple.xcode.tools.swift.compiler (in target 'FontVertexBuilder' from project 'FontVertexBuilder')
cd /Users/admin/builder/spi-builder-workspace/.swiftpm/xcode
builtin-Swift-Compilation-Requirements -- /Applications/Xcode-27.0.0-Release.Candidate.app/Contents/Developer/Toolchains/XcodeDefault.xctoolchain/usr/bin/swiftc -parse-as-library -module-name FontVertexBuilder -Onone @/Users/admin/builder/spi-builder-workspace/.derivedData/Build/Intermediates.noindex/FontVertexBuilder.build/Debug-watchos/FontVertexBuilder-t.build/Objects-normal/arm64/FontVertexBuilder.SwiftFileList -DSWIFT_PACKAGE -DDEBUG -DSWIFT_MODULE_RESOURCE_BUNDLE_UNAVAILABLE -DXcode -plugin-path /Applications/Xcode-27.0.0-Release.Candidate.app/Contents/Developer/Toolchains/XcodeDefault.xctoolchain/usr/lib/swift/host/plugins/testing -enable-experimental-feature DebugDescriptionMacro -sdk /Applications/Xcode-27.0.0-Release.Candidate.app/Contents/Developer/Platforms/WatchOS.platform/Developer/SDKs/WatchOS27.0.sdk -target arm64-apple-watchos9.0 -g -module-cache-path /Users/admin/builder/spi-builder-workspace/.derivedData/ModuleCache.noindex -Xfrontend -serialize-debugging-options -profile-coverage-mapping -profile-generate -enable-testing -index-store-path /Users/admin/builder/spi-builder-workspace/.derivedData/Index.noindex/DataStore -Xcc -D_LIBCPP_HARDENING_MODE\=_LIBCPP_HARDENING_MODE_DEBUG -swift-version 5 -I /Users/admin/builder/spi-builder-workspace/.derivedData/Build/Products/Debug-watchos -Isystem /Applications/Xcode-27.0.0-Release.Candidate.app/Contents/Developer/Platforms/WatchOS.platform/Developer/usr/lib -F /Users/admin/builder/spi-builder-workspace/.derivedData/Build/Products/Debug-watchos/PackageFrameworks -F /Users/admin/builder/spi-builder-workspace/.derivedData/Build/Products/Debug-watchos -F /Applications/Xcode-27.0.0-Release.Candidate.app/Contents/Developer/Platforms/WatchOS.platform/Developer/Library/Frameworks -F /Applications/Xcode-27.0.0-Release.Candidate.app/Contents/Developer/Platforms/WatchOS.platform/Developer/SDKs/WatchOS27.0.sdk/Developer/Library/Frameworks -c -j10 -enable-batch-mode -incremental -Xcc -ivfsstatcache -Xcc /Users/admin/builder/spi-builder-workspace/.derivedData/SDKStatCaches.noindex/watchos27.0-24R360-e829b21a6f8c9b70876ba0858053c04477534ef55a1706bf4c1112bbb242f0a2.sdkstatcache -output-file-map /Users/admin/builder/spi-builder-workspace/.derivedData/Build/Intermediates.noindex/FontVertexBuilder.build/Debug-watchos/FontVertexBuilder-t.build/Objects-normal/arm64/FontVertexBuilder-OutputFileMap.json -save-temps -no-color-diagnostics -explicit-module-build -module-cache-path /Users/admin/builder/spi-builder-workspace/.derivedData/Build/Intermediates.noindex/SwiftExplicitPrecompiledModules -clang-scanner-module-cache-path /Users/admin/builder/spi-builder-workspace/.derivedData/ModuleCache.noindex -sdk-module-cache-path /Users/admin/builder/spi-builder-workspace/.derivedData/SDKExplicitPrecompiledModules -emit-dependencies -emit-module -emit-module-path /Users/admin/builder/spi-builder-workspace/.derivedData/Build/Intermediates.noindex/FontVertexBuilder.build/Debug-watchos/FontVertexBuilder-t.build/Objects-normal/arm64/FontVertexBuilder.swiftmodule -serialize-diagnostics -dependency-scan-serialize-diagnostics-path /Users/admin/builder/spi-builder-workspace/.derivedData/Build/Intermediates.noindex/FontVertexBuilder.build/Debug-watchos/FontVertexBuilder-t.build/Objects-normal/arm64/FontVertexBuilder-dependency-scan.dia -validate-clang-modules-once -clang-build-session-file /Users/admin/builder/spi-builder-workspace/.derivedData/ModuleCache.noindex/Session.modulevalidation -Xcc -fmodules-prune-interval\=86400 -Xcc -fmodules-prune-after\=345600 -package-name spi_builder_workspace -emit-const-values -const-gather-protocols-list /Users/admin/builder/spi-builder-workspace/.derivedData/Build/Intermediates.noindex/FontVertexBuilder.build/Debug-watchos/FontVertexBuilder-t.build/Objects-normal/arm64/FontVertexBuilder_const_extract_protocols.json -Xcc -I/Users/admin/builder/spi-builder-workspace/.derivedData/Build/Products/Debug-watchos/include -Xcc -I/Users/admin/builder/spi-builder-workspace/.derivedData/Build/Intermediates.noindex/FontVertexBuilder.build/Debug-watchos/FontVertexBuilder-t.build/DerivedSources-normal/arm64 -Xcc -I/Users/admin/builder/spi-builder-workspace/.derivedData/Build/Intermediates.noindex/FontVertexBuilder.build/Debug-watchos/FontVertexBuilder-t.build/DerivedSources/arm64 -Xcc -I/Users/admin/builder/spi-builder-workspace/.derivedData/Build/Intermediates.noindex/FontVertexBuilder.build/Debug-watchos/FontVertexBuilder-t.build/DerivedSources -Xcc -DSWIFT_PACKAGE -Xcc -DDEBUG\=1 -emit-objc-header -emit-objc-header-path /Users/admin/builder/spi-builder-workspace/.derivedData/Build/Intermediates.noindex/FontVertexBuilder.build/Debug-watchos/FontVertexBuilder-t.build/Objects-normal/arm64/FontVertexBuilder-Swift.h -working-directory /Users/admin/builder/spi-builder-workspace/.swiftpm/xcode -experimental-emit-module-separately -disable-cmo
SwiftDriver\ Compilation\ Requirements FontVertexBuilder normal arm64_32 com.apple.xcode.tools.swift.compiler (in target 'FontVertexBuilder' from project 'FontVertexBuilder')
cd /Users/admin/builder/spi-builder-workspace/.swiftpm/xcode
builtin-Swift-Compilation-Requirements -- /Applications/Xcode-27.0.0-Release.Candidate.app/Contents/Developer/Toolchains/XcodeDefault.xctoolchain/usr/bin/swiftc -parse-as-library -module-name FontVertexBuilder -Onone @/Users/admin/builder/spi-builder-workspace/.derivedData/Build/Intermediates.noindex/FontVertexBuilder.build/Debug-watchos/FontVertexBuilder-t.build/Objects-normal/arm64_32/FontVertexBuilder.SwiftFileList -DSWIFT_PACKAGE -DDEBUG -DSWIFT_MODULE_RESOURCE_BUNDLE_UNAVAILABLE -DXcode -plugin-path /Applications/Xcode-27.0.0-Release.Candidate.app/Contents/Developer/Toolchains/XcodeDefault.xctoolchain/usr/lib/swift/host/plugins/testing -enable-experimental-feature DebugDescriptionMacro -sdk /Applications/Xcode-27.0.0-Release.Candidate.app/Contents/Developer/Platforms/WatchOS.platform/Developer/SDKs/WatchOS27.0.sdk -target arm64_32-apple-watchos9.0 -g -module-cache-path /Users/admin/builder/spi-builder-workspace/.derivedData/ModuleCache.noindex -Xfrontend -serialize-debugging-options -profile-coverage-mapping -profile-generate -enable-testing -index-store-path /Users/admin/builder/spi-builder-workspace/.derivedData/Index.noindex/DataStore -Xcc -D_LIBCPP_HARDENING_MODE\=_LIBCPP_HARDENING_MODE_DEBUG -swift-version 5 -I /Users/admin/builder/spi-builder-workspace/.derivedData/Build/Products/Debug-watchos -Isystem /Applications/Xcode-27.0.0-Release.Candidate.app/Contents/Developer/Platforms/WatchOS.platform/Developer/usr/lib -F /Users/admin/builder/spi-builder-workspace/.derivedData/Build/Products/Debug-watchos/PackageFrameworks -F /Users/admin/builder/spi-builder-workspace/.derivedData/Build/Products/Debug-watchos -F /Applications/Xcode-27.0.0-Release.Candidate.app/Contents/Developer/Platforms/WatchOS.platform/Developer/Library/Frameworks -F /Applications/Xcode-27.0.0-Release.Candidate.app/Contents/Developer/Platforms/WatchOS.platform/Developer/SDKs/WatchOS27.0.sdk/Developer/Library/Frameworks -c -j10 -enable-batch-mode -incremental -Xcc -ivfsstatcache -Xcc /Users/admin/builder/spi-builder-workspace/.derivedData/SDKStatCaches.noindex/watchos27.0-24R360-e829b21a6f8c9b70876ba0858053c04477534ef55a1706bf4c1112bbb242f0a2.sdkstatcache -output-file-map /Users/admin/builder/spi-builder-workspace/.derivedData/Build/Intermediates.noindex/FontVertexBuilder.build/Debug-watchos/FontVertexBuilder-t.build/Objects-normal/arm64_32/FontVertexBuilder-OutputFileMap.json -save-temps -no-color-diagnostics -explicit-module-build -module-cache-path /Users/admin/builder/spi-builder-workspace/.derivedData/Build/Intermediates.noindex/SwiftExplicitPrecompiledModules -clang-scanner-module-cache-path /Users/admin/builder/spi-builder-workspace/.derivedData/ModuleCache.noindex -sdk-module-cache-path /Users/admin/builder/spi-builder-workspace/.derivedData/SDKExplicitPrecompiledModules -emit-dependencies -emit-module -emit-module-path /Users/admin/builder/spi-builder-workspace/.derivedData/Build/Intermediates.noindex/FontVertexBuilder.build/Debug-watchos/FontVertexBuilder-t.build/Objects-normal/arm64_32/FontVertexBuilder.swiftmodule -serialize-diagnostics -dependency-scan-serialize-diagnostics-path /Users/admin/builder/spi-builder-workspace/.derivedData/Build/Intermediates.noindex/FontVertexBuilder.build/Debug-watchos/FontVertexBuilder-t.build/Objects-normal/arm64_32/FontVertexBuilder-dependency-scan.dia -validate-clang-modules-once -clang-build-session-file /Users/admin/builder/spi-builder-workspace/.derivedData/ModuleCache.noindex/Session.modulevalidation -Xcc -fmodules-prune-interval\=86400 -Xcc -fmodules-prune-after\=345600 -package-name spi_builder_workspace -emit-const-values -const-gather-protocols-list /Users/admin/builder/spi-builder-workspace/.derivedData/Build/Intermediates.noindex/FontVertexBuilder.build/Debug-watchos/FontVertexBuilder-t.build/Objects-normal/arm64_32/FontVertexBuilder_const_extract_protocols.json -Xcc -I/Users/admin/builder/spi-builder-workspace/.derivedData/Build/Products/Debug-watchos/include -Xcc -I/Users/admin/builder/spi-builder-workspace/.derivedData/Build/Intermediates.noindex/FontVertexBuilder.build/Debug-watchos/FontVertexBuilder-t.build/DerivedSources-normal/arm64_32 -Xcc -I/Users/admin/builder/spi-builder-workspace/.derivedData/Build/Intermediates.noindex/FontVertexBuilder.build/Debug-watchos/FontVertexBuilder-t.build/DerivedSources/arm64_32 -Xcc -I/Users/admin/builder/spi-builder-workspace/.derivedData/Build/Intermediates.noindex/FontVertexBuilder.build/Debug-watchos/FontVertexBuilder-t.build/DerivedSources -Xcc -DSWIFT_PACKAGE -Xcc -DDEBUG\=1 -emit-objc-header -emit-objc-header-path /Users/admin/builder/spi-builder-workspace/.derivedData/Build/Intermediates.noindex/FontVertexBuilder.build/Debug-watchos/FontVertexBuilder-t.build/Objects-normal/arm64_32/FontVertexBuilder-Swift.h -working-directory /Users/admin/builder/spi-builder-workspace/.swiftpm/xcode -experimental-emit-module-separately -disable-cmo
PruneExplicitPrecompiledModules /Users/admin/builder/spi-builder-workspace/.derivedData/SDKExplicitPrecompiledModules
PruneExplicitPrecompiledModules /Users/admin/builder/spi-builder-workspace/.derivedData/Build/Intermediates.noindex/SwiftExplicitPrecompiledModules
PruneExplicitPrecompiledModules /Users/admin/builder/spi-builder-workspace/.derivedData/Build/Intermediates.noindex/ExplicitPrecompiledModules
2026-09-23 08:08:32.101 xcodebuild[1005:6235] [MT] IDERunDestination: Supported platforms for the buildables in the current scheme is empty.
** BUILD FAILED **
The following build commands failed:
SwiftDriver FontVertexBuilder normal arm64_32 com.apple.xcode.tools.swift.compiler (in target 'FontVertexBuilder' from project 'FontVertexBuilder')
SwiftDriver FontVertexBuilder normal arm64 com.apple.xcode.tools.swift.compiler (in target 'FontVertexBuilder' from project 'FontVertexBuilder')
Building workspace FontVertexBuilder with scheme FontVertexBuilder
(3 failures)
BUILD FAILURE 6.4 watchOS