Build Information
Failed to build MetabookSDK, reference v0.0.1 (b1c5ad), with Swift 6.4 for watchOS using Xcode 27.0 on 27 Sep 2026 17:48:41 UTC.
Build Command
env DEVELOPER_DIR=/Applications/Xcode-27.0.0-Release.Candidate.app xcrun xcodebuild -IDEClonedSourcePackagesDirPathOverride=$PWD/.dependencies -skipMacroValidation -skipPackagePluginValidation -derivedDataPath $PWD/.derivedData build -scheme MetabookSDK -destination generic/platform=watchOSBuild Log
========================================
RunAll
========================================
Builder version: 5.1.0
Interrupt handler set up.
========================================
Checkout
========================================
Clone URL: https://github.com/emmanuel-defreitas/MetaBookSDK.git
Reference: v0.0.1
Initialized empty Git repository in /Users/admin/builder/spi-builder-workspace/.git/
From https://github.com/emmanuel-defreitas/MetaBookSDK
* tag v0.0.1 -> FETCH_HEAD
HEAD is now at b1c5add Merge pull request #3 from emmanuel-defreitas/release/v0.0.1
Cloned https://github.com/emmanuel-defreitas/MetaBookSDK.git
Revision (git rev-parse @):
b1c5adda4cfdb7e2100df988a2a8e9b9e45182f1
SPI manifest file found: $PWD/.spi.yml
SUCCESS checkout https://github.com/emmanuel-defreitas/MetaBookSDK.git at v0.0.1
========================================
Build
========================================
Selected platform: watchOS
Swift version: 6.4
Building package at path: $PWD
https://github.com/emmanuel-defreitas/MetaBookSDK.git
Command line invocation:
/Applications/Xcode-27.0.0-Release.Candidate.app/Contents/Developer/usr/bin/xcodebuild -IDEClonedSourcePackagesDirPathOverride=/Users/admin/builder/spi-builder-workspace/.dependencies -resolvePackageDependencies
Resolve Package Graph
Resolve Package Graph
Resolved source packages:
MetabookSDK: /Users/admin/builder/spi-builder-workspace
resolved source packages: MetabookSDK
2026-09-27 13:47:53.239 xcodebuild[533:3057] [MT] IDERunDestination: Supported platforms for the buildables in the current scheme is empty.
{
"dependencies" : [
],
"manifest_display_name" : "MetabookSDK",
"name" : "MetabookSDK",
"path" : "/Users/admin/builder/spi-builder-workspace",
"platforms" : [
{
"name" : "ios",
"version" : "17.0"
},
{
"name" : "macos",
"version" : "14.0"
}
],
"products" : [
{
"name" : "MetabookSDK",
"targets" : [
"MetabookSDK"
],
"type" : {
"library" : [
"automatic"
]
}
}
],
"targets" : [
{
"c99name" : "MetabookSDKTests",
"module_type" : "SwiftTarget",
"name" : "MetabookSDKTests",
"path" : "Tests/MetabookSDKTests",
"sources" : [
"BookStructureModelTests.swift",
"ClientTests.swift",
"DecodingTests.swift",
"StructureOutlineItemTests.swift",
"Support/Fixtures.swift",
"Support/MockTransport.swift"
],
"target_dependencies" : [
"MetabookSDK"
],
"type" : "test"
},
{
"c99name" : "MetabookSDK",
"module_type" : "SwiftTarget",
"name" : "MetabookSDK",
"path" : "Sources/MetabookSDK",
"product_memberships" : [
"MetabookSDK"
],
"sources" : [
"Client/APIErrorBody.swift",
"Client/MetabookClient.swift",
"Client/MetabookConfiguration.swift",
"Client/MetabookError.swift",
"Client/MetabookTransport.swift",
"Client/MultipartFormData.swift",
"Client/URLSessionTransport.swift",
"MetabookSDKInfo.swift",
"Models/AuthorInfo.swift",
"Models/BlobInfo.swift",
"Models/BookInfo.swift",
"Models/BookMatch.swift",
"Models/BookQuery.swift",
"Models/DetailLevel.swift",
"Models/DisambiguationResult.swift",
"Models/HealthStatus.swift",
"Models/SchemaConfidence.swift",
"Models/SchemaInfo.swift",
"Models/SchemaType.swift",
"Models/Structure/BookStructureResponse.swift",
"Models/Structure/BookUploadResponse.swift",
"Models/Structure/ChapterNode.swift",
"Models/Structure/ClauseNode.swift",
"Models/Structure/MetaInfo.swift",
"Models/Structure/ParagraphNode.swift",
"Models/Structure/PartNode.swift",
"Models/Structure/SentenceNode.swift",
"Models/Structure/StructureDetail.swift",
"Models/Structure/StructureNode.swift",
"Models/Structure/StructureSummary.swift",
"Models/Structure/UploadMetaInfo.swift",
"Models/Structure/WordNode.swift",
"Models/StructureLookup.swift",
"Models/StructureOptions.swift",
"Models/UploadedBookInfo.swift",
"Observable/BookLookupState.swift",
"Observable/BookStructureModel.swift",
"Observable/SchemaCatalogModel.swift",
"Observable/UploadState.swift",
"Support/MetabookJSON.swift",
"SwiftUI/BookMatchList.swift",
"SwiftUI/EnvironmentValues+Metabook.swift",
"SwiftUI/SchemaBadge.swift",
"SwiftUI/StructureDetail+Preview.swift",
"SwiftUI/StructureNodeRow.swift",
"SwiftUI/StructureOutlineItem.swift",
"SwiftUI/StructureSummaryView.swift",
"SwiftUI/StructureTreeView.swift"
],
"type" : "library"
}
],
"tools_version" : "6.2"
}
{
"workspace" : {
"name" : "MetabookSDK",
"schemes" : [
"MetabookSDK"
]
}
}
2026-09-27 13:48:26.023 xcodebuild[630:3862] [MT] IDERunDestination: Supported platforms for the buildables in the current scheme is empty.
Running build ...
env DEVELOPER_DIR=/Applications/Xcode-27.0.0-Release.Candidate.app xcrun xcodebuild -IDEClonedSourcePackagesDirPathOverride=$PWD/.dependencies -skipMacroValidation -skipPackagePluginValidation -derivedDataPath $PWD/.derivedData build -scheme MetabookSDK -destination generic/platform=watchOS
Command line invocation:
/Applications/Xcode-27.0.0-Release.Candidate.app/Contents/Developer/usr/bin/xcodebuild -IDEClonedSourcePackagesDirPathOverride=/Users/admin/builder/spi-builder-workspace/.dependencies -skipMacroValidation -skipPackagePluginValidation -derivedDataPath /Users/admin/builder/spi-builder-workspace/.derivedData build -scheme MetabookSDK -destination generic/platform=watchOS
Resolve Package Graph
Resolved source packages:
MetabookSDK: /Users/admin/builder/spi-builder-workspace
ComputePackagePrebuildTargetDependencyGraph
Prepare packages
CreateBuildRequest
SendProjectDescription
CreateBuildOperation
ComputeTargetDependencyGraph
note: Building targets in dependency order
note: Target dependency graph (2 targets)
Target 'MetabookSDK-product' in project 'MetabookSDK'
➜ Explicit dependency on target 'MetabookSDK' in project 'MetabookSDK'
Target 'MetabookSDK' in project 'MetabookSDK' (no dependencies)
GatherProvisioningInputs
CreateBuildDescription
ExecuteExternalTool /Applications/Xcode-27.0.0-Release.Candidate.app/Contents/Developer/Toolchains/XcodeDefault.xctoolchain/usr/bin/clang -v -E -dM -isysroot /Applications/Xcode-27.0.0-Release.Candidate.app/Contents/Developer/Platforms/WatchOS.platform/Developer/SDKs/WatchOS27.0.sdk -x c -c /dev/null
ExecuteExternalTool /Applications/Xcode-27.0.0-Release.Candidate.app/Contents/Developer/Toolchains/XcodeDefault.xctoolchain/usr/bin/swiftc --version
ExecuteExternalTool /Applications/Xcode-27.0.0-Release.Candidate.app/Contents/Developer/Toolchains/XcodeDefault.xctoolchain/usr/bin/ld -version_details
Build description signature: f93079d5c59200c1cd80b7a5f7d6e21b
Build description path: /Users/admin/builder/spi-builder-workspace/.derivedData/Build/Intermediates.noindex/XCBuildData/f93079d5c59200c1cd80b7a5f7d6e21b.xcbuilddata
CreateBuildDirectory /Users/admin/builder/spi-builder-workspace/.derivedData/SDKExplicitPrecompiledModules
cd /Users/admin/builder/spi-builder-workspace/.swiftpm/xcode
builtin-create-build-directory /Users/admin/builder/spi-builder-workspace/.derivedData/SDKExplicitPrecompiledModules
CreateBuildDirectory /Users/admin/builder/spi-builder-workspace/.derivedData/ModuleCache.noindex
cd /Users/admin/builder/spi-builder-workspace/.swiftpm/xcode
builtin-create-build-directory /Users/admin/builder/spi-builder-workspace/.derivedData/ModuleCache.noindex
CreateBuildDirectory /Users/admin/builder/spi-builder-workspace/.derivedData/CompilationCache.noindex
cd /Users/admin/builder/spi-builder-workspace/.swiftpm/xcode
builtin-create-build-directory /Users/admin/builder/spi-builder-workspace/.derivedData/CompilationCache.noindex
ClangStatCache /Applications/Xcode-27.0.0-Release.Candidate.app/Contents/Developer/Toolchains/XcodeDefault.xctoolchain/usr/bin/clang-stat-cache /Applications/Xcode-27.0.0-Release.Candidate.app/Contents/Developer/Platforms/WatchOS.platform/Developer/SDKs/WatchOS27.0.sdk /Users/admin/builder/spi-builder-workspace/.derivedData/SDKStatCaches.noindex/watchos27.0-24R360-e829b21a6f8c9b70876ba0858053c04477534ef55a1706bf4c1112bbb242f0a2.sdkstatcache
cd /Users/admin/builder/spi-builder-workspace/.swiftpm/xcode
/Applications/Xcode-27.0.0-Release.Candidate.app/Contents/Developer/Toolchains/XcodeDefault.xctoolchain/usr/bin/clang-stat-cache /Applications/Xcode-27.0.0-Release.Candidate.app/Contents/Developer/Platforms/WatchOS.platform/Developer/SDKs/WatchOS27.0.sdk -o /Users/admin/builder/spi-builder-workspace/.derivedData/SDKStatCaches.noindex/watchos27.0-24R360-e829b21a6f8c9b70876ba0858053c04477534ef55a1706bf4c1112bbb242f0a2.sdkstatcache
CreateBuildDirectory /Users/admin/builder/spi-builder-workspace/.derivedData/Build/Intermediates.noindex
cd /Users/admin/builder/spi-builder-workspace/.swiftpm/xcode
builtin-create-build-directory /Users/admin/builder/spi-builder-workspace/.derivedData/Build/Intermediates.noindex
CreateBuildDirectory /Users/admin/builder/spi-builder-workspace/.derivedData/Build/Products
cd /Users/admin/builder/spi-builder-workspace/.swiftpm/xcode
builtin-create-build-directory /Users/admin/builder/spi-builder-workspace/.derivedData/Build/Products
CreateBuildDirectory /Users/admin/builder/spi-builder-workspace/.derivedData/Build/Intermediates.noindex/SwiftExplicitPrecompiledModules
cd /Users/admin/builder/spi-builder-workspace/.swiftpm/xcode
builtin-create-build-directory /Users/admin/builder/spi-builder-workspace/.derivedData/Build/Intermediates.noindex/SwiftExplicitPrecompiledModules
CreateBuildDirectory /Users/admin/builder/spi-builder-workspace/.derivedData/Build/Intermediates.noindex/PrecompiledHeaders
cd /Users/admin/builder/spi-builder-workspace/.swiftpm/xcode
builtin-create-build-directory /Users/admin/builder/spi-builder-workspace/.derivedData/Build/Intermediates.noindex/PrecompiledHeaders
CreateBuildDirectory /Users/admin/builder/spi-builder-workspace/.derivedData/Build/Intermediates.noindex/ExplicitPrecompiledModules
cd /Users/admin/builder/spi-builder-workspace/.swiftpm/xcode
builtin-create-build-directory /Users/admin/builder/spi-builder-workspace/.derivedData/Build/Intermediates.noindex/ExplicitPrecompiledModules
CreateBuildDirectory /Users/admin/builder/spi-builder-workspace/.derivedData/Build/Intermediates.noindex/EagerLinkingTBDs/Debug-watchos
cd /Users/admin/builder/spi-builder-workspace/.swiftpm/xcode
builtin-create-build-directory /Users/admin/builder/spi-builder-workspace/.derivedData/Build/Intermediates.noindex/EagerLinkingTBDs/Debug-watchos
CreateBuildDirectory /Users/admin/builder/spi-builder-workspace/.derivedData/Build/Products/Debug-watchos
cd /Users/admin/builder/spi-builder-workspace/.swiftpm/xcode
builtin-create-build-directory /Users/admin/builder/spi-builder-workspace/.derivedData/Build/Products/Debug-watchos
CreateBuildDirectory /Users/admin/builder/spi-builder-workspace/.derivedData/Build/Products/Debug-watchos/PackageFrameworks
cd /Users/admin/builder/spi-builder-workspace/.swiftpm/xcode
builtin-create-build-directory /Users/admin/builder/spi-builder-workspace/.derivedData/Build/Products/Debug-watchos/PackageFrameworks
WriteAuxiliaryFile /Users/admin/builder/spi-builder-workspace/.derivedData/Build/Intermediates.noindex/MetabookSDK.build/Debug-watchos/MetabookSDK-t.build/MetabookSDK.modulemap (in target 'MetabookSDK' from project 'MetabookSDK')
cd /Users/admin/builder/spi-builder-workspace
write-file /Users/admin/builder/spi-builder-workspace/.derivedData/Build/Intermediates.noindex/MetabookSDK.build/Debug-watchos/MetabookSDK-t.build/MetabookSDK.modulemap
WriteAuxiliaryFile /Users/admin/builder/spi-builder-workspace/.derivedData/Build/Intermediates.noindex/MetabookSDK.build/Debug-watchos/MetabookSDK-t.build/Objects-normal/arm64_32/MetabookSDK_const_extract_protocols.json (in target 'MetabookSDK' from project 'MetabookSDK')
cd /Users/admin/builder/spi-builder-workspace
write-file /Users/admin/builder/spi-builder-workspace/.derivedData/Build/Intermediates.noindex/MetabookSDK.build/Debug-watchos/MetabookSDK-t.build/Objects-normal/arm64_32/MetabookSDK_const_extract_protocols.json
WriteAuxiliaryFile /Users/admin/builder/spi-builder-workspace/.derivedData/Build/Intermediates.noindex/MetabookSDK.build/Debug-watchos/MetabookSDK-t.build/Objects-normal/arm64_32/MetabookSDK-OutputFileMap.json (in target 'MetabookSDK' from project 'MetabookSDK')
cd /Users/admin/builder/spi-builder-workspace
write-file /Users/admin/builder/spi-builder-workspace/.derivedData/Build/Intermediates.noindex/MetabookSDK.build/Debug-watchos/MetabookSDK-t.build/Objects-normal/arm64_32/MetabookSDK-OutputFileMap.json
WriteAuxiliaryFile /Users/admin/builder/spi-builder-workspace/.derivedData/Build/Intermediates.noindex/MetabookSDK.build/Debug-watchos/MetabookSDK-t.build/Objects-normal/arm64/MetabookSDK_const_extract_protocols.json (in target 'MetabookSDK' from project 'MetabookSDK')
cd /Users/admin/builder/spi-builder-workspace
write-file /Users/admin/builder/spi-builder-workspace/.derivedData/Build/Intermediates.noindex/MetabookSDK.build/Debug-watchos/MetabookSDK-t.build/Objects-normal/arm64/MetabookSDK_const_extract_protocols.json
WriteAuxiliaryFile /Users/admin/builder/spi-builder-workspace/.derivedData/Build/Intermediates.noindex/MetabookSDK.build/Debug-watchos/MetabookSDK-t.build/Objects-normal/arm64_32/MetabookSDK.LinkFileList (in target 'MetabookSDK' from project 'MetabookSDK')
cd /Users/admin/builder/spi-builder-workspace
write-file /Users/admin/builder/spi-builder-workspace/.derivedData/Build/Intermediates.noindex/MetabookSDK.build/Debug-watchos/MetabookSDK-t.build/Objects-normal/arm64_32/MetabookSDK.LinkFileList
WriteAuxiliaryFile /Users/admin/builder/spi-builder-workspace/.derivedData/Build/Intermediates.noindex/MetabookSDK.build/Debug-watchos/MetabookSDK-t.build/Objects-normal/arm64/MetabookSDK.SwiftConstValuesFileList (in target 'MetabookSDK' from project 'MetabookSDK')
cd /Users/admin/builder/spi-builder-workspace
write-file /Users/admin/builder/spi-builder-workspace/.derivedData/Build/Intermediates.noindex/MetabookSDK.build/Debug-watchos/MetabookSDK-t.build/Objects-normal/arm64/MetabookSDK.SwiftConstValuesFileList
WriteAuxiliaryFile /Users/admin/builder/spi-builder-workspace/.derivedData/Build/Intermediates.noindex/MetabookSDK.build/Debug-watchos/MetabookSDK-t.build/Objects-normal/arm64_32/MetabookSDK.SwiftConstValuesFileList (in target 'MetabookSDK' from project 'MetabookSDK')
cd /Users/admin/builder/spi-builder-workspace
write-file /Users/admin/builder/spi-builder-workspace/.derivedData/Build/Intermediates.noindex/MetabookSDK.build/Debug-watchos/MetabookSDK-t.build/Objects-normal/arm64_32/MetabookSDK.SwiftConstValuesFileList
WriteAuxiliaryFile /Users/admin/builder/spi-builder-workspace/.derivedData/Build/Intermediates.noindex/MetabookSDK.build/Debug-watchos/MetabookSDK-t.build/Objects-normal/arm64/MetabookSDK.SwiftFileList (in target 'MetabookSDK' from project 'MetabookSDK')
cd /Users/admin/builder/spi-builder-workspace
write-file /Users/admin/builder/spi-builder-workspace/.derivedData/Build/Intermediates.noindex/MetabookSDK.build/Debug-watchos/MetabookSDK-t.build/Objects-normal/arm64/MetabookSDK.SwiftFileList
WriteAuxiliaryFile /Users/admin/builder/spi-builder-workspace/.derivedData/Build/Intermediates.noindex/MetabookSDK.build/Debug-watchos/MetabookSDK-t.build/Objects-normal/arm64_32/MetabookSDK.SwiftFileList (in target 'MetabookSDK' from project 'MetabookSDK')
cd /Users/admin/builder/spi-builder-workspace
write-file /Users/admin/builder/spi-builder-workspace/.derivedData/Build/Intermediates.noindex/MetabookSDK.build/Debug-watchos/MetabookSDK-t.build/Objects-normal/arm64_32/MetabookSDK.SwiftFileList
WriteAuxiliaryFile /Users/admin/builder/spi-builder-workspace/.derivedData/Build/Intermediates.noindex/MetabookSDK.build/Debug-watchos/MetabookSDK-t.build/Objects-normal/arm64/MetabookSDK.LinkFileList (in target 'MetabookSDK' from project 'MetabookSDK')
cd /Users/admin/builder/spi-builder-workspace
write-file /Users/admin/builder/spi-builder-workspace/.derivedData/Build/Intermediates.noindex/MetabookSDK.build/Debug-watchos/MetabookSDK-t.build/Objects-normal/arm64/MetabookSDK.LinkFileList
WriteAuxiliaryFile /Users/admin/builder/spi-builder-workspace/.derivedData/Build/Intermediates.noindex/MetabookSDK.build/Debug-watchos/MetabookSDK-t.build/Objects-normal/arm64/MetabookSDK-OutputFileMap.json (in target 'MetabookSDK' from project 'MetabookSDK')
cd /Users/admin/builder/spi-builder-workspace
write-file /Users/admin/builder/spi-builder-workspace/.derivedData/Build/Intermediates.noindex/MetabookSDK.build/Debug-watchos/MetabookSDK-t.build/Objects-normal/arm64/MetabookSDK-OutputFileMap.json
WriteAuxiliaryFile /Users/admin/builder/spi-builder-workspace/.derivedData/Build/Intermediates.noindex/MetabookSDK.build/Debug-watchos/MetabookSDK-t.build/MetabookSDK.DependencyStaticMetadataFileList (in target 'MetabookSDK' from project 'MetabookSDK')
cd /Users/admin/builder/spi-builder-workspace
write-file /Users/admin/builder/spi-builder-workspace/.derivedData/Build/Intermediates.noindex/MetabookSDK.build/Debug-watchos/MetabookSDK-t.build/MetabookSDK.DependencyStaticMetadataFileList
WriteAuxiliaryFile /Users/admin/builder/spi-builder-workspace/.derivedData/Build/Intermediates.noindex/MetabookSDK.build/Debug-watchos/MetabookSDK-t.build/MetabookSDK.DependencyMetadataFileList (in target 'MetabookSDK' from project 'MetabookSDK')
cd /Users/admin/builder/spi-builder-workspace
write-file /Users/admin/builder/spi-builder-workspace/.derivedData/Build/Intermediates.noindex/MetabookSDK.build/Debug-watchos/MetabookSDK-t.build/MetabookSDK.DependencyMetadataFileList
Copy /Users/admin/builder/spi-builder-workspace/.derivedData/Build/Intermediates.noindex/GeneratedModuleMaps-watchos/MetabookSDK.modulemap /Users/admin/builder/spi-builder-workspace/.derivedData/Build/Intermediates.noindex/MetabookSDK.build/Debug-watchos/MetabookSDK-t.build/MetabookSDK.modulemap (in target 'MetabookSDK' from project 'MetabookSDK')
cd /Users/admin/builder/spi-builder-workspace
builtin-copy -exclude .DS_Store -exclude CVS -exclude .svn -exclude .git -exclude .hg -resolve-src-symlinks /Users/admin/builder/spi-builder-workspace/.derivedData/Build/Intermediates.noindex/MetabookSDK.build/Debug-watchos/MetabookSDK-t.build/MetabookSDK.modulemap /Users/admin/builder/spi-builder-workspace/.derivedData/Build/Intermediates.noindex/GeneratedModuleMaps-watchos
SwiftDriver MetabookSDK normal arm64_32 com.apple.xcode.tools.swift.compiler (in target 'MetabookSDK' from project 'MetabookSDK')
cd /Users/admin/builder/spi-builder-workspace/.swiftpm/xcode
builtin-SwiftDriver -- /Applications/Xcode-27.0.0-Release.Candidate.app/Contents/Developer/Toolchains/XcodeDefault.xctoolchain/usr/bin/swiftc -parse-as-library -module-name MetabookSDK -Onone @/Users/admin/builder/spi-builder-workspace/.derivedData/Build/Intermediates.noindex/MetabookSDK.build/Debug-watchos/MetabookSDK-t.build/Objects-normal/arm64_32/MetabookSDK.SwiftFileList -DSWIFT_PACKAGE -DDEBUG -DSWIFT_MODULE_RESOURCE_BUNDLE_UNAVAILABLE -DXcode -plugin-path /Applications/Xcode-27.0.0-Release.Candidate.app/Contents/Developer/Toolchains/XcodeDefault.xctoolchain/usr/lib/swift/host/plugins/testing -enable-experimental-feature DebugDescriptionMacro -sdk /Applications/Xcode-27.0.0-Release.Candidate.app/Contents/Developer/Platforms/WatchOS.platform/Developer/SDKs/WatchOS27.0.sdk -target arm64_32-apple-watchos10.0 -g -module-cache-path /Users/admin/builder/spi-builder-workspace/.derivedData/ModuleCache.noindex -Xfrontend -serialize-debugging-options -profile-coverage-mapping -profile-generate -enable-testing -index-store-path /Users/admin/builder/spi-builder-workspace/.derivedData/Index.noindex/DataStore -Xcc -D_LIBCPP_HARDENING_MODE\=_LIBCPP_HARDENING_MODE_DEBUG -swift-version 6 -I /Users/admin/builder/spi-builder-workspace/.derivedData/Build/Products/Debug-watchos -Isystem /Applications/Xcode-27.0.0-Release.Candidate.app/Contents/Developer/Platforms/WatchOS.platform/Developer/usr/lib -F /Users/admin/builder/spi-builder-workspace/.derivedData/Build/Products/Debug-watchos -F /Applications/Xcode-27.0.0-Release.Candidate.app/Contents/Developer/Platforms/WatchOS.platform/Developer/Library/Frameworks -F /Applications/Xcode-27.0.0-Release.Candidate.app/Contents/Developer/Platforms/WatchOS.platform/Developer/SDKs/WatchOS27.0.sdk/Developer/Library/Frameworks -c -j10 -enable-batch-mode -incremental -Xcc -ivfsstatcache -Xcc /Users/admin/builder/spi-builder-workspace/.derivedData/SDKStatCaches.noindex/watchos27.0-24R360-e829b21a6f8c9b70876ba0858053c04477534ef55a1706bf4c1112bbb242f0a2.sdkstatcache -output-file-map /Users/admin/builder/spi-builder-workspace/.derivedData/Build/Intermediates.noindex/MetabookSDK.build/Debug-watchos/MetabookSDK-t.build/Objects-normal/arm64_32/MetabookSDK-OutputFileMap.json -save-temps -no-color-diagnostics -explicit-module-build -module-cache-path /Users/admin/builder/spi-builder-workspace/.derivedData/Build/Intermediates.noindex/SwiftExplicitPrecompiledModules -clang-scanner-module-cache-path /Users/admin/builder/spi-builder-workspace/.derivedData/ModuleCache.noindex -sdk-module-cache-path /Users/admin/builder/spi-builder-workspace/.derivedData/SDKExplicitPrecompiledModules -emit-dependencies -emit-module -emit-module-path /Users/admin/builder/spi-builder-workspace/.derivedData/Build/Intermediates.noindex/MetabookSDK.build/Debug-watchos/MetabookSDK-t.build/Objects-normal/arm64_32/MetabookSDK.swiftmodule -serialize-diagnostics -dependency-scan-serialize-diagnostics-path /Users/admin/builder/spi-builder-workspace/.derivedData/Build/Intermediates.noindex/MetabookSDK.build/Debug-watchos/MetabookSDK-t.build/Objects-normal/arm64_32/MetabookSDK-dependency-scan.dia -validate-clang-modules-once -clang-build-session-file /Users/admin/builder/spi-builder-workspace/.derivedData/ModuleCache.noindex/Session.modulevalidation -Xcc -fmodules-prune-interval\=86400 -Xcc -fmodules-prune-after\=345600 -package-name spi_builder_workspace -emit-const-values -const-gather-protocols-list /Users/admin/builder/spi-builder-workspace/.derivedData/Build/Intermediates.noindex/MetabookSDK.build/Debug-watchos/MetabookSDK-t.build/Objects-normal/arm64_32/MetabookSDK_const_extract_protocols.json -Xcc -I/Users/admin/builder/spi-builder-workspace/.derivedData/Build/Products/Debug-watchos/include -Xcc -I/Users/admin/builder/spi-builder-workspace/.derivedData/Build/Intermediates.noindex/MetabookSDK.build/Debug-watchos/MetabookSDK-t.build/DerivedSources-normal/arm64_32 -Xcc -I/Users/admin/builder/spi-builder-workspace/.derivedData/Build/Intermediates.noindex/MetabookSDK.build/Debug-watchos/MetabookSDK-t.build/DerivedSources/arm64_32 -Xcc -I/Users/admin/builder/spi-builder-workspace/.derivedData/Build/Intermediates.noindex/MetabookSDK.build/Debug-watchos/MetabookSDK-t.build/DerivedSources -Xcc -DSWIFT_PACKAGE -Xcc -DDEBUG\=1 -emit-objc-header -emit-objc-header-path /Users/admin/builder/spi-builder-workspace/.derivedData/Build/Intermediates.noindex/MetabookSDK.build/Debug-watchos/MetabookSDK-t.build/Objects-normal/arm64_32/MetabookSDK-Swift.h -working-directory /Users/admin/builder/spi-builder-workspace/.swiftpm/xcode -experimental-emit-module-separately -disable-cmo
SwiftDriver MetabookSDK normal arm64 com.apple.xcode.tools.swift.compiler (in target 'MetabookSDK' from project 'MetabookSDK')
cd /Users/admin/builder/spi-builder-workspace/.swiftpm/xcode
builtin-SwiftDriver -- /Applications/Xcode-27.0.0-Release.Candidate.app/Contents/Developer/Toolchains/XcodeDefault.xctoolchain/usr/bin/swiftc -parse-as-library -module-name MetabookSDK -Onone @/Users/admin/builder/spi-builder-workspace/.derivedData/Build/Intermediates.noindex/MetabookSDK.build/Debug-watchos/MetabookSDK-t.build/Objects-normal/arm64/MetabookSDK.SwiftFileList -DSWIFT_PACKAGE -DDEBUG -DSWIFT_MODULE_RESOURCE_BUNDLE_UNAVAILABLE -DXcode -plugin-path /Applications/Xcode-27.0.0-Release.Candidate.app/Contents/Developer/Toolchains/XcodeDefault.xctoolchain/usr/lib/swift/host/plugins/testing -enable-experimental-feature DebugDescriptionMacro -sdk /Applications/Xcode-27.0.0-Release.Candidate.app/Contents/Developer/Platforms/WatchOS.platform/Developer/SDKs/WatchOS27.0.sdk -target arm64-apple-watchos10.0 -g -module-cache-path /Users/admin/builder/spi-builder-workspace/.derivedData/ModuleCache.noindex -Xfrontend -serialize-debugging-options -profile-coverage-mapping -profile-generate -enable-testing -index-store-path /Users/admin/builder/spi-builder-workspace/.derivedData/Index.noindex/DataStore -Xcc -D_LIBCPP_HARDENING_MODE\=_LIBCPP_HARDENING_MODE_DEBUG -swift-version 6 -I /Users/admin/builder/spi-builder-workspace/.derivedData/Build/Products/Debug-watchos -Isystem /Applications/Xcode-27.0.0-Release.Candidate.app/Contents/Developer/Platforms/WatchOS.platform/Developer/usr/lib -F /Users/admin/builder/spi-builder-workspace/.derivedData/Build/Products/Debug-watchos -F /Applications/Xcode-27.0.0-Release.Candidate.app/Contents/Developer/Platforms/WatchOS.platform/Developer/Library/Frameworks -F /Applications/Xcode-27.0.0-Release.Candidate.app/Contents/Developer/Platforms/WatchOS.platform/Developer/SDKs/WatchOS27.0.sdk/Developer/Library/Frameworks -c -j10 -enable-batch-mode -incremental -Xcc -ivfsstatcache -Xcc /Users/admin/builder/spi-builder-workspace/.derivedData/SDKStatCaches.noindex/watchos27.0-24R360-e829b21a6f8c9b70876ba0858053c04477534ef55a1706bf4c1112bbb242f0a2.sdkstatcache -output-file-map /Users/admin/builder/spi-builder-workspace/.derivedData/Build/Intermediates.noindex/MetabookSDK.build/Debug-watchos/MetabookSDK-t.build/Objects-normal/arm64/MetabookSDK-OutputFileMap.json -save-temps -no-color-diagnostics -explicit-module-build -module-cache-path /Users/admin/builder/spi-builder-workspace/.derivedData/Build/Intermediates.noindex/SwiftExplicitPrecompiledModules -clang-scanner-module-cache-path /Users/admin/builder/spi-builder-workspace/.derivedData/ModuleCache.noindex -sdk-module-cache-path /Users/admin/builder/spi-builder-workspace/.derivedData/SDKExplicitPrecompiledModules -emit-dependencies -emit-module -emit-module-path /Users/admin/builder/spi-builder-workspace/.derivedData/Build/Intermediates.noindex/MetabookSDK.build/Debug-watchos/MetabookSDK-t.build/Objects-normal/arm64/MetabookSDK.swiftmodule -serialize-diagnostics -dependency-scan-serialize-diagnostics-path /Users/admin/builder/spi-builder-workspace/.derivedData/Build/Intermediates.noindex/MetabookSDK.build/Debug-watchos/MetabookSDK-t.build/Objects-normal/arm64/MetabookSDK-dependency-scan.dia -validate-clang-modules-once -clang-build-session-file /Users/admin/builder/spi-builder-workspace/.derivedData/ModuleCache.noindex/Session.modulevalidation -Xcc -fmodules-prune-interval\=86400 -Xcc -fmodules-prune-after\=345600 -package-name spi_builder_workspace -emit-const-values -const-gather-protocols-list /Users/admin/builder/spi-builder-workspace/.derivedData/Build/Intermediates.noindex/MetabookSDK.build/Debug-watchos/MetabookSDK-t.build/Objects-normal/arm64/MetabookSDK_const_extract_protocols.json -Xcc -I/Users/admin/builder/spi-builder-workspace/.derivedData/Build/Products/Debug-watchos/include -Xcc -I/Users/admin/builder/spi-builder-workspace/.derivedData/Build/Intermediates.noindex/MetabookSDK.build/Debug-watchos/MetabookSDK-t.build/DerivedSources-normal/arm64 -Xcc -I/Users/admin/builder/spi-builder-workspace/.derivedData/Build/Intermediates.noindex/MetabookSDK.build/Debug-watchos/MetabookSDK-t.build/DerivedSources/arm64 -Xcc -I/Users/admin/builder/spi-builder-workspace/.derivedData/Build/Intermediates.noindex/MetabookSDK.build/Debug-watchos/MetabookSDK-t.build/DerivedSources -Xcc -DSWIFT_PACKAGE -Xcc -DDEBUG\=1 -emit-objc-header -emit-objc-header-path /Users/admin/builder/spi-builder-workspace/.derivedData/Build/Intermediates.noindex/MetabookSDK.build/Debug-watchos/MetabookSDK-t.build/Objects-normal/arm64/MetabookSDK-Swift.h -working-directory /Users/admin/builder/spi-builder-workspace/.swiftpm/xcode -experimental-emit-module-separately -disable-cmo
SwiftExplicitDependencyGeneratePcm arm64 /Users/admin/builder/spi-builder-workspace/.derivedData/SDKExplicitPrecompiledModules/SwiftShims-AJ4AZYHQNC33R5RLN7AGEIOMP.pcm
SwiftExplicitDependencyGeneratePcm arm64 /Users/admin/builder/spi-builder-workspace/.derivedData/SDKExplicitPrecompiledModules/_Builtin_float-E4M4A8689VXF1T7P7BV56IKBT.pcm
SwiftExplicitDependencyGeneratePcm arm64 /Users/admin/builder/spi-builder-workspace/.derivedData/SDKExplicitPrecompiledModules/_Builtin_stdarg-3X4KLXUYEI0UGBILP4X7D0CYW.pcm
SwiftExplicitDependencyGeneratePcm arm64 /Users/admin/builder/spi-builder-workspace/.derivedData/SDKExplicitPrecompiledModules/_Builtin_stdbool-B692L2PMR118794VVYBG37897.pcm
SwiftExplicitDependencyGeneratePcm arm64 /Users/admin/builder/spi-builder-workspace/.derivedData/SDKExplicitPrecompiledModules/DeveloperToolsSupport-CL5QT3CW0ZM498PFTWG64QMLA.pcm
SwiftExplicitDependencyGeneratePcm arm64 /Users/admin/builder/spi-builder-workspace/.derivedData/SDKExplicitPrecompiledModules/_Builtin_stddef-5OH846KKUPSJJT7GCX9XU1TKG.pcm
SwiftExplicitDependencyGeneratePcm arm64 /Users/admin/builder/spi-builder-workspace/.derivedData/SDKExplicitPrecompiledModules/_AvailabilityInternal-42EVAC8Q6P1ZT6G3A168N97G4.pcm
SwiftExplicitDependencyGeneratePcm arm64 /Users/admin/builder/spi-builder-workspace/.derivedData/SDKExplicitPrecompiledModules/ptrauth-C7VQASAJ967Q4Q6SRD4I3CFWZ.pcm
SwiftExplicitDependencyGeneratePcm arm64 /Users/admin/builder/spi-builder-workspace/.derivedData/SDKExplicitPrecompiledModules/_SwiftConcurrencyShims-CTPSFSTDCBVSSQFHL6I305U72.pcm
SwiftExplicitDependencyGeneratePcm arm64_32 /Users/admin/builder/spi-builder-workspace/.derivedData/SDKExplicitPrecompiledModules/_Builtin_stdbool-84ZA1VDW90AGWZ2LF5KOCM8DZ.pcm
SwiftExplicitDependencyGeneratePcm arm64_32 /Users/admin/builder/spi-builder-workspace/.derivedData/SDKExplicitPrecompiledModules/_AvailabilityInternal-22ZP1ILSQW16KHXZS5GBZHOCS.pcm
SwiftExplicitDependencyGeneratePcm arm64_32 /Users/admin/builder/spi-builder-workspace/.derivedData/SDKExplicitPrecompiledModules/_Builtin_stdarg-EYJP6DFYQL9GJLH1TJ84A8MHV.pcm
SwiftExplicitDependencyGeneratePcm arm64_32 /Users/admin/builder/spi-builder-workspace/.derivedData/SDKExplicitPrecompiledModules/_SwiftConcurrencyShims-58G4ISYSYDV3AT1DDGEE0QCUF.pcm
SwiftExplicitDependencyGeneratePcm arm64_32 /Users/admin/builder/spi-builder-workspace/.derivedData/SDKExplicitPrecompiledModules/_Builtin_float-372PLGDQ1U3B6Z5EA5DJMDORJ.pcm
SwiftExplicitDependencyGeneratePcm arm64_32 /Users/admin/builder/spi-builder-workspace/.derivedData/SDKExplicitPrecompiledModules/_Builtin_stddef-2F9BFIPBQ5EWNSK5G7G7V4EKL.pcm
SwiftExplicitDependencyGeneratePcm arm64 /Users/admin/builder/spi-builder-workspace/.derivedData/SDKExplicitPrecompiledModules/ptrcheck-8K07997SIHO7YGY7UQ3LOQ3TJ.pcm
SwiftExplicitDependencyGeneratePcm arm64_32 /Users/admin/builder/spi-builder-workspace/.derivedData/SDKExplicitPrecompiledModules/ptrauth-EW7YZZ7LEZE1QZF2T8148IPSA.pcm
SwiftExplicitDependencyGeneratePcm arm64_32 /Users/admin/builder/spi-builder-workspace/.derivedData/SDKExplicitPrecompiledModules/SwiftShims-D9VBB138U50XYYGW2C2V21N3L.pcm
SwiftExplicitDependencyGeneratePcm arm64_32 /Users/admin/builder/spi-builder-workspace/.derivedData/SDKExplicitPrecompiledModules/ptrcheck-EAZ3I917ZFA9H6ZCL6PGLG4TR.pcm
SwiftExplicitDependencyGeneratePcm arm64_32 /Users/admin/builder/spi-builder-workspace/.derivedData/SDKExplicitPrecompiledModules/DeveloperToolsSupport-3FQKKPF3BW0SWE1YUZ86OZWIB.pcm
SwiftExplicitDependencyGeneratePcm arm64 /Users/admin/builder/spi-builder-workspace/.derivedData/SDKExplicitPrecompiledModules/_DarwinFoundation1-7YQ9TVI7XTOGQU9OADRXP33D1.pcm
SwiftExplicitDependencyGeneratePcm arm64_32 /Users/admin/builder/spi-builder-workspace/.derivedData/SDKExplicitPrecompiledModules/_DarwinFoundation1-5SNIO0SFHX9KJZTLQGIPAPXUZ.pcm
SwiftExplicitDependencyGeneratePcm arm64 /Users/admin/builder/spi-builder-workspace/.derivedData/SDKExplicitPrecompiledModules/_DarwinFoundation2-CUPL4FH2SA95GMALQP4M6O8UA.pcm
SwiftExplicitDependencyGeneratePcm arm64 /Users/admin/builder/spi-builder-workspace/.derivedData/SDKExplicitPrecompiledModules/_Builtin_limits-75TRA1C7IHYOFCG3KJXQVTHJ4.pcm
SwiftExplicitDependencyGeneratePcm arm64_32 /Users/admin/builder/spi-builder-workspace/.derivedData/SDKExplicitPrecompiledModules/_Builtin_limits-AQMEC9CLG0FZQN6TLGDQ6WF78.pcm
SwiftExplicitDependencyGeneratePcm arm64_32 /Users/admin/builder/spi-builder-workspace/.derivedData/SDKExplicitPrecompiledModules/_DarwinFoundation2-FP2Q8F1Q2HR151SBYKTU6Q8B.pcm
SwiftExplicitDependencyGeneratePcm arm64 /Users/admin/builder/spi-builder-workspace/.derivedData/SDKExplicitPrecompiledModules/_Builtin_tgmath-7JP2AE1NQHA1DV5JYP2OHQ3BF.pcm
SwiftExplicitDependencyGeneratePcm arm64 /Users/admin/builder/spi-builder-workspace/.derivedData/SDKExplicitPrecompiledModules/sys_types-9KPVYINL86WUSHF45TU8PWZZ1.pcm
SwiftExplicitDependencyGeneratePcm arm64 /Users/admin/builder/spi-builder-workspace/.derivedData/SDKExplicitPrecompiledModules/string_h-4N9Z22C0HUO8GV7GFPCLZRZA2.pcm
SwiftExplicitDependencyGeneratePcm arm64_32 /Users/admin/builder/spi-builder-workspace/.derivedData/SDKExplicitPrecompiledModules/sys_types-65NN51P1G7GN2GUAUPC53JJ7N.pcm
SwiftExplicitDependencyGeneratePcm arm64_32 /Users/admin/builder/spi-builder-workspace/.derivedData/SDKExplicitPrecompiledModules/_Builtin_tgmath-414CVW1GW3IL0HRLCNNCS6Q0U.pcm
SwiftExplicitDependencyGeneratePcm arm64 /Users/admin/builder/spi-builder-workspace/.derivedData/SDKExplicitPrecompiledModules/_Builtin_stdint-6TUACK4YPMARFT56PLIO388SJ.pcm
SwiftExplicitDependencyGeneratePcm arm64_32 /Users/admin/builder/spi-builder-workspace/.derivedData/SDKExplicitPrecompiledModules/_Builtin_stdint-6IWJLTRH2WB6RCG4THPA65RDS.pcm
SwiftExplicitDependencyGeneratePcm arm64_32 /Users/admin/builder/spi-builder-workspace/.derivedData/SDKExplicitPrecompiledModules/string_h-8QY7P4ZQXQAF14WVDITTM4R70.pcm
SwiftExplicitDependencyGeneratePcm arm64_32 /Users/admin/builder/spi-builder-workspace/.derivedData/SDKExplicitPrecompiledModules/_Builtin_intrinsics-2K07JIG9ZANIKHSNPO3O6L1K6.pcm
SwiftExplicitDependencyGeneratePcm arm64_32 /Users/admin/builder/spi-builder-workspace/.derivedData/SDKExplicitPrecompiledModules/_DarwinFoundation3-3YOBOPIW2MF1LRNQH7JBUBY4G.pcm
SwiftExplicitDependencyGeneratePcm arm64_32 /Users/admin/builder/spi-builder-workspace/.derivedData/SDKExplicitPrecompiledModules/_Builtin_stdatomic-D2FE5M7JS5NQA5JDADVERWJM4.pcm
SwiftExplicitDependencyGeneratePcm arm64 /Users/admin/builder/spi-builder-workspace/.derivedData/SDKExplicitPrecompiledModules/_DarwinFoundation3-EJXZKD8LN9EYM9OWP9VLJ49PK.pcm
SwiftExplicitDependencyGeneratePcm arm64 /Users/admin/builder/spi-builder-workspace/.derivedData/SDKExplicitPrecompiledModules/_Builtin_stdatomic-25T9UW3XDYID74302F31PX0RP.pcm
SwiftExplicitDependencyGeneratePcm arm64 /Users/admin/builder/spi-builder-workspace/.derivedData/SDKExplicitPrecompiledModules/_Builtin_intrinsics-SQV576LJA0QE7RW5HF7CQ1BX.pcm
SwiftExplicitDependencyGeneratePcm arm64_32 /Users/admin/builder/spi-builder-workspace/.derivedData/SDKExplicitPrecompiledModules/_Builtin_inttypes-BPZJ68HW1IMYWSHROAZ0IMUJP.pcm
SwiftExplicitDependencyGeneratePcm arm64 /Users/admin/builder/spi-builder-workspace/.derivedData/SDKExplicitPrecompiledModules/_Builtin_inttypes-86YTNV5YADPJXFMJ82N3R4GWQ.pcm
SwiftExplicitDependencyGeneratePcm arm64_32 /Users/admin/builder/spi-builder-workspace/.derivedData/SDKExplicitPrecompiledModules/Darwin-10D35ZJWCWG7LJAF579U7I5V7.pcm
SwiftExplicitDependencyGeneratePcm arm64 /Users/admin/builder/spi-builder-workspace/.derivedData/SDKExplicitPrecompiledModules/Darwin-CSB8C43KELVSFIQVR0803IZPN.pcm
SwiftExplicitDependencyGeneratePcm arm64 /Users/admin/builder/spi-builder-workspace/.derivedData/SDKExplicitPrecompiledModules/simd-2C11HKTI5TJB05T724EWNFZXD.pcm
SwiftExplicitDependencyGeneratePcm arm64_32 /Users/admin/builder/spi-builder-workspace/.derivedData/SDKExplicitPrecompiledModules/simd-1W6O8NR1QUSWJGAN44DNNWVHX.pcm
SwiftExplicitDependencyGeneratePcm arm64 /Users/admin/builder/spi-builder-workspace/.derivedData/SDKExplicitPrecompiledModules/ObjectiveC-22CZPC4WYQC9G8T393WT2KKLW.pcm
SwiftExplicitDependencyGeneratePcm arm64 /Users/admin/builder/spi-builder-workspace/.derivedData/SDKExplicitPrecompiledModules/MachO-4RYXFVY68ZDEUZYFMVL57WEKU.pcm
SwiftExplicitDependencyGeneratePcm arm64_32 /Users/admin/builder/spi-builder-workspace/.derivedData/SDKExplicitPrecompiledModules/MachO-F47JQRYVH1SLPOQSJD8RK9MSX.pcm
SwiftExplicitDependencyGeneratePcm arm64_32 /Users/admin/builder/spi-builder-workspace/.derivedData/SDKExplicitPrecompiledModules/ObjectiveC-71AGZNHLBMR2QK817EJNUN54E.pcm
SwiftExplicitDependencyGeneratePcm arm64 /Users/admin/builder/spi-builder-workspace/.derivedData/SDKExplicitPrecompiledModules/os_object-6KYGGZ4DPVZ3BBAZ6QICZN8LI.pcm
SwiftExplicitDependencyGeneratePcm arm64_32 /Users/admin/builder/spi-builder-workspace/.derivedData/SDKExplicitPrecompiledModules/os_object-CTXVQBCWDOH6JHUXIFDUOWFRL.pcm
SwiftExplicitDependencyGeneratePcm arm64 /Users/admin/builder/spi-builder-workspace/.derivedData/SDKExplicitPrecompiledModules/os_workgroup-AHE7ULDQBKER38CYPIKDTZF4M.pcm
SwiftExplicitDependencyGeneratePcm arm64_32 /Users/admin/builder/spi-builder-workspace/.derivedData/SDKExplicitPrecompiledModules/os_workgroup-9L9R05BT5LTFRZ2NM68BZTVV2.pcm
SwiftExplicitDependencyGeneratePcm arm64_32 /Users/admin/builder/spi-builder-workspace/.derivedData/SDKExplicitPrecompiledModules/Spatial-4XS0QRL16224ZE9KE9TMKASKT.pcm
SwiftExplicitDependencyGeneratePcm arm64 /Users/admin/builder/spi-builder-workspace/.derivedData/SDKExplicitPrecompiledModules/Spatial-EZKKX4XFW72RZCTOIG80Z93AP.pcm
SwiftExplicitDependencyGeneratePcm arm64 /Users/admin/builder/spi-builder-workspace/.derivedData/SDKExplicitPrecompiledModules/Dispatch-39VR0G01IUJ09PQKMFGOHXZ4L.pcm
SwiftExplicitDependencyGeneratePcm arm64_32 /Users/admin/builder/spi-builder-workspace/.derivedData/SDKExplicitPrecompiledModules/Dispatch-CGIMI9KQKHNRQHR2IECIPRG14.pcm
SwiftExplicitDependencyGeneratePcm arm64_32 /Users/admin/builder/spi-builder-workspace/.derivedData/SDKExplicitPrecompiledModules/XPC-7SLKI45KYLKXH9QET2WYS3UZ4.pcm
SwiftExplicitDependencyGeneratePcm arm64 /Users/admin/builder/spi-builder-workspace/.derivedData/SDKExplicitPrecompiledModules/CoreFoundation-59XKO8YNRGGYNC5U5LK8B4EM.pcm
SwiftExplicitDependencyGeneratePcm arm64_32 /Users/admin/builder/spi-builder-workspace/.derivedData/SDKExplicitPrecompiledModules/CoreFoundation-76B9WJP9MDYT33HZQVSNNZQZD.pcm
SwiftExplicitDependencyGeneratePcm arm64 /Users/admin/builder/spi-builder-workspace/.derivedData/SDKExplicitPrecompiledModules/XPC-650JAZBTM6I0OMHYO6CKM0CWJ.pcm
SwiftExplicitDependencyGeneratePcm arm64 /Users/admin/builder/spi-builder-workspace/.derivedData/SDKExplicitPrecompiledModules/os-6BCTB8I5DCBBKFJ0Y0G4WQDDJ.pcm
SwiftExplicitDependencyGeneratePcm arm64_32 /Users/admin/builder/spi-builder-workspace/.derivedData/SDKExplicitPrecompiledModules/os-D9NWGT7PQGY2OD43XMA2KGLJK.pcm
SwiftExplicitDependencyGeneratePcm arm64_32 /Users/admin/builder/spi-builder-workspace/.derivedData/SDKExplicitPrecompiledModules/CoreGraphics-A4WOQTM8SYZAQP223LI6RRPEK.pcm
SwiftExplicitDependencyGeneratePcm arm64_32 /Users/admin/builder/spi-builder-workspace/.derivedData/SDKExplicitPrecompiledModules/CoreAudioTypes-AY6JAXDJMW2FLVG4UD79375PW.pcm
SwiftExplicitDependencyGeneratePcm arm64_32 /Users/admin/builder/spi-builder-workspace/.derivedData/SDKExplicitPrecompiledModules/Security-1W411BS4UH2UNMNII2341429S.pcm
SwiftExplicitDependencyGeneratePcm arm64 /Users/admin/builder/spi-builder-workspace/.derivedData/SDKExplicitPrecompiledModules/CoreAudioTypes-51SR7UBHOMSGMEPVFS6PLSR4M.pcm
SwiftExplicitDependencyGeneratePcm arm64 /Users/admin/builder/spi-builder-workspace/.derivedData/SDKExplicitPrecompiledModules/Security-69WNGEAVQP55EDBQHP3BLE8QU.pcm
SwiftExplicitDependencyGeneratePcm arm64 /Users/admin/builder/spi-builder-workspace/.derivedData/SDKExplicitPrecompiledModules/CoreGraphics-5488DA9QVJJ7QOFXPYOYIYFUX.pcm
SwiftExplicitDependencyGeneratePcm arm64 /Users/admin/builder/spi-builder-workspace/.derivedData/SDKExplicitPrecompiledModules/CoreAudio-368NRGVYQ33J8K75Y2DSNU06Y.pcm
SwiftExplicitDependencyGeneratePcm arm64_32 /Users/admin/builder/spi-builder-workspace/.derivedData/SDKExplicitPrecompiledModules/CoreAudio-1FTJGW5ZM9ZN5IKPBE4A9LGNF.pcm
SwiftExplicitDependencyGeneratePcm arm64_32 /Users/admin/builder/spi-builder-workspace/.derivedData/SDKExplicitPrecompiledModules/Foundation-AIQ30TCDC2B0LBUU6FPQZ0HWI.pcm
SwiftExplicitDependencyGeneratePcm arm64 /Users/admin/builder/spi-builder-workspace/.derivedData/SDKExplicitPrecompiledModules/Foundation-B3IXODHI7VO4VRX2RWRXLVJZT.pcm
SwiftExplicitDependencyGeneratePcm arm64_32 /Users/admin/builder/spi-builder-workspace/.derivedData/SDKExplicitPrecompiledModules/CoreText-34U50N378SZT64826L0B62MN6.pcm
SwiftExplicitDependencyGeneratePcm arm64_32 /Users/admin/builder/spi-builder-workspace/.derivedData/SDKExplicitPrecompiledModules/CoreVideo-BX0NALWCB2F1YOTF0NZGV9FWU.pcm
SwiftExplicitDependencyGeneratePcm arm64 /Users/admin/builder/spi-builder-workspace/.derivedData/SDKExplicitPrecompiledModules/CoreText-BEC0M2J7FJN53VXNFDZDKL9U2.pcm
SwiftExplicitDependencyGeneratePcm arm64 /Users/admin/builder/spi-builder-workspace/.derivedData/SDKExplicitPrecompiledModules/CoreVideo-2YRZ292TS6QDW2V2V92NZMPWM.pcm
SwiftExplicitDependencyGeneratePcm arm64_32 /Users/admin/builder/spi-builder-workspace/.derivedData/SDKExplicitPrecompiledModules/CoreMedia-CU8J9TNJY5EX43FQOPTAAHU29.pcm
SwiftExplicitDependencyGeneratePcm arm64 /Users/admin/builder/spi-builder-workspace/.derivedData/SDKExplicitPrecompiledModules/CoreMedia-EO02G285WTXB0RPNG3DP9O9VN.pcm
SwiftExplicitDependencyGeneratePcm arm64 /Users/admin/builder/spi-builder-workspace/.derivedData/SDKExplicitPrecompiledModules/QuartzCore-BRDP6VIMJ6A6HG4W4NYXZ8BI3.pcm
SwiftExplicitDependencyGeneratePcm arm64 /Users/admin/builder/spi-builder-workspace/.derivedData/SDKExplicitPrecompiledModules/CoreTransferable-EULYJN53RZTIP2D6F171CT1YZ.pcm
SwiftExplicitDependencyGeneratePcm arm64 /Users/admin/builder/spi-builder-workspace/.derivedData/SDKExplicitPrecompiledModules/UserNotifications-7VIERZPAA371031RT8VBKFYKJ.pcm
SwiftExplicitDependencyGeneratePcm arm64 /Users/admin/builder/spi-builder-workspace/.derivedData/SDKExplicitPrecompiledModules/UIUtilities-AR3EDJH6PMDGNUXQGV2JND65S.pcm
SwiftExplicitDependencyGeneratePcm arm64 /Users/admin/builder/spi-builder-workspace/.derivedData/SDKExplicitPrecompiledModules/Symbols-B8SNL2YULCKW9SYIL0T5QLMV.pcm
SwiftExplicitDependencyGeneratePcm arm64 /Users/admin/builder/spi-builder-workspace/.derivedData/SDKExplicitPrecompiledModules/SceneKit-4VPDXW2J8W40JMX88G7X30C4G.pcm
SwiftExplicitDependencyGeneratePcm arm64 /Users/admin/builder/spi-builder-workspace/.derivedData/SDKExplicitPrecompiledModules/OSLog-ESJZZ70KT229YQNKF5CWYQVLA.pcm
SwiftExplicitDependencyGeneratePcm arm64 /Users/admin/builder/spi-builder-workspace/.derivedData/SDKExplicitPrecompiledModules/UniformTypeIdentifiers-47SS6PHE8KOUZX5UOQUNKH397.pcm
SwiftExplicitDependencyGeneratePcm arm64 /Users/admin/builder/spi-builder-workspace/.derivedData/SDKExplicitPrecompiledModules/CoreData-DAEI6Z48P97TYC3SMMGLERAJ5.pcm
SwiftExplicitDependencyGeneratePcm arm64_32 /Users/admin/builder/spi-builder-workspace/.derivedData/SDKExplicitPrecompiledModules/Accessibility-BBXP8Z81UOB3UBBTO3GG9FEEO.pcm
SwiftExplicitDependencyGeneratePcm arm64_32 /Users/admin/builder/spi-builder-workspace/.derivedData/SDKExplicitPrecompiledModules/_LocationEssentials-1XWTF8V96VX3IAHKJO7PJZDU0.pcm
SwiftExplicitDependencyGeneratePcm arm64_32 /Users/admin/builder/spi-builder-workspace/.derivedData/SDKExplicitPrecompiledModules/Symbols-DP67QJL9W7VSYP70ZVEBE3KRT.pcm
SwiftExplicitDependencyGeneratePcm arm64_32 /Users/admin/builder/spi-builder-workspace/.derivedData/SDKExplicitPrecompiledModules/UserNotifications-F5AOMF9V2Y10QV8U00QNX8B7Q.pcm
SwiftExplicitDependencyGeneratePcm arm64_32 /Users/admin/builder/spi-builder-workspace/.derivedData/SDKExplicitPrecompiledModules/SceneKit-CLOM4E4D45A8A94N3QNHOVW3H.pcm
SwiftExplicitDependencyGeneratePcm arm64_32 /Users/admin/builder/spi-builder-workspace/.derivedData/SDKExplicitPrecompiledModules/DataDetection-8EDL8T61430CB5CU94L1E3L0C.pcm
SwiftExplicitDependencyGeneratePcm arm64_32 /Users/admin/builder/spi-builder-workspace/.derivedData/SDKExplicitPrecompiledModules/UIUtilities-ABH83C7CSGMIJAARTF384TV0L.pcm
SwiftExplicitDependencyGeneratePcm arm64_32 /Users/admin/builder/spi-builder-workspace/.derivedData/SDKExplicitPrecompiledModules/CoreTransferable-DSXZOKFM7XQLZ0FRNNKFDWZT0.pcm
SwiftExplicitDependencyGeneratePcm arm64_32 /Users/admin/builder/spi-builder-workspace/.derivedData/SDKExplicitPrecompiledModules/QuartzCore-72UYR37X0O2APTD1XMSJ20X5X.pcm
SwiftExplicitDependencyGeneratePcm arm64 /Users/admin/builder/spi-builder-workspace/.derivedData/SDKExplicitPrecompiledModules/SwiftUICore-D4BOUT6VJWDXKNATG8P2F95W3.pcm
SwiftExplicitDependencyGeneratePcm arm64_32 /Users/admin/builder/spi-builder-workspace/.derivedData/SDKExplicitPrecompiledModules/UniformTypeIdentifiers-EH256724QTCKT0XATY095QHVP.pcm
SwiftExplicitDependencyGeneratePcm arm64_32 /Users/admin/builder/spi-builder-workspace/.derivedData/SDKExplicitPrecompiledModules/CoreLocation-4AZRAZ8X3W0CS36SZ1GS4LT05.pcm
SwiftExplicitDependencyGeneratePcm arm64 /Users/admin/builder/spi-builder-workspace/.derivedData/SDKExplicitPrecompiledModules/_LocationEssentials-C3HYVW8P89QAUDLD9VRHUF48Q.pcm
SwiftExplicitDependencyGeneratePcm arm64 /Users/admin/builder/spi-builder-workspace/.derivedData/SDKExplicitPrecompiledModules/Accessibility-DB0V1GY4JDAXG2CZ5MW826DDE.pcm
SwiftExplicitDependencyGeneratePcm arm64_32 /Users/admin/builder/spi-builder-workspace/.derivedData/SDKExplicitPrecompiledModules/OSLog-DXCLJ0K1EEBRV5MFYJOV1HIUX.pcm
SwiftExplicitDependencyGeneratePcm arm64_32 /Users/admin/builder/spi-builder-workspace/.derivedData/SDKExplicitPrecompiledModules/CoreData-6STZ9DXY0E1K8LHUUEU1F4SE.pcm
SwiftExplicitDependencyGeneratePcm arm64 /Users/admin/builder/spi-builder-workspace/.derivedData/SDKExplicitPrecompiledModules/DataDetection-8RQ09UCIV0XSYRF8TQQD54MWN.pcm
SwiftExplicitDependencyGeneratePcm arm64 /Users/admin/builder/spi-builder-workspace/.derivedData/SDKExplicitPrecompiledModules/CoreLocation-B0A9Z3B1UDU8OLBQROLWD03N3.pcm
SwiftExplicitDependencyGeneratePcm arm64_32 /Users/admin/builder/spi-builder-workspace/.derivedData/SDKExplicitPrecompiledModules/SwiftUICore-TURER010MQ2QH6SN4BGDJJKP.pcm
SwiftExplicitDependencyGeneratePcm arm64_32 /Users/admin/builder/spi-builder-workspace/.derivedData/SDKExplicitPrecompiledModules/CoreMotion-E9C6K7MOTJF3RC93DULCZ130U.pcm
SwiftExplicitDependencyGeneratePcm arm64 /Users/admin/builder/spi-builder-workspace/.derivedData/SDKExplicitPrecompiledModules/CoreMotion-70RNUQRT1QM2F8WR42WPP4KQV.pcm
SwiftExplicitDependencyGeneratePcm arm64_32 /Users/admin/builder/spi-builder-workspace/.derivedData/SDKExplicitPrecompiledModules/UIKit-BGAQE5HOOTG6M9C46O1HHPCDR.pcm
SwiftExplicitDependencyGeneratePcm arm64 /Users/admin/builder/spi-builder-workspace/.derivedData/SDKExplicitPrecompiledModules/UIKit-2XWL6VFNA7WRWSTXI42YLU909.pcm
SwiftExplicitDependencyGeneratePcm arm64_32 /Users/admin/builder/spi-builder-workspace/.derivedData/SDKExplicitPrecompiledModules/MapKit-3RCPMYWFYVKLOR1JJH1M1L7O6.pcm
SwiftExplicitDependencyGeneratePcm arm64_32 /Users/admin/builder/spi-builder-workspace/.derivedData/SDKExplicitPrecompiledModules/HomeKit-DXH34ZWEY4P4FEELCOH3LXVCR.pcm
SwiftExplicitDependencyGeneratePcm arm64 /Users/admin/builder/spi-builder-workspace/.derivedData/SDKExplicitPrecompiledModules/HomeKit-2JD3RMVTK0MFX7K570KHTLBBH.pcm
SwiftExplicitDependencyGeneratePcm arm64 /Users/admin/builder/spi-builder-workspace/.derivedData/SDKExplicitPrecompiledModules/MapKit-5U4CPBNVICOGB0BBK9BC7P4E9.pcm
SwiftExplicitDependencyGeneratePcm arm64_32 /Users/admin/builder/spi-builder-workspace/.derivedData/SDKExplicitPrecompiledModules/WatchKit-7IATJTA58S6OFDEYHG9JSLLDQ.pcm
SwiftExplicitDependencyGeneratePcm arm64 /Users/admin/builder/spi-builder-workspace/.derivedData/SDKExplicitPrecompiledModules/WatchKit-22L6Z003SE8XPQ9JS14K57C9N.pcm
SwiftExplicitDependencyGeneratePcm arm64_32 /Users/admin/builder/spi-builder-workspace/.derivedData/SDKExplicitPrecompiledModules/SwiftUI-6DR5UJH94SD7QMITGWNAX9FBI.pcm
SwiftExplicitDependencyGeneratePcm arm64 /Users/admin/builder/spi-builder-workspace/.derivedData/SDKExplicitPrecompiledModules/SwiftUI-E6XJI4PF1Q2HPTXKL91GWARU6.pcm
SwiftCompile normal arm64_32 Compiling\ StructureNodeRow.swift,\ StructureOutlineItem.swift,\ StructureSummaryView.swift,\ StructureTreeView.swift /Users/admin/builder/spi-builder-workspace/Sources/MetabookSDK/SwiftUI/StructureNodeRow.swift /Users/admin/builder/spi-builder-workspace/Sources/MetabookSDK/SwiftUI/StructureOutlineItem.swift /Users/admin/builder/spi-builder-workspace/Sources/MetabookSDK/SwiftUI/StructureSummaryView.swift /Users/admin/builder/spi-builder-workspace/Sources/MetabookSDK/SwiftUI/StructureTreeView.swift (in target 'MetabookSDK' from project 'MetabookSDK')
/Users/admin/builder/spi-builder-workspace/Sources/MetabookSDK/SwiftUI/StructureTreeView.swift:18:9: error: conformance of 'OutlineGroup<Data, ID, Parent, Leaf, Subgroup>' to 'View' is unavailable in watchOS
16 |
17 | public var body: some View {
18 | List(items, children: \.children) { item in
| `- error: conformance of 'OutlineGroup<Data, ID, Parent, Leaf, Subgroup>' to 'View' is unavailable in watchOS
19 | StructureNodeRow(item: item)
20 | }
SwiftUI.OutlineGroup:4:11: note: conformance of 'OutlineGroup<Data, ID, Parent, Leaf, Subgroup>' to 'View' has been explicitly marked unavailable here
2 | @available(tvOS, unavailable)
3 | @available(watchOS, unavailable)
4 | extension OutlineGroup : View where Parent : View, Leaf : View, Subgroup : View {
| `- note: conformance of 'OutlineGroup<Data, ID, Parent, Leaf, Subgroup>' to 'View' has been explicitly marked unavailable here
5 | @MainActor @preconcurrency public var body: some View { get }
6 | @available(macOS 11.0, iOS 14.0, *)
/Users/admin/builder/spi-builder-workspace/Sources/MetabookSDK/SwiftUI/StructureTreeView.swift:18:9: error: 'init(_:children:rowContent:)' is unavailable in watchOS
16 |
17 | public var body: some View {
18 | List(items, children: \.children) { item in
| `- error: 'init(_:children:rowContent:)' is unavailable in watchOS
19 | StructureNodeRow(item: item)
20 | }
SwiftUI.List.init:5:22: note: 'init(_:children:rowContent:)' has been explicitly marked unavailable here
3 | @available(tvOS, unavailable)
4 | @available(watchOS, unavailable)
5 | nonisolated public init<Data, RowContent>(_ data: Data, children: KeyPath<Data.Element, Data?>, @ContentBuilder rowContent: @escaping (Data.Element) -> RowContent) where Content == OutlineGroup<Data, Data.Element.ID, RowContent, RowContent, DisclosureGroup<RowContent, OutlineSubgroupChildren>>, Data : RandomAccessCollection, RowContent : View, Data.Element : Identifiable}
| `- note: 'init(_:children:rowContent:)' has been explicitly marked unavailable here
6 |
/Users/admin/builder/spi-builder-workspace/Sources/MetabookSDK/SwiftUI/StructureTreeView.swift:21:10: error: conformance of 'OutlineGroup<Data, ID, Parent, Leaf, Subgroup>' to 'View' is unavailable in watchOS
19 | StructureNodeRow(item: item)
20 | }
21 | .accessibilityLabel("Book structure")
| `- error: conformance of 'OutlineGroup<Data, ID, Parent, Leaf, Subgroup>' to 'View' is unavailable in watchOS
22 | }
23 | }
SwiftUI.OutlineGroup:4:11: note: conformance of 'OutlineGroup<Data, ID, Parent, Leaf, Subgroup>' to 'View' has been explicitly marked unavailable here
2 | @available(tvOS, unavailable)
3 | @available(watchOS, unavailable)
4 | extension OutlineGroup : View where Parent : View, Leaf : View, Subgroup : View {
| `- note: conformance of 'OutlineGroup<Data, ID, Parent, Leaf, Subgroup>' to 'View' has been explicitly marked unavailable here
5 | @MainActor @preconcurrency public var body: some View { get }
6 | @available(macOS 11.0, iOS 14.0, *)
/Users/admin/builder/spi-builder-workspace/Sources/MetabookSDK/SwiftUI/StructureTreeView.swift:17:32: error: conformance of 'OutlineGroup<Data, ID, Parent, Leaf, Subgroup>' to 'View' is unavailable in watchOS
15 | }
16 |
17 | public var body: some View {
| `- error: conformance of 'OutlineGroup<Data, ID, Parent, Leaf, Subgroup>' to 'View' is unavailable in watchOS
18 | List(items, children: \.children) { item in
19 | StructureNodeRow(item: item)
SwiftUI.OutlineGroup:4:11: note: conformance of 'OutlineGroup<Data, ID, Parent, Leaf, Subgroup>' to 'View' has been explicitly marked unavailable here
2 | @available(tvOS, unavailable)
3 | @available(watchOS, unavailable)
4 | extension OutlineGroup : View where Parent : View, Leaf : View, Subgroup : View {
| `- note: conformance of 'OutlineGroup<Data, ID, Parent, Leaf, Subgroup>' to 'View' has been explicitly marked unavailable here
5 | @MainActor @preconcurrency public var body: some View { get }
6 | @available(macOS 11.0, iOS 14.0, *)
Failed frontend command:
SwiftCompile normal arm64_32 /Users/admin/builder/spi-builder-workspace/Sources/MetabookSDK/SwiftUI/StructureNodeRow.swift (in target 'MetabookSDK' from project 'MetabookSDK')
cd /Users/admin/builder/spi-builder-workspace/.swiftpm/xcode
builtin-SwiftPerFileCompile StructureNodeRow.swift
SwiftCompile normal arm64_32 /Users/admin/builder/spi-builder-workspace/Sources/MetabookSDK/SwiftUI/StructureOutlineItem.swift (in target 'MetabookSDK' from project 'MetabookSDK')
cd /Users/admin/builder/spi-builder-workspace/.swiftpm/xcode
builtin-SwiftPerFileCompile StructureOutlineItem.swift
SwiftCompile normal arm64_32 /Users/admin/builder/spi-builder-workspace/Sources/MetabookSDK/SwiftUI/StructureSummaryView.swift (in target 'MetabookSDK' from project 'MetabookSDK')
cd /Users/admin/builder/spi-builder-workspace/.swiftpm/xcode
builtin-SwiftPerFileCompile StructureSummaryView.swift
SwiftCompile normal arm64_32 /Users/admin/builder/spi-builder-workspace/Sources/MetabookSDK/SwiftUI/StructureTreeView.swift (in target 'MetabookSDK' from project 'MetabookSDK')
cd /Users/admin/builder/spi-builder-workspace/.swiftpm/xcode
builtin-SwiftPerFileCompile StructureTreeView.swift
/Applications/Xcode-27.0.0-Release.Candidate.app/Contents/Developer/Toolchains/XcodeDefault.xctoolchain/usr/bin/swift-frontend -frontend -c /Users/admin/builder/spi-builder-workspace/Sources/MetabookSDK/Client/APIErrorBody.swift /Users/admin/builder/spi-builder-workspace/Sources/MetabookSDK/Client/MetabookClient.swift /Users/admin/builder/spi-builder-workspace/Sources/MetabookSDK/Client/MetabookConfiguration.swift /Users/admin/builder/spi-builder-workspace/Sources/MetabookSDK/Client/MetabookError.swift /Users/admin/builder/spi-builder-workspace/Sources/MetabookSDK/Client/MetabookTransport.swift /Users/admin/builder/spi-builder-workspace/Sources/MetabookSDK/Client/MultipartFormData.swift /Users/admin/builder/spi-builder-workspace/Sources/MetabookSDK/Client/URLSessionTransport.swift /Users/admin/builder/spi-builder-workspace/Sources/MetabookSDK/MetabookSDKInfo.swift /Users/admin/builder/spi-builder-workspace/Sources/MetabookSDK/Models/AuthorInfo.swift /Users/admin/builder/spi-builder-workspace/Sources/MetabookSDK/Models/BlobInfo.swift /Users/admin/builder/spi-builder-workspace/Sources/MetabookSDK/Models/BookInfo.swift /Users/admin/builder/spi-builder-workspace/Sources/MetabookSDK/Models/BookMatch.swift /Users/admin/builder/spi-builder-workspace/Sources/MetabookSDK/Models/BookQuery.swift /Users/admin/builder/spi-builder-workspace/Sources/MetabookSDK/Models/DetailLevel.swift /Users/admin/builder/spi-builder-workspace/Sources/MetabookSDK/Models/DisambiguationResult.swift /Users/admin/builder/spi-builder-workspace/Sources/MetabookSDK/Models/HealthStatus.swift /Users/admin/builder/spi-builder-workspace/Sources/MetabookSDK/Models/SchemaConfidence.swift /Users/admin/builder/spi-builder-workspace/Sources/MetabookSDK/Models/SchemaInfo.swift /Users/admin/builder/spi-builder-workspace/Sources/MetabookSDK/Models/SchemaType.swift /Users/admin/builder/spi-builder-workspace/Sources/MetabookSDK/Models/Structure/BookStructureResponse.swift /Users/admin/builder/spi-builder-workspace/Sources/MetabookSDK/Models/Structure/BookUploadResponse.swift /Users/admin/builder/spi-builder-workspace/Sources/MetabookSDK/Models/Structure/ChapterNode.swift /Users/admin/builder/spi-builder-workspace/Sources/MetabookSDK/Models/Structure/ClauseNode.swift /Users/admin/builder/spi-builder-workspace/Sources/MetabookSDK/Models/Structure/MetaInfo.swift /Users/admin/builder/spi-builder-workspace/Sources/MetabookSDK/Models/Structure/ParagraphNode.swift /Users/admin/builder/spi-builder-workspace/Sources/MetabookSDK/Models/Structure/PartNode.swift /Users/admin/builder/spi-builder-workspace/Sources/MetabookSDK/Models/Structure/SentenceNode.swift /Users/admin/builder/spi-builder-workspace/Sources/MetabookSDK/Models/Structure/StructureDetail.swift /Users/admin/builder/spi-builder-workspace/Sources/MetabookSDK/Models/Structure/StructureNode.swift /Users/admin/builder/spi-builder-workspace/Sources/MetabookSDK/Models/Structure/StructureSummary.swift /Users/admin/builder/spi-builder-workspace/Sources/MetabookSDK/Models/Structure/UploadMetaInfo.swift /Users/admin/builder/spi-builder-workspace/Sources/MetabookSDK/Models/Structure/WordNode.swift /Users/admin/builder/spi-builder-workspace/Sources/MetabookSDK/Models/StructureLookup.swift /Users/admin/builder/spi-builder-workspace/Sources/MetabookSDK/Models/StructureOptions.swift /Users/admin/builder/spi-builder-workspace/Sources/MetabookSDK/Models/UploadedBookInfo.swift /Users/admin/builder/spi-builder-workspace/Sources/MetabookSDK/Observable/BookLookupState.swift /Users/admin/builder/spi-builder-workspace/Sources/MetabookSDK/Observable/BookStructureModel.swift /Users/admin/builder/spi-builder-workspace/Sources/MetabookSDK/Observable/SchemaCatalogModel.swift /Users/admin/builder/spi-builder-workspace/Sources/MetabookSDK/Observable/UploadState.swift /Users/admin/builder/spi-builder-workspace/Sources/MetabookSDK/Support/MetabookJSON.swift /Users/admin/builder/spi-builder-workspace/Sources/MetabookSDK/SwiftUI/BookMatchList.swift /Users/admin/builder/spi-builder-workspace/Sources/MetabookSDK/SwiftUI/EnvironmentValues+Metabook.swift /Users/admin/builder/spi-builder-workspace/Sources/MetabookSDK/SwiftUI/SchemaBadge.swift /Users/admin/builder/spi-builder-workspace/Sources/MetabookSDK/SwiftUI/StructureDetail+Preview.swift -primary-file /Users/admin/builder/spi-builder-workspace/Sources/MetabookSDK/SwiftUI/StructureNodeRow.swift -primary-file /Users/admin/builder/spi-builder-workspace/Sources/MetabookSDK/SwiftUI/StructureOutlineItem.swift -primary-file /Users/admin/builder/spi-builder-workspace/Sources/MetabookSDK/SwiftUI/StructureSummaryView.swift -primary-file /Users/admin/builder/spi-builder-workspace/Sources/MetabookSDK/SwiftUI/StructureTreeView.swift -supplementary-output-file-map /Users/admin/builder/spi-builder-workspace/.derivedData/Build/Intermediates.noindex/MetabookSDK.build/Debug-watchos/MetabookSDK-t.build/Objects-normal/arm64_32/supplementaryOutputs-19 -target arm64_32-apple-watchos10.0 -disable-cross-import-overlay-search -load-resolved-plugin /Applications/Xcode-27.0.0-Release.Candidate.app/Contents/Developer/Platforms/WatchOS.platform/Developer/usr/lib/swift/host/plugins/libFoundationMacros.dylib\#/Applications/Xcode-27.0.0-Release.Candidate.app/Contents/Developer/Platforms/WatchOS.platform/Developer/usr/bin/swift-plugin-server\#FoundationMacros -load-resolved-plugin /Applications/Xcode-27.0.0-Release.Candidate.app/Contents/Developer/Platforms/WatchOS.platform/Developer/usr/lib/swift/host/plugins/libObservationMacros.dylib\#/Applications/Xcode-27.0.0-Release.Candidate.app/Contents/Developer/Platforms/WatchOS.platform/Developer/usr/bin/swift-plugin-server\#ObservationMacros -load-resolved-plugin /Applications/Xcode-27.0.0-Release.Candidate.app/Contents/Developer/Platforms/WatchOS.platform/Developer/usr/lib/swift/host/plugins/libPreviewsMacros.dylib\#/Applications/Xcode-27.0.0-Release.Candidate.app/Contents/Developer/Platforms/WatchOS.platform/Developer/usr/bin/swift-plugin-server\#PreviewsMacros -load-resolved-plugin /Applications/Xcode-27.0.0-Release.Candidate.app/Contents/Developer/Platforms/WatchOS.platform/Developer/usr/lib/swift/host/plugins/libSwiftMacros.dylib\#/Applications/Xcode-27.0.0-Release.Candidate.app/Contents/Developer/Platforms/WatchOS.platform/Developer/usr/bin/swift-plugin-server\#SwiftMacros -load-resolved-plugin /Applications/Xcode-27.0.0-Release.Candidate.app/Contents/Developer/Platforms/WatchOS.platform/Developer/usr/lib/swift/host/plugins/libSwiftUIMacros.dylib\#/Applications/Xcode-27.0.0-Release.Candidate.app/Contents/Developer/Platforms/WatchOS.platform/Developer/usr/bin/swift-plugin-server\#SwiftUIMacros -disable-implicit-swift-modules -Xcc -fno-implicit-modules -Xcc -fno-implicit-module-maps -explicit-swift-module-map-file /Users/admin/builder/spi-builder-workspace/.derivedData/Build/Intermediates.noindex/MetabookSDK.build/Debug-watchos/MetabookSDK-t.build/Objects-normal/arm64_32/MetabookSDK-dependencies-2.json -enable-objc-interop -sdk /Applications/Xcode-27.0.0-Release.Candidate.app/Contents/Developer/Platforms/WatchOS.platform/Developer/SDKs/WatchOS27.0.sdk -I /Users/admin/builder/spi-builder-workspace/.derivedData/Build/Products/Debug-watchos -Isystem /Applications/Xcode-27.0.0-Release.Candidate.app/Contents/Developer/Platforms/WatchOS.platform/Developer/usr/lib -F /Users/admin/builder/spi-builder-workspace/.derivedData/Build/Products/Debug-watchos -F /Applications/Xcode-27.0.0-Release.Candidate.app/Contents/Developer/Platforms/WatchOS.platform/Developer/Library/Frameworks -F /Applications/Xcode-27.0.0-Release.Candidate.app/Contents/Developer/Platforms/WatchOS.platform/Developer/SDKs/WatchOS27.0.sdk/Developer/Library/Frameworks -module-cache-path /Users/admin/builder/spi-builder-workspace/.derivedData/Build/Intermediates.noindex/SwiftExplicitPrecompiledModules -no-color-diagnostics -Xcc -fno-color-diagnostics -enable-testing -g -debug-info-format\=dwarf -dwarf-version\=4 -profile-generate -profile-coverage-mapping -swift-version 6 -Onone -D SWIFT_PACKAGE -D DEBUG -D SWIFT_MODULE_RESOURCE_BUNDLE_UNAVAILABLE -D Xcode -serialize-debugging-options -enable-experimental-feature DebugDescriptionMacro -empty-abi-descriptor -validate-clang-modules-once -clang-build-session-file /Users/admin/builder/spi-builder-workspace/.derivedData/ModuleCache.noindex/Session.modulevalidation -Xcc -working-directory -Xcc /Users/admin/builder/spi-builder-workspace/.swiftpm/xcode -enable-anonymous-context-mangled-names -file-compilation-dir /Users/admin/builder/spi-builder-workspace/.swiftpm/xcode -Xcc -D_LIBCPP_HARDENING_MODE\=_LIBCPP_HARDENING_MODE_DEBUG -Xcc -ivfsstatcache -Xcc /Users/admin/builder/spi-builder-workspace/.derivedData/SDKStatCaches.noindex/watchos27.0-24R360-e829b21a6f8c9b70876ba0858053c04477534ef55a1706bf4c1112bbb242f0a2.sdkstatcache -Xcc -fmodules-prune-interval\=86400 -Xcc -fmodules-prune-after\=345600 -Xcc -I/Users/admin/builder/spi-builder-workspace/.derivedData/Build/Products/Debug-watchos/include -Xcc -I/Users/admin/builder/spi-builder-workspace/.derivedData/Build/Intermediates.noindex/MetabookSDK.build/Debug-watchos/MetabookSDK-t.build/DerivedSources-normal/arm64_32 -Xcc -I/Users/admin/builder/spi-builder-workspace/.derivedData/Build/Intermediates.noindex/MetabookSDK.build/Debug-watchos/MetabookSDK-t.build/DerivedSources/arm64_32 -Xcc -I/Users/admin/builder/spi-builder-workspace/.derivedData/Build/Intermediates.noindex/MetabookSDK.build/Debug-watchos/MetabookSDK-t.build/DerivedSources -Xcc -DSWIFT_PACKAGE -Xcc -DDEBUG\=1 -no-auto-bridging-header-chaining -module-name MetabookSDK -package-name spi_builder_workspace -const-gather-protocols-file /Users/admin/builder/spi-builder-workspace/.derivedData/Build/Intermediates.noindex/MetabookSDK.build/Debug-watchos/MetabookSDK-t.build/Objects-normal/arm64_32/MetabookSDK_const_extract_protocols.json -disable-clang-spi -clang-target arm64_32-apple-watchos27.0 -target-sdk-version 27.0 -target-sdk-name watchos27.0 -in-process-plugin-server-path /Applications/Xcode-27.0.0-Release.Candidate.app/Contents/Developer/Toolchains/XcodeDefault.xctoolchain/usr/lib/swift/host/libSwiftInProcPluginServer.dylib -parse-as-library -o /Users/admin/builder/spi-builder-workspace/.derivedData/Build/Intermediates.noindex/MetabookSDK.build/Debug-watchos/MetabookSDK-t.build/Objects-normal/arm64_32/StructureNodeRow.o -o /Users/admin/builder/spi-builder-workspace/.derivedData/Build/Intermediates.noindex/MetabookSDK.build/Debug-watchos/MetabookSDK-t.build/Objects-normal/arm64_32/StructureOutlineItem.o -o /Users/admin/builder/spi-builder-workspace/.derivedData/Build/Intermediates.noindex/MetabookSDK.build/Debug-watchos/MetabookSDK-t.build/Objects-normal/arm64_32/StructureSummaryView.o -o /Users/admin/builder/spi-builder-workspace/.derivedData/Build/Intermediates.noindex/MetabookSDK.build/Debug-watchos/MetabookSDK-t.build/Objects-normal/arm64_32/StructureTreeView.o -debug-module-path /Users/admin/builder/spi-builder-workspace/.derivedData/Build/Intermediates.noindex/MetabookSDK.build/Debug-watchos/MetabookSDK-t.build/Objects-normal/arm64_32/MetabookSDK.swiftmodule -index-unit-output-path /MetabookSDK.build/Debug-watchos/MetabookSDK-t.build/Objects-normal/arm64_32/StructureNodeRow.o -index-unit-output-path /MetabookSDK.build/Debug-watchos/MetabookSDK-t.build/Objects-normal/arm64_32/StructureOutlineItem.o -index-unit-output-path /MetabookSDK.build/Debug-watchos/MetabookSDK-t.build/Objects-normal/arm64_32/StructureSummaryView.o -index-unit-output-path /MetabookSDK.build/Debug-watchos/MetabookSDK-t.build/Objects-normal/arm64_32/StructureTreeView.o -index-store-path /Users/admin/builder/spi-builder-workspace/.derivedData/Index.noindex/DataStore -index-system-modules
SwiftCompile normal arm64_32 Compiling\ BookMatchList.swift,\ EnvironmentValues+Metabook.swift,\ SchemaBadge.swift,\ StructureDetail+Preview.swift /Users/admin/builder/spi-builder-workspace/Sources/MetabookSDK/SwiftUI/BookMatchList.swift /Users/admin/builder/spi-builder-workspace/Sources/MetabookSDK/SwiftUI/EnvironmentValues+Metabook.swift /Users/admin/builder/spi-builder-workspace/Sources/MetabookSDK/SwiftUI/SchemaBadge.swift /Users/admin/builder/spi-builder-workspace/Sources/MetabookSDK/SwiftUI/StructureDetail+Preview.swift (in target 'MetabookSDK' from project 'MetabookSDK')
SwiftCompile normal arm64_32 /Users/admin/builder/spi-builder-workspace/Sources/MetabookSDK/SwiftUI/BookMatchList.swift (in target 'MetabookSDK' from project 'MetabookSDK')
cd /Users/admin/builder/spi-builder-workspace/.swiftpm/xcode
builtin-SwiftPerFileCompile BookMatchList.swift
SwiftCompile normal arm64_32 /Users/admin/builder/spi-builder-workspace/Sources/MetabookSDK/SwiftUI/EnvironmentValues+Metabook.swift (in target 'MetabookSDK' from project 'MetabookSDK')
cd /Users/admin/builder/spi-builder-workspace/.swiftpm/xcode
builtin-SwiftPerFileCompile EnvironmentValues+Metabook.swift
SwiftCompile normal arm64_32 /Users/admin/builder/spi-builder-workspace/Sources/MetabookSDK/SwiftUI/SchemaBadge.swift (in target 'MetabookSDK' from project 'MetabookSDK')
cd /Users/admin/builder/spi-builder-workspace/.swiftpm/xcode
builtin-SwiftPerFileCompile SchemaBadge.swift
SwiftCompile normal arm64_32 /Users/admin/builder/spi-builder-workspace/Sources/MetabookSDK/SwiftUI/StructureDetail+Preview.swift (in target 'MetabookSDK' from project 'MetabookSDK')
cd /Users/admin/builder/spi-builder-workspace/.swiftpm/xcode
builtin-SwiftPerFileCompile StructureDetail+Preview.swift
SwiftCompile normal arm64_32 Compiling\ BookLookupState.swift,\ BookStructureModel.swift,\ SchemaCatalogModel.swift,\ UploadState.swift,\ MetabookJSON.swift /Users/admin/builder/spi-builder-workspace/Sources/MetabookSDK/Observable/BookLookupState.swift /Users/admin/builder/spi-builder-workspace/Sources/MetabookSDK/Observable/BookStructureModel.swift /Users/admin/builder/spi-builder-workspace/Sources/MetabookSDK/Observable/SchemaCatalogModel.swift /Users/admin/builder/spi-builder-workspace/Sources/MetabookSDK/Observable/UploadState.swift /Users/admin/builder/spi-builder-workspace/Sources/MetabookSDK/Support/MetabookJSON.swift (in target 'MetabookSDK' from project 'MetabookSDK')
SwiftCompile normal arm64_32 /Users/admin/builder/spi-builder-workspace/Sources/MetabookSDK/Observable/BookLookupState.swift (in target 'MetabookSDK' from project 'MetabookSDK')
cd /Users/admin/builder/spi-builder-workspace/.swiftpm/xcode
builtin-SwiftPerFileCompile BookLookupState.swift
SwiftCompile normal arm64_32 /Users/admin/builder/spi-builder-workspace/Sources/MetabookSDK/Observable/BookStructureModel.swift (in target 'MetabookSDK' from project 'MetabookSDK')
cd /Users/admin/builder/spi-builder-workspace/.swiftpm/xcode
builtin-SwiftPerFileCompile BookStructureModel.swift
SwiftCompile normal arm64_32 /Users/admin/builder/spi-builder-workspace/Sources/MetabookSDK/Observable/SchemaCatalogModel.swift (in target 'MetabookSDK' from project 'MetabookSDK')
cd /Users/admin/builder/spi-builder-workspace/.swiftpm/xcode
builtin-SwiftPerFileCompile SchemaCatalogModel.swift
SwiftCompile normal arm64_32 /Users/admin/builder/spi-builder-workspace/Sources/MetabookSDK/Observable/UploadState.swift (in target 'MetabookSDK' from project 'MetabookSDK')
cd /Users/admin/builder/spi-builder-workspace/.swiftpm/xcode
builtin-SwiftPerFileCompile UploadState.swift
SwiftCompile normal arm64_32 /Users/admin/builder/spi-builder-workspace/Sources/MetabookSDK/Support/MetabookJSON.swift (in target 'MetabookSDK' from project 'MetabookSDK')
cd /Users/admin/builder/spi-builder-workspace/.swiftpm/xcode
builtin-SwiftPerFileCompile MetabookJSON.swift
SwiftCompile normal arm64_32 Compiling\ PartNode.swift,\ SentenceNode.swift,\ StructureDetail.swift,\ StructureNode.swift,\ StructureSummary.swift /Users/admin/builder/spi-builder-workspace/Sources/MetabookSDK/Models/Structure/PartNode.swift /Users/admin/builder/spi-builder-workspace/Sources/MetabookSDK/Models/Structure/SentenceNode.swift /Users/admin/builder/spi-builder-workspace/Sources/MetabookSDK/Models/Structure/StructureDetail.swift /Users/admin/builder/spi-builder-workspace/Sources/MetabookSDK/Models/Structure/StructureNode.swift /Users/admin/builder/spi-builder-workspace/Sources/MetabookSDK/Models/Structure/StructureSummary.swift (in target 'MetabookSDK' from project 'MetabookSDK')
SwiftCompile normal arm64_32 /Users/admin/builder/spi-builder-workspace/Sources/MetabookSDK/Models/Structure/PartNode.swift (in target 'MetabookSDK' from project 'MetabookSDK')
cd /Users/admin/builder/spi-builder-workspace/.swiftpm/xcode
builtin-SwiftPerFileCompile PartNode.swift
SwiftCompile normal arm64_32 /Users/admin/builder/spi-builder-workspace/Sources/MetabookSDK/Models/Structure/SentenceNode.swift (in target 'MetabookSDK' from project 'MetabookSDK')
cd /Users/admin/builder/spi-builder-workspace/.swiftpm/xcode
builtin-SwiftPerFileCompile SentenceNode.swift
SwiftCompile normal arm64_32 /Users/admin/builder/spi-builder-workspace/Sources/MetabookSDK/Models/Structure/StructureDetail.swift (in target 'MetabookSDK' from project 'MetabookSDK')
cd /Users/admin/builder/spi-builder-workspace/.swiftpm/xcode
builtin-SwiftPerFileCompile StructureDetail.swift
SwiftCompile normal arm64_32 /Users/admin/builder/spi-builder-workspace/Sources/MetabookSDK/Models/Structure/StructureNode.swift (in target 'MetabookSDK' from project 'MetabookSDK')
cd /Users/admin/builder/spi-builder-workspace/.swiftpm/xcode
builtin-SwiftPerFileCompile StructureNode.swift
SwiftCompile normal arm64_32 /Users/admin/builder/spi-builder-workspace/Sources/MetabookSDK/Models/Structure/StructureSummary.swift (in target 'MetabookSDK' from project 'MetabookSDK')
cd /Users/admin/builder/spi-builder-workspace/.swiftpm/xcode
builtin-SwiftPerFileCompile StructureSummary.swift
SwiftCompile normal arm64_32 Compiling\ HealthStatus.swift,\ SchemaConfidence.swift,\ SchemaInfo.swift,\ SchemaType.swift,\ BookStructureResponse.swift /Users/admin/builder/spi-builder-workspace/Sources/MetabookSDK/Models/HealthStatus.swift /Users/admin/builder/spi-builder-workspace/Sources/MetabookSDK/Models/SchemaConfidence.swift /Users/admin/builder/spi-builder-workspace/Sources/MetabookSDK/Models/SchemaInfo.swift /Users/admin/builder/spi-builder-workspace/Sources/MetabookSDK/Models/SchemaType.swift /Users/admin/builder/spi-builder-workspace/Sources/MetabookSDK/Models/Structure/BookStructureResponse.swift (in target 'MetabookSDK' from project 'MetabookSDK')
SwiftCompile normal arm64_32 /Users/admin/builder/spi-builder-workspace/Sources/MetabookSDK/Models/HealthStatus.swift (in target 'MetabookSDK' from project 'MetabookSDK')
cd /Users/admin/builder/spi-builder-workspace/.swiftpm/xcode
builtin-SwiftPerFileCompile HealthStatus.swift
SwiftCompile normal arm64_32 /Users/admin/builder/spi-builder-workspace/Sources/MetabookSDK/Models/SchemaConfidence.swift (in target 'MetabookSDK' from project 'MetabookSDK')
cd /Users/admin/builder/spi-builder-workspace/.swiftpm/xcode
builtin-SwiftPerFileCompile SchemaConfidence.swift
SwiftCompile normal arm64_32 /Users/admin/builder/spi-builder-workspace/Sources/MetabookSDK/Models/SchemaInfo.swift (in target 'MetabookSDK' from project 'MetabookSDK')
cd /Users/admin/builder/spi-builder-workspace/.swiftpm/xcode
builtin-SwiftPerFileCompile SchemaInfo.swift
SwiftCompile normal arm64_32 /Users/admin/builder/spi-builder-workspace/Sources/MetabookSDK/Models/SchemaType.swift (in target 'MetabookSDK' from project 'MetabookSDK')
cd /Users/admin/builder/spi-builder-workspace/.swiftpm/xcode
builtin-SwiftPerFileCompile SchemaType.swift
SwiftCompile normal arm64_32 /Users/admin/builder/spi-builder-workspace/Sources/MetabookSDK/Models/Structure/BookStructureResponse.swift (in target 'MetabookSDK' from project 'MetabookSDK')
cd /Users/admin/builder/spi-builder-workspace/.swiftpm/xcode
builtin-SwiftPerFileCompile BookStructureResponse.swift
SwiftEmitModule normal arm64_32 Emitting\ module\ for\ MetabookSDK (in target 'MetabookSDK' from project 'MetabookSDK')
SwiftCompile normal arm64_32 (in target 'MetabookSDK' from project 'MetabookSDK')
cd /Users/admin/builder/spi-builder-workspace/.swiftpm/xcode
SwiftCompile normal arm64_32 Compiling\ APIErrorBody.swift,\ MetabookClient.swift,\ MetabookConfiguration.swift,\ MetabookError.swift,\ MetabookTransport.swift /Users/admin/builder/spi-builder-workspace/Sources/MetabookSDK/Client/APIErrorBody.swift /Users/admin/builder/spi-builder-workspace/Sources/MetabookSDK/Client/MetabookClient.swift /Users/admin/builder/spi-builder-workspace/Sources/MetabookSDK/Client/MetabookConfiguration.swift /Users/admin/builder/spi-builder-workspace/Sources/MetabookSDK/Client/MetabookError.swift /Users/admin/builder/spi-builder-workspace/Sources/MetabookSDK/Client/MetabookTransport.swift (in target 'MetabookSDK' from project 'MetabookSDK')
SwiftCompile normal arm64_32 /Users/admin/builder/spi-builder-workspace/Sources/MetabookSDK/Client/APIErrorBody.swift (in target 'MetabookSDK' from project 'MetabookSDK')
cd /Users/admin/builder/spi-builder-workspace/.swiftpm/xcode
builtin-SwiftPerFileCompile APIErrorBody.swift
SwiftCompile normal arm64_32 /Users/admin/builder/spi-builder-workspace/Sources/MetabookSDK/Client/MetabookClient.swift (in target 'MetabookSDK' from project 'MetabookSDK')
cd /Users/admin/builder/spi-builder-workspace/.swiftpm/xcode
builtin-SwiftPerFileCompile MetabookClient.swift
SwiftCompile normal arm64_32 /Users/admin/builder/spi-builder-workspace/Sources/MetabookSDK/Client/MetabookConfiguration.swift (in target 'MetabookSDK' from project 'MetabookSDK')
cd /Users/admin/builder/spi-builder-workspace/.swiftpm/xcode
builtin-SwiftPerFileCompile MetabookConfiguration.swift
SwiftCompile normal arm64_32 /Users/admin/builder/spi-builder-workspace/Sources/MetabookSDK/Client/MetabookError.swift (in target 'MetabookSDK' from project 'MetabookSDK')
cd /Users/admin/builder/spi-builder-workspace/.swiftpm/xcode
builtin-SwiftPerFileCompile MetabookError.swift
SwiftCompile normal arm64_32 /Users/admin/builder/spi-builder-workspace/Sources/MetabookSDK/Client/MetabookTransport.swift (in target 'MetabookSDK' from project 'MetabookSDK')
cd /Users/admin/builder/spi-builder-workspace/.swiftpm/xcode
builtin-SwiftPerFileCompile MetabookTransport.swift
SwiftCompile normal arm64_32 Compiling\ MultipartFormData.swift,\ URLSessionTransport.swift,\ MetabookSDKInfo.swift,\ AuthorInfo.swift,\ BlobInfo.swift /Users/admin/builder/spi-builder-workspace/Sources/MetabookSDK/Client/MultipartFormData.swift /Users/admin/builder/spi-builder-workspace/Sources/MetabookSDK/Client/URLSessionTransport.swift /Users/admin/builder/spi-builder-workspace/Sources/MetabookSDK/MetabookSDKInfo.swift /Users/admin/builder/spi-builder-workspace/Sources/MetabookSDK/Models/AuthorInfo.swift /Users/admin/builder/spi-builder-workspace/Sources/MetabookSDK/Models/BlobInfo.swift (in target 'MetabookSDK' from project 'MetabookSDK')
SwiftCompile normal arm64_32 /Users/admin/builder/spi-builder-workspace/Sources/MetabookSDK/Client/MultipartFormData.swift (in target 'MetabookSDK' from project 'MetabookSDK')
cd /Users/admin/builder/spi-builder-workspace/.swiftpm/xcode
builtin-SwiftPerFileCompile MultipartFormData.swift
SwiftCompile normal arm64_32 /Users/admin/builder/spi-builder-workspace/Sources/MetabookSDK/Client/URLSessionTransport.swift (in target 'MetabookSDK' from project 'MetabookSDK')
cd /Users/admin/builder/spi-builder-workspace/.swiftpm/xcode
builtin-SwiftPerFileCompile URLSessionTransport.swift
SwiftCompile normal arm64_32 /Users/admin/builder/spi-builder-workspace/Sources/MetabookSDK/MetabookSDKInfo.swift (in target 'MetabookSDK' from project 'MetabookSDK')
cd /Users/admin/builder/spi-builder-workspace/.swiftpm/xcode
builtin-SwiftPerFileCompile MetabookSDKInfo.swift
SwiftCompile normal arm64_32 /Users/admin/builder/spi-builder-workspace/Sources/MetabookSDK/Models/AuthorInfo.swift (in target 'MetabookSDK' from project 'MetabookSDK')
cd /Users/admin/builder/spi-builder-workspace/.swiftpm/xcode
builtin-SwiftPerFileCompile AuthorInfo.swift
SwiftCompile normal arm64_32 /Users/admin/builder/spi-builder-workspace/Sources/MetabookSDK/Models/BlobInfo.swift (in target 'MetabookSDK' from project 'MetabookSDK')
cd /Users/admin/builder/spi-builder-workspace/.swiftpm/xcode
builtin-SwiftPerFileCompile BlobInfo.swift
SwiftCompile normal arm64_32 Compiling\ BookInfo.swift,\ BookMatch.swift,\ BookQuery.swift,\ DetailLevel.swift,\ DisambiguationResult.swift /Users/admin/builder/spi-builder-workspace/Sources/MetabookSDK/Models/BookInfo.swift /Users/admin/builder/spi-builder-workspace/Sources/MetabookSDK/Models/BookMatch.swift /Users/admin/builder/spi-builder-workspace/Sources/MetabookSDK/Models/BookQuery.swift /Users/admin/builder/spi-builder-workspace/Sources/MetabookSDK/Models/DetailLevel.swift /Users/admin/builder/spi-builder-workspace/Sources/MetabookSDK/Models/DisambiguationResult.swift (in target 'MetabookSDK' from project 'MetabookSDK')
SwiftCompile normal arm64_32 /Users/admin/builder/spi-builder-workspace/Sources/MetabookSDK/Models/BookInfo.swift (in target 'MetabookSDK' from project 'MetabookSDK')
cd /Users/admin/builder/spi-builder-workspace/.swiftpm/xcode
builtin-SwiftPerFileCompile BookInfo.swift
SwiftCompile normal arm64_32 /Users/admin/builder/spi-builder-workspace/Sources/MetabookSDK/Models/BookMatch.swift (in target 'MetabookSDK' from project 'MetabookSDK')
cd /Users/admin/builder/spi-builder-workspace/.swiftpm/xcode
builtin-SwiftPerFileCompile BookMatch.swift
SwiftCompile normal arm64_32 /Users/admin/builder/spi-builder-workspace/Sources/MetabookSDK/Models/BookQuery.swift (in target 'MetabookSDK' from project 'MetabookSDK')
cd /Users/admin/builder/spi-builder-workspace/.swiftpm/xcode
builtin-SwiftPerFileCompile BookQuery.swift
SwiftCompile normal arm64_32 /Users/admin/builder/spi-builder-workspace/Sources/MetabookSDK/Models/DetailLevel.swift (in target 'MetabookSDK' from project 'MetabookSDK')
cd /Users/admin/builder/spi-builder-workspace/.swiftpm/xcode
builtin-SwiftPerFileCompile DetailLevel.swift
SwiftCompile normal arm64_32 /Users/admin/builder/spi-builder-workspace/Sources/MetabookSDK/Models/DisambiguationResult.swift (in target 'MetabookSDK' from project 'MetabookSDK')
cd /Users/admin/builder/spi-builder-workspace/.swiftpm/xcode
builtin-SwiftPerFileCompile DisambiguationResult.swift
SwiftCompile normal arm64_32 Compiling\ UploadMetaInfo.swift,\ WordNode.swift,\ StructureLookup.swift,\ StructureOptions.swift,\ UploadedBookInfo.swift /Users/admin/builder/spi-builder-workspace/Sources/MetabookSDK/Models/Structure/UploadMetaInfo.swift /Users/admin/builder/spi-builder-workspace/Sources/MetabookSDK/Models/Structure/WordNode.swift /Users/admin/builder/spi-builder-workspace/Sources/MetabookSDK/Models/StructureLookup.swift /Users/admin/builder/spi-builder-workspace/Sources/MetabookSDK/Models/StructureOptions.swift /Users/admin/builder/spi-builder-workspace/Sources/MetabookSDK/Models/UploadedBookInfo.swift (in target 'MetabookSDK' from project 'MetabookSDK')
SwiftCompile normal arm64_32 /Users/admin/builder/spi-builder-workspace/Sources/MetabookSDK/Models/Structure/UploadMetaInfo.swift (in target 'MetabookSDK' from project 'MetabookSDK')
cd /Users/admin/builder/spi-builder-workspace/.swiftpm/xcode
builtin-SwiftPerFileCompile UploadMetaInfo.swift
SwiftCompile normal arm64_32 /Users/admin/builder/spi-builder-workspace/Sources/MetabookSDK/Models/Structure/WordNode.swift (in target 'MetabookSDK' from project 'MetabookSDK')
cd /Users/admin/builder/spi-builder-workspace/.swiftpm/xcode
builtin-SwiftPerFileCompile WordNode.swift
SwiftCompile normal arm64_32 /Users/admin/builder/spi-builder-workspace/Sources/MetabookSDK/Models/StructureLookup.swift (in target 'MetabookSDK' from project 'MetabookSDK')
cd /Users/admin/builder/spi-builder-workspace/.swiftpm/xcode
builtin-SwiftPerFileCompile StructureLookup.swift
SwiftCompile normal arm64_32 /Users/admin/builder/spi-builder-workspace/Sources/MetabookSDK/Models/StructureOptions.swift (in target 'MetabookSDK' from project 'MetabookSDK')
cd /Users/admin/builder/spi-builder-workspace/.swiftpm/xcode
builtin-SwiftPerFileCompile StructureOptions.swift
SwiftCompile normal arm64_32 /Users/admin/builder/spi-builder-workspace/Sources/MetabookSDK/Models/UploadedBookInfo.swift (in target 'MetabookSDK' from project 'MetabookSDK')
cd /Users/admin/builder/spi-builder-workspace/.swiftpm/xcode
builtin-SwiftPerFileCompile UploadedBookInfo.swift
SwiftEmitModule normal arm64 Emitting\ module\ for\ MetabookSDK (in target 'MetabookSDK' from project 'MetabookSDK')
SwiftCompile normal arm64 (in target 'MetabookSDK' from project 'MetabookSDK')
cd /Users/admin/builder/spi-builder-workspace/.swiftpm/xcode
SwiftDriverJobDiscovery normal arm64_32 Emitting module for MetabookSDK (in target 'MetabookSDK' from project 'MetabookSDK')
SwiftDriver\ Compilation\ Requirements MetabookSDK normal arm64_32 com.apple.xcode.tools.swift.compiler (in target 'MetabookSDK' from project 'MetabookSDK')
cd /Users/admin/builder/spi-builder-workspace/.swiftpm/xcode
builtin-Swift-Compilation-Requirements -- /Applications/Xcode-27.0.0-Release.Candidate.app/Contents/Developer/Toolchains/XcodeDefault.xctoolchain/usr/bin/swiftc -parse-as-library -module-name MetabookSDK -Onone @/Users/admin/builder/spi-builder-workspace/.derivedData/Build/Intermediates.noindex/MetabookSDK.build/Debug-watchos/MetabookSDK-t.build/Objects-normal/arm64_32/MetabookSDK.SwiftFileList -DSWIFT_PACKAGE -DDEBUG -DSWIFT_MODULE_RESOURCE_BUNDLE_UNAVAILABLE -DXcode -plugin-path /Applications/Xcode-27.0.0-Release.Candidate.app/Contents/Developer/Toolchains/XcodeDefault.xctoolchain/usr/lib/swift/host/plugins/testing -enable-experimental-feature DebugDescriptionMacro -sdk /Applications/Xcode-27.0.0-Release.Candidate.app/Contents/Developer/Platforms/WatchOS.platform/Developer/SDKs/WatchOS27.0.sdk -target arm64_32-apple-watchos10.0 -g -module-cache-path /Users/admin/builder/spi-builder-workspace/.derivedData/ModuleCache.noindex -Xfrontend -serialize-debugging-options -profile-coverage-mapping -profile-generate -enable-testing -index-store-path /Users/admin/builder/spi-builder-workspace/.derivedData/Index.noindex/DataStore -Xcc -D_LIBCPP_HARDENING_MODE\=_LIBCPP_HARDENING_MODE_DEBUG -swift-version 6 -I /Users/admin/builder/spi-builder-workspace/.derivedData/Build/Products/Debug-watchos -Isystem /Applications/Xcode-27.0.0-Release.Candidate.app/Contents/Developer/Platforms/WatchOS.platform/Developer/usr/lib -F /Users/admin/builder/spi-builder-workspace/.derivedData/Build/Products/Debug-watchos -F /Applications/Xcode-27.0.0-Release.Candidate.app/Contents/Developer/Platforms/WatchOS.platform/Developer/Library/Frameworks -F /Applications/Xcode-27.0.0-Release.Candidate.app/Contents/Developer/Platforms/WatchOS.platform/Developer/SDKs/WatchOS27.0.sdk/Developer/Library/Frameworks -c -j10 -enable-batch-mode -incremental -Xcc -ivfsstatcache -Xcc /Users/admin/builder/spi-builder-workspace/.derivedData/SDKStatCaches.noindex/watchos27.0-24R360-e829b21a6f8c9b70876ba0858053c04477534ef55a1706bf4c1112bbb242f0a2.sdkstatcache -output-file-map /Users/admin/builder/spi-builder-workspace/.derivedData/Build/Intermediates.noindex/MetabookSDK.build/Debug-watchos/MetabookSDK-t.build/Objects-normal/arm64_32/MetabookSDK-OutputFileMap.json -save-temps -no-color-diagnostics -explicit-module-build -module-cache-path /Users/admin/builder/spi-builder-workspace/.derivedData/Build/Intermediates.noindex/SwiftExplicitPrecompiledModules -clang-scanner-module-cache-path /Users/admin/builder/spi-builder-workspace/.derivedData/ModuleCache.noindex -sdk-module-cache-path /Users/admin/builder/spi-builder-workspace/.derivedData/SDKExplicitPrecompiledModules -emit-dependencies -emit-module -emit-module-path /Users/admin/builder/spi-builder-workspace/.derivedData/Build/Intermediates.noindex/MetabookSDK.build/Debug-watchos/MetabookSDK-t.build/Objects-normal/arm64_32/MetabookSDK.swiftmodule -serialize-diagnostics -dependency-scan-serialize-diagnostics-path /Users/admin/builder/spi-builder-workspace/.derivedData/Build/Intermediates.noindex/MetabookSDK.build/Debug-watchos/MetabookSDK-t.build/Objects-normal/arm64_32/MetabookSDK-dependency-scan.dia -validate-clang-modules-once -clang-build-session-file /Users/admin/builder/spi-builder-workspace/.derivedData/ModuleCache.noindex/Session.modulevalidation -Xcc -fmodules-prune-interval\=86400 -Xcc -fmodules-prune-after\=345600 -package-name spi_builder_workspace -emit-const-values -const-gather-protocols-list /Users/admin/builder/spi-builder-workspace/.derivedData/Build/Intermediates.noindex/MetabookSDK.build/Debug-watchos/MetabookSDK-t.build/Objects-normal/arm64_32/MetabookSDK_const_extract_protocols.json -Xcc -I/Users/admin/builder/spi-builder-workspace/.derivedData/Build/Products/Debug-watchos/include -Xcc -I/Users/admin/builder/spi-builder-workspace/.derivedData/Build/Intermediates.noindex/MetabookSDK.build/Debug-watchos/MetabookSDK-t.build/DerivedSources-normal/arm64_32 -Xcc -I/Users/admin/builder/spi-builder-workspace/.derivedData/Build/Intermediates.noindex/MetabookSDK.build/Debug-watchos/MetabookSDK-t.build/DerivedSources/arm64_32 -Xcc -I/Users/admin/builder/spi-builder-workspace/.derivedData/Build/Intermediates.noindex/MetabookSDK.build/Debug-watchos/MetabookSDK-t.build/DerivedSources -Xcc -DSWIFT_PACKAGE -Xcc -DDEBUG\=1 -emit-objc-header -emit-objc-header-path /Users/admin/builder/spi-builder-workspace/.derivedData/Build/Intermediates.noindex/MetabookSDK.build/Debug-watchos/MetabookSDK-t.build/Objects-normal/arm64_32/MetabookSDK-Swift.h -working-directory /Users/admin/builder/spi-builder-workspace/.swiftpm/xcode -experimental-emit-module-separately -disable-cmo
SwiftDriverJobDiscovery normal arm64 Emitting module for MetabookSDK (in target 'MetabookSDK' from project 'MetabookSDK')
SwiftCompile normal arm64 Compiling\ BookLookupState.swift,\ BookStructureModel.swift,\ SchemaCatalogModel.swift,\ UploadState.swift,\ MetabookJSON.swift /Users/admin/builder/spi-builder-workspace/Sources/MetabookSDK/Observable/BookLookupState.swift /Users/admin/builder/spi-builder-workspace/Sources/MetabookSDK/Observable/BookStructureModel.swift /Users/admin/builder/spi-builder-workspace/Sources/MetabookSDK/Observable/SchemaCatalogModel.swift /Users/admin/builder/spi-builder-workspace/Sources/MetabookSDK/Observable/UploadState.swift /Users/admin/builder/spi-builder-workspace/Sources/MetabookSDK/Support/MetabookJSON.swift (in target 'MetabookSDK' from project 'MetabookSDK')
SwiftCompile normal arm64 /Users/admin/builder/spi-builder-workspace/Sources/MetabookSDK/Observable/BookLookupState.swift (in target 'MetabookSDK' from project 'MetabookSDK')
cd /Users/admin/builder/spi-builder-workspace/.swiftpm/xcode
builtin-SwiftPerFileCompile BookLookupState.swift
SwiftCompile normal arm64 /Users/admin/builder/spi-builder-workspace/Sources/MetabookSDK/Observable/BookStructureModel.swift (in target 'MetabookSDK' from project 'MetabookSDK')
cd /Users/admin/builder/spi-builder-workspace/.swiftpm/xcode
builtin-SwiftPerFileCompile BookStructureModel.swift
SwiftCompile normal arm64 /Users/admin/builder/spi-builder-workspace/Sources/MetabookSDK/Observable/SchemaCatalogModel.swift (in target 'MetabookSDK' from project 'MetabookSDK')
cd /Users/admin/builder/spi-builder-workspace/.swiftpm/xcode
builtin-SwiftPerFileCompile SchemaCatalogModel.swift
SwiftCompile normal arm64 /Users/admin/builder/spi-builder-workspace/Sources/MetabookSDK/Observable/UploadState.swift (in target 'MetabookSDK' from project 'MetabookSDK')
cd /Users/admin/builder/spi-builder-workspace/.swiftpm/xcode
builtin-SwiftPerFileCompile UploadState.swift
SwiftCompile normal arm64 /Users/admin/builder/spi-builder-workspace/Sources/MetabookSDK/Support/MetabookJSON.swift (in target 'MetabookSDK' from project 'MetabookSDK')
cd /Users/admin/builder/spi-builder-workspace/.swiftpm/xcode
builtin-SwiftPerFileCompile MetabookJSON.swift
SwiftDriver\ Compilation\ Requirements MetabookSDK normal arm64 com.apple.xcode.tools.swift.compiler (in target 'MetabookSDK' from project 'MetabookSDK')
cd /Users/admin/builder/spi-builder-workspace/.swiftpm/xcode
builtin-Swift-Compilation-Requirements -- /Applications/Xcode-27.0.0-Release.Candidate.app/Contents/Developer/Toolchains/XcodeDefault.xctoolchain/usr/bin/swiftc -parse-as-library -module-name MetabookSDK -Onone @/Users/admin/builder/spi-builder-workspace/.derivedData/Build/Intermediates.noindex/MetabookSDK.build/Debug-watchos/MetabookSDK-t.build/Objects-normal/arm64/MetabookSDK.SwiftFileList -DSWIFT_PACKAGE -DDEBUG -DSWIFT_MODULE_RESOURCE_BUNDLE_UNAVAILABLE -DXcode -plugin-path /Applications/Xcode-27.0.0-Release.Candidate.app/Contents/Developer/Toolchains/XcodeDefault.xctoolchain/usr/lib/swift/host/plugins/testing -enable-experimental-feature DebugDescriptionMacro -sdk /Applications/Xcode-27.0.0-Release.Candidate.app/Contents/Developer/Platforms/WatchOS.platform/Developer/SDKs/WatchOS27.0.sdk -target arm64-apple-watchos10.0 -g -module-cache-path /Users/admin/builder/spi-builder-workspace/.derivedData/ModuleCache.noindex -Xfrontend -serialize-debugging-options -profile-coverage-mapping -profile-generate -enable-testing -index-store-path /Users/admin/builder/spi-builder-workspace/.derivedData/Index.noindex/DataStore -Xcc -D_LIBCPP_HARDENING_MODE\=_LIBCPP_HARDENING_MODE_DEBUG -swift-version 6 -I /Users/admin/builder/spi-builder-workspace/.derivedData/Build/Products/Debug-watchos -Isystem /Applications/Xcode-27.0.0-Release.Candidate.app/Contents/Developer/Platforms/WatchOS.platform/Developer/usr/lib -F /Users/admin/builder/spi-builder-workspace/.derivedData/Build/Products/Debug-watchos -F /Applications/Xcode-27.0.0-Release.Candidate.app/Contents/Developer/Platforms/WatchOS.platform/Developer/Library/Frameworks -F /Applications/Xcode-27.0.0-Release.Candidate.app/Contents/Developer/Platforms/WatchOS.platform/Developer/SDKs/WatchOS27.0.sdk/Developer/Library/Frameworks -c -j10 -enable-batch-mode -incremental -Xcc -ivfsstatcache -Xcc /Users/admin/builder/spi-builder-workspace/.derivedData/SDKStatCaches.noindex/watchos27.0-24R360-e829b21a6f8c9b70876ba0858053c04477534ef55a1706bf4c1112bbb242f0a2.sdkstatcache -output-file-map /Users/admin/builder/spi-builder-workspace/.derivedData/Build/Intermediates.noindex/MetabookSDK.build/Debug-watchos/MetabookSDK-t.build/Objects-normal/arm64/MetabookSDK-OutputFileMap.json -save-temps -no-color-diagnostics -explicit-module-build -module-cache-path /Users/admin/builder/spi-builder-workspace/.derivedData/Build/Intermediates.noindex/SwiftExplicitPrecompiledModules -clang-scanner-module-cache-path /Users/admin/builder/spi-builder-workspace/.derivedData/ModuleCache.noindex -sdk-module-cache-path /Users/admin/builder/spi-builder-workspace/.derivedData/SDKExplicitPrecompiledModules -emit-dependencies -emit-module -emit-module-path /Users/admin/builder/spi-builder-workspace/.derivedData/Build/Intermediates.noindex/MetabookSDK.build/Debug-watchos/MetabookSDK-t.build/Objects-normal/arm64/MetabookSDK.swiftmodule -serialize-diagnostics -dependency-scan-serialize-diagnostics-path /Users/admin/builder/spi-builder-workspace/.derivedData/Build/Intermediates.noindex/MetabookSDK.build/Debug-watchos/MetabookSDK-t.build/Objects-normal/arm64/MetabookSDK-dependency-scan.dia -validate-clang-modules-once -clang-build-session-file /Users/admin/builder/spi-builder-workspace/.derivedData/ModuleCache.noindex/Session.modulevalidation -Xcc -fmodules-prune-interval\=86400 -Xcc -fmodules-prune-after\=345600 -package-name spi_builder_workspace -emit-const-values -const-gather-protocols-list /Users/admin/builder/spi-builder-workspace/.derivedData/Build/Intermediates.noindex/MetabookSDK.build/Debug-watchos/MetabookSDK-t.build/Objects-normal/arm64/MetabookSDK_const_extract_protocols.json -Xcc -I/Users/admin/builder/spi-builder-workspace/.derivedData/Build/Products/Debug-watchos/include -Xcc -I/Users/admin/builder/spi-builder-workspace/.derivedData/Build/Intermediates.noindex/MetabookSDK.build/Debug-watchos/MetabookSDK-t.build/DerivedSources-normal/arm64 -Xcc -I/Users/admin/builder/spi-builder-workspace/.derivedData/Build/Intermediates.noindex/MetabookSDK.build/Debug-watchos/MetabookSDK-t.build/DerivedSources/arm64 -Xcc -I/Users/admin/builder/spi-builder-workspace/.derivedData/Build/Intermediates.noindex/MetabookSDK.build/Debug-watchos/MetabookSDK-t.build/DerivedSources -Xcc -DSWIFT_PACKAGE -Xcc -DDEBUG\=1 -emit-objc-header -emit-objc-header-path /Users/admin/builder/spi-builder-workspace/.derivedData/Build/Intermediates.noindex/MetabookSDK.build/Debug-watchos/MetabookSDK-t.build/Objects-normal/arm64/MetabookSDK-Swift.h -working-directory /Users/admin/builder/spi-builder-workspace/.swiftpm/xcode -experimental-emit-module-separately -disable-cmo
SwiftDriverJobDiscovery normal arm64_32 Compiling HealthStatus.swift, SchemaConfidence.swift, SchemaInfo.swift, SchemaType.swift, BookStructureResponse.swift (in target 'MetabookSDK' from project 'MetabookSDK')
Copy /Users/admin/builder/spi-builder-workspace/.derivedData/Build/Products/Debug-watchos/MetabookSDK.swiftmodule/arm64_32-apple-watchos.swiftmodule /Users/admin/builder/spi-builder-workspace/.derivedData/Build/Intermediates.noindex/MetabookSDK.build/Debug-watchos/MetabookSDK-t.build/Objects-normal/arm64_32/MetabookSDK.swiftmodule (in target 'MetabookSDK' from project 'MetabookSDK')
cd /Users/admin/builder/spi-builder-workspace
builtin-copy -exclude .DS_Store -exclude CVS -exclude .svn -exclude .git -exclude .hg -resolve-src-symlinks -rename /Users/admin/builder/spi-builder-workspace/.derivedData/Build/Intermediates.noindex/MetabookSDK.build/Debug-watchos/MetabookSDK-t.build/Objects-normal/arm64_32/MetabookSDK.swiftmodule /Users/admin/builder/spi-builder-workspace/.derivedData/Build/Products/Debug-watchos/MetabookSDK.swiftmodule/arm64_32-apple-watchos.swiftmodule
Copy /Users/admin/builder/spi-builder-workspace/.derivedData/Build/Products/Debug-watchos/MetabookSDK.swiftmodule/arm64_32-apple-watchos.swiftdoc /Users/admin/builder/spi-builder-workspace/.derivedData/Build/Intermediates.noindex/MetabookSDK.build/Debug-watchos/MetabookSDK-t.build/Objects-normal/arm64_32/MetabookSDK.swiftdoc (in target 'MetabookSDK' from project 'MetabookSDK')
cd /Users/admin/builder/spi-builder-workspace
builtin-copy -exclude .DS_Store -exclude CVS -exclude .svn -exclude .git -exclude .hg -resolve-src-symlinks -rename /Users/admin/builder/spi-builder-workspace/.derivedData/Build/Intermediates.noindex/MetabookSDK.build/Debug-watchos/MetabookSDK-t.build/Objects-normal/arm64_32/MetabookSDK.swiftdoc /Users/admin/builder/spi-builder-workspace/.derivedData/Build/Products/Debug-watchos/MetabookSDK.swiftmodule/arm64_32-apple-watchos.swiftdoc
Copy /Users/admin/builder/spi-builder-workspace/.derivedData/Build/Products/Debug-watchos/MetabookSDK.swiftmodule/arm64_32-apple-watchos.abi.json /Users/admin/builder/spi-builder-workspace/.derivedData/Build/Intermediates.noindex/MetabookSDK.build/Debug-watchos/MetabookSDK-t.build/Objects-normal/arm64_32/MetabookSDK.abi.json (in target 'MetabookSDK' from project 'MetabookSDK')
cd /Users/admin/builder/spi-builder-workspace
builtin-copy -exclude .DS_Store -exclude CVS -exclude .svn -exclude .git -exclude .hg -resolve-src-symlinks -rename /Users/admin/builder/spi-builder-workspace/.derivedData/Build/Intermediates.noindex/MetabookSDK.build/Debug-watchos/MetabookSDK-t.build/Objects-normal/arm64_32/MetabookSDK.abi.json /Users/admin/builder/spi-builder-workspace/.derivedData/Build/Products/Debug-watchos/MetabookSDK.swiftmodule/arm64_32-apple-watchos.abi.json
SwiftCompile normal arm64 Compiling\ BookUploadResponse.swift,\ ChapterNode.swift,\ ClauseNode.swift,\ MetaInfo.swift,\ ParagraphNode.swift /Users/admin/builder/spi-builder-workspace/Sources/MetabookSDK/Models/Structure/BookUploadResponse.swift /Users/admin/builder/spi-builder-workspace/Sources/MetabookSDK/Models/Structure/ChapterNode.swift /Users/admin/builder/spi-builder-workspace/Sources/MetabookSDK/Models/Structure/ClauseNode.swift /Users/admin/builder/spi-builder-workspace/Sources/MetabookSDK/Models/Structure/MetaInfo.swift /Users/admin/builder/spi-builder-workspace/Sources/MetabookSDK/Models/Structure/ParagraphNode.swift (in target 'MetabookSDK' from project 'MetabookSDK')
SwiftCompile normal arm64 /Users/admin/builder/spi-builder-workspace/Sources/MetabookSDK/Models/Structure/BookUploadResponse.swift (in target 'MetabookSDK' from project 'MetabookSDK')
cd /Users/admin/builder/spi-builder-workspace/.swiftpm/xcode
builtin-SwiftPerFileCompile BookUploadResponse.swift
SwiftCompile normal arm64 /Users/admin/builder/spi-builder-workspace/Sources/MetabookSDK/Models/Structure/ChapterNode.swift (in target 'MetabookSDK' from project 'MetabookSDK')
cd /Users/admin/builder/spi-builder-workspace/.swiftpm/xcode
builtin-SwiftPerFileCompile ChapterNode.swift
SwiftCompile normal arm64 /Users/admin/builder/spi-builder-workspace/Sources/MetabookSDK/Models/Structure/ClauseNode.swift (in target 'MetabookSDK' from project 'MetabookSDK')
cd /Users/admin/builder/spi-builder-workspace/.swiftpm/xcode
builtin-SwiftPerFileCompile ClauseNode.swift
SwiftCompile normal arm64 /Users/admin/builder/spi-builder-workspace/Sources/MetabookSDK/Models/Structure/MetaInfo.swift (in target 'MetabookSDK' from project 'MetabookSDK')
cd /Users/admin/builder/spi-builder-workspace/.swiftpm/xcode
builtin-SwiftPerFileCompile MetaInfo.swift
SwiftCompile normal arm64 /Users/admin/builder/spi-builder-workspace/Sources/MetabookSDK/Models/Structure/ParagraphNode.swift (in target 'MetabookSDK' from project 'MetabookSDK')
cd /Users/admin/builder/spi-builder-workspace/.swiftpm/xcode
builtin-SwiftPerFileCompile ParagraphNode.swift
Copy /Users/admin/builder/spi-builder-workspace/.derivedData/Build/Products/Debug-watchos/MetabookSDK.swiftmodule/Project/arm64_32-apple-watchos.swiftsourceinfo /Users/admin/builder/spi-builder-workspace/.derivedData/Build/Intermediates.noindex/MetabookSDK.build/Debug-watchos/MetabookSDK-t.build/Objects-normal/arm64_32/MetabookSDK.swiftsourceinfo (in target 'MetabookSDK' from project 'MetabookSDK')
cd /Users/admin/builder/spi-builder-workspace
builtin-copy -exclude .DS_Store -exclude CVS -exclude .svn -exclude .git -exclude .hg -resolve-src-symlinks -rename /Users/admin/builder/spi-builder-workspace/.derivedData/Build/Intermediates.noindex/MetabookSDK.build/Debug-watchos/MetabookSDK-t.build/Objects-normal/arm64_32/MetabookSDK.swiftsourceinfo /Users/admin/builder/spi-builder-workspace/.derivedData/Build/Products/Debug-watchos/MetabookSDK.swiftmodule/Project/arm64_32-apple-watchos.swiftsourceinfo
SwiftDriverJobDiscovery normal arm64_32 Compiling BookLookupState.swift, BookStructureModel.swift, SchemaCatalogModel.swift, UploadState.swift, MetabookJSON.swift (in target 'MetabookSDK' from project 'MetabookSDK')
SwiftCompile normal arm64 Compiling\ MultipartFormData.swift,\ URLSessionTransport.swift,\ MetabookSDKInfo.swift,\ AuthorInfo.swift,\ BlobInfo.swift /Users/admin/builder/spi-builder-workspace/Sources/MetabookSDK/Client/MultipartFormData.swift /Users/admin/builder/spi-builder-workspace/Sources/MetabookSDK/Client/URLSessionTransport.swift /Users/admin/builder/spi-builder-workspace/Sources/MetabookSDK/MetabookSDKInfo.swift /Users/admin/builder/spi-builder-workspace/Sources/MetabookSDK/Models/AuthorInfo.swift /Users/admin/builder/spi-builder-workspace/Sources/MetabookSDK/Models/BlobInfo.swift (in target 'MetabookSDK' from project 'MetabookSDK')
SwiftCompile normal arm64 /Users/admin/builder/spi-builder-workspace/Sources/MetabookSDK/Client/MultipartFormData.swift (in target 'MetabookSDK' from project 'MetabookSDK')
cd /Users/admin/builder/spi-builder-workspace/.swiftpm/xcode
builtin-SwiftPerFileCompile MultipartFormData.swift
SwiftCompile normal arm64 /Users/admin/builder/spi-builder-workspace/Sources/MetabookSDK/Client/URLSessionTransport.swift (in target 'MetabookSDK' from project 'MetabookSDK')
cd /Users/admin/builder/spi-builder-workspace/.swiftpm/xcode
builtin-SwiftPerFileCompile URLSessionTransport.swift
SwiftCompile normal arm64 /Users/admin/builder/spi-builder-workspace/Sources/MetabookSDK/MetabookSDKInfo.swift (in target 'MetabookSDK' from project 'MetabookSDK')
cd /Users/admin/builder/spi-builder-workspace/.swiftpm/xcode
builtin-SwiftPerFileCompile MetabookSDKInfo.swift
SwiftCompile normal arm64 /Users/admin/builder/spi-builder-workspace/Sources/MetabookSDK/Models/AuthorInfo.swift (in target 'MetabookSDK' from project 'MetabookSDK')
cd /Users/admin/builder/spi-builder-workspace/.swiftpm/xcode
builtin-SwiftPerFileCompile AuthorInfo.swift
SwiftCompile normal arm64 /Users/admin/builder/spi-builder-workspace/Sources/MetabookSDK/Models/BlobInfo.swift (in target 'MetabookSDK' from project 'MetabookSDK')
cd /Users/admin/builder/spi-builder-workspace/.swiftpm/xcode
builtin-SwiftPerFileCompile BlobInfo.swift
SwiftCompile normal arm64 Compiling\ BookMatchList.swift,\ EnvironmentValues+Metabook.swift,\ SchemaBadge.swift,\ StructureDetail+Preview.swift /Users/admin/builder/spi-builder-workspace/Sources/MetabookSDK/SwiftUI/BookMatchList.swift /Users/admin/builder/spi-builder-workspace/Sources/MetabookSDK/SwiftUI/EnvironmentValues+Metabook.swift /Users/admin/builder/spi-builder-workspace/Sources/MetabookSDK/SwiftUI/SchemaBadge.swift /Users/admin/builder/spi-builder-workspace/Sources/MetabookSDK/SwiftUI/StructureDetail+Preview.swift (in target 'MetabookSDK' from project 'MetabookSDK')
SwiftCompile normal arm64 /Users/admin/builder/spi-builder-workspace/Sources/MetabookSDK/SwiftUI/BookMatchList.swift (in target 'MetabookSDK' from project 'MetabookSDK')
cd /Users/admin/builder/spi-builder-workspace/.swiftpm/xcode
builtin-SwiftPerFileCompile BookMatchList.swift
SwiftCompile normal arm64 /Users/admin/builder/spi-builder-workspace/Sources/MetabookSDK/SwiftUI/EnvironmentValues+Metabook.swift (in target 'MetabookSDK' from project 'MetabookSDK')
cd /Users/admin/builder/spi-builder-workspace/.swiftpm/xcode
builtin-SwiftPerFileCompile EnvironmentValues+Metabook.swift
SwiftCompile normal arm64 /Users/admin/builder/spi-builder-workspace/Sources/MetabookSDK/SwiftUI/SchemaBadge.swift (in target 'MetabookSDK' from project 'MetabookSDK')
cd /Users/admin/builder/spi-builder-workspace/.swiftpm/xcode
builtin-SwiftPerFileCompile SchemaBadge.swift
SwiftCompile normal arm64 /Users/admin/builder/spi-builder-workspace/Sources/MetabookSDK/SwiftUI/StructureDetail+Preview.swift (in target 'MetabookSDK' from project 'MetabookSDK')
cd /Users/admin/builder/spi-builder-workspace/.swiftpm/xcode
builtin-SwiftPerFileCompile StructureDetail+Preview.swift
SwiftCompile normal arm64 Compiling\ APIErrorBody.swift,\ MetabookClient.swift,\ MetabookConfiguration.swift,\ MetabookError.swift,\ MetabookTransport.swift /Users/admin/builder/spi-builder-workspace/Sources/MetabookSDK/Client/APIErrorBody.swift /Users/admin/builder/spi-builder-workspace/Sources/MetabookSDK/Client/MetabookClient.swift /Users/admin/builder/spi-builder-workspace/Sources/MetabookSDK/Client/MetabookConfiguration.swift /Users/admin/builder/spi-builder-workspace/Sources/MetabookSDK/Client/MetabookError.swift /Users/admin/builder/spi-builder-workspace/Sources/MetabookSDK/Client/MetabookTransport.swift (in target 'MetabookSDK' from project 'MetabookSDK')
SwiftCompile normal arm64 /Users/admin/builder/spi-builder-workspace/Sources/MetabookSDK/Client/APIErrorBody.swift (in target 'MetabookSDK' from project 'MetabookSDK')
cd /Users/admin/builder/spi-builder-workspace/.swiftpm/xcode
builtin-SwiftPerFileCompile APIErrorBody.swift
SwiftCompile normal arm64 /Users/admin/builder/spi-builder-workspace/Sources/MetabookSDK/Client/MetabookClient.swift (in target 'MetabookSDK' from project 'MetabookSDK')
cd /Users/admin/builder/spi-builder-workspace/.swiftpm/xcode
builtin-SwiftPerFileCompile MetabookClient.swift
SwiftCompile normal arm64 /Users/admin/builder/spi-builder-workspace/Sources/MetabookSDK/Client/MetabookConfiguration.swift (in target 'MetabookSDK' from project 'MetabookSDK')
cd /Users/admin/builder/spi-builder-workspace/.swiftpm/xcode
builtin-SwiftPerFileCompile MetabookConfiguration.swift
SwiftCompile normal arm64 /Users/admin/builder/spi-builder-workspace/Sources/MetabookSDK/Client/MetabookError.swift (in target 'MetabookSDK' from project 'MetabookSDK')
cd /Users/admin/builder/spi-builder-workspace/.swiftpm/xcode
builtin-SwiftPerFileCompile MetabookError.swift
SwiftCompile normal arm64 /Users/admin/builder/spi-builder-workspace/Sources/MetabookSDK/Client/MetabookTransport.swift (in target 'MetabookSDK' from project 'MetabookSDK')
cd /Users/admin/builder/spi-builder-workspace/.swiftpm/xcode
builtin-SwiftPerFileCompile MetabookTransport.swift
SwiftCompile normal arm64 Compiling\ BookInfo.swift,\ BookMatch.swift,\ BookQuery.swift,\ DetailLevel.swift,\ DisambiguationResult.swift /Users/admin/builder/spi-builder-workspace/Sources/MetabookSDK/Models/BookInfo.swift /Users/admin/builder/spi-builder-workspace/Sources/MetabookSDK/Models/BookMatch.swift /Users/admin/builder/spi-builder-workspace/Sources/MetabookSDK/Models/BookQuery.swift /Users/admin/builder/spi-builder-workspace/Sources/MetabookSDK/Models/DetailLevel.swift /Users/admin/builder/spi-builder-workspace/Sources/MetabookSDK/Models/DisambiguationResult.swift (in target 'MetabookSDK' from project 'MetabookSDK')
SwiftCompile normal arm64 /Users/admin/builder/spi-builder-workspace/Sources/MetabookSDK/Models/BookInfo.swift (in target 'MetabookSDK' from project 'MetabookSDK')
cd /Users/admin/builder/spi-builder-workspace/.swiftpm/xcode
builtin-SwiftPerFileCompile BookInfo.swift
SwiftCompile normal arm64 /Users/admin/builder/spi-builder-workspace/Sources/MetabookSDK/Models/BookMatch.swift (in target 'MetabookSDK' from project 'MetabookSDK')
cd /Users/admin/builder/spi-builder-workspace/.swiftpm/xcode
builtin-SwiftPerFileCompile BookMatch.swift
SwiftCompile normal arm64 /Users/admin/builder/spi-builder-workspace/Sources/MetabookSDK/Models/BookQuery.swift (in target 'MetabookSDK' from project 'MetabookSDK')
cd /Users/admin/builder/spi-builder-workspace/.swiftpm/xcode
builtin-SwiftPerFileCompile BookQuery.swift
SwiftCompile normal arm64 /Users/admin/builder/spi-builder-workspace/Sources/MetabookSDK/Models/DetailLevel.swift (in target 'MetabookSDK' from project 'MetabookSDK')
cd /Users/admin/builder/spi-builder-workspace/.swiftpm/xcode
builtin-SwiftPerFileCompile DetailLevel.swift
SwiftCompile normal arm64 /Users/admin/builder/spi-builder-workspace/Sources/MetabookSDK/Models/DisambiguationResult.swift (in target 'MetabookSDK' from project 'MetabookSDK')
cd /Users/admin/builder/spi-builder-workspace/.swiftpm/xcode
builtin-SwiftPerFileCompile DisambiguationResult.swift
SwiftCompile normal arm64 Compiling\ UploadMetaInfo.swift,\ WordNode.swift,\ StructureLookup.swift,\ StructureOptions.swift,\ UploadedBookInfo.swift /Users/admin/builder/spi-builder-workspace/Sources/MetabookSDK/Models/Structure/UploadMetaInfo.swift /Users/admin/builder/spi-builder-workspace/Sources/MetabookSDK/Models/Structure/WordNode.swift /Users/admin/builder/spi-builder-workspace/Sources/MetabookSDK/Models/StructureLookup.swift /Users/admin/builder/spi-builder-workspace/Sources/MetabookSDK/Models/StructureOptions.swift /Users/admin/builder/spi-builder-workspace/Sources/MetabookSDK/Models/UploadedBookInfo.swift (in target 'MetabookSDK' from project 'MetabookSDK')
SwiftCompile normal arm64 /Users/admin/builder/spi-builder-workspace/Sources/MetabookSDK/Models/Structure/UploadMetaInfo.swift (in target 'MetabookSDK' from project 'MetabookSDK')
cd /Users/admin/builder/spi-builder-workspace/.swiftpm/xcode
builtin-SwiftPerFileCompile UploadMetaInfo.swift
SwiftCompile normal arm64 /Users/admin/builder/spi-builder-workspace/Sources/MetabookSDK/Models/Structure/WordNode.swift (in target 'MetabookSDK' from project 'MetabookSDK')
cd /Users/admin/builder/spi-builder-workspace/.swiftpm/xcode
builtin-SwiftPerFileCompile WordNode.swift
SwiftCompile normal arm64 /Users/admin/builder/spi-builder-workspace/Sources/MetabookSDK/Models/StructureLookup.swift (in target 'MetabookSDK' from project 'MetabookSDK')
cd /Users/admin/builder/spi-builder-workspace/.swiftpm/xcode
builtin-SwiftPerFileCompile StructureLookup.swift
SwiftCompile normal arm64 /Users/admin/builder/spi-builder-workspace/Sources/MetabookSDK/Models/StructureOptions.swift (in target 'MetabookSDK' from project 'MetabookSDK')
cd /Users/admin/builder/spi-builder-workspace/.swiftpm/xcode
builtin-SwiftPerFileCompile StructureOptions.swift
SwiftCompile normal arm64 /Users/admin/builder/spi-builder-workspace/Sources/MetabookSDK/Models/UploadedBookInfo.swift (in target 'MetabookSDK' from project 'MetabookSDK')
cd /Users/admin/builder/spi-builder-workspace/.swiftpm/xcode
builtin-SwiftPerFileCompile UploadedBookInfo.swift
SwiftCompile normal arm64 Compiling\ PartNode.swift,\ SentenceNode.swift,\ StructureDetail.swift,\ StructureNode.swift,\ StructureSummary.swift /Users/admin/builder/spi-builder-workspace/Sources/MetabookSDK/Models/Structure/PartNode.swift /Users/admin/builder/spi-builder-workspace/Sources/MetabookSDK/Models/Structure/SentenceNode.swift /Users/admin/builder/spi-builder-workspace/Sources/MetabookSDK/Models/Structure/StructureDetail.swift /Users/admin/builder/spi-builder-workspace/Sources/MetabookSDK/Models/Structure/StructureNode.swift /Users/admin/builder/spi-builder-workspace/Sources/MetabookSDK/Models/Structure/StructureSummary.swift (in target 'MetabookSDK' from project 'MetabookSDK')
SwiftCompile normal arm64 /Users/admin/builder/spi-builder-workspace/Sources/MetabookSDK/Models/Structure/PartNode.swift (in target 'MetabookSDK' from project 'MetabookSDK')
cd /Users/admin/builder/spi-builder-workspace/.swiftpm/xcode
builtin-SwiftPerFileCompile PartNode.swift
SwiftCompile normal arm64 /Users/admin/builder/spi-builder-workspace/Sources/MetabookSDK/Models/Structure/SentenceNode.swift (in target 'MetabookSDK' from project 'MetabookSDK')
cd /Users/admin/builder/spi-builder-workspace/.swiftpm/xcode
builtin-SwiftPerFileCompile SentenceNode.swift
SwiftCompile normal arm64 /Users/admin/builder/spi-builder-workspace/Sources/MetabookSDK/Models/Structure/StructureDetail.swift (in target 'MetabookSDK' from project 'MetabookSDK')
cd /Users/admin/builder/spi-builder-workspace/.swiftpm/xcode
builtin-SwiftPerFileCompile StructureDetail.swift
SwiftCompile normal arm64 /Users/admin/builder/spi-builder-workspace/Sources/MetabookSDK/Models/Structure/StructureNode.swift (in target 'MetabookSDK' from project 'MetabookSDK')
cd /Users/admin/builder/spi-builder-workspace/.swiftpm/xcode
builtin-SwiftPerFileCompile StructureNode.swift
SwiftCompile normal arm64 /Users/admin/builder/spi-builder-workspace/Sources/MetabookSDK/Models/Structure/StructureSummary.swift (in target 'MetabookSDK' from project 'MetabookSDK')
cd /Users/admin/builder/spi-builder-workspace/.swiftpm/xcode
builtin-SwiftPerFileCompile StructureSummary.swift
SwiftDriverJobDiscovery normal arm64_32 Compiling PartNode.swift, SentenceNode.swift, StructureDetail.swift, StructureNode.swift, StructureSummary.swift (in target 'MetabookSDK' from project 'MetabookSDK')
SwiftDriverJobDiscovery normal arm64_32 Compiling MultipartFormData.swift, URLSessionTransport.swift, MetabookSDKInfo.swift, AuthorInfo.swift, BlobInfo.swift (in target 'MetabookSDK' from project 'MetabookSDK')
SwiftDriverJobDiscovery normal arm64_32 Compiling UploadMetaInfo.swift, WordNode.swift, StructureLookup.swift, StructureOptions.swift, UploadedBookInfo.swift (in target 'MetabookSDK' from project 'MetabookSDK')
SwiftDriverJobDiscovery normal arm64_32 Compiling APIErrorBody.swift, MetabookClient.swift, MetabookConfiguration.swift, MetabookError.swift, MetabookTransport.swift (in target 'MetabookSDK' from project 'MetabookSDK')
SwiftDriverJobDiscovery normal arm64_32 Compiling BookInfo.swift, BookMatch.swift, BookQuery.swift, DetailLevel.swift, DisambiguationResult.swift (in target 'MetabookSDK' from project 'MetabookSDK')
SwiftMergeGeneratedHeaders /Users/admin/builder/spi-builder-workspace/.derivedData/Build/Intermediates.noindex/GeneratedModuleMaps-watchos/MetabookSDK-Swift.h /Users/admin/builder/spi-builder-workspace/.derivedData/Build/Intermediates.noindex/MetabookSDK.build/Debug-watchos/MetabookSDK-t.build/Objects-normal/arm64/MetabookSDK-Swift.h /Users/admin/builder/spi-builder-workspace/.derivedData/Build/Intermediates.noindex/MetabookSDK.build/Debug-watchos/MetabookSDK-t.build/Objects-normal/arm64_32/MetabookSDK-Swift.h (in target 'MetabookSDK' from project 'MetabookSDK')
cd /Users/admin/builder/spi-builder-workspace
builtin-swiftHeaderTool -arch arm64 /Users/admin/builder/spi-builder-workspace/.derivedData/Build/Intermediates.noindex/MetabookSDK.build/Debug-watchos/MetabookSDK-t.build/Objects-normal/arm64/MetabookSDK-Swift.h -arch arm64_32 /Users/admin/builder/spi-builder-workspace/.derivedData/Build/Intermediates.noindex/MetabookSDK.build/Debug-watchos/MetabookSDK-t.build/Objects-normal/arm64_32/MetabookSDK-Swift.h -o /Users/admin/builder/spi-builder-workspace/.derivedData/Build/Intermediates.noindex/GeneratedModuleMaps-watchos/MetabookSDK-Swift.h
SwiftDriverJobDiscovery normal arm64 Compiling BookLookupState.swift, BookStructureModel.swift, SchemaCatalogModel.swift, UploadState.swift, MetabookJSON.swift (in target 'MetabookSDK' from project 'MetabookSDK')
Copy /Users/admin/builder/spi-builder-workspace/.derivedData/Build/Products/Debug-watchos/MetabookSDK.swiftmodule/arm64-apple-watchos.swiftmodule /Users/admin/builder/spi-builder-workspace/.derivedData/Build/Intermediates.noindex/MetabookSDK.build/Debug-watchos/MetabookSDK-t.build/Objects-normal/arm64/MetabookSDK.swiftmodule (in target 'MetabookSDK' from project 'MetabookSDK')
cd /Users/admin/builder/spi-builder-workspace
builtin-copy -exclude .DS_Store -exclude CVS -exclude .svn -exclude .git -exclude .hg -resolve-src-symlinks -rename /Users/admin/builder/spi-builder-workspace/.derivedData/Build/Intermediates.noindex/MetabookSDK.build/Debug-watchos/MetabookSDK-t.build/Objects-normal/arm64/MetabookSDK.swiftmodule /Users/admin/builder/spi-builder-workspace/.derivedData/Build/Products/Debug-watchos/MetabookSDK.swiftmodule/arm64-apple-watchos.swiftmodule
Copy /Users/admin/builder/spi-builder-workspace/.derivedData/Build/Products/Debug-watchos/MetabookSDK.swiftmodule/arm64-apple-watchos.swiftdoc /Users/admin/builder/spi-builder-workspace/.derivedData/Build/Intermediates.noindex/MetabookSDK.build/Debug-watchos/MetabookSDK-t.build/Objects-normal/arm64/MetabookSDK.swiftdoc (in target 'MetabookSDK' from project 'MetabookSDK')
cd /Users/admin/builder/spi-builder-workspace
builtin-copy -exclude .DS_Store -exclude CVS -exclude .svn -exclude .git -exclude .hg -resolve-src-symlinks -rename /Users/admin/builder/spi-builder-workspace/.derivedData/Build/Intermediates.noindex/MetabookSDK.build/Debug-watchos/MetabookSDK-t.build/Objects-normal/arm64/MetabookSDK.swiftdoc /Users/admin/builder/spi-builder-workspace/.derivedData/Build/Products/Debug-watchos/MetabookSDK.swiftmodule/arm64-apple-watchos.swiftdoc
Copy /Users/admin/builder/spi-builder-workspace/.derivedData/Build/Products/Debug-watchos/MetabookSDK.swiftmodule/arm64-apple-watchos.abi.json /Users/admin/builder/spi-builder-workspace/.derivedData/Build/Intermediates.noindex/MetabookSDK.build/Debug-watchos/MetabookSDK-t.build/Objects-normal/arm64/MetabookSDK.abi.json (in target 'MetabookSDK' from project 'MetabookSDK')
cd /Users/admin/builder/spi-builder-workspace
builtin-copy -exclude .DS_Store -exclude CVS -exclude .svn -exclude .git -exclude .hg -resolve-src-symlinks -rename /Users/admin/builder/spi-builder-workspace/.derivedData/Build/Intermediates.noindex/MetabookSDK.build/Debug-watchos/MetabookSDK-t.build/Objects-normal/arm64/MetabookSDK.abi.json /Users/admin/builder/spi-builder-workspace/.derivedData/Build/Products/Debug-watchos/MetabookSDK.swiftmodule/arm64-apple-watchos.abi.json
Copy /Users/admin/builder/spi-builder-workspace/.derivedData/Build/Products/Debug-watchos/MetabookSDK.swiftmodule/Project/arm64-apple-watchos.swiftsourceinfo /Users/admin/builder/spi-builder-workspace/.derivedData/Build/Intermediates.noindex/MetabookSDK.build/Debug-watchos/MetabookSDK-t.build/Objects-normal/arm64/MetabookSDK.swiftsourceinfo (in target 'MetabookSDK' from project 'MetabookSDK')
cd /Users/admin/builder/spi-builder-workspace
builtin-copy -exclude .DS_Store -exclude CVS -exclude .svn -exclude .git -exclude .hg -resolve-src-symlinks -rename /Users/admin/builder/spi-builder-workspace/.derivedData/Build/Intermediates.noindex/MetabookSDK.build/Debug-watchos/MetabookSDK-t.build/Objects-normal/arm64/MetabookSDK.swiftsourceinfo /Users/admin/builder/spi-builder-workspace/.derivedData/Build/Products/Debug-watchos/MetabookSDK.swiftmodule/Project/arm64-apple-watchos.swiftsourceinfo
SwiftCompile normal arm64 Compiling\ StructureNodeRow.swift,\ StructureOutlineItem.swift,\ StructureSummaryView.swift,\ StructureTreeView.swift /Users/admin/builder/spi-builder-workspace/Sources/MetabookSDK/SwiftUI/StructureNodeRow.swift /Users/admin/builder/spi-builder-workspace/Sources/MetabookSDK/SwiftUI/StructureOutlineItem.swift /Users/admin/builder/spi-builder-workspace/Sources/MetabookSDK/SwiftUI/StructureSummaryView.swift /Users/admin/builder/spi-builder-workspace/Sources/MetabookSDK/SwiftUI/StructureTreeView.swift (in target 'MetabookSDK' from project 'MetabookSDK')
/Users/admin/builder/spi-builder-workspace/Sources/MetabookSDK/SwiftUI/StructureTreeView.swift:18:9: error: conformance of 'OutlineGroup<Data, ID, Parent, Leaf, Subgroup>' to 'View' is unavailable in watchOS
16 |
17 | public var body: some View {
18 | List(items, children: \.children) { item in
| `- error: conformance of 'OutlineGroup<Data, ID, Parent, Leaf, Subgroup>' to 'View' is unavailable in watchOS
19 | StructureNodeRow(item: item)
20 | }
SwiftUI.OutlineGroup:4:11: note: conformance of 'OutlineGroup<Data, ID, Parent, Leaf, Subgroup>' to 'View' has been explicitly marked unavailable here
2 | @available(tvOS, unavailable)
3 | @available(watchOS, unavailable)
4 | extension OutlineGroup : View where Parent : View, Leaf : View, Subgroup : View {
| `- note: conformance of 'OutlineGroup<Data, ID, Parent, Leaf, Subgroup>' to 'View' has been explicitly marked unavailable here
5 | @MainActor @preconcurrency public var body: some View { get }
6 | @available(macOS 11.0, iOS 14.0, *)
/Users/admin/builder/spi-builder-workspace/Sources/MetabookSDK/SwiftUI/StructureTreeView.swift:18:9: error: 'init(_:children:rowContent:)' is unavailable in watchOS
16 |
17 | public var body: some View {
18 | List(items, children: \.children) { item in
| `- error: 'init(_:children:rowContent:)' is unavailable in watchOS
19 | StructureNodeRow(item: item)
20 | }
SwiftUI.List.init:5:22: note: 'init(_:children:rowContent:)' has been explicitly marked unavailable here
3 | @available(tvOS, unavailable)
4 | @available(watchOS, unavailable)
5 | nonisolated public init<Data, RowContent>(_ data: Data, children: KeyPath<Data.Element, Data?>, @ContentBuilder rowContent: @escaping (Data.Element) -> RowContent) where Content == OutlineGroup<Data, Data.Element.ID, RowContent, RowContent, DisclosureGroup<RowContent, OutlineSubgroupChildren>>, Data : RandomAccessCollection, RowContent : View, Data.Element : Identifiable}
| `- note: 'init(_:children:rowContent:)' has been explicitly marked unavailable here
6 |
/Users/admin/builder/spi-builder-workspace/Sources/MetabookSDK/SwiftUI/StructureTreeView.swift:21:10: error: conformance of 'OutlineGroup<Data, ID, Parent, Leaf, Subgroup>' to 'View' is unavailable in watchOS
19 | StructureNodeRow(item: item)
20 | }
21 | .accessibilityLabel("Book structure")
| `- error: conformance of 'OutlineGroup<Data, ID, Parent, Leaf, Subgroup>' to 'View' is unavailable in watchOS
22 | }
23 | }
SwiftUI.OutlineGroup:4:11: note: conformance of 'OutlineGroup<Data, ID, Parent, Leaf, Subgroup>' to 'View' has been explicitly marked unavailable here
2 | @available(tvOS, unavailable)
3 | @available(watchOS, unavailable)
4 | extension OutlineGroup : View where Parent : View, Leaf : View, Subgroup : View {
| `- note: conformance of 'OutlineGroup<Data, ID, Parent, Leaf, Subgroup>' to 'View' has been explicitly marked unavailable here
5 | @MainActor @preconcurrency public var body: some View { get }
6 | @available(macOS 11.0, iOS 14.0, *)
SwiftCompile normal arm64 /Users/admin/builder/spi-builder-workspace/Sources/MetabookSDK/SwiftUI/StructureNodeRow.swift (in target 'MetabookSDK' from project 'MetabookSDK')
cd /Users/admin/builder/spi-builder-workspace/.swiftpm/xcode
builtin-SwiftPerFileCompile StructureNodeRow.swift
SwiftCompile normal arm64 /Users/admin/builder/spi-builder-workspace/Sources/MetabookSDK/SwiftUI/StructureOutlineItem.swift (in target 'MetabookSDK' from project 'MetabookSDK')
cd /Users/admin/builder/spi-builder-workspace/.swiftpm/xcode
builtin-SwiftPerFileCompile StructureOutlineItem.swift
SwiftCompile normal arm64 /Users/admin/builder/spi-builder-workspace/Sources/MetabookSDK/SwiftUI/StructureSummaryView.swift (in target 'MetabookSDK' from project 'MetabookSDK')
cd /Users/admin/builder/spi-builder-workspace/.swiftpm/xcode
builtin-SwiftPerFileCompile StructureSummaryView.swift
SwiftCompile normal arm64 /Users/admin/builder/spi-builder-workspace/Sources/MetabookSDK/SwiftUI/StructureTreeView.swift (in target 'MetabookSDK' from project 'MetabookSDK')
cd /Users/admin/builder/spi-builder-workspace/.swiftpm/xcode
builtin-SwiftPerFileCompile StructureTreeView.swift
SwiftDriverJobDiscovery normal arm64 Compiling MultipartFormData.swift, URLSessionTransport.swift, MetabookSDKInfo.swift, AuthorInfo.swift, BlobInfo.swift (in target 'MetabookSDK' from project 'MetabookSDK')
SwiftCompile normal arm64 Compiling\ HealthStatus.swift,\ SchemaConfidence.swift,\ SchemaInfo.swift,\ SchemaType.swift,\ BookStructureResponse.swift /Users/admin/builder/spi-builder-workspace/Sources/MetabookSDK/Models/HealthStatus.swift /Users/admin/builder/spi-builder-workspace/Sources/MetabookSDK/Models/SchemaConfidence.swift /Users/admin/builder/spi-builder-workspace/Sources/MetabookSDK/Models/SchemaInfo.swift /Users/admin/builder/spi-builder-workspace/Sources/MetabookSDK/Models/SchemaType.swift /Users/admin/builder/spi-builder-workspace/Sources/MetabookSDK/Models/Structure/BookStructureResponse.swift (in target 'MetabookSDK' from project 'MetabookSDK')
SwiftCompile normal arm64 /Users/admin/builder/spi-builder-workspace/Sources/MetabookSDK/Models/HealthStatus.swift (in target 'MetabookSDK' from project 'MetabookSDK')
cd /Users/admin/builder/spi-builder-workspace/.swiftpm/xcode
builtin-SwiftPerFileCompile HealthStatus.swift
SwiftCompile normal arm64 /Users/admin/builder/spi-builder-workspace/Sources/MetabookSDK/Models/SchemaConfidence.swift (in target 'MetabookSDK' from project 'MetabookSDK')
cd /Users/admin/builder/spi-builder-workspace/.swiftpm/xcode
builtin-SwiftPerFileCompile SchemaConfidence.swift
SwiftCompile normal arm64 /Users/admin/builder/spi-builder-workspace/Sources/MetabookSDK/Models/SchemaInfo.swift (in target 'MetabookSDK' from project 'MetabookSDK')
cd /Users/admin/builder/spi-builder-workspace/.swiftpm/xcode
builtin-SwiftPerFileCompile SchemaInfo.swift
SwiftCompile normal arm64 /Users/admin/builder/spi-builder-workspace/Sources/MetabookSDK/Models/SchemaType.swift (in target 'MetabookSDK' from project 'MetabookSDK')
cd /Users/admin/builder/spi-builder-workspace/.swiftpm/xcode
builtin-SwiftPerFileCompile SchemaType.swift
SwiftCompile normal arm64 /Users/admin/builder/spi-builder-workspace/Sources/MetabookSDK/Models/Structure/BookStructureResponse.swift (in target 'MetabookSDK' from project 'MetabookSDK')
cd /Users/admin/builder/spi-builder-workspace/.swiftpm/xcode
builtin-SwiftPerFileCompile BookStructureResponse.swift
SwiftDriverJobDiscovery normal arm64 Compiling UploadMetaInfo.swift, WordNode.swift, StructureLookup.swift, StructureOptions.swift, UploadedBookInfo.swift (in target 'MetabookSDK' from project 'MetabookSDK')
SwiftCompile normal arm64_32 Compiling\ BookUploadResponse.swift,\ ChapterNode.swift,\ ClauseNode.swift,\ MetaInfo.swift,\ ParagraphNode.swift /Users/admin/builder/spi-builder-workspace/Sources/MetabookSDK/Models/Structure/BookUploadResponse.swift /Users/admin/builder/spi-builder-workspace/Sources/MetabookSDK/Models/Structure/ChapterNode.swift /Users/admin/builder/spi-builder-workspace/Sources/MetabookSDK/Models/Structure/ClauseNode.swift /Users/admin/builder/spi-builder-workspace/Sources/MetabookSDK/Models/Structure/MetaInfo.swift /Users/admin/builder/spi-builder-workspace/Sources/MetabookSDK/Models/Structure/ParagraphNode.swift (in target 'MetabookSDK' from project 'MetabookSDK')
SwiftCompile normal arm64_32 /Users/admin/builder/spi-builder-workspace/Sources/MetabookSDK/Models/Structure/BookUploadResponse.swift (in target 'MetabookSDK' from project 'MetabookSDK')
cd /Users/admin/builder/spi-builder-workspace/.swiftpm/xcode
builtin-SwiftPerFileCompile BookUploadResponse.swift
SwiftCompile normal arm64_32 /Users/admin/builder/spi-builder-workspace/Sources/MetabookSDK/Models/Structure/ChapterNode.swift (in target 'MetabookSDK' from project 'MetabookSDK')
cd /Users/admin/builder/spi-builder-workspace/.swiftpm/xcode
builtin-SwiftPerFileCompile ChapterNode.swift
SwiftCompile normal arm64_32 /Users/admin/builder/spi-builder-workspace/Sources/MetabookSDK/Models/Structure/ClauseNode.swift (in target 'MetabookSDK' from project 'MetabookSDK')
cd /Users/admin/builder/spi-builder-workspace/.swiftpm/xcode
builtin-SwiftPerFileCompile ClauseNode.swift
SwiftCompile normal arm64_32 /Users/admin/builder/spi-builder-workspace/Sources/MetabookSDK/Models/Structure/MetaInfo.swift (in target 'MetabookSDK' from project 'MetabookSDK')
cd /Users/admin/builder/spi-builder-workspace/.swiftpm/xcode
builtin-SwiftPerFileCompile MetaInfo.swift
SwiftCompile normal arm64_32 /Users/admin/builder/spi-builder-workspace/Sources/MetabookSDK/Models/Structure/ParagraphNode.swift (in target 'MetabookSDK' from project 'MetabookSDK')
cd /Users/admin/builder/spi-builder-workspace/.swiftpm/xcode
builtin-SwiftPerFileCompile ParagraphNode.swift
SwiftDriverJobDiscovery normal arm64 Compiling BookInfo.swift, BookMatch.swift, BookQuery.swift, DetailLevel.swift, DisambiguationResult.swift (in target 'MetabookSDK' from project 'MetabookSDK')
SwiftDriverJobDiscovery normal arm64 Compiling BookUploadResponse.swift, ChapterNode.swift, ClauseNode.swift, MetaInfo.swift, ParagraphNode.swift (in target 'MetabookSDK' from project 'MetabookSDK')
SwiftDriverJobDiscovery normal arm64 Compiling APIErrorBody.swift, MetabookClient.swift, MetabookConfiguration.swift, MetabookError.swift, MetabookTransport.swift (in target 'MetabookSDK' from project 'MetabookSDK')
SwiftDriverJobDiscovery normal arm64 Compiling PartNode.swift, SentenceNode.swift, StructureDetail.swift, StructureNode.swift, StructureSummary.swift (in target 'MetabookSDK' from project 'MetabookSDK')
SwiftDriverJobDiscovery normal arm64 Compiling HealthStatus.swift, SchemaConfidence.swift, SchemaInfo.swift, SchemaType.swift, BookStructureResponse.swift (in target 'MetabookSDK' from project 'MetabookSDK')
SwiftDriverJobDiscovery normal arm64_32 Compiling BookUploadResponse.swift, ChapterNode.swift, ClauseNode.swift, MetaInfo.swift, ParagraphNode.swift (in target 'MetabookSDK' from project 'MetabookSDK')
PruneExplicitPrecompiledModules /Users/admin/builder/spi-builder-workspace/.derivedData/Build/Intermediates.noindex/ExplicitPrecompiledModules
PruneExplicitPrecompiledModules /Users/admin/builder/spi-builder-workspace/.derivedData/SDKExplicitPrecompiledModules
PruneExplicitPrecompiledModules /Users/admin/builder/spi-builder-workspace/.derivedData/Build/Intermediates.noindex/SwiftExplicitPrecompiledModules
2026-09-27 13:48:27.735 xcodebuild[632:3927] [MT] IDERunDestination: Supported platforms for the buildables in the current scheme is empty.
** BUILD FAILED **
The following build commands failed:
SwiftCompile normal arm64_32 /Users/admin/builder/spi-builder-workspace/Sources/MetabookSDK/SwiftUI/StructureTreeView.swift (in target 'MetabookSDK' from project 'MetabookSDK')
SwiftCompile normal arm64_32 Compiling\ StructureNodeRow.swift,\ StructureOutlineItem.swift,\ StructureSummaryView.swift,\ StructureTreeView.swift /Users/admin/builder/spi-builder-workspace/Sources/MetabookSDK/SwiftUI/StructureNodeRow.swift /Users/admin/builder/spi-builder-workspace/Sources/MetabookSDK/SwiftUI/StructureOutlineItem.swift /Users/admin/builder/spi-builder-workspace/Sources/MetabookSDK/SwiftUI/StructureSummaryView.swift /Users/admin/builder/spi-builder-workspace/Sources/MetabookSDK/SwiftUI/StructureTreeView.swift (in target 'MetabookSDK' from project 'MetabookSDK')
Building workspace MetabookSDK with scheme MetabookSDK
(3 failures)
Command line invocation:
/Applications/Xcode-27.0.0-Release.Candidate.app/Contents/Developer/usr/bin/xcodebuild -IDEClonedSourcePackagesDirPathOverride=/Users/admin/builder/spi-builder-workspace/.dependencies -resolvePackageDependencies
Resolve Package Graph
Resolved source packages:
MetabookSDK: /Users/admin/builder/spi-builder-workspace
resolved source packages: MetabookSDK
2026-09-27 13:48:37.625 xcodebuild[817:4767] [MT] IDERunDestination: Supported platforms for the buildables in the current scheme is empty.
{
"dependencies" : [
],
"manifest_display_name" : "MetabookSDK",
"name" : "MetabookSDK",
"path" : "/Users/admin/builder/spi-builder-workspace",
"platforms" : [
{
"name" : "ios",
"version" : "17.0"
},
{
"name" : "macos",
"version" : "14.0"
}
],
"products" : [
{
"name" : "MetabookSDK",
"targets" : [
"MetabookSDK"
],
"type" : {
"library" : [
"automatic"
]
}
}
],
"targets" : [
{
"c99name" : "MetabookSDKTests",
"module_type" : "SwiftTarget",
"name" : "MetabookSDKTests",
"path" : "Tests/MetabookSDKTests",
"sources" : [
"BookStructureModelTests.swift",
"ClientTests.swift",
"DecodingTests.swift",
"StructureOutlineItemTests.swift",
"Support/Fixtures.swift",
"Support/MockTransport.swift"
],
"target_dependencies" : [
"MetabookSDK"
],
"type" : "test"
},
{
"c99name" : "MetabookSDK",
"module_type" : "SwiftTarget",
"name" : "MetabookSDK",
"path" : "Sources/MetabookSDK",
"product_memberships" : [
"MetabookSDK"
],
"sources" : [
"Client/APIErrorBody.swift",
"Client/MetabookClient.swift",
"Client/MetabookConfiguration.swift",
"Client/MetabookError.swift",
"Client/MetabookTransport.swift",
"Client/MultipartFormData.swift",
"Client/URLSessionTransport.swift",
"MetabookSDKInfo.swift",
"Models/AuthorInfo.swift",
"Models/BlobInfo.swift",
"Models/BookInfo.swift",
"Models/BookMatch.swift",
"Models/BookQuery.swift",
"Models/DetailLevel.swift",
"Models/DisambiguationResult.swift",
"Models/HealthStatus.swift",
"Models/SchemaConfidence.swift",
"Models/SchemaInfo.swift",
"Models/SchemaType.swift",
"Models/Structure/BookStructureResponse.swift",
"Models/Structure/BookUploadResponse.swift",
"Models/Structure/ChapterNode.swift",
"Models/Structure/ClauseNode.swift",
"Models/Structure/MetaInfo.swift",
"Models/Structure/ParagraphNode.swift",
"Models/Structure/PartNode.swift",
"Models/Structure/SentenceNode.swift",
"Models/Structure/StructureDetail.swift",
"Models/Structure/StructureNode.swift",
"Models/Structure/StructureSummary.swift",
"Models/Structure/UploadMetaInfo.swift",
"Models/Structure/WordNode.swift",
"Models/StructureLookup.swift",
"Models/StructureOptions.swift",
"Models/UploadedBookInfo.swift",
"Observable/BookLookupState.swift",
"Observable/BookStructureModel.swift",
"Observable/SchemaCatalogModel.swift",
"Observable/UploadState.swift",
"Support/MetabookJSON.swift",
"SwiftUI/BookMatchList.swift",
"SwiftUI/EnvironmentValues+Metabook.swift",
"SwiftUI/SchemaBadge.swift",
"SwiftUI/StructureDetail+Preview.swift",
"SwiftUI/StructureNodeRow.swift",
"SwiftUI/StructureOutlineItem.swift",
"SwiftUI/StructureSummaryView.swift",
"SwiftUI/StructureTreeView.swift"
],
"type" : "library"
}
],
"tools_version" : "6.2"
}
{
"workspace" : {
"name" : "MetabookSDK",
"schemes" : [
"MetabookSDK"
]
}
}
2026-09-27 13:48:38.859 xcodebuild[825:4833] [MT] IDERunDestination: Supported platforms for the buildables in the current scheme is empty.
Running build ...
env DEVELOPER_DIR=/Applications/Xcode-27.0.0-Release.Candidate.app xcrun xcodebuild -IDEClonedSourcePackagesDirPathOverride=$PWD/.dependencies -skipMacroValidation -skipPackagePluginValidation -derivedDataPath $PWD/.derivedData build -scheme MetabookSDK -destination generic/platform=watchOS
Command line invocation:
/Applications/Xcode-27.0.0-Release.Candidate.app/Contents/Developer/usr/bin/xcodebuild -IDEClonedSourcePackagesDirPathOverride=/Users/admin/builder/spi-builder-workspace/.dependencies -skipMacroValidation -skipPackagePluginValidation -derivedDataPath /Users/admin/builder/spi-builder-workspace/.derivedData build -scheme MetabookSDK -destination generic/platform=watchOS
Resolve Package Graph
Resolved source packages:
MetabookSDK: /Users/admin/builder/spi-builder-workspace
ComputePackagePrebuildTargetDependencyGraph
Prepare packages
CreateBuildRequest
SendProjectDescription
CreateBuildOperation
ComputeTargetDependencyGraph
note: Building targets in dependency order
note: Target dependency graph (2 targets)
Target 'MetabookSDK-product' in project 'MetabookSDK'
➜ Explicit dependency on target 'MetabookSDK' in project 'MetabookSDK'
Target 'MetabookSDK' in project 'MetabookSDK' (no dependencies)
GatherProvisioningInputs
CreateBuildDescription
ClangStatCache /Applications/Xcode-27.0.0-Release.Candidate.app/Contents/Developer/Toolchains/XcodeDefault.xctoolchain/usr/bin/clang-stat-cache /Applications/Xcode-27.0.0-Release.Candidate.app/Contents/Developer/Platforms/WatchOS.platform/Developer/SDKs/WatchOS27.0.sdk /Users/admin/builder/spi-builder-workspace/.derivedData/SDKStatCaches.noindex/watchos27.0-24R360-e829b21a6f8c9b70876ba0858053c04477534ef55a1706bf4c1112bbb242f0a2.sdkstatcache
cd /Users/admin/builder/spi-builder-workspace/.swiftpm/xcode
/Applications/Xcode-27.0.0-Release.Candidate.app/Contents/Developer/Toolchains/XcodeDefault.xctoolchain/usr/bin/clang-stat-cache /Applications/Xcode-27.0.0-Release.Candidate.app/Contents/Developer/Platforms/WatchOS.platform/Developer/SDKs/WatchOS27.0.sdk -o /Users/admin/builder/spi-builder-workspace/.derivedData/SDKStatCaches.noindex/watchos27.0-24R360-e829b21a6f8c9b70876ba0858053c04477534ef55a1706bf4c1112bbb242f0a2.sdkstatcache
SwiftDriver MetabookSDK normal arm64_32 com.apple.xcode.tools.swift.compiler (in target 'MetabookSDK' from project 'MetabookSDK')
cd /Users/admin/builder/spi-builder-workspace/.swiftpm/xcode
builtin-SwiftDriver -- /Applications/Xcode-27.0.0-Release.Candidate.app/Contents/Developer/Toolchains/XcodeDefault.xctoolchain/usr/bin/swiftc -parse-as-library -module-name MetabookSDK -Onone @/Users/admin/builder/spi-builder-workspace/.derivedData/Build/Intermediates.noindex/MetabookSDK.build/Debug-watchos/MetabookSDK-t.build/Objects-normal/arm64_32/MetabookSDK.SwiftFileList -DSWIFT_PACKAGE -DDEBUG -DSWIFT_MODULE_RESOURCE_BUNDLE_UNAVAILABLE -DXcode -plugin-path /Applications/Xcode-27.0.0-Release.Candidate.app/Contents/Developer/Toolchains/XcodeDefault.xctoolchain/usr/lib/swift/host/plugins/testing -enable-experimental-feature DebugDescriptionMacro -sdk /Applications/Xcode-27.0.0-Release.Candidate.app/Contents/Developer/Platforms/WatchOS.platform/Developer/SDKs/WatchOS27.0.sdk -target arm64_32-apple-watchos10.0 -g -module-cache-path /Users/admin/builder/spi-builder-workspace/.derivedData/ModuleCache.noindex -Xfrontend -serialize-debugging-options -profile-coverage-mapping -profile-generate -enable-testing -index-store-path /Users/admin/builder/spi-builder-workspace/.derivedData/Index.noindex/DataStore -Xcc -D_LIBCPP_HARDENING_MODE\=_LIBCPP_HARDENING_MODE_DEBUG -swift-version 6 -I /Users/admin/builder/spi-builder-workspace/.derivedData/Build/Products/Debug-watchos -Isystem /Applications/Xcode-27.0.0-Release.Candidate.app/Contents/Developer/Platforms/WatchOS.platform/Developer/usr/lib -F /Users/admin/builder/spi-builder-workspace/.derivedData/Build/Products/Debug-watchos -F /Applications/Xcode-27.0.0-Release.Candidate.app/Contents/Developer/Platforms/WatchOS.platform/Developer/Library/Frameworks -F /Applications/Xcode-27.0.0-Release.Candidate.app/Contents/Developer/Platforms/WatchOS.platform/Developer/SDKs/WatchOS27.0.sdk/Developer/Library/Frameworks -c -j10 -enable-batch-mode -incremental -Xcc -ivfsstatcache -Xcc /Users/admin/builder/spi-builder-workspace/.derivedData/SDKStatCaches.noindex/watchos27.0-24R360-e829b21a6f8c9b70876ba0858053c04477534ef55a1706bf4c1112bbb242f0a2.sdkstatcache -output-file-map /Users/admin/builder/spi-builder-workspace/.derivedData/Build/Intermediates.noindex/MetabookSDK.build/Debug-watchos/MetabookSDK-t.build/Objects-normal/arm64_32/MetabookSDK-OutputFileMap.json -save-temps -no-color-diagnostics -explicit-module-build -module-cache-path /Users/admin/builder/spi-builder-workspace/.derivedData/Build/Intermediates.noindex/SwiftExplicitPrecompiledModules -clang-scanner-module-cache-path /Users/admin/builder/spi-builder-workspace/.derivedData/ModuleCache.noindex -sdk-module-cache-path /Users/admin/builder/spi-builder-workspace/.derivedData/SDKExplicitPrecompiledModules -emit-dependencies -emit-module -emit-module-path /Users/admin/builder/spi-builder-workspace/.derivedData/Build/Intermediates.noindex/MetabookSDK.build/Debug-watchos/MetabookSDK-t.build/Objects-normal/arm64_32/MetabookSDK.swiftmodule -serialize-diagnostics -dependency-scan-serialize-diagnostics-path /Users/admin/builder/spi-builder-workspace/.derivedData/Build/Intermediates.noindex/MetabookSDK.build/Debug-watchos/MetabookSDK-t.build/Objects-normal/arm64_32/MetabookSDK-dependency-scan.dia -validate-clang-modules-once -clang-build-session-file /Users/admin/builder/spi-builder-workspace/.derivedData/ModuleCache.noindex/Session.modulevalidation -Xcc -fmodules-prune-interval\=86400 -Xcc -fmodules-prune-after\=345600 -package-name spi_builder_workspace -emit-const-values -const-gather-protocols-list /Users/admin/builder/spi-builder-workspace/.derivedData/Build/Intermediates.noindex/MetabookSDK.build/Debug-watchos/MetabookSDK-t.build/Objects-normal/arm64_32/MetabookSDK_const_extract_protocols.json -Xcc -I/Users/admin/builder/spi-builder-workspace/.derivedData/Build/Products/Debug-watchos/include -Xcc -I/Users/admin/builder/spi-builder-workspace/.derivedData/Build/Intermediates.noindex/MetabookSDK.build/Debug-watchos/MetabookSDK-t.build/DerivedSources-normal/arm64_32 -Xcc -I/Users/admin/builder/spi-builder-workspace/.derivedData/Build/Intermediates.noindex/MetabookSDK.build/Debug-watchos/MetabookSDK-t.build/DerivedSources/arm64_32 -Xcc -I/Users/admin/builder/spi-builder-workspace/.derivedData/Build/Intermediates.noindex/MetabookSDK.build/Debug-watchos/MetabookSDK-t.build/DerivedSources -Xcc -DSWIFT_PACKAGE -Xcc -DDEBUG\=1 -emit-objc-header -emit-objc-header-path /Users/admin/builder/spi-builder-workspace/.derivedData/Build/Intermediates.noindex/MetabookSDK.build/Debug-watchos/MetabookSDK-t.build/Objects-normal/arm64_32/MetabookSDK-Swift.h -working-directory /Users/admin/builder/spi-builder-workspace/.swiftpm/xcode -experimental-emit-module-separately -disable-cmo
SwiftDriver MetabookSDK normal arm64 com.apple.xcode.tools.swift.compiler (in target 'MetabookSDK' from project 'MetabookSDK')
cd /Users/admin/builder/spi-builder-workspace/.swiftpm/xcode
builtin-SwiftDriver -- /Applications/Xcode-27.0.0-Release.Candidate.app/Contents/Developer/Toolchains/XcodeDefault.xctoolchain/usr/bin/swiftc -parse-as-library -module-name MetabookSDK -Onone @/Users/admin/builder/spi-builder-workspace/.derivedData/Build/Intermediates.noindex/MetabookSDK.build/Debug-watchos/MetabookSDK-t.build/Objects-normal/arm64/MetabookSDK.SwiftFileList -DSWIFT_PACKAGE -DDEBUG -DSWIFT_MODULE_RESOURCE_BUNDLE_UNAVAILABLE -DXcode -plugin-path /Applications/Xcode-27.0.0-Release.Candidate.app/Contents/Developer/Toolchains/XcodeDefault.xctoolchain/usr/lib/swift/host/plugins/testing -enable-experimental-feature DebugDescriptionMacro -sdk /Applications/Xcode-27.0.0-Release.Candidate.app/Contents/Developer/Platforms/WatchOS.platform/Developer/SDKs/WatchOS27.0.sdk -target arm64-apple-watchos10.0 -g -module-cache-path /Users/admin/builder/spi-builder-workspace/.derivedData/ModuleCache.noindex -Xfrontend -serialize-debugging-options -profile-coverage-mapping -profile-generate -enable-testing -index-store-path /Users/admin/builder/spi-builder-workspace/.derivedData/Index.noindex/DataStore -Xcc -D_LIBCPP_HARDENING_MODE\=_LIBCPP_HARDENING_MODE_DEBUG -swift-version 6 -I /Users/admin/builder/spi-builder-workspace/.derivedData/Build/Products/Debug-watchos -Isystem /Applications/Xcode-27.0.0-Release.Candidate.app/Contents/Developer/Platforms/WatchOS.platform/Developer/usr/lib -F /Users/admin/builder/spi-builder-workspace/.derivedData/Build/Products/Debug-watchos -F /Applications/Xcode-27.0.0-Release.Candidate.app/Contents/Developer/Platforms/WatchOS.platform/Developer/Library/Frameworks -F /Applications/Xcode-27.0.0-Release.Candidate.app/Contents/Developer/Platforms/WatchOS.platform/Developer/SDKs/WatchOS27.0.sdk/Developer/Library/Frameworks -c -j10 -enable-batch-mode -incremental -Xcc -ivfsstatcache -Xcc /Users/admin/builder/spi-builder-workspace/.derivedData/SDKStatCaches.noindex/watchos27.0-24R360-e829b21a6f8c9b70876ba0858053c04477534ef55a1706bf4c1112bbb242f0a2.sdkstatcache -output-file-map /Users/admin/builder/spi-builder-workspace/.derivedData/Build/Intermediates.noindex/MetabookSDK.build/Debug-watchos/MetabookSDK-t.build/Objects-normal/arm64/MetabookSDK-OutputFileMap.json -save-temps -no-color-diagnostics -explicit-module-build -module-cache-path /Users/admin/builder/spi-builder-workspace/.derivedData/Build/Intermediates.noindex/SwiftExplicitPrecompiledModules -clang-scanner-module-cache-path /Users/admin/builder/spi-builder-workspace/.derivedData/ModuleCache.noindex -sdk-module-cache-path /Users/admin/builder/spi-builder-workspace/.derivedData/SDKExplicitPrecompiledModules -emit-dependencies -emit-module -emit-module-path /Users/admin/builder/spi-builder-workspace/.derivedData/Build/Intermediates.noindex/MetabookSDK.build/Debug-watchos/MetabookSDK-t.build/Objects-normal/arm64/MetabookSDK.swiftmodule -serialize-diagnostics -dependency-scan-serialize-diagnostics-path /Users/admin/builder/spi-builder-workspace/.derivedData/Build/Intermediates.noindex/MetabookSDK.build/Debug-watchos/MetabookSDK-t.build/Objects-normal/arm64/MetabookSDK-dependency-scan.dia -validate-clang-modules-once -clang-build-session-file /Users/admin/builder/spi-builder-workspace/.derivedData/ModuleCache.noindex/Session.modulevalidation -Xcc -fmodules-prune-interval\=86400 -Xcc -fmodules-prune-after\=345600 -package-name spi_builder_workspace -emit-const-values -const-gather-protocols-list /Users/admin/builder/spi-builder-workspace/.derivedData/Build/Intermediates.noindex/MetabookSDK.build/Debug-watchos/MetabookSDK-t.build/Objects-normal/arm64/MetabookSDK_const_extract_protocols.json -Xcc -I/Users/admin/builder/spi-builder-workspace/.derivedData/Build/Products/Debug-watchos/include -Xcc -I/Users/admin/builder/spi-builder-workspace/.derivedData/Build/Intermediates.noindex/MetabookSDK.build/Debug-watchos/MetabookSDK-t.build/DerivedSources-normal/arm64 -Xcc -I/Users/admin/builder/spi-builder-workspace/.derivedData/Build/Intermediates.noindex/MetabookSDK.build/Debug-watchos/MetabookSDK-t.build/DerivedSources/arm64 -Xcc -I/Users/admin/builder/spi-builder-workspace/.derivedData/Build/Intermediates.noindex/MetabookSDK.build/Debug-watchos/MetabookSDK-t.build/DerivedSources -Xcc -DSWIFT_PACKAGE -Xcc -DDEBUG\=1 -emit-objc-header -emit-objc-header-path /Users/admin/builder/spi-builder-workspace/.derivedData/Build/Intermediates.noindex/MetabookSDK.build/Debug-watchos/MetabookSDK-t.build/Objects-normal/arm64/MetabookSDK-Swift.h -working-directory /Users/admin/builder/spi-builder-workspace/.swiftpm/xcode -experimental-emit-module-separately -disable-cmo
SwiftCompile normal arm64_32 Compiling\ EnvironmentValues+Metabook.swift /Users/admin/builder/spi-builder-workspace/Sources/MetabookSDK/SwiftUI/EnvironmentValues+Metabook.swift (in target 'MetabookSDK' from project 'MetabookSDK')
SwiftCompile normal arm64_32 /Users/admin/builder/spi-builder-workspace/Sources/MetabookSDK/SwiftUI/EnvironmentValues+Metabook.swift (in target 'MetabookSDK' from project 'MetabookSDK')
cd /Users/admin/builder/spi-builder-workspace/.swiftpm/xcode
builtin-SwiftPerFileCompile EnvironmentValues+Metabook.swift
SwiftCompile normal arm64_32 Compiling\ StructureNodeRow.swift /Users/admin/builder/spi-builder-workspace/Sources/MetabookSDK/SwiftUI/StructureNodeRow.swift (in target 'MetabookSDK' from project 'MetabookSDK')
SwiftCompile normal arm64_32 /Users/admin/builder/spi-builder-workspace/Sources/MetabookSDK/SwiftUI/StructureNodeRow.swift (in target 'MetabookSDK' from project 'MetabookSDK')
cd /Users/admin/builder/spi-builder-workspace/.swiftpm/xcode
builtin-SwiftPerFileCompile StructureNodeRow.swift
SwiftCompile normal arm64_32 Compiling\ SchemaBadge.swift /Users/admin/builder/spi-builder-workspace/Sources/MetabookSDK/SwiftUI/SchemaBadge.swift (in target 'MetabookSDK' from project 'MetabookSDK')
SwiftCompile normal arm64_32 /Users/admin/builder/spi-builder-workspace/Sources/MetabookSDK/SwiftUI/SchemaBadge.swift (in target 'MetabookSDK' from project 'MetabookSDK')
cd /Users/admin/builder/spi-builder-workspace/.swiftpm/xcode
builtin-SwiftPerFileCompile SchemaBadge.swift
SwiftCompile normal arm64_32 Compiling\ StructureTreeView.swift /Users/admin/builder/spi-builder-workspace/Sources/MetabookSDK/SwiftUI/StructureTreeView.swift (in target 'MetabookSDK' from project 'MetabookSDK')
/Users/admin/builder/spi-builder-workspace/Sources/MetabookSDK/SwiftUI/StructureTreeView.swift:18:9: error: conformance of 'OutlineGroup<Data, ID, Parent, Leaf, Subgroup>' to 'View' is unavailable in watchOS
16 |
17 | public var body: some View {
18 | List(items, children: \.children) { item in
| `- error: conformance of 'OutlineGroup<Data, ID, Parent, Leaf, Subgroup>' to 'View' is unavailable in watchOS
19 | StructureNodeRow(item: item)
20 | }
SwiftUI.OutlineGroup:4:11: note: conformance of 'OutlineGroup<Data, ID, Parent, Leaf, Subgroup>' to 'View' has been explicitly marked unavailable here
2 | @available(tvOS, unavailable)
3 | @available(watchOS, unavailable)
4 | extension OutlineGroup : View where Parent : View, Leaf : View, Subgroup : View {
| `- note: conformance of 'OutlineGroup<Data, ID, Parent, Leaf, Subgroup>' to 'View' has been explicitly marked unavailable here
5 | @MainActor @preconcurrency public var body: some View { get }
6 | @available(macOS 11.0, iOS 14.0, *)
/Users/admin/builder/spi-builder-workspace/Sources/MetabookSDK/SwiftUI/StructureTreeView.swift:18:9: error: 'init(_:children:rowContent:)' is unavailable in watchOS
16 |
17 | public var body: some View {
18 | List(items, children: \.children) { item in
| `- error: 'init(_:children:rowContent:)' is unavailable in watchOS
19 | StructureNodeRow(item: item)
20 | }
SwiftUI.List.init:5:22: note: 'init(_:children:rowContent:)' has been explicitly marked unavailable here
3 | @available(tvOS, unavailable)
4 | @available(watchOS, unavailable)
5 | nonisolated public init<Data, RowContent>(_ data: Data, children: KeyPath<Data.Element, Data?>, @ContentBuilder rowContent: @escaping (Data.Element) -> RowContent) where Content == OutlineGroup<Data, Data.Element.ID, RowContent, RowContent, DisclosureGroup<RowContent, OutlineSubgroupChildren>>, Data : RandomAccessCollection, RowContent : View, Data.Element : Identifiable}
| `- note: 'init(_:children:rowContent:)' has been explicitly marked unavailable here
6 |
/Users/admin/builder/spi-builder-workspace/Sources/MetabookSDK/SwiftUI/StructureTreeView.swift:21:10: error: conformance of 'OutlineGroup<Data, ID, Parent, Leaf, Subgroup>' to 'View' is unavailable in watchOS
19 | StructureNodeRow(item: item)
20 | }
21 | .accessibilityLabel("Book structure")
| `- error: conformance of 'OutlineGroup<Data, ID, Parent, Leaf, Subgroup>' to 'View' is unavailable in watchOS
22 | }
23 | }
SwiftUI.OutlineGroup:4:11: note: conformance of 'OutlineGroup<Data, ID, Parent, Leaf, Subgroup>' to 'View' has been explicitly marked unavailable here
2 | @available(tvOS, unavailable)
3 | @available(watchOS, unavailable)
4 | extension OutlineGroup : View where Parent : View, Leaf : View, Subgroup : View {
| `- note: conformance of 'OutlineGroup<Data, ID, Parent, Leaf, Subgroup>' to 'View' has been explicitly marked unavailable here
5 | @MainActor @preconcurrency public var body: some View { get }
6 | @available(macOS 11.0, iOS 14.0, *)
/Users/admin/builder/spi-builder-workspace/Sources/MetabookSDK/SwiftUI/StructureTreeView.swift:17:32: error: conformance of 'OutlineGroup<Data, ID, Parent, Leaf, Subgroup>' to 'View' is unavailable in watchOS
15 | }
16 |
17 | public var body: some View {
| `- error: conformance of 'OutlineGroup<Data, ID, Parent, Leaf, Subgroup>' to 'View' is unavailable in watchOS
18 | List(items, children: \.children) { item in
19 | StructureNodeRow(item: item)
SwiftUI.OutlineGroup:4:11: note: conformance of 'OutlineGroup<Data, ID, Parent, Leaf, Subgroup>' to 'View' has been explicitly marked unavailable here
2 | @available(tvOS, unavailable)
3 | @available(watchOS, unavailable)
4 | extension OutlineGroup : View where Parent : View, Leaf : View, Subgroup : View {
| `- note: conformance of 'OutlineGroup<Data, ID, Parent, Leaf, Subgroup>' to 'View' has been explicitly marked unavailable here
5 | @MainActor @preconcurrency public var body: some View { get }
6 | @available(macOS 11.0, iOS 14.0, *)
Failed frontend command:
/Applications/Xcode-27.0.0-Release.Candidate.app/Contents/Developer/Toolchains/XcodeDefault.xctoolchain/usr/bin/swift-frontend -frontend -c /Users/admin/builder/spi-builder-workspace/Sources/MetabookSDK/Client/APIErrorBody.swift /Users/admin/builder/spi-builder-workspace/Sources/MetabookSDK/Client/MetabookClient.swift /Users/admin/builder/spi-builder-workspace/Sources/MetabookSDK/Client/MetabookConfiguration.swift /Users/admin/builder/spi-builder-workspace/Sources/MetabookSDK/Client/MetabookError.swift /Users/admin/builder/spi-builder-workspace/Sources/MetabookSDK/Client/MetabookTransport.swift /Users/admin/builder/spi-builder-workspace/Sources/MetabookSDK/Client/MultipartFormData.swift /Users/admin/builder/spi-builder-workspace/Sources/MetabookSDK/Client/URLSessionTransport.swift /Users/admin/builder/spi-builder-workspace/Sources/MetabookSDK/MetabookSDKInfo.swift /Users/admin/builder/spi-builder-workspace/Sources/MetabookSDK/Models/AuthorInfo.swift /Users/admin/builder/spi-builder-workspace/Sources/MetabookSDK/Models/BlobInfo.swift /Users/admin/builder/spi-builder-workspace/Sources/MetabookSDK/Models/BookInfo.swift /Users/admin/builder/spi-builder-workspace/Sources/MetabookSDK/Models/BookMatch.swift /Users/admin/builder/spi-builder-workspace/Sources/MetabookSDK/Models/BookQuery.swift /Users/admin/builder/spi-builder-workspace/Sources/MetabookSDK/Models/DetailLevel.swift /Users/admin/builder/spi-builder-workspace/Sources/MetabookSDK/Models/DisambiguationResult.swift /Users/admin/builder/spi-builder-workspace/Sources/MetabookSDK/Models/HealthStatus.swift /Users/admin/builder/spi-builder-workspace/Sources/MetabookSDK/Models/SchemaConfidence.swift /Users/admin/builder/spi-builder-workspace/Sources/MetabookSDK/Models/SchemaInfo.swift /Users/admin/builder/spi-builder-workspace/Sources/MetabookSDK/Models/SchemaType.swift /Users/admin/builder/spi-builder-workspace/Sources/MetabookSDK/Models/Structure/BookStructureResponse.swift /Users/admin/builder/spi-builder-workspace/Sources/MetabookSDK/Models/Structure/BookUploadResponse.swift /Users/admin/builder/spi-builder-workspace/Sources/MetabookSDK/Models/Structure/ChapterNode.swift /Users/admin/builder/spi-builder-workspace/Sources/MetabookSDK/Models/Structure/ClauseNode.swift /Users/admin/builder/spi-builder-workspace/Sources/MetabookSDK/Models/Structure/MetaInfo.swift /Users/admin/builder/spi-builder-workspace/Sources/MetabookSDK/Models/Structure/ParagraphNode.swift /Users/admin/builder/spi-builder-workspace/Sources/MetabookSDK/Models/Structure/PartNode.swift /Users/admin/builder/spi-builder-workspace/Sources/MetabookSDK/Models/Structure/SentenceNode.swift /Users/admin/builder/spi-builder-workspace/Sources/MetabookSDK/Models/Structure/StructureDetail.swift /Users/admin/builder/spi-builder-workspace/Sources/MetabookSDK/Models/Structure/StructureNode.swift /Users/admin/builder/spi-builder-workspace/Sources/MetabookSDK/Models/Structure/StructureSummary.swift /Users/admin/builder/spi-builder-workspace/Sources/MetabookSDK/Models/Structure/UploadMetaInfo.swift /Users/admin/builder/spi-builder-workspace/Sources/MetabookSDK/Models/Structure/WordNode.swift /Users/admin/builder/spi-builder-workspace/Sources/MetabookSDK/Models/StructureLookup.swift /Users/admin/builder/spi-builder-workspace/Sources/MetabookSDK/Models/StructureOptions.swift /Users/admin/builder/spi-builder-workspace/Sources/MetabookSDK/Models/UploadedBookInfo.swift /Users/admin/builder/spi-builder-workspace/Sources/MetabookSDK/Observable/BookLookupState.swift /Users/admin/builder/spi-builder-workspace/Sources/MetabookSDK/Observable/BookStructureModel.swift /Users/admin/builder/spi-builder-workspace/Sources/MetabookSDK/Observable/SchemaCatalogModel.swift /Users/admin/builder/spi-builder-workspace/Sources/MetabookSDK/Observable/UploadState.swift /Users/admin/builder/spi-builder-workspace/Sources/MetabookSDK/Support/MetabookJSON.swift /Users/admin/builder/spi-builder-workspace/Sources/MetabookSDK/SwiftUI/BookMatchList.swift /Users/admin/builder/spi-builder-workspace/Sources/MetabookSDK/SwiftUI/EnvironmentValues+Metabook.swift /Users/admin/builder/spi-builder-workspace/Sources/MetabookSDK/SwiftUI/SchemaBadge.swift /Users/admin/builder/spi-builder-workspace/Sources/MetabookSDK/SwiftUI/StructureDetail+Preview.swift /Users/admin/builder/spi-builder-workspace/Sources/MetabookSDK/SwiftUI/StructureNodeRow.swift /Users/admin/builder/spi-builder-workspace/Sources/MetabookSDK/SwiftUI/StructureOutlineItem.swift /Users/admin/builder/spi-builder-workspace/Sources/MetabookSDK/SwiftUI/StructureSummaryView.swift -primary-file /Users/admin/builder/spi-builder-workspace/Sources/MetabookSDK/SwiftUI/StructureTreeView.swift -emit-dependencies-path /Users/admin/builder/spi-builder-workspace/.derivedData/Build/Intermediates.noindex/MetabookSDK.build/Debug-watchos/MetabookSDK-t.build/Objects-normal/arm64_32/StructureTreeView.d -emit-const-values-path /Users/admin/builder/spi-builder-workspace/.derivedData/Build/Intermediates.noindex/MetabookSDK.build/Debug-watchos/MetabookSDK-t.build/Objects-normal/arm64_32/StructureTreeView.swiftconstvalues -emit-reference-dependencies-path /Users/admin/builder/spi-builder-workspace/.derivedData/Build/Intermediates.noindex/MetabookSDK.build/Debug-watchos/MetabookSDK-t.build/Objects-normal/arm64_32/StructureTreeView.swiftdeps -serialize-diagnostics-path /Users/admin/builder/spi-builder-workspace/.derivedData/Build/Intermediates.noindex/MetabookSDK.build/Debug-watchos/MetabookSDK-t.build/Objects-normal/arm64_32/StructureTreeView.dia -target arm64_32-apple-watchos10.0 -disable-cross-import-overlay-search -load-resolved-plugin /Applications/Xcode-27.0.0-Release.Candidate.app/Contents/Developer/Platforms/WatchOS.platform/Developer/usr/lib/swift/host/plugins/libFoundationMacros.dylib\#/Applications/Xcode-27.0.0-Release.Candidate.app/Contents/Developer/Platforms/WatchOS.platform/Developer/usr/bin/swift-plugin-server\#FoundationMacros -load-resolved-plugin /Applications/Xcode-27.0.0-Release.Candidate.app/Contents/Developer/Platforms/WatchOS.platform/Developer/usr/lib/swift/host/plugins/libObservationMacros.dylib\#/Applications/Xcode-27.0.0-Release.Candidate.app/Contents/Developer/Platforms/WatchOS.platform/Developer/usr/bin/swift-plugin-server\#ObservationMacros -load-resolved-plugin /Applications/Xcode-27.0.0-Release.Candidate.app/Contents/Developer/Platforms/WatchOS.platform/Developer/usr/lib/swift/host/plugins/libPreviewsMacros.dylib\#/Applications/Xcode-27.0.0-Release.Candidate.app/Contents/Developer/Platforms/WatchOS.platform/Developer/usr/bin/swift-plugin-server\#PreviewsMacros -load-resolved-plugin /Applications/Xcode-27.0.0-Release.Candidate.app/Contents/Developer/Platforms/WatchOS.platform/Developer/usr/lib/swift/host/plugins/libSwiftMacros.dylib\#/Applications/Xcode-27.0.0-Release.Candidate.app/Contents/Developer/Platforms/WatchOS.platform/Developer/usr/bin/swift-plugin-server\#SwiftMacros -load-resolved-plugin /Applications/Xcode-27.0.0-Release.Candidate.app/Contents/Developer/Platforms/WatchOS.platform/Developer/usr/lib/swift/host/plugins/libSwiftUIMacros.dylib\#/Applications/Xcode-27.0.0-Release.Candidate.app/Contents/Developer/Platforms/WatchOS.platform/Developer/usr/bin/swift-plugin-server\#SwiftUIMacros -disable-implicit-swift-modules -Xcc -fno-implicit-modules -Xcc -fno-implicit-module-maps -explicit-swift-module-map-file /Users/admin/builder/spi-builder-workspace/.derivedData/Build/Intermediates.noindex/MetabookSDK.build/Debug-watchos/MetabookSDK-t.build/Objects-normal/arm64_32/MetabookSDK-dependencies-2.json -enable-objc-interop -sdk /Applications/Xcode-27.0.0-Release.Candidate.app/Contents/Developer/Platforms/WatchOS.platform/Developer/SDKs/WatchOS27.0.sdk -I /Users/admin/builder/spi-builder-workspace/.derivedData/Build/Products/Debug-watchos -Isystem /Applications/Xcode-27.0.0-Release.Candidate.app/Contents/Developer/Platforms/WatchOS.platform/Developer/usr/lib -F /Users/admin/builder/spi-builder-workspace/.derivedData/Build/Products/Debug-watchos -F /Applications/Xcode-27.0.0-Release.Candidate.app/Contents/Developer/Platforms/WatchOS.platform/Developer/Library/Frameworks -F /Applications/Xcode-27.0.0-Release.Candidate.app/Contents/Developer/Platforms/WatchOS.platform/Developer/SDKs/WatchOS27.0.sdk/Developer/Library/Frameworks -module-cache-path /Users/admin/builder/spi-builder-workspace/.derivedData/Build/Intermediates.noindex/SwiftExplicitPrecompiledModules -no-color-diagnostics -Xcc -fno-color-diagnostics -enable-testing -g -debug-info-format\=dwarf -dwarf-version\=4 -profile-generate -profile-coverage-mapping -swift-version 6 -Onone -D SWIFT_PACKAGE -D DEBUG -D SWIFT_MODULE_RESOURCE_BUNDLE_UNAVAILABLE -D Xcode -serialize-debugging-options -enable-experimental-feature DebugDescriptionMacro -empty-abi-descriptor -validate-clang-modules-once -clang-build-session-file /Users/admin/builder/spi-builder-workspace/.derivedData/ModuleCache.noindex/Session.modulevalidation -Xcc -working-directory -Xcc /Users/admin/builder/spi-builder-workspace/.swiftpm/xcode -enable-anonymous-context-mangled-names -file-compilation-dir /Users/admin/builder/spi-builder-workspace/.swiftpm/xcode -Xcc -D_LIBCPP_HARDENING_MODE\=_LIBCPP_HARDENING_MODE_DEBUG -Xcc -ivfsstatcache -Xcc /Users/admin/builder/spi-builder-workspace/.derivedData/SDKStatCaches.noindex/watchos27.0-24R360-e829b21a6f8c9b70876ba0858053c04477534ef55a1706bf4c1112bbb242f0a2.sdkstatcache -Xcc -fmodules-prune-interval\=86400 -Xcc -fmodules-prune-after\=345600 -Xcc -I/Users/admin/builder/spi-builder-workspace/.derivedData/Build/Products/Debug-watchos/include -Xcc -I/Users/admin/builder/spi-builder-workspace/.derivedData/Build/Intermediates.noindex/MetabookSDK.build/Debug-watchos/MetabookSDK-t.build/DerivedSources-normal/arm64_32 -Xcc -I/Users/admin/builder/spi-builder-workspace/.derivedData/Build/Intermediates.noindex/MetabookSDK.build/Debug-watchos/MetabookSDK-t.build/DerivedSources/arm64_32 -Xcc -I/Users/admin/builder/spi-builder-workspace/.derivedData/Build/Intermediates.noindex/MetabookSDK.build/Debug-watchos/MetabookSDK-t.build/DerivedSources -Xcc -DSWIFT_PACKAGE -Xcc -DDEBUG\=1 -no-auto-bridging-header-chaining -module-name MetabookSDK -package-name spi_builder_workspace -const-gather-protocols-file /Users/admin/builder/spi-builder-workspace/.derivedData/Build/Intermediates.noindex/MetabookSDK.build/Debug-watchos/MetabookSDK-t.build/Objects-normal/arm64_32/MetabookSDK_const_extract_protocols.json -disable-clang-spi -clang-target arm64_32-apple-watchos27.0 -target-sdk-version 27.0 -target-sdk-name watchos27.0 -in-process-plugin-server-path /Applications/Xcode-27.0.0-Release.Candidate.app/Contents/Developer/Toolchains/XcodeDefault.xctoolchain/usr/lib/swift/host/libSwiftInProcPluginServer.dylib -parse-as-library -o /Users/admin/builder/spi-builder-workspace/.derivedData/Build/Intermediates.noindex/MetabookSDK.build/Debug-watchos/MetabookSDK-t.build/Objects-normal/arm64_32/StructureTreeView.o -debug-module-path /Users/admin/builder/spi-builder-workspace/.derivedData/Build/Intermediates.noindex/MetabookSDK.build/Debug-watchos/MetabookSDK-t.build/Objects-normal/arm64_32/MetabookSDK.swiftmodule -index-unit-output-path /MetabookSDK.build/Debug-watchos/MetabookSDK-t.build/Objects-normal/arm64_32/StructureTreeView.o -index-store-path /Users/admin/builder/spi-builder-workspace/.derivedData/Index.noindex/DataStore -index-system-modules
SwiftCompile normal arm64_32 /Users/admin/builder/spi-builder-workspace/Sources/MetabookSDK/SwiftUI/StructureTreeView.swift (in target 'MetabookSDK' from project 'MetabookSDK')
cd /Users/admin/builder/spi-builder-workspace/.swiftpm/xcode
builtin-SwiftPerFileCompile StructureTreeView.swift
SwiftCompile normal arm64_32 Compiling\ StructureSummaryView.swift /Users/admin/builder/spi-builder-workspace/Sources/MetabookSDK/SwiftUI/StructureSummaryView.swift (in target 'MetabookSDK' from project 'MetabookSDK')
SwiftCompile normal arm64_32 /Users/admin/builder/spi-builder-workspace/Sources/MetabookSDK/SwiftUI/StructureSummaryView.swift (in target 'MetabookSDK' from project 'MetabookSDK')
cd /Users/admin/builder/spi-builder-workspace/.swiftpm/xcode
builtin-SwiftPerFileCompile StructureSummaryView.swift
SwiftCompile normal arm64_32 Compiling\ BookMatchList.swift /Users/admin/builder/spi-builder-workspace/Sources/MetabookSDK/SwiftUI/BookMatchList.swift (in target 'MetabookSDK' from project 'MetabookSDK')
SwiftCompile normal arm64_32 /Users/admin/builder/spi-builder-workspace/Sources/MetabookSDK/SwiftUI/BookMatchList.swift (in target 'MetabookSDK' from project 'MetabookSDK')
cd /Users/admin/builder/spi-builder-workspace/.swiftpm/xcode
builtin-SwiftPerFileCompile BookMatchList.swift
SwiftEmitModule normal arm64_32 Emitting\ module\ for\ MetabookSDK (in target 'MetabookSDK' from project 'MetabookSDK')
SwiftCompile normal arm64_32 (in target 'MetabookSDK' from project 'MetabookSDK')
cd /Users/admin/builder/spi-builder-workspace/.swiftpm/xcode
SwiftCompile normal arm64 Compiling\ BookMatchList.swift /Users/admin/builder/spi-builder-workspace/Sources/MetabookSDK/SwiftUI/BookMatchList.swift (in target 'MetabookSDK' from project 'MetabookSDK')
SwiftCompile normal arm64 /Users/admin/builder/spi-builder-workspace/Sources/MetabookSDK/SwiftUI/BookMatchList.swift (in target 'MetabookSDK' from project 'MetabookSDK')
cd /Users/admin/builder/spi-builder-workspace/.swiftpm/xcode
builtin-SwiftPerFileCompile BookMatchList.swift
SwiftEmitModule normal arm64 Emitting\ module\ for\ MetabookSDK (in target 'MetabookSDK' from project 'MetabookSDK')
SwiftCompile normal arm64 (in target 'MetabookSDK' from project 'MetabookSDK')
cd /Users/admin/builder/spi-builder-workspace/.swiftpm/xcode
SwiftCompile normal arm64 Compiling\ StructureOutlineItem.swift /Users/admin/builder/spi-builder-workspace/Sources/MetabookSDK/SwiftUI/StructureOutlineItem.swift (in target 'MetabookSDK' from project 'MetabookSDK')
SwiftCompile normal arm64 /Users/admin/builder/spi-builder-workspace/Sources/MetabookSDK/SwiftUI/StructureOutlineItem.swift (in target 'MetabookSDK' from project 'MetabookSDK')
cd /Users/admin/builder/spi-builder-workspace/.swiftpm/xcode
builtin-SwiftPerFileCompile StructureOutlineItem.swift
SwiftCompile normal arm64 Compiling\ StructureTreeView.swift /Users/admin/builder/spi-builder-workspace/Sources/MetabookSDK/SwiftUI/StructureTreeView.swift (in target 'MetabookSDK' from project 'MetabookSDK')
SwiftCompile normal arm64 /Users/admin/builder/spi-builder-workspace/Sources/MetabookSDK/SwiftUI/StructureTreeView.swift (in target 'MetabookSDK' from project 'MetabookSDK')
cd /Users/admin/builder/spi-builder-workspace/.swiftpm/xcode
builtin-SwiftPerFileCompile StructureTreeView.swift
SwiftDriverJobDiscovery normal arm64_32 Compiling EnvironmentValues+Metabook.swift (in target 'MetabookSDK' from project 'MetabookSDK')
SwiftCompile normal arm64_32 Compiling\ SchemaCatalogModel.swift /Users/admin/builder/spi-builder-workspace/Sources/MetabookSDK/Observable/SchemaCatalogModel.swift (in target 'MetabookSDK' from project 'MetabookSDK')
SwiftCompile normal arm64_32 /Users/admin/builder/spi-builder-workspace/Sources/MetabookSDK/Observable/SchemaCatalogModel.swift (in target 'MetabookSDK' from project 'MetabookSDK')
cd /Users/admin/builder/spi-builder-workspace/.swiftpm/xcode
builtin-SwiftPerFileCompile SchemaCatalogModel.swift
SwiftDriverJobDiscovery normal arm64 Compiling StructureOutlineItem.swift (in target 'MetabookSDK' from project 'MetabookSDK')
SwiftCompile normal arm64 Compiling\ StructureSummaryView.swift /Users/admin/builder/spi-builder-workspace/Sources/MetabookSDK/SwiftUI/StructureSummaryView.swift (in target 'MetabookSDK' from project 'MetabookSDK')
SwiftCompile normal arm64 /Users/admin/builder/spi-builder-workspace/Sources/MetabookSDK/SwiftUI/StructureSummaryView.swift (in target 'MetabookSDK' from project 'MetabookSDK')
cd /Users/admin/builder/spi-builder-workspace/.swiftpm/xcode
builtin-SwiftPerFileCompile StructureSummaryView.swift
PruneExplicitPrecompiledModules /Users/admin/builder/spi-builder-workspace/.derivedData/Build/Intermediates.noindex/SwiftExplicitPrecompiledModules
PruneExplicitPrecompiledModules /Users/admin/builder/spi-builder-workspace/.derivedData/Build/Intermediates.noindex/ExplicitPrecompiledModules
PruneExplicitPrecompiledModules /Users/admin/builder/spi-builder-workspace/.derivedData/SDKExplicitPrecompiledModules
2026-09-27 13:48:39.799 xcodebuild[826:4865] [MT] IDERunDestination: Supported platforms for the buildables in the current scheme is empty.
** BUILD FAILED **
The following build commands failed:
SwiftCompile normal arm64_32 Compiling\ StructureTreeView.swift /Users/admin/builder/spi-builder-workspace/Sources/MetabookSDK/SwiftUI/StructureTreeView.swift (in target 'MetabookSDK' from project 'MetabookSDK')
SwiftCompile normal arm64_32 /Users/admin/builder/spi-builder-workspace/Sources/MetabookSDK/SwiftUI/StructureTreeView.swift (in target 'MetabookSDK' from project 'MetabookSDK')
Building workspace MetabookSDK with scheme MetabookSDK
(3 failures)
BUILD FAILURE 6.4 watchOS