The Swift Package Index logo.Swift Package Index

Build Information

Failed to build GenUIComponents, reference 0.1.0 (40965f), with Swift 6.1 for Wasm on 18 Jul 2026 00:20:24 UTC.

Build Command

bash -c docker run --pull=always --rm -v "checkouts-54344844-1":/host -w "$PWD" -e JAVA_HOME="/root/.sdkman/candidates/java/current" -e SPI_BUILD="1" -e SPI_PROCESSING="1" registry.gitlab.com/saguaro1/spi-images:wasm-6.1-latest swift build --swift-sdk wasm32-unknown-wasi 2>&1

Build Log

========================================
RunAll
========================================
Builder version: 333316120c8b89ed7d21f1b34865290794301d91
Interrupt handler set up.
========================================
Checkout
========================================
Clone URL: https://github.com/kiliczsh/genui-components-swift.git
Reference: 0.1.0
Initialized empty Git repository in /host/spi-builder-workspace/.git/
hint: Using 'master' as the name for the initial branch. This default branch name
hint: is subject to change. To configure the initial branch name to use in all
hint: of your new repositories, which will suppress this warning, call:
hint:
hint: 	git config --global init.defaultBranch <name>
hint:
hint: Names commonly chosen instead of 'master' are 'main', 'trunk' and
hint: 'development'. The just-created branch can be renamed via this command:
hint:
hint: 	git branch -m <name>
From https://github.com/kiliczsh/genui-components-swift
 * tag               0.1.0      -> FETCH_HEAD
HEAD is now at 40965ff Depend on genui-kit by version and add SPI badges
Cloned https://github.com/kiliczsh/genui-components-swift.git
Revision (git rev-parse @):
40965ff4a991a4a397ab6c7976cf537865bea5bd
SUCCESS checkout https://github.com/kiliczsh/genui-components-swift.git at 0.1.0
========================================
Build
========================================
Selected platform:         wasm
Swift version:             6.1
Building package at path:  $PWD
https://github.com/kiliczsh/genui-components-swift.git
https://github.com/kiliczsh/genui-components-swift.git
WARNING: environment variable SUPPRESS_SWIFT_6_FLAGS is not set
Running build ...
bash -c docker run --pull=always --rm -v "checkouts-54344844-1":/host -w "$PWD" -e JAVA_HOME="/root/.sdkman/candidates/java/current" -e SPI_BUILD="1" -e SPI_PROCESSING="1" registry.gitlab.com/saguaro1/spi-images:wasm-6.1-latest swift build --swift-sdk wasm32-unknown-wasi -Xswiftc -Xfrontend -Xswiftc -stats-output-dir -Xswiftc -Xfrontend -Xswiftc .stats -Xswiftc -strict-concurrency=complete -Xswiftc -enable-upcoming-feature -Xswiftc StrictConcurrency -Xswiftc -enable-upcoming-feature -Xswiftc DisableOutwardActorInference -Xswiftc -enable-upcoming-feature -Xswiftc GlobalActorIsolatedTypesUsability -Xswiftc -enable-upcoming-feature -Xswiftc InferSendableFromCaptures 2>&1
wasm-6.1-latest: Pulling from saguaro1/spi-images
Digest: sha256:1ad245dad3d2ae0004e1afbc92334bd39884ed9ca587cf04d0a8d5f640fb02e9
Status: Image is up to date for registry.gitlab.com/saguaro1/spi-images:wasm-6.1-latest
Fetching https://github.com/kiliczsh/genui-kit.git
[1/177] Fetching genui-kit
Fetched https://github.com/kiliczsh/genui-kit.git from cache (0.44s)
Computing version for https://github.com/kiliczsh/genui-kit.git
Computed https://github.com/kiliczsh/genui-kit.git at 0.1.0 (0.67s)
Creating working copy for https://github.com/kiliczsh/genui-kit.git
Working copy of https://github.com/kiliczsh/genui-kit.git resolved at 0.1.0
Building for debugging...
[0/7] Write sources
[6/7] Write swift-version-24593BA9C3E375BF.txt
[8/24] Compiling GenUIDesignSystem Pressable.swift
/host/spi-builder-workspace/Sources/GenUIDesignSystem/CanvasScrollProxy.swift:1:8: error: no such module 'SwiftUI'
 1 | import SwiftUI
   |        `- error: no such module 'SwiftUI'
 2 |
 3 | /// Lets generated components (tabs, anchors) scroll their own content into
error: emit-module command failed with exit code 1 (use -v to see invocation)
[9/24] Emitting module GenUIDesignSystem
/host/spi-builder-workspace/Sources/GenUIDesignSystem/CanvasScrollProxy.swift:1:8: error: no such module 'SwiftUI'
 1 | import SwiftUI
   |        `- error: no such module 'SwiftUI'
 2 |
 3 | /// Lets generated components (tabs, anchors) scroll their own content into
[10/24] Compiling GenUIDesignSystem CanvasScrollProxy.swift
/host/spi-builder-workspace/Sources/GenUIDesignSystem/CanvasScrollProxy.swift:1:8: error: no such module 'SwiftUI'
 1 | import SwiftUI
   |        `- error: no such module 'SwiftUI'
 2 |
 3 | /// Lets generated components (tabs, anchors) scroll their own content into
[11/24] Compiling GenUIDesignSystem Motion.swift
/host/spi-builder-workspace/Sources/GenUIDesignSystem/CanvasScrollProxy.swift:1:8: error: no such module 'SwiftUI'
 1 | import SwiftUI
   |        `- error: no such module 'SwiftUI'
 2 |
 3 | /// Lets generated components (tabs, anchors) scroll their own content into
[12/24] Compiling GenUIDesignSystem DesignTokens.swift
/host/spi-builder-workspace/Sources/GenUIDesignSystem/CanvasScrollProxy.swift:1:8: error: no such module 'SwiftUI'
 1 | import SwiftUI
   |        `- error: no such module 'SwiftUI'
 2 |
 3 | /// Lets generated components (tabs, anchors) scroll their own content into
Running build ...
bash -c docker run --pull=always --rm -v "checkouts-54344844-1":/host -w "$PWD" -e JAVA_HOME="/root/.sdkman/candidates/java/current" -e SPI_BUILD="1" -e SPI_PROCESSING="1" registry.gitlab.com/saguaro1/spi-images:wasm-6.1-latest swift build --swift-sdk wasm32-unknown-wasi 2>&1
wasm-6.1-latest: Pulling from saguaro1/spi-images
Digest: sha256:1ad245dad3d2ae0004e1afbc92334bd39884ed9ca587cf04d0a8d5f640fb02e9
Status: Image is up to date for registry.gitlab.com/saguaro1/spi-images:wasm-6.1-latest
[0/1] Planning build
Building for debugging...
[0/1] Write swift-version-24593BA9C3E375BF.txt
[2/18] Compiling GenUIDesignSystem DesignTokens.swift
/host/spi-builder-workspace/Sources/GenUIDesignSystem/CanvasScrollProxy.swift:1:8: error: no such module 'SwiftUI'
 1 | import SwiftUI
   |        `- error: no such module 'SwiftUI'
 2 |
 3 | /// Lets generated components (tabs, anchors) scroll their own content into
[3/18] Compiling GenUIDesignSystem Pressable.swift
/host/spi-builder-workspace/Sources/GenUIDesignSystem/CanvasScrollProxy.swift:1:8: error: no such module 'SwiftUI'
 1 | import SwiftUI
   |        `- error: no such module 'SwiftUI'
 2 |
 3 | /// Lets generated components (tabs, anchors) scroll their own content into
[4/18] Compiling GenUIDesignSystem Motion.swift
/host/spi-builder-workspace/Sources/GenUIDesignSystem/CanvasScrollProxy.swift:1:8: error: no such module 'SwiftUI'
 1 | import SwiftUI
   |        `- error: no such module 'SwiftUI'
 2 |
 3 | /// Lets generated components (tabs, anchors) scroll their own content into
error: emit-module command failed with exit code 1 (use -v to see invocation)
[5/18] Emitting module GenUIDesignSystem
/host/spi-builder-workspace/Sources/GenUIDesignSystem/CanvasScrollProxy.swift:1:8: error: no such module 'SwiftUI'
 1 | import SwiftUI
   |        `- error: no such module 'SwiftUI'
 2 |
 3 | /// Lets generated components (tabs, anchors) scroll their own content into
[6/18] Compiling GenUIDesignSystem CanvasScrollProxy.swift
/host/spi-builder-workspace/Sources/GenUIDesignSystem/CanvasScrollProxy.swift:1:8: error: no such module 'SwiftUI'
 1 | import SwiftUI
   |        `- error: no such module 'SwiftUI'
 2 |
 3 | /// Lets generated components (tabs, anchors) scroll their own content into
BUILD FAILURE 6.1 wasm