Build Information
Failed to build Assetizer, reference master (efb8d0), with Swift 6.4 for visionOS using Xcode 27.0 on 16 Sep 2026 19:55:37 UTC.
Build Command
env DEVELOPER_DIR=/Applications/Xcode-27.0.0-Release.Candidate.app xcrun xcodebuild -IDEClonedSourcePackagesDirPathOverride=$PWD/.dependencies -skipMacroValidation -skipPackagePluginValidation -derivedDataPath $PWD/.derivedData build -scheme Assetizer-Package -destination generic/platform=xrOSBuild Log
========================================
RunAll
========================================
Builder version: 5.1.0
Interrupt handler set up.
========================================
Checkout
========================================
Clone URL: https://github.com/jkmathew/assetizer.git
Reference: master
Initialized empty Git repository in /Users/admin/builder/spi-builder-workspace/.git/
From https://github.com/jkmathew/assetizer
* branch master -> FETCH_HEAD
* [new branch] master -> origin/master
HEAD is now at efb8d04 Adding tests
Cloned https://github.com/jkmathew/assetizer.git
Revision (git rev-parse @):
efb8d049c6e1cf107e9f8f87deccc681e092ed5b
SUCCESS checkout https://github.com/jkmathew/assetizer.git at master
========================================
Build
========================================
Selected platform: visionOS
Swift version: 6.4
Building package at path: $PWD
https://github.com/jkmathew/assetizer.git
Command line invocation:
/Applications/Xcode-27.0.0-Release.Candidate.app/Contents/Developer/usr/bin/xcodebuild -IDEClonedSourcePackagesDirPathOverride=/Users/admin/builder/spi-builder-workspace/.dependencies -resolvePackageDependencies
Resolve Package Graph
Fetching from https://github.com/kylef/Commander.git
Fetching from https://github.com/kylef/Spectre.git
Creating working copy of package ‘Commander’
Checking out 0.9.2 of package ‘Commander’
Creating working copy of package ‘Spectre’
Checking out 0.10.1 of package ‘Spectre’
Resolve Package Graph
Resolved source packages:
Assetizer: /Users/admin/builder/spi-builder-workspace
Spectre: https://github.com/kylef/Spectre.git @ 0.10.1
Commander: https://github.com/kylef/Commander.git @ 0.9.2
resolved source packages: Assetizer, Spectre, Commander
2026-09-16 15:54:42.202 xcodebuild[529:3029] [MT] IDERunDestination: Supported platforms for the buildables in the current scheme is empty.
{
"dependencies" : [
{
"identity" : "commander",
"requirement" : {
"range" : [
{
"lower_bound" : "0.8.0",
"upper_bound" : "1.0.0"
}
]
},
"type" : "sourceControl",
"url" : "https://github.com/kylef/Commander.git"
}
],
"manifest_display_name" : "Assetizer",
"name" : "Assetizer",
"path" : "/Users/admin/builder/spi-builder-workspace",
"platforms" : [
],
"products" : [
{
"name" : "Assetizer",
"targets" : [
"Assetizer"
],
"type" : {
"library" : [
"automatic"
]
}
},
{
"name" : "assetize",
"targets" : [
"assetize"
],
"type" : {
"executable" : null
}
}
],
"targets" : [
{
"c99name" : "assetize",
"module_type" : "SwiftTarget",
"name" : "assetize",
"path" : "Sources/assetize",
"product_dependencies" : [
"Commander"
],
"product_memberships" : [
"assetize"
],
"sources" : [
"ArgumentConvertibles.swift",
"main.swift"
],
"target_dependencies" : [
"Assetizer"
],
"type" : "executable"
},
{
"c99name" : "AssetizerTests",
"module_type" : "SwiftTarget",
"name" : "AssetizerTests",
"path" : "Sources/AssetizerTests",
"sources" : [
"AssetizerTests.swift"
],
"target_dependencies" : [
"Assetizer"
],
"type" : "test"
},
{
"c99name" : "Assetizer",
"module_type" : "SwiftTarget",
"name" : "Assetizer",
"path" : "Sources/Assetizer",
"product_memberships" : [
"Assetizer",
"assetize"
],
"sources" : [
"AssetWriter.swift",
"DeviceIdiom.swift",
"Error.swift",
"URLConvertible.swift"
],
"type" : "library"
}
],
"tools_version" : "4.0"
}
{
"workspace" : {
"name" : "Assetizer",
"schemes" : [
"assetize",
"Assetizer",
"Assetizer-Package"
]
}
}
2026-09-16 15:55:23.588 xcodebuild[723:4516] [MT] IDERunDestination: Supported platforms for the buildables in the current scheme is empty.
{
"workspace" : {
"name" : "Assetizer",
"schemes" : [
"assetize",
"Assetizer",
"Assetizer-Package"
]
}
}
2026-09-16 15:55:24.666 xcodebuild[725:4575] [MT] IDERunDestination: Supported platforms for the buildables in the current scheme is empty.
Running build ...
env DEVELOPER_DIR=/Applications/Xcode-27.0.0-Release.Candidate.app xcrun xcodebuild -IDEClonedSourcePackagesDirPathOverride=$PWD/.dependencies -skipMacroValidation -skipPackagePluginValidation -derivedDataPath $PWD/.derivedData build -scheme Assetizer-Package -destination generic/platform=xrOS
Command line invocation:
/Applications/Xcode-27.0.0-Release.Candidate.app/Contents/Developer/usr/bin/xcodebuild -IDEClonedSourcePackagesDirPathOverride=/Users/admin/builder/spi-builder-workspace/.dependencies -skipMacroValidation -skipPackagePluginValidation -derivedDataPath /Users/admin/builder/spi-builder-workspace/.derivedData build -scheme Assetizer-Package -destination generic/platform=xrOS
Resolve Package Graph
Resolve Package Graph
Resolved source packages:
Spectre: https://github.com/kylef/Spectre.git @ 0.10.1
Commander: https://github.com/kylef/Commander.git @ 0.9.2
Assetizer: /Users/admin/builder/spi-builder-workspace
ComputePackagePrebuildTargetDependencyGraph
Prepare packages
CreateBuildRequest
SendProjectDescription
CreateBuildOperation
ComputeTargetDependencyGraph
note: Building targets in dependency order
note: Target dependency graph (5 targets)
Target 'assetize-product' in project 'Assetizer'
➜ Explicit dependency on target 'Assetizer' in project 'Assetizer'
➜ Explicit dependency on target 'Commander-product' in project 'Commander'
Target 'Commander-product' in project 'Commander'
➜ Explicit dependency on target 'Commander' in project 'Commander'
Target 'Commander' in project 'Commander' (no dependencies)
Target 'Assetizer-product' in project 'Assetizer'
➜ Explicit dependency on target 'Assetizer' in project 'Assetizer'
Target 'Assetizer' in project 'Assetizer' (no dependencies)
GatherProvisioningInputs
CreateBuildDescription
ExecuteExternalTool /Applications/Xcode-27.0.0-Release.Candidate.app/Contents/Developer/Toolchains/XcodeDefault.xctoolchain/usr/bin/clang -v -E -dM -isysroot /Applications/Xcode-27.0.0-Release.Candidate.app/Contents/Developer/Platforms/XROS.platform/Developer/SDKs/XROS27.0.sdk -x c -c /dev/null
ExecuteExternalTool /Applications/Xcode-27.0.0-Release.Candidate.app/Contents/Developer/Toolchains/XcodeDefault.xctoolchain/usr/bin/swiftc --version
ExecuteExternalTool /Applications/Xcode-27.0.0-Release.Candidate.app/Contents/Developer/Toolchains/XcodeDefault.xctoolchain/usr/bin/ld -version_details
Build description signature: 94570b32e40bd6e1c377f1c09b9d47b9
Build description path: /Users/admin/builder/spi-builder-workspace/.derivedData/Build/Intermediates.noindex/XCBuildData/94570b32e40bd6e1c377f1c09b9d47b9.xcbuilddata
CreateBuildDirectory /Users/admin/builder/spi-builder-workspace/.derivedData/SDKExplicitPrecompiledModules
cd /Users/admin/builder/spi-builder-workspace/.swiftpm/xcode
builtin-create-build-directory /Users/admin/builder/spi-builder-workspace/.derivedData/SDKExplicitPrecompiledModules
CreateBuildDirectory /Users/admin/builder/spi-builder-workspace/.derivedData/CompilationCache.noindex
cd /Users/admin/builder/spi-builder-workspace/.swiftpm/xcode
builtin-create-build-directory /Users/admin/builder/spi-builder-workspace/.derivedData/CompilationCache.noindex
CreateBuildDirectory /Users/admin/builder/spi-builder-workspace/.derivedData/ModuleCache.noindex
cd /Users/admin/builder/spi-builder-workspace/.swiftpm/xcode
builtin-create-build-directory /Users/admin/builder/spi-builder-workspace/.derivedData/ModuleCache.noindex
CreateBuildDirectory /Users/admin/builder/spi-builder-workspace/.derivedData/Build/Intermediates.noindex
cd /Users/admin/builder/spi-builder-workspace/.swiftpm/xcode
builtin-create-build-directory /Users/admin/builder/spi-builder-workspace/.derivedData/Build/Intermediates.noindex
CreateBuildDirectory /Users/admin/builder/spi-builder-workspace/.derivedData/Build/Products
cd /Users/admin/builder/spi-builder-workspace/.swiftpm/xcode
builtin-create-build-directory /Users/admin/builder/spi-builder-workspace/.derivedData/Build/Products
ClangStatCache /Applications/Xcode-27.0.0-Release.Candidate.app/Contents/Developer/Toolchains/XcodeDefault.xctoolchain/usr/bin/clang-stat-cache /Applications/Xcode-27.0.0-Release.Candidate.app/Contents/Developer/Platforms/XROS.platform/Developer/SDKs/XROS27.0.sdk /Users/admin/builder/spi-builder-workspace/.derivedData/SDKStatCaches.noindex/xros27.0-24M361-e829b21a6f8c9b70876ba0858053c044735bd543db762f57723cac368afd1ce4.sdkstatcache
cd /Users/admin/builder/spi-builder-workspace/.swiftpm/xcode
/Applications/Xcode-27.0.0-Release.Candidate.app/Contents/Developer/Toolchains/XcodeDefault.xctoolchain/usr/bin/clang-stat-cache /Applications/Xcode-27.0.0-Release.Candidate.app/Contents/Developer/Platforms/XROS.platform/Developer/SDKs/XROS27.0.sdk -o /Users/admin/builder/spi-builder-workspace/.derivedData/SDKStatCaches.noindex/xros27.0-24M361-e829b21a6f8c9b70876ba0858053c044735bd543db762f57723cac368afd1ce4.sdkstatcache
CreateBuildDirectory /Users/admin/builder/spi-builder-workspace/.derivedData/Build/Intermediates.noindex/SwiftExplicitPrecompiledModules
cd /Users/admin/builder/spi-builder-workspace/.swiftpm/xcode
builtin-create-build-directory /Users/admin/builder/spi-builder-workspace/.derivedData/Build/Intermediates.noindex/SwiftExplicitPrecompiledModules
CreateBuildDirectory /Users/admin/builder/spi-builder-workspace/.derivedData/Build/Intermediates.noindex/PrecompiledHeaders
cd /Users/admin/builder/spi-builder-workspace/.swiftpm/xcode
builtin-create-build-directory /Users/admin/builder/spi-builder-workspace/.derivedData/Build/Intermediates.noindex/PrecompiledHeaders
CreateBuildDirectory /Users/admin/builder/spi-builder-workspace/.derivedData/Build/Intermediates.noindex/ExplicitPrecompiledModules
cd /Users/admin/builder/spi-builder-workspace/.swiftpm/xcode
builtin-create-build-directory /Users/admin/builder/spi-builder-workspace/.derivedData/Build/Intermediates.noindex/ExplicitPrecompiledModules
CreateBuildDirectory /Users/admin/builder/spi-builder-workspace/.derivedData/Build/Products/Debug-xros
cd /Users/admin/builder/spi-builder-workspace/.swiftpm/xcode
builtin-create-build-directory /Users/admin/builder/spi-builder-workspace/.derivedData/Build/Products/Debug-xros
CreateBuildDirectory /Users/admin/builder/spi-builder-workspace/.derivedData/Build/Intermediates.noindex/EagerLinkingTBDs/Debug-xros
cd /Users/admin/builder/spi-builder-workspace/.swiftpm/xcode
builtin-create-build-directory /Users/admin/builder/spi-builder-workspace/.derivedData/Build/Intermediates.noindex/EagerLinkingTBDs/Debug-xros
CreateBuildDirectory /Users/admin/builder/spi-builder-workspace/.derivedData/Build/Products/Debug-xros/PackageFrameworks
cd /Users/admin/builder/spi-builder-workspace/.swiftpm/xcode
builtin-create-build-directory /Users/admin/builder/spi-builder-workspace/.derivedData/Build/Products/Debug-xros/PackageFrameworks
WriteAuxiliaryFile /Users/admin/builder/spi-builder-workspace/.derivedData/Build/Intermediates.noindex/Assetizer.build/Debug-xros/assetize-p.build/assetize.DependencyMetadataFileList (in target 'assetize-product' from project 'Assetizer')
cd /Users/admin/builder/spi-builder-workspace
write-file /Users/admin/builder/spi-builder-workspace/.derivedData/Build/Intermediates.noindex/Assetizer.build/Debug-xros/assetize-p.build/assetize.DependencyMetadataFileList
WriteAuxiliaryFile /Users/admin/builder/spi-builder-workspace/.derivedData/Build/Intermediates.noindex/Assetizer.build/Debug-xros/assetize-p.build/assetize.DependencyStaticMetadataFileList (in target 'assetize-product' from project 'Assetizer')
cd /Users/admin/builder/spi-builder-workspace
write-file /Users/admin/builder/spi-builder-workspace/.derivedData/Build/Intermediates.noindex/Assetizer.build/Debug-xros/assetize-p.build/assetize.DependencyStaticMetadataFileList
WriteAuxiliaryFile /Users/admin/builder/spi-builder-workspace/.derivedData/Build/Intermediates.noindex/Commander.build/Debug-xros/Commander-t.build/Objects-normal/arm64/Commander_const_extract_protocols.json (in target 'Commander' from project 'Commander')
cd /Users/admin/builder/spi-builder-workspace/.dependencies/checkouts/Commander
write-file /Users/admin/builder/spi-builder-workspace/.derivedData/Build/Intermediates.noindex/Commander.build/Debug-xros/Commander-t.build/Objects-normal/arm64/Commander_const_extract_protocols.json
WriteAuxiliaryFile /Users/admin/builder/spi-builder-workspace/.derivedData/Build/Intermediates.noindex/Commander.build/Debug-xros/Commander-t.build/Objects-normal/arm64/Commander.SwiftFileList (in target 'Commander' from project 'Commander')
cd /Users/admin/builder/spi-builder-workspace/.dependencies/checkouts/Commander
write-file /Users/admin/builder/spi-builder-workspace/.derivedData/Build/Intermediates.noindex/Commander.build/Debug-xros/Commander-t.build/Objects-normal/arm64/Commander.SwiftFileList
WriteAuxiliaryFile /Users/admin/builder/spi-builder-workspace/.derivedData/Build/Intermediates.noindex/Commander.build/Debug-xros/Commander-t.build/Objects-normal/arm64/Commander.SwiftConstValuesFileList (in target 'Commander' from project 'Commander')
cd /Users/admin/builder/spi-builder-workspace/.dependencies/checkouts/Commander
write-file /Users/admin/builder/spi-builder-workspace/.derivedData/Build/Intermediates.noindex/Commander.build/Debug-xros/Commander-t.build/Objects-normal/arm64/Commander.SwiftConstValuesFileList
WriteAuxiliaryFile /Users/admin/builder/spi-builder-workspace/.derivedData/Build/Intermediates.noindex/Commander.build/Debug-xros/Commander-t.build/Objects-normal/arm64/Commander.LinkFileList (in target 'Commander' from project 'Commander')
cd /Users/admin/builder/spi-builder-workspace/.dependencies/checkouts/Commander
write-file /Users/admin/builder/spi-builder-workspace/.derivedData/Build/Intermediates.noindex/Commander.build/Debug-xros/Commander-t.build/Objects-normal/arm64/Commander.LinkFileList
WriteAuxiliaryFile /Users/admin/builder/spi-builder-workspace/.derivedData/Build/Intermediates.noindex/Assetizer.build/Debug-xros/assetize-p.build/Objects-normal/arm64/assetize.SwiftFileList (in target 'assetize-product' from project 'Assetizer')
cd /Users/admin/builder/spi-builder-workspace
write-file /Users/admin/builder/spi-builder-workspace/.derivedData/Build/Intermediates.noindex/Assetizer.build/Debug-xros/assetize-p.build/Objects-normal/arm64/assetize.SwiftFileList
WriteAuxiliaryFile /Users/admin/builder/spi-builder-workspace/.derivedData/Build/Intermediates.noindex/Assetizer.build/Debug-xros/assetize-p.build/Objects-normal/arm64/assetize_const_extract_protocols.json (in target 'assetize-product' from project 'Assetizer')
cd /Users/admin/builder/spi-builder-workspace
write-file /Users/admin/builder/spi-builder-workspace/.derivedData/Build/Intermediates.noindex/Assetizer.build/Debug-xros/assetize-p.build/Objects-normal/arm64/assetize_const_extract_protocols.json
WriteAuxiliaryFile /Users/admin/builder/spi-builder-workspace/.derivedData/Build/Intermediates.noindex/Assetizer.build/Debug-xros/assetize-p.build/Objects-normal/arm64/assetize.LinkFileList (in target 'assetize-product' from project 'Assetizer')
cd /Users/admin/builder/spi-builder-workspace
write-file /Users/admin/builder/spi-builder-workspace/.derivedData/Build/Intermediates.noindex/Assetizer.build/Debug-xros/assetize-p.build/Objects-normal/arm64/assetize.LinkFileList
WriteAuxiliaryFile /Users/admin/builder/spi-builder-workspace/.derivedData/Build/Intermediates.noindex/Assetizer.build/Debug-xros/assetize-p.build/Objects-normal/arm64/assetize-OutputFileMap.json (in target 'assetize-product' from project 'Assetizer')
cd /Users/admin/builder/spi-builder-workspace
write-file /Users/admin/builder/spi-builder-workspace/.derivedData/Build/Intermediates.noindex/Assetizer.build/Debug-xros/assetize-p.build/Objects-normal/arm64/assetize-OutputFileMap.json
WriteAuxiliaryFile /Users/admin/builder/spi-builder-workspace/.derivedData/Build/Intermediates.noindex/Commander.build/Debug-xros/Commander-t.build/Objects-normal/arm64/Commander-OutputFileMap.json (in target 'Commander' from project 'Commander')
cd /Users/admin/builder/spi-builder-workspace/.dependencies/checkouts/Commander
write-file /Users/admin/builder/spi-builder-workspace/.derivedData/Build/Intermediates.noindex/Commander.build/Debug-xros/Commander-t.build/Objects-normal/arm64/Commander-OutputFileMap.json
WriteAuxiliaryFile /Users/admin/builder/spi-builder-workspace/.derivedData/Build/Intermediates.noindex/Commander.build/Debug-xros/Commander-t.build/Commander.modulemap (in target 'Commander' from project 'Commander')
cd /Users/admin/builder/spi-builder-workspace/.dependencies/checkouts/Commander
write-file /Users/admin/builder/spi-builder-workspace/.derivedData/Build/Intermediates.noindex/Commander.build/Debug-xros/Commander-t.build/Commander.modulemap
WriteAuxiliaryFile /Users/admin/builder/spi-builder-workspace/.derivedData/Build/Intermediates.noindex/Commander.build/Debug-xros/Commander-t.build/Commander.DependencyStaticMetadataFileList (in target 'Commander' from project 'Commander')
cd /Users/admin/builder/spi-builder-workspace/.dependencies/checkouts/Commander
write-file /Users/admin/builder/spi-builder-workspace/.derivedData/Build/Intermediates.noindex/Commander.build/Debug-xros/Commander-t.build/Commander.DependencyStaticMetadataFileList
WriteAuxiliaryFile /Users/admin/builder/spi-builder-workspace/.derivedData/Build/Intermediates.noindex/Commander.build/Debug-xros/Commander-t.build/Commander.DependencyMetadataFileList (in target 'Commander' from project 'Commander')
cd /Users/admin/builder/spi-builder-workspace/.dependencies/checkouts/Commander
write-file /Users/admin/builder/spi-builder-workspace/.derivedData/Build/Intermediates.noindex/Commander.build/Debug-xros/Commander-t.build/Commander.DependencyMetadataFileList
WriteAuxiliaryFile /Users/admin/builder/spi-builder-workspace/.derivedData/Build/Intermediates.noindex/Assetizer.build/Debug-xros/Assetizer-t.build/Objects-normal/arm64/Assetizer.SwiftConstValuesFileList (in target 'Assetizer' from project 'Assetizer')
cd /Users/admin/builder/spi-builder-workspace
write-file /Users/admin/builder/spi-builder-workspace/.derivedData/Build/Intermediates.noindex/Assetizer.build/Debug-xros/Assetizer-t.build/Objects-normal/arm64/Assetizer.SwiftConstValuesFileList
WriteAuxiliaryFile /Users/admin/builder/spi-builder-workspace/.derivedData/Build/Intermediates.noindex/Assetizer.build/Debug-xros/Assetizer-t.build/Objects-normal/arm64/Assetizer.LinkFileList (in target 'Assetizer' from project 'Assetizer')
cd /Users/admin/builder/spi-builder-workspace
write-file /Users/admin/builder/spi-builder-workspace/.derivedData/Build/Intermediates.noindex/Assetizer.build/Debug-xros/Assetizer-t.build/Objects-normal/arm64/Assetizer.LinkFileList
WriteAuxiliaryFile /Users/admin/builder/spi-builder-workspace/.derivedData/Build/Intermediates.noindex/Assetizer.build/Debug-xros/Assetizer-t.build/Objects-normal/arm64/Assetizer_const_extract_protocols.json (in target 'Assetizer' from project 'Assetizer')
cd /Users/admin/builder/spi-builder-workspace
write-file /Users/admin/builder/spi-builder-workspace/.derivedData/Build/Intermediates.noindex/Assetizer.build/Debug-xros/Assetizer-t.build/Objects-normal/arm64/Assetizer_const_extract_protocols.json
WriteAuxiliaryFile /Users/admin/builder/spi-builder-workspace/.derivedData/Build/Intermediates.noindex/Assetizer.build/Debug-xros/Assetizer-t.build/Objects-normal/arm64/Assetizer.SwiftFileList (in target 'Assetizer' from project 'Assetizer')
cd /Users/admin/builder/spi-builder-workspace
write-file /Users/admin/builder/spi-builder-workspace/.derivedData/Build/Intermediates.noindex/Assetizer.build/Debug-xros/Assetizer-t.build/Objects-normal/arm64/Assetizer.SwiftFileList
WriteAuxiliaryFile /Users/admin/builder/spi-builder-workspace/.derivedData/Build/Intermediates.noindex/Assetizer.build/Debug-xros/Assetizer-t.build/Objects-normal/arm64/Assetizer-OutputFileMap.json (in target 'Assetizer' from project 'Assetizer')
cd /Users/admin/builder/spi-builder-workspace
write-file /Users/admin/builder/spi-builder-workspace/.derivedData/Build/Intermediates.noindex/Assetizer.build/Debug-xros/Assetizer-t.build/Objects-normal/arm64/Assetizer-OutputFileMap.json
WriteAuxiliaryFile /Users/admin/builder/spi-builder-workspace/.derivedData/Build/Intermediates.noindex/Assetizer.build/Debug-xros/Assetizer-t.build/Assetizer.modulemap (in target 'Assetizer' from project 'Assetizer')
cd /Users/admin/builder/spi-builder-workspace
write-file /Users/admin/builder/spi-builder-workspace/.derivedData/Build/Intermediates.noindex/Assetizer.build/Debug-xros/Assetizer-t.build/Assetizer.modulemap
WriteAuxiliaryFile /Users/admin/builder/spi-builder-workspace/.derivedData/Build/Intermediates.noindex/Assetizer.build/Debug-xros/Assetizer-t.build/Assetizer.DependencyStaticMetadataFileList (in target 'Assetizer' from project 'Assetizer')
cd /Users/admin/builder/spi-builder-workspace
write-file /Users/admin/builder/spi-builder-workspace/.derivedData/Build/Intermediates.noindex/Assetizer.build/Debug-xros/Assetizer-t.build/Assetizer.DependencyStaticMetadataFileList
WriteAuxiliaryFile /Users/admin/builder/spi-builder-workspace/.derivedData/Build/Intermediates.noindex/Assetizer.build/Debug-xros/Assetizer-t.build/Assetizer.DependencyMetadataFileList (in target 'Assetizer' from project 'Assetizer')
cd /Users/admin/builder/spi-builder-workspace
write-file /Users/admin/builder/spi-builder-workspace/.derivedData/Build/Intermediates.noindex/Assetizer.build/Debug-xros/Assetizer-t.build/Assetizer.DependencyMetadataFileList
Copy /Users/admin/builder/spi-builder-workspace/.derivedData/Build/Intermediates.noindex/GeneratedModuleMaps-xros/Commander.modulemap /Users/admin/builder/spi-builder-workspace/.derivedData/Build/Intermediates.noindex/Commander.build/Debug-xros/Commander-t.build/Commander.modulemap (in target 'Commander' from project 'Commander')
cd /Users/admin/builder/spi-builder-workspace/.dependencies/checkouts/Commander
builtin-copy -exclude .DS_Store -exclude CVS -exclude .svn -exclude .git -exclude .hg -resolve-src-symlinks /Users/admin/builder/spi-builder-workspace/.derivedData/Build/Intermediates.noindex/Commander.build/Debug-xros/Commander-t.build/Commander.modulemap /Users/admin/builder/spi-builder-workspace/.derivedData/Build/Intermediates.noindex/GeneratedModuleMaps-xros
Copy /Users/admin/builder/spi-builder-workspace/.derivedData/Build/Intermediates.noindex/GeneratedModuleMaps-xros/Assetizer.modulemap /Users/admin/builder/spi-builder-workspace/.derivedData/Build/Intermediates.noindex/Assetizer.build/Debug-xros/Assetizer-t.build/Assetizer.modulemap (in target 'Assetizer' from project 'Assetizer')
cd /Users/admin/builder/spi-builder-workspace
builtin-copy -exclude .DS_Store -exclude CVS -exclude .svn -exclude .git -exclude .hg -resolve-src-symlinks /Users/admin/builder/spi-builder-workspace/.derivedData/Build/Intermediates.noindex/Assetizer.build/Debug-xros/Assetizer-t.build/Assetizer.modulemap /Users/admin/builder/spi-builder-workspace/.derivedData/Build/Intermediates.noindex/GeneratedModuleMaps-xros
SwiftDriver Commander normal arm64 com.apple.xcode.tools.swift.compiler (in target 'Commander' from project 'Commander')
cd /Users/admin/builder/spi-builder-workspace/.swiftpm/xcode
builtin-SwiftDriver -- /Applications/Xcode-27.0.0-Release.Candidate.app/Contents/Developer/Toolchains/XcodeDefault.xctoolchain/usr/bin/swiftc -parse-as-library -module-name Commander -Onone @/Users/admin/builder/spi-builder-workspace/.derivedData/Build/Intermediates.noindex/Commander.build/Debug-xros/Commander-t.build/Objects-normal/arm64/Commander.SwiftFileList -DSWIFT_PACKAGE -DDEBUG -DSWIFT_MODULE_RESOURCE_BUNDLE_UNAVAILABLE -DXcode -plugin-path /Applications/Xcode-27.0.0-Release.Candidate.app/Contents/Developer/Toolchains/XcodeDefault.xctoolchain/usr/lib/swift/host/plugins/testing -enable-experimental-feature DebugDescriptionMacro -sdk /Applications/Xcode-27.0.0-Release.Candidate.app/Contents/Developer/Platforms/XROS.platform/Developer/SDKs/XROS27.0.sdk -target arm64-apple-xros1.0 -g -module-cache-path /Users/admin/builder/spi-builder-workspace/.derivedData/ModuleCache.noindex -Xfrontend -serialize-debugging-options -profile-coverage-mapping -profile-generate -enable-testing -suppress-warnings -index-store-path /Users/admin/builder/spi-builder-workspace/.derivedData/Index.noindex/DataStore -Xcc -D_LIBCPP_HARDENING_MODE\=_LIBCPP_HARDENING_MODE_DEBUG -swift-version 4 -I /Users/admin/builder/spi-builder-workspace/.derivedData/Build/Products/Debug-xros -Isystem /Applications/Xcode-27.0.0-Release.Candidate.app/Contents/Developer/Platforms/XROS.platform/Developer/usr/lib -F /Users/admin/builder/spi-builder-workspace/.derivedData/Build/Products/Debug-xros -F /Applications/Xcode-27.0.0-Release.Candidate.app/Contents/Developer/Platforms/XROS.platform/Developer/Library/Frameworks -F /Applications/Xcode-27.0.0-Release.Candidate.app/Contents/Developer/Platforms/XROS.platform/Developer/SDKs/XROS27.0.sdk/Developer/Library/Frameworks -c -j10 -enable-batch-mode -incremental -Xcc -ivfsstatcache -Xcc /Users/admin/builder/spi-builder-workspace/.derivedData/SDKStatCaches.noindex/xros27.0-24M361-e829b21a6f8c9b70876ba0858053c044735bd543db762f57723cac368afd1ce4.sdkstatcache -output-file-map /Users/admin/builder/spi-builder-workspace/.derivedData/Build/Intermediates.noindex/Commander.build/Debug-xros/Commander-t.build/Objects-normal/arm64/Commander-OutputFileMap.json -save-temps -no-color-diagnostics -emit-dependencies -emit-module -emit-module-path /Users/admin/builder/spi-builder-workspace/.derivedData/Build/Intermediates.noindex/Commander.build/Debug-xros/Commander-t.build/Objects-normal/arm64/Commander.swiftmodule -serialize-diagnostics -validate-clang-modules-once -clang-build-session-file /Users/admin/builder/spi-builder-workspace/.derivedData/ModuleCache.noindex/Session.modulevalidation -Xcc -fmodules-prune-interval\=86400 -Xcc -fmodules-prune-after\=345600 -emit-const-values -const-gather-protocols-list /Users/admin/builder/spi-builder-workspace/.derivedData/Build/Intermediates.noindex/Commander.build/Debug-xros/Commander-t.build/Objects-normal/arm64/Commander_const_extract_protocols.json -Xcc -I/Users/admin/builder/spi-builder-workspace/.derivedData/Build/Products/Debug-xros/include -Xcc -I/Users/admin/builder/spi-builder-workspace/.derivedData/Build/Intermediates.noindex/Commander.build/Debug-xros/Commander-t.build/DerivedSources-normal/arm64 -Xcc -I/Users/admin/builder/spi-builder-workspace/.derivedData/Build/Intermediates.noindex/Commander.build/Debug-xros/Commander-t.build/DerivedSources/arm64 -Xcc -I/Users/admin/builder/spi-builder-workspace/.derivedData/Build/Intermediates.noindex/Commander.build/Debug-xros/Commander-t.build/DerivedSources -Xcc -DSWIFT_PACKAGE -Xcc -DDEBUG\=1 -emit-objc-header -emit-objc-header-path /Users/admin/builder/spi-builder-workspace/.derivedData/Build/Intermediates.noindex/Commander.build/Debug-xros/Commander-t.build/Objects-normal/arm64/Commander-Swift.h -working-directory /Users/admin/builder/spi-builder-workspace/.swiftpm/xcode -experimental-emit-module-separately -disable-cmo
SwiftDriver Assetizer normal arm64 com.apple.xcode.tools.swift.compiler (in target 'Assetizer' from project 'Assetizer')
cd /Users/admin/builder/spi-builder-workspace/.swiftpm/xcode
builtin-SwiftDriver -- /Applications/Xcode-27.0.0-Release.Candidate.app/Contents/Developer/Toolchains/XcodeDefault.xctoolchain/usr/bin/swiftc -parse-as-library -module-name Assetizer -Onone @/Users/admin/builder/spi-builder-workspace/.derivedData/Build/Intermediates.noindex/Assetizer.build/Debug-xros/Assetizer-t.build/Objects-normal/arm64/Assetizer.SwiftFileList -DSWIFT_PACKAGE -DDEBUG -DSWIFT_MODULE_RESOURCE_BUNDLE_UNAVAILABLE -DXcode -plugin-path /Applications/Xcode-27.0.0-Release.Candidate.app/Contents/Developer/Toolchains/XcodeDefault.xctoolchain/usr/lib/swift/host/plugins/testing -enable-experimental-feature DebugDescriptionMacro -sdk /Applications/Xcode-27.0.0-Release.Candidate.app/Contents/Developer/Platforms/XROS.platform/Developer/SDKs/XROS27.0.sdk -target arm64-apple-xros1.0 -g -module-cache-path /Users/admin/builder/spi-builder-workspace/.derivedData/ModuleCache.noindex -Xfrontend -serialize-debugging-options -profile-coverage-mapping -profile-generate -enable-testing -index-store-path /Users/admin/builder/spi-builder-workspace/.derivedData/Index.noindex/DataStore -Xcc -D_LIBCPP_HARDENING_MODE\=_LIBCPP_HARDENING_MODE_DEBUG -swift-version 4 -I /Users/admin/builder/spi-builder-workspace/.derivedData/Build/Products/Debug-xros -Isystem /Applications/Xcode-27.0.0-Release.Candidate.app/Contents/Developer/Platforms/XROS.platform/Developer/usr/lib -F /Users/admin/builder/spi-builder-workspace/.derivedData/Build/Products/Debug-xros -F /Applications/Xcode-27.0.0-Release.Candidate.app/Contents/Developer/Platforms/XROS.platform/Developer/Library/Frameworks -F /Applications/Xcode-27.0.0-Release.Candidate.app/Contents/Developer/Platforms/XROS.platform/Developer/SDKs/XROS27.0.sdk/Developer/Library/Frameworks -c -j10 -enable-batch-mode -incremental -Xcc -ivfsstatcache -Xcc /Users/admin/builder/spi-builder-workspace/.derivedData/SDKStatCaches.noindex/xros27.0-24M361-e829b21a6f8c9b70876ba0858053c044735bd543db762f57723cac368afd1ce4.sdkstatcache -output-file-map /Users/admin/builder/spi-builder-workspace/.derivedData/Build/Intermediates.noindex/Assetizer.build/Debug-xros/Assetizer-t.build/Objects-normal/arm64/Assetizer-OutputFileMap.json -save-temps -no-color-diagnostics -emit-dependencies -emit-module -emit-module-path /Users/admin/builder/spi-builder-workspace/.derivedData/Build/Intermediates.noindex/Assetizer.build/Debug-xros/Assetizer-t.build/Objects-normal/arm64/Assetizer.swiftmodule -serialize-diagnostics -validate-clang-modules-once -clang-build-session-file /Users/admin/builder/spi-builder-workspace/.derivedData/ModuleCache.noindex/Session.modulevalidation -Xcc -fmodules-prune-interval\=86400 -Xcc -fmodules-prune-after\=345600 -emit-const-values -const-gather-protocols-list /Users/admin/builder/spi-builder-workspace/.derivedData/Build/Intermediates.noindex/Assetizer.build/Debug-xros/Assetizer-t.build/Objects-normal/arm64/Assetizer_const_extract_protocols.json -Xcc -I/Users/admin/builder/spi-builder-workspace/.derivedData/Build/Products/Debug-xros/include -Xcc -I/Users/admin/builder/spi-builder-workspace/.derivedData/Build/Intermediates.noindex/Assetizer.build/Debug-xros/Assetizer-t.build/DerivedSources-normal/arm64 -Xcc -I/Users/admin/builder/spi-builder-workspace/.derivedData/Build/Intermediates.noindex/Assetizer.build/Debug-xros/Assetizer-t.build/DerivedSources/arm64 -Xcc -I/Users/admin/builder/spi-builder-workspace/.derivedData/Build/Intermediates.noindex/Assetizer.build/Debug-xros/Assetizer-t.build/DerivedSources -Xcc -DSWIFT_PACKAGE -Xcc -DDEBUG\=1 -emit-objc-header -emit-objc-header-path /Users/admin/builder/spi-builder-workspace/.derivedData/Build/Intermediates.noindex/Assetizer.build/Debug-xros/Assetizer-t.build/Objects-normal/arm64/Assetizer-Swift.h -working-directory /Users/admin/builder/spi-builder-workspace/.swiftpm/xcode -experimental-emit-module-separately -disable-cmo
SwiftCompile normal arm64 Compiling\ AssetWriter.swift /Users/admin/builder/spi-builder-workspace/Sources/Assetizer/AssetWriter.swift (in target 'Assetizer' from project 'Assetizer')
SwiftCompile normal arm64 /Users/admin/builder/spi-builder-workspace/Sources/Assetizer/AssetWriter.swift (in target 'Assetizer' from project 'Assetizer')
cd /Users/admin/builder/spi-builder-workspace/.swiftpm/xcode
builtin-SwiftPerFileCompile AssetWriter.swift
SwiftCompile normal arm64 Compiling\ Error.swift /Users/admin/builder/spi-builder-workspace/Sources/Assetizer/Error.swift (in target 'Assetizer' from project 'Assetizer')
SwiftCompile normal arm64 /Users/admin/builder/spi-builder-workspace/Sources/Assetizer/Error.swift (in target 'Assetizer' from project 'Assetizer')
cd /Users/admin/builder/spi-builder-workspace/.swiftpm/xcode
builtin-SwiftPerFileCompile Error.swift
SwiftCompile normal arm64 Compiling\ DeviceIdiom.swift /Users/admin/builder/spi-builder-workspace/Sources/Assetizer/DeviceIdiom.swift (in target 'Assetizer' from project 'Assetizer')
SwiftCompile normal arm64 /Users/admin/builder/spi-builder-workspace/Sources/Assetizer/DeviceIdiom.swift (in target 'Assetizer' from project 'Assetizer')
cd /Users/admin/builder/spi-builder-workspace/.swiftpm/xcode
builtin-SwiftPerFileCompile DeviceIdiom.swift
SwiftEmitModule normal arm64 Emitting\ module\ for\ Assetizer (in target 'Assetizer' from project 'Assetizer')
/Users/admin/builder/spi-builder-workspace/Sources/Assetizer/AssetWriter.swift:8:8: error: no such module 'AppKit'
6 | //
7 |
8 | import AppKit
| `- error: no such module 'AppKit'
9 | import Foundation
10 |
Failed frontend command:
/Applications/Xcode-27.0.0-Release.Candidate.app/Contents/Developer/Toolchains/XcodeDefault.xctoolchain/usr/bin/swift-frontend -frontend -emit-module -experimental-skip-non-inlinable-function-bodies-without-types /Users/admin/builder/spi-builder-workspace/Sources/Assetizer/AssetWriter.swift /Users/admin/builder/spi-builder-workspace/Sources/Assetizer/DeviceIdiom.swift /Users/admin/builder/spi-builder-workspace/Sources/Assetizer/Error.swift /Users/admin/builder/spi-builder-workspace/Sources/Assetizer/URLConvertible.swift -target arm64-apple-xros1.0 -Xllvm -aarch64-use-tbi -enable-objc-interop -stack-check -sdk /Applications/Xcode-27.0.0-Release.Candidate.app/Contents/Developer/Platforms/XROS.platform/Developer/SDKs/XROS27.0.sdk -I /Users/admin/builder/spi-builder-workspace/.derivedData/Build/Products/Debug-xros -Isystem /Applications/Xcode-27.0.0-Release.Candidate.app/Contents/Developer/Platforms/XROS.platform/Developer/usr/lib -F /Users/admin/builder/spi-builder-workspace/.derivedData/Build/Products/Debug-xros -F /Applications/Xcode-27.0.0-Release.Candidate.app/Contents/Developer/Platforms/XROS.platform/Developer/Library/Frameworks -F /Applications/Xcode-27.0.0-Release.Candidate.app/Contents/Developer/Platforms/XROS.platform/Developer/SDKs/XROS27.0.sdk/Developer/Library/Frameworks -module-cache-path /Users/admin/builder/spi-builder-workspace/.derivedData/ModuleCache.noindex -no-color-diagnostics -Xcc -fno-color-diagnostics -enable-testing -g -debug-info-format\=dwarf -dwarf-version\=4 -profile-generate -profile-coverage-mapping -swift-version 4 -Onone -D SWIFT_PACKAGE -D DEBUG -D SWIFT_MODULE_RESOURCE_BUNDLE_UNAVAILABLE -D Xcode -serialize-debugging-options -enable-experimental-feature DebugDescriptionMacro -empty-abi-descriptor -plugin-path /Applications/Xcode-27.0.0-Release.Candidate.app/Contents/Developer/Toolchains/XcodeDefault.xctoolchain/usr/lib/swift/host/plugins/testing -validate-clang-modules-once -clang-build-session-file /Users/admin/builder/spi-builder-workspace/.derivedData/ModuleCache.noindex/Session.modulevalidation -Xcc -working-directory -Xcc /Users/admin/builder/spi-builder-workspace/.swiftpm/xcode -enable-anonymous-context-mangled-names -file-compilation-dir /Users/admin/builder/spi-builder-workspace/.swiftpm/xcode -Xcc -D_LIBCPP_HARDENING_MODE\=_LIBCPP_HARDENING_MODE_DEBUG -Xcc -ivfsstatcache -Xcc /Users/admin/builder/spi-builder-workspace/.derivedData/SDKStatCaches.noindex/xros27.0-24M361-e829b21a6f8c9b70876ba0858053c044735bd543db762f57723cac368afd1ce4.sdkstatcache -Xcc -fmodules-prune-interval\=86400 -Xcc -fmodules-prune-after\=345600 -Xcc -I/Users/admin/builder/spi-builder-workspace/.derivedData/Build/Products/Debug-xros/include -Xcc -I/Users/admin/builder/spi-builder-workspace/.derivedData/Build/Intermediates.noindex/Assetizer.build/Debug-xros/Assetizer-t.build/DerivedSources-normal/arm64 -Xcc -I/Users/admin/builder/spi-builder-workspace/.derivedData/Build/Intermediates.noindex/Assetizer.build/Debug-xros/Assetizer-t.build/DerivedSources/arm64 -Xcc -I/Users/admin/builder/spi-builder-workspace/.derivedData/Build/Intermediates.noindex/Assetizer.build/Debug-xros/Assetizer-t.build/DerivedSources -Xcc -DSWIFT_PACKAGE -Xcc -DDEBUG\=1 -no-auto-bridging-header-chaining -module-name Assetizer -const-gather-protocols-file /Users/admin/builder/spi-builder-workspace/.derivedData/Build/Intermediates.noindex/Assetizer.build/Debug-xros/Assetizer-t.build/Objects-normal/arm64/Assetizer_const_extract_protocols.json -disable-clang-spi -target-sdk-version 27.0 -target-sdk-name xros27.0 -external-plugin-path /Applications/Xcode-27.0.0-Release.Candidate.app/Contents/Developer/Platforms/XROS.platform/Developer/usr/lib/swift/host/plugins\#/Applications/Xcode-27.0.0-Release.Candidate.app/Contents/Developer/Platforms/XROS.platform/Developer/usr/bin/swift-plugin-server -external-plugin-path /Applications/Xcode-27.0.0-Release.Candidate.app/Contents/Developer/Platforms/XROS.platform/Developer/usr/local/lib/swift/host/plugins\#/Applications/Xcode-27.0.0-Release.Candidate.app/Contents/Developer/Platforms/XROS.platform/Developer/usr/bin/swift-plugin-server -in-process-plugin-server-path /Applications/Xcode-27.0.0-Release.Candidate.app/Contents/Developer/Toolchains/XcodeDefault.xctoolchain/usr/lib/swift/host/libSwiftInProcPluginServer.dylib -plugin-path /Applications/Xcode-27.0.0-Release.Candidate.app/Contents/Developer/Toolchains/XcodeDefault.xctoolchain/usr/lib/swift/host/plugins -plugin-path /Applications/Xcode-27.0.0-Release.Candidate.app/Contents/Developer/Toolchains/XcodeDefault.xctoolchain/usr/local/lib/swift/host/plugins -emit-module-doc-path /Users/admin/builder/spi-builder-workspace/.derivedData/Build/Intermediates.noindex/Assetizer.build/Debug-xros/Assetizer-t.build/Objects-normal/arm64/Assetizer.swiftdoc -emit-module-source-info-path /Users/admin/builder/spi-builder-workspace/.derivedData/Build/Intermediates.noindex/Assetizer.build/Debug-xros/Assetizer-t.build/Objects-normal/arm64/Assetizer.swiftsourceinfo -emit-objc-header-path /Users/admin/builder/spi-builder-workspace/.derivedData/Build/Intermediates.noindex/Assetizer.build/Debug-xros/Assetizer-t.build/Objects-normal/arm64/Assetizer-Swift.h -serialize-diagnostics-path /Users/admin/builder/spi-builder-workspace/.derivedData/Build/Intermediates.noindex/Assetizer.build/Debug-xros/Assetizer-t.build/Objects-normal/arm64/Assetizer-primary-emit-module.dia -emit-dependencies-path /Users/admin/builder/spi-builder-workspace/.derivedData/Build/Intermediates.noindex/Assetizer.build/Debug-xros/Assetizer-t.build/Objects-normal/arm64/Assetizer-primary-emit-module.d -parse-as-library -o /Users/admin/builder/spi-builder-workspace/.derivedData/Build/Intermediates.noindex/Assetizer.build/Debug-xros/Assetizer-t.build/Objects-normal/arm64/Assetizer.swiftmodule -emit-abi-descriptor-path /Users/admin/builder/spi-builder-workspace/.derivedData/Build/Intermediates.noindex/Assetizer.build/Debug-xros/Assetizer-t.build/Objects-normal/arm64/Assetizer.abi.json
SwiftCompile normal arm64 (in target 'Assetizer' from project 'Assetizer')
cd /Users/admin/builder/spi-builder-workspace/.swiftpm/xcode
SwiftCompile normal arm64 Compiling\ URLConvertible.swift /Users/admin/builder/spi-builder-workspace/Sources/Assetizer/URLConvertible.swift (in target 'Assetizer' from project 'Assetizer')
SwiftCompile normal arm64 /Users/admin/builder/spi-builder-workspace/Sources/Assetizer/URLConvertible.swift (in target 'Assetizer' from project 'Assetizer')
cd /Users/admin/builder/spi-builder-workspace/.swiftpm/xcode
builtin-SwiftPerFileCompile URLConvertible.swift
SwiftCompile normal arm64 Compiling\ Command.swift /Users/admin/builder/spi-builder-workspace/.dependencies/checkouts/Commander/Sources/Commander/Command.swift (in target 'Commander' from project 'Commander')
SwiftCompile normal arm64 /Users/admin/builder/spi-builder-workspace/.dependencies/checkouts/Commander/Sources/Commander/Command.swift (in target 'Commander' from project 'Commander')
cd /Users/admin/builder/spi-builder-workspace/.swiftpm/xcode
builtin-SwiftPerFileCompile Command.swift
SwiftCompile normal arm64 Compiling\ Commands.swift /Users/admin/builder/spi-builder-workspace/.dependencies/checkouts/Commander/Sources/Commander/Commands.swift (in target 'Commander' from project 'Commander')
SwiftCompile normal arm64 /Users/admin/builder/spi-builder-workspace/.dependencies/checkouts/Commander/Sources/Commander/Commands.swift (in target 'Commander' from project 'Commander')
cd /Users/admin/builder/spi-builder-workspace/.swiftpm/xcode
builtin-SwiftPerFileCompile Commands.swift
SwiftEmitModule normal arm64 Emitting\ module\ for\ Commander (in target 'Commander' from project 'Commander')
SwiftCompile normal arm64 (in target 'Commander' from project 'Commander')
cd /Users/admin/builder/spi-builder-workspace/.swiftpm/xcode
SwiftCompile normal arm64 Compiling\ CommandRunner.swift /Users/admin/builder/spi-builder-workspace/.dependencies/checkouts/Commander/Sources/Commander/CommandRunner.swift (in target 'Commander' from project 'Commander')
SwiftCompile normal arm64 /Users/admin/builder/spi-builder-workspace/.dependencies/checkouts/Commander/Sources/Commander/CommandRunner.swift (in target 'Commander' from project 'Commander')
cd /Users/admin/builder/spi-builder-workspace/.swiftpm/xcode
builtin-SwiftPerFileCompile CommandRunner.swift
SwiftCompile normal arm64 Compiling\ Error.swift /Users/admin/builder/spi-builder-workspace/.dependencies/checkouts/Commander/Sources/Commander/Error.swift (in target 'Commander' from project 'Commander')
SwiftCompile normal arm64 /Users/admin/builder/spi-builder-workspace/.dependencies/checkouts/Commander/Sources/Commander/Error.swift (in target 'Commander' from project 'Commander')
cd /Users/admin/builder/spi-builder-workspace/.swiftpm/xcode
builtin-SwiftPerFileCompile Error.swift
SwiftCompile normal arm64 Compiling\ ArgumentConvertible.swift /Users/admin/builder/spi-builder-workspace/.dependencies/checkouts/Commander/Sources/Commander/ArgumentConvertible.swift (in target 'Commander' from project 'Commander')
SwiftCompile normal arm64 /Users/admin/builder/spi-builder-workspace/.dependencies/checkouts/Commander/Sources/Commander/ArgumentConvertible.swift (in target 'Commander' from project 'Commander')
cd /Users/admin/builder/spi-builder-workspace/.swiftpm/xcode
builtin-SwiftPerFileCompile ArgumentConvertible.swift
SwiftDriverJobDiscovery normal arm64 Emitting module for Commander (in target 'Commander' from project 'Commander')
SwiftDriver\ Compilation\ Requirements Commander normal arm64 com.apple.xcode.tools.swift.compiler (in target 'Commander' from project 'Commander')
cd /Users/admin/builder/spi-builder-workspace/.swiftpm/xcode
builtin-Swift-Compilation-Requirements -- /Applications/Xcode-27.0.0-Release.Candidate.app/Contents/Developer/Toolchains/XcodeDefault.xctoolchain/usr/bin/swiftc -parse-as-library -module-name Commander -Onone @/Users/admin/builder/spi-builder-workspace/.derivedData/Build/Intermediates.noindex/Commander.build/Debug-xros/Commander-t.build/Objects-normal/arm64/Commander.SwiftFileList -DSWIFT_PACKAGE -DDEBUG -DSWIFT_MODULE_RESOURCE_BUNDLE_UNAVAILABLE -DXcode -plugin-path /Applications/Xcode-27.0.0-Release.Candidate.app/Contents/Developer/Toolchains/XcodeDefault.xctoolchain/usr/lib/swift/host/plugins/testing -enable-experimental-feature DebugDescriptionMacro -sdk /Applications/Xcode-27.0.0-Release.Candidate.app/Contents/Developer/Platforms/XROS.platform/Developer/SDKs/XROS27.0.sdk -target arm64-apple-xros1.0 -g -module-cache-path /Users/admin/builder/spi-builder-workspace/.derivedData/ModuleCache.noindex -Xfrontend -serialize-debugging-options -profile-coverage-mapping -profile-generate -enable-testing -suppress-warnings -index-store-path /Users/admin/builder/spi-builder-workspace/.derivedData/Index.noindex/DataStore -Xcc -D_LIBCPP_HARDENING_MODE\=_LIBCPP_HARDENING_MODE_DEBUG -swift-version 4 -I /Users/admin/builder/spi-builder-workspace/.derivedData/Build/Products/Debug-xros -Isystem /Applications/Xcode-27.0.0-Release.Candidate.app/Contents/Developer/Platforms/XROS.platform/Developer/usr/lib -F /Users/admin/builder/spi-builder-workspace/.derivedData/Build/Products/Debug-xros -F /Applications/Xcode-27.0.0-Release.Candidate.app/Contents/Developer/Platforms/XROS.platform/Developer/Library/Frameworks -F /Applications/Xcode-27.0.0-Release.Candidate.app/Contents/Developer/Platforms/XROS.platform/Developer/SDKs/XROS27.0.sdk/Developer/Library/Frameworks -c -j10 -enable-batch-mode -incremental -Xcc -ivfsstatcache -Xcc /Users/admin/builder/spi-builder-workspace/.derivedData/SDKStatCaches.noindex/xros27.0-24M361-e829b21a6f8c9b70876ba0858053c044735bd543db762f57723cac368afd1ce4.sdkstatcache -output-file-map /Users/admin/builder/spi-builder-workspace/.derivedData/Build/Intermediates.noindex/Commander.build/Debug-xros/Commander-t.build/Objects-normal/arm64/Commander-OutputFileMap.json -save-temps -no-color-diagnostics -emit-dependencies -emit-module -emit-module-path /Users/admin/builder/spi-builder-workspace/.derivedData/Build/Intermediates.noindex/Commander.build/Debug-xros/Commander-t.build/Objects-normal/arm64/Commander.swiftmodule -serialize-diagnostics -validate-clang-modules-once -clang-build-session-file /Users/admin/builder/spi-builder-workspace/.derivedData/ModuleCache.noindex/Session.modulevalidation -Xcc -fmodules-prune-interval\=86400 -Xcc -fmodules-prune-after\=345600 -emit-const-values -const-gather-protocols-list /Users/admin/builder/spi-builder-workspace/.derivedData/Build/Intermediates.noindex/Commander.build/Debug-xros/Commander-t.build/Objects-normal/arm64/Commander_const_extract_protocols.json -Xcc -I/Users/admin/builder/spi-builder-workspace/.derivedData/Build/Products/Debug-xros/include -Xcc -I/Users/admin/builder/spi-builder-workspace/.derivedData/Build/Intermediates.noindex/Commander.build/Debug-xros/Commander-t.build/DerivedSources-normal/arm64 -Xcc -I/Users/admin/builder/spi-builder-workspace/.derivedData/Build/Intermediates.noindex/Commander.build/Debug-xros/Commander-t.build/DerivedSources/arm64 -Xcc -I/Users/admin/builder/spi-builder-workspace/.derivedData/Build/Intermediates.noindex/Commander.build/Debug-xros/Commander-t.build/DerivedSources -Xcc -DSWIFT_PACKAGE -Xcc -DDEBUG\=1 -emit-objc-header -emit-objc-header-path /Users/admin/builder/spi-builder-workspace/.derivedData/Build/Intermediates.noindex/Commander.build/Debug-xros/Commander-t.build/Objects-normal/arm64/Commander-Swift.h -working-directory /Users/admin/builder/spi-builder-workspace/.swiftpm/xcode -experimental-emit-module-separately -disable-cmo
PruneExplicitPrecompiledModules /Users/admin/builder/spi-builder-workspace/.derivedData/Build/Intermediates.noindex/ExplicitPrecompiledModules
PruneExplicitPrecompiledModules /Users/admin/builder/spi-builder-workspace/.derivedData/Build/Intermediates.noindex/SwiftExplicitPrecompiledModules
PruneExplicitPrecompiledModules /Users/admin/builder/spi-builder-workspace/.derivedData/SDKExplicitPrecompiledModules
2026-09-16 15:55:27.471 xcodebuild[726:4604] [MT] IDERunDestination: Supported platforms for the buildables in the current scheme is empty.
** BUILD FAILED **
The following build commands failed:
SwiftEmitModule normal arm64 Emitting\ module\ for\ Assetizer (in target 'Assetizer' from project 'Assetizer')
SwiftCompile normal arm64 (in target 'Assetizer' from project 'Assetizer')
Building workspace Assetizer with scheme Assetizer-Package
(3 failures)
Command line invocation:
/Applications/Xcode-27.0.0-Release.Candidate.app/Contents/Developer/usr/bin/xcodebuild -IDEClonedSourcePackagesDirPathOverride=/Users/admin/builder/spi-builder-workspace/.dependencies -resolvePackageDependencies
Resolve Package Graph
Resolved source packages:
Assetizer: /Users/admin/builder/spi-builder-workspace
Spectre: https://github.com/kylef/Spectre.git @ 0.10.1
Commander: https://github.com/kylef/Commander.git @ 0.9.2
resolved source packages: Assetizer, Spectre, Commander
2026-09-16 15:55:33.165 xcodebuild[786:4906] [MT] IDERunDestination: Supported platforms for the buildables in the current scheme is empty.
{
"dependencies" : [
{
"identity" : "commander",
"requirement" : {
"range" : [
{
"lower_bound" : "0.8.0",
"upper_bound" : "1.0.0"
}
]
},
"type" : "sourceControl",
"url" : "https://github.com/kylef/Commander.git"
}
],
"manifest_display_name" : "Assetizer",
"name" : "Assetizer",
"path" : "/Users/admin/builder/spi-builder-workspace",
"platforms" : [
],
"products" : [
{
"name" : "Assetizer",
"targets" : [
"Assetizer"
],
"type" : {
"library" : [
"automatic"
]
}
},
{
"name" : "assetize",
"targets" : [
"assetize"
],
"type" : {
"executable" : null
}
}
],
"targets" : [
{
"c99name" : "assetize",
"module_type" : "SwiftTarget",
"name" : "assetize",
"path" : "Sources/assetize",
"product_dependencies" : [
"Commander"
],
"product_memberships" : [
"assetize"
],
"sources" : [
"ArgumentConvertibles.swift",
"main.swift"
],
"target_dependencies" : [
"Assetizer"
],
"type" : "executable"
},
{
"c99name" : "AssetizerTests",
"module_type" : "SwiftTarget",
"name" : "AssetizerTests",
"path" : "Sources/AssetizerTests",
"sources" : [
"AssetizerTests.swift"
],
"target_dependencies" : [
"Assetizer"
],
"type" : "test"
},
{
"c99name" : "Assetizer",
"module_type" : "SwiftTarget",
"name" : "Assetizer",
"path" : "Sources/Assetizer",
"product_memberships" : [
"Assetizer",
"assetize"
],
"sources" : [
"AssetWriter.swift",
"DeviceIdiom.swift",
"Error.swift",
"URLConvertible.swift"
],
"type" : "library"
}
],
"tools_version" : "4.0"
}
{
"workspace" : {
"name" : "Assetizer",
"schemes" : [
"assetize",
"Assetizer",
"Assetizer-Package"
]
}
}
2026-09-16 15:55:34.423 xcodebuild[794:4977] [MT] IDERunDestination: Supported platforms for the buildables in the current scheme is empty.
{
"workspace" : {
"name" : "Assetizer",
"schemes" : [
"assetize",
"Assetizer",
"Assetizer-Package"
]
}
}
2026-09-16 15:55:35.432 xcodebuild[796:5008] [MT] IDERunDestination: Supported platforms for the buildables in the current scheme is empty.
Running build ...
env DEVELOPER_DIR=/Applications/Xcode-27.0.0-Release.Candidate.app xcrun xcodebuild -IDEClonedSourcePackagesDirPathOverride=$PWD/.dependencies -skipMacroValidation -skipPackagePluginValidation -derivedDataPath $PWD/.derivedData build -scheme Assetizer-Package -destination generic/platform=xrOS
Command line invocation:
/Applications/Xcode-27.0.0-Release.Candidate.app/Contents/Developer/usr/bin/xcodebuild -IDEClonedSourcePackagesDirPathOverride=/Users/admin/builder/spi-builder-workspace/.dependencies -skipMacroValidation -skipPackagePluginValidation -derivedDataPath /Users/admin/builder/spi-builder-workspace/.derivedData build -scheme Assetizer-Package -destination generic/platform=xrOS
Resolve Package Graph
Resolved source packages:
Commander: https://github.com/kylef/Commander.git @ 0.9.2
Spectre: https://github.com/kylef/Spectre.git @ 0.10.1
Assetizer: /Users/admin/builder/spi-builder-workspace
ComputePackagePrebuildTargetDependencyGraph
Prepare packages
CreateBuildRequest
SendProjectDescription
CreateBuildOperation
ComputeTargetDependencyGraph
note: Building targets in dependency order
note: Target dependency graph (5 targets)
Target 'assetize-product' in project 'Assetizer'
➜ Explicit dependency on target 'Assetizer' in project 'Assetizer'
➜ Explicit dependency on target 'Commander-product' in project 'Commander'
Target 'Commander-product' in project 'Commander'
➜ Explicit dependency on target 'Commander' in project 'Commander'
Target 'Commander' in project 'Commander' (no dependencies)
Target 'Assetizer-product' in project 'Assetizer'
➜ Explicit dependency on target 'Assetizer' in project 'Assetizer'
Target 'Assetizer' in project 'Assetizer' (no dependencies)
GatherProvisioningInputs
CreateBuildDescription
ClangStatCache /Applications/Xcode-27.0.0-Release.Candidate.app/Contents/Developer/Toolchains/XcodeDefault.xctoolchain/usr/bin/clang-stat-cache /Applications/Xcode-27.0.0-Release.Candidate.app/Contents/Developer/Platforms/XROS.platform/Developer/SDKs/XROS27.0.sdk /Users/admin/builder/spi-builder-workspace/.derivedData/SDKStatCaches.noindex/xros27.0-24M361-e829b21a6f8c9b70876ba0858053c044735bd543db762f57723cac368afd1ce4.sdkstatcache
cd /Users/admin/builder/spi-builder-workspace/.swiftpm/xcode
/Applications/Xcode-27.0.0-Release.Candidate.app/Contents/Developer/Toolchains/XcodeDefault.xctoolchain/usr/bin/clang-stat-cache /Applications/Xcode-27.0.0-Release.Candidate.app/Contents/Developer/Platforms/XROS.platform/Developer/SDKs/XROS27.0.sdk -o /Users/admin/builder/spi-builder-workspace/.derivedData/SDKStatCaches.noindex/xros27.0-24M361-e829b21a6f8c9b70876ba0858053c044735bd543db762f57723cac368afd1ce4.sdkstatcache
SwiftDriver Assetizer normal arm64 com.apple.xcode.tools.swift.compiler (in target 'Assetizer' from project 'Assetizer')
cd /Users/admin/builder/spi-builder-workspace/.swiftpm/xcode
builtin-SwiftDriver -- /Applications/Xcode-27.0.0-Release.Candidate.app/Contents/Developer/Toolchains/XcodeDefault.xctoolchain/usr/bin/swiftc -parse-as-library -module-name Assetizer -Onone @/Users/admin/builder/spi-builder-workspace/.derivedData/Build/Intermediates.noindex/Assetizer.build/Debug-xros/Assetizer-t.build/Objects-normal/arm64/Assetizer.SwiftFileList -DSWIFT_PACKAGE -DDEBUG -DSWIFT_MODULE_RESOURCE_BUNDLE_UNAVAILABLE -DXcode -plugin-path /Applications/Xcode-27.0.0-Release.Candidate.app/Contents/Developer/Toolchains/XcodeDefault.xctoolchain/usr/lib/swift/host/plugins/testing -enable-experimental-feature DebugDescriptionMacro -sdk /Applications/Xcode-27.0.0-Release.Candidate.app/Contents/Developer/Platforms/XROS.platform/Developer/SDKs/XROS27.0.sdk -target arm64-apple-xros1.0 -g -module-cache-path /Users/admin/builder/spi-builder-workspace/.derivedData/ModuleCache.noindex -Xfrontend -serialize-debugging-options -profile-coverage-mapping -profile-generate -enable-testing -index-store-path /Users/admin/builder/spi-builder-workspace/.derivedData/Index.noindex/DataStore -Xcc -D_LIBCPP_HARDENING_MODE\=_LIBCPP_HARDENING_MODE_DEBUG -swift-version 4 -I /Users/admin/builder/spi-builder-workspace/.derivedData/Build/Products/Debug-xros -Isystem /Applications/Xcode-27.0.0-Release.Candidate.app/Contents/Developer/Platforms/XROS.platform/Developer/usr/lib -F /Users/admin/builder/spi-builder-workspace/.derivedData/Build/Products/Debug-xros -F /Applications/Xcode-27.0.0-Release.Candidate.app/Contents/Developer/Platforms/XROS.platform/Developer/Library/Frameworks -F /Applications/Xcode-27.0.0-Release.Candidate.app/Contents/Developer/Platforms/XROS.platform/Developer/SDKs/XROS27.0.sdk/Developer/Library/Frameworks -c -j10 -enable-batch-mode -incremental -Xcc -ivfsstatcache -Xcc /Users/admin/builder/spi-builder-workspace/.derivedData/SDKStatCaches.noindex/xros27.0-24M361-e829b21a6f8c9b70876ba0858053c044735bd543db762f57723cac368afd1ce4.sdkstatcache -output-file-map /Users/admin/builder/spi-builder-workspace/.derivedData/Build/Intermediates.noindex/Assetizer.build/Debug-xros/Assetizer-t.build/Objects-normal/arm64/Assetizer-OutputFileMap.json -save-temps -no-color-diagnostics -emit-dependencies -emit-module -emit-module-path /Users/admin/builder/spi-builder-workspace/.derivedData/Build/Intermediates.noindex/Assetizer.build/Debug-xros/Assetizer-t.build/Objects-normal/arm64/Assetizer.swiftmodule -serialize-diagnostics -validate-clang-modules-once -clang-build-session-file /Users/admin/builder/spi-builder-workspace/.derivedData/ModuleCache.noindex/Session.modulevalidation -Xcc -fmodules-prune-interval\=86400 -Xcc -fmodules-prune-after\=345600 -emit-const-values -const-gather-protocols-list /Users/admin/builder/spi-builder-workspace/.derivedData/Build/Intermediates.noindex/Assetizer.build/Debug-xros/Assetizer-t.build/Objects-normal/arm64/Assetizer_const_extract_protocols.json -Xcc -I/Users/admin/builder/spi-builder-workspace/.derivedData/Build/Products/Debug-xros/include -Xcc -I/Users/admin/builder/spi-builder-workspace/.derivedData/Build/Intermediates.noindex/Assetizer.build/Debug-xros/Assetizer-t.build/DerivedSources-normal/arm64 -Xcc -I/Users/admin/builder/spi-builder-workspace/.derivedData/Build/Intermediates.noindex/Assetizer.build/Debug-xros/Assetizer-t.build/DerivedSources/arm64 -Xcc -I/Users/admin/builder/spi-builder-workspace/.derivedData/Build/Intermediates.noindex/Assetizer.build/Debug-xros/Assetizer-t.build/DerivedSources -Xcc -DSWIFT_PACKAGE -Xcc -DDEBUG\=1 -emit-objc-header -emit-objc-header-path /Users/admin/builder/spi-builder-workspace/.derivedData/Build/Intermediates.noindex/Assetizer.build/Debug-xros/Assetizer-t.build/Objects-normal/arm64/Assetizer-Swift.h -working-directory /Users/admin/builder/spi-builder-workspace/.swiftpm/xcode -experimental-emit-module-separately -disable-cmo
SwiftDriver Commander normal arm64 com.apple.xcode.tools.swift.compiler (in target 'Commander' from project 'Commander')
cd /Users/admin/builder/spi-builder-workspace/.swiftpm/xcode
builtin-SwiftDriver -- /Applications/Xcode-27.0.0-Release.Candidate.app/Contents/Developer/Toolchains/XcodeDefault.xctoolchain/usr/bin/swiftc -parse-as-library -module-name Commander -Onone @/Users/admin/builder/spi-builder-workspace/.derivedData/Build/Intermediates.noindex/Commander.build/Debug-xros/Commander-t.build/Objects-normal/arm64/Commander.SwiftFileList -DSWIFT_PACKAGE -DDEBUG -DSWIFT_MODULE_RESOURCE_BUNDLE_UNAVAILABLE -DXcode -plugin-path /Applications/Xcode-27.0.0-Release.Candidate.app/Contents/Developer/Toolchains/XcodeDefault.xctoolchain/usr/lib/swift/host/plugins/testing -enable-experimental-feature DebugDescriptionMacro -sdk /Applications/Xcode-27.0.0-Release.Candidate.app/Contents/Developer/Platforms/XROS.platform/Developer/SDKs/XROS27.0.sdk -target arm64-apple-xros1.0 -g -module-cache-path /Users/admin/builder/spi-builder-workspace/.derivedData/ModuleCache.noindex -Xfrontend -serialize-debugging-options -profile-coverage-mapping -profile-generate -enable-testing -suppress-warnings -index-store-path /Users/admin/builder/spi-builder-workspace/.derivedData/Index.noindex/DataStore -Xcc -D_LIBCPP_HARDENING_MODE\=_LIBCPP_HARDENING_MODE_DEBUG -swift-version 4 -I /Users/admin/builder/spi-builder-workspace/.derivedData/Build/Products/Debug-xros -Isystem /Applications/Xcode-27.0.0-Release.Candidate.app/Contents/Developer/Platforms/XROS.platform/Developer/usr/lib -F /Users/admin/builder/spi-builder-workspace/.derivedData/Build/Products/Debug-xros -F /Applications/Xcode-27.0.0-Release.Candidate.app/Contents/Developer/Platforms/XROS.platform/Developer/Library/Frameworks -F /Applications/Xcode-27.0.0-Release.Candidate.app/Contents/Developer/Platforms/XROS.platform/Developer/SDKs/XROS27.0.sdk/Developer/Library/Frameworks -c -j10 -enable-batch-mode -incremental -Xcc -ivfsstatcache -Xcc /Users/admin/builder/spi-builder-workspace/.derivedData/SDKStatCaches.noindex/xros27.0-24M361-e829b21a6f8c9b70876ba0858053c044735bd543db762f57723cac368afd1ce4.sdkstatcache -output-file-map /Users/admin/builder/spi-builder-workspace/.derivedData/Build/Intermediates.noindex/Commander.build/Debug-xros/Commander-t.build/Objects-normal/arm64/Commander-OutputFileMap.json -save-temps -no-color-diagnostics -emit-dependencies -emit-module -emit-module-path /Users/admin/builder/spi-builder-workspace/.derivedData/Build/Intermediates.noindex/Commander.build/Debug-xros/Commander-t.build/Objects-normal/arm64/Commander.swiftmodule -serialize-diagnostics -validate-clang-modules-once -clang-build-session-file /Users/admin/builder/spi-builder-workspace/.derivedData/ModuleCache.noindex/Session.modulevalidation -Xcc -fmodules-prune-interval\=86400 -Xcc -fmodules-prune-after\=345600 -emit-const-values -const-gather-protocols-list /Users/admin/builder/spi-builder-workspace/.derivedData/Build/Intermediates.noindex/Commander.build/Debug-xros/Commander-t.build/Objects-normal/arm64/Commander_const_extract_protocols.json -Xcc -I/Users/admin/builder/spi-builder-workspace/.derivedData/Build/Products/Debug-xros/include -Xcc -I/Users/admin/builder/spi-builder-workspace/.derivedData/Build/Intermediates.noindex/Commander.build/Debug-xros/Commander-t.build/DerivedSources-normal/arm64 -Xcc -I/Users/admin/builder/spi-builder-workspace/.derivedData/Build/Intermediates.noindex/Commander.build/Debug-xros/Commander-t.build/DerivedSources/arm64 -Xcc -I/Users/admin/builder/spi-builder-workspace/.derivedData/Build/Intermediates.noindex/Commander.build/Debug-xros/Commander-t.build/DerivedSources -Xcc -DSWIFT_PACKAGE -Xcc -DDEBUG\=1 -emit-objc-header -emit-objc-header-path /Users/admin/builder/spi-builder-workspace/.derivedData/Build/Intermediates.noindex/Commander.build/Debug-xros/Commander-t.build/Objects-normal/arm64/Commander-Swift.h -working-directory /Users/admin/builder/spi-builder-workspace/.swiftpm/xcode -experimental-emit-module-separately -disable-cmo
SwiftEmitModule normal arm64 Emitting\ module\ for\ Assetizer (in target 'Assetizer' from project 'Assetizer')
SwiftCompile normal arm64 (in target 'Assetizer' from project 'Assetizer')
cd /Users/admin/builder/spi-builder-workspace/.swiftpm/xcode
/Users/admin/builder/spi-builder-workspace/Sources/Assetizer/AssetWriter.swift:8:8: error: no such module 'AppKit'
6 | //
7 |
8 | import AppKit
| `- error: no such module 'AppKit'
9 | import Foundation
10 |
Failed frontend command:
/Applications/Xcode-27.0.0-Release.Candidate.app/Contents/Developer/Toolchains/XcodeDefault.xctoolchain/usr/bin/swift-frontend -frontend -emit-module -experimental-skip-non-inlinable-function-bodies-without-types /Users/admin/builder/spi-builder-workspace/Sources/Assetizer/AssetWriter.swift /Users/admin/builder/spi-builder-workspace/Sources/Assetizer/DeviceIdiom.swift /Users/admin/builder/spi-builder-workspace/Sources/Assetizer/Error.swift /Users/admin/builder/spi-builder-workspace/Sources/Assetizer/URLConvertible.swift -target arm64-apple-xros1.0 -Xllvm -aarch64-use-tbi -enable-objc-interop -stack-check -sdk /Applications/Xcode-27.0.0-Release.Candidate.app/Contents/Developer/Platforms/XROS.platform/Developer/SDKs/XROS27.0.sdk -I /Users/admin/builder/spi-builder-workspace/.derivedData/Build/Products/Debug-xros -Isystem /Applications/Xcode-27.0.0-Release.Candidate.app/Contents/Developer/Platforms/XROS.platform/Developer/usr/lib -F /Users/admin/builder/spi-builder-workspace/.derivedData/Build/Products/Debug-xros -F /Applications/Xcode-27.0.0-Release.Candidate.app/Contents/Developer/Platforms/XROS.platform/Developer/Library/Frameworks -F /Applications/Xcode-27.0.0-Release.Candidate.app/Contents/Developer/Platforms/XROS.platform/Developer/SDKs/XROS27.0.sdk/Developer/Library/Frameworks -module-cache-path /Users/admin/builder/spi-builder-workspace/.derivedData/ModuleCache.noindex -no-color-diagnostics -Xcc -fno-color-diagnostics -enable-testing -g -debug-info-format\=dwarf -dwarf-version\=4 -profile-generate -profile-coverage-mapping -swift-version 4 -Onone -D SWIFT_PACKAGE -D DEBUG -D SWIFT_MODULE_RESOURCE_BUNDLE_UNAVAILABLE -D Xcode -serialize-debugging-options -enable-experimental-feature DebugDescriptionMacro -empty-abi-descriptor -plugin-path /Applications/Xcode-27.0.0-Release.Candidate.app/Contents/Developer/Toolchains/XcodeDefault.xctoolchain/usr/lib/swift/host/plugins/testing -validate-clang-modules-once -clang-build-session-file /Users/admin/builder/spi-builder-workspace/.derivedData/ModuleCache.noindex/Session.modulevalidation -Xcc -working-directory -Xcc /Users/admin/builder/spi-builder-workspace/.swiftpm/xcode -enable-anonymous-context-mangled-names -file-compilation-dir /Users/admin/builder/spi-builder-workspace/.swiftpm/xcode -Xcc -D_LIBCPP_HARDENING_MODE\=_LIBCPP_HARDENING_MODE_DEBUG -Xcc -ivfsstatcache -Xcc /Users/admin/builder/spi-builder-workspace/.derivedData/SDKStatCaches.noindex/xros27.0-24M361-e829b21a6f8c9b70876ba0858053c044735bd543db762f57723cac368afd1ce4.sdkstatcache -Xcc -fmodules-prune-interval\=86400 -Xcc -fmodules-prune-after\=345600 -Xcc -I/Users/admin/builder/spi-builder-workspace/.derivedData/Build/Products/Debug-xros/include -Xcc -I/Users/admin/builder/spi-builder-workspace/.derivedData/Build/Intermediates.noindex/Assetizer.build/Debug-xros/Assetizer-t.build/DerivedSources-normal/arm64 -Xcc -I/Users/admin/builder/spi-builder-workspace/.derivedData/Build/Intermediates.noindex/Assetizer.build/Debug-xros/Assetizer-t.build/DerivedSources/arm64 -Xcc -I/Users/admin/builder/spi-builder-workspace/.derivedData/Build/Intermediates.noindex/Assetizer.build/Debug-xros/Assetizer-t.build/DerivedSources -Xcc -DSWIFT_PACKAGE -Xcc -DDEBUG\=1 -no-auto-bridging-header-chaining -module-name Assetizer -const-gather-protocols-file /Users/admin/builder/spi-builder-workspace/.derivedData/Build/Intermediates.noindex/Assetizer.build/Debug-xros/Assetizer-t.build/Objects-normal/arm64/Assetizer_const_extract_protocols.json -disable-clang-spi -target-sdk-version 27.0 -target-sdk-name xros27.0 -external-plugin-path /Applications/Xcode-27.0.0-Release.Candidate.app/Contents/Developer/Platforms/XROS.platform/Developer/usr/lib/swift/host/plugins\#/Applications/Xcode-27.0.0-Release.Candidate.app/Contents/Developer/Platforms/XROS.platform/Developer/usr/bin/swift-plugin-server -external-plugin-path /Applications/Xcode-27.0.0-Release.Candidate.app/Contents/Developer/Platforms/XROS.platform/Developer/usr/local/lib/swift/host/plugins\#/Applications/Xcode-27.0.0-Release.Candidate.app/Contents/Developer/Platforms/XROS.platform/Developer/usr/bin/swift-plugin-server -in-process-plugin-server-path /Applications/Xcode-27.0.0-Release.Candidate.app/Contents/Developer/Toolchains/XcodeDefault.xctoolchain/usr/lib/swift/host/libSwiftInProcPluginServer.dylib -plugin-path /Applications/Xcode-27.0.0-Release.Candidate.app/Contents/Developer/Toolchains/XcodeDefault.xctoolchain/usr/lib/swift/host/plugins -plugin-path /Applications/Xcode-27.0.0-Release.Candidate.app/Contents/Developer/Toolchains/XcodeDefault.xctoolchain/usr/local/lib/swift/host/plugins -emit-module-doc-path /Users/admin/builder/spi-builder-workspace/.derivedData/Build/Intermediates.noindex/Assetizer.build/Debug-xros/Assetizer-t.build/Objects-normal/arm64/Assetizer.swiftdoc -emit-module-source-info-path /Users/admin/builder/spi-builder-workspace/.derivedData/Build/Intermediates.noindex/Assetizer.build/Debug-xros/Assetizer-t.build/Objects-normal/arm64/Assetizer.swiftsourceinfo -emit-objc-header-path /Users/admin/builder/spi-builder-workspace/.derivedData/Build/Intermediates.noindex/Assetizer.build/Debug-xros/Assetizer-t.build/Objects-normal/arm64/Assetizer-Swift.h -serialize-diagnostics-path /Users/admin/builder/spi-builder-workspace/.derivedData/Build/Intermediates.noindex/Assetizer.build/Debug-xros/Assetizer-t.build/Objects-normal/arm64/Assetizer-primary-emit-module.dia -emit-dependencies-path /Users/admin/builder/spi-builder-workspace/.derivedData/Build/Intermediates.noindex/Assetizer.build/Debug-xros/Assetizer-t.build/Objects-normal/arm64/Assetizer-primary-emit-module.d -parse-as-library -o /Users/admin/builder/spi-builder-workspace/.derivedData/Build/Intermediates.noindex/Assetizer.build/Debug-xros/Assetizer-t.build/Objects-normal/arm64/Assetizer.swiftmodule -emit-abi-descriptor-path /Users/admin/builder/spi-builder-workspace/.derivedData/Build/Intermediates.noindex/Assetizer.build/Debug-xros/Assetizer-t.build/Objects-normal/arm64/Assetizer.abi.json
SwiftCompile normal arm64 Compiling\ Error.swift /Users/admin/builder/spi-builder-workspace/Sources/Assetizer/Error.swift (in target 'Assetizer' from project 'Assetizer')
SwiftCompile normal arm64 /Users/admin/builder/spi-builder-workspace/Sources/Assetizer/Error.swift (in target 'Assetizer' from project 'Assetizer')
cd /Users/admin/builder/spi-builder-workspace/.swiftpm/xcode
builtin-SwiftPerFileCompile Error.swift
SwiftCompile normal arm64 Compiling\ AssetWriter.swift /Users/admin/builder/spi-builder-workspace/Sources/Assetizer/AssetWriter.swift (in target 'Assetizer' from project 'Assetizer')
SwiftCompile normal arm64 /Users/admin/builder/spi-builder-workspace/Sources/Assetizer/AssetWriter.swift (in target 'Assetizer' from project 'Assetizer')
cd /Users/admin/builder/spi-builder-workspace/.swiftpm/xcode
builtin-SwiftPerFileCompile AssetWriter.swift
SwiftCompile normal arm64 Compiling\ URLConvertible.swift /Users/admin/builder/spi-builder-workspace/Sources/Assetizer/URLConvertible.swift (in target 'Assetizer' from project 'Assetizer')
SwiftCompile normal arm64 /Users/admin/builder/spi-builder-workspace/Sources/Assetizer/URLConvertible.swift (in target 'Assetizer' from project 'Assetizer')
cd /Users/admin/builder/spi-builder-workspace/.swiftpm/xcode
builtin-SwiftPerFileCompile URLConvertible.swift
SwiftCompile normal arm64 Compiling\ DeviceIdiom.swift /Users/admin/builder/spi-builder-workspace/Sources/Assetizer/DeviceIdiom.swift (in target 'Assetizer' from project 'Assetizer')
SwiftCompile normal arm64 /Users/admin/builder/spi-builder-workspace/Sources/Assetizer/DeviceIdiom.swift (in target 'Assetizer' from project 'Assetizer')
cd /Users/admin/builder/spi-builder-workspace/.swiftpm/xcode
builtin-SwiftPerFileCompile DeviceIdiom.swift
SwiftCompile normal arm64 Compiling\ ArgumentParser.swift /Users/admin/builder/spi-builder-workspace/.dependencies/checkouts/Commander/Sources/Commander/ArgumentParser.swift (in target 'Commander' from project 'Commander')
SwiftCompile normal arm64 /Users/admin/builder/spi-builder-workspace/.dependencies/checkouts/Commander/Sources/Commander/ArgumentParser.swift (in target 'Commander' from project 'Commander')
cd /Users/admin/builder/spi-builder-workspace/.swiftpm/xcode
builtin-SwiftPerFileCompile ArgumentParser.swift
SwiftCompile normal arm64 Compiling\ ArgumentConvertible.swift /Users/admin/builder/spi-builder-workspace/.dependencies/checkouts/Commander/Sources/Commander/ArgumentConvertible.swift (in target 'Commander' from project 'Commander')
SwiftCompile normal arm64 /Users/admin/builder/spi-builder-workspace/.dependencies/checkouts/Commander/Sources/Commander/ArgumentConvertible.swift (in target 'Commander' from project 'Commander')
cd /Users/admin/builder/spi-builder-workspace/.swiftpm/xcode
builtin-SwiftPerFileCompile ArgumentConvertible.swift
SwiftCompile normal arm64 Compiling\ ArgumentDescription.swift /Users/admin/builder/spi-builder-workspace/.dependencies/checkouts/Commander/Sources/Commander/ArgumentDescription.swift (in target 'Commander' from project 'Commander')
SwiftCompile normal arm64 /Users/admin/builder/spi-builder-workspace/.dependencies/checkouts/Commander/Sources/Commander/ArgumentDescription.swift (in target 'Commander' from project 'Commander')
cd /Users/admin/builder/spi-builder-workspace/.swiftpm/xcode
builtin-SwiftPerFileCompile ArgumentDescription.swift
SwiftEmitModule normal arm64 Emitting\ module\ for\ Commander (in target 'Commander' from project 'Commander')
SwiftCompile normal arm64 (in target 'Commander' from project 'Commander')
cd /Users/admin/builder/spi-builder-workspace/.swiftpm/xcode
SwiftCompile normal arm64 Compiling\ Commands.swift /Users/admin/builder/spi-builder-workspace/.dependencies/checkouts/Commander/Sources/Commander/Commands.swift (in target 'Commander' from project 'Commander')
SwiftCompile normal arm64 /Users/admin/builder/spi-builder-workspace/.dependencies/checkouts/Commander/Sources/Commander/Commands.swift (in target 'Commander' from project 'Commander')
cd /Users/admin/builder/spi-builder-workspace/.swiftpm/xcode
builtin-SwiftPerFileCompile Commands.swift
SwiftCompile normal arm64 Compiling\ CommandType.swift /Users/admin/builder/spi-builder-workspace/.dependencies/checkouts/Commander/Sources/Commander/CommandType.swift (in target 'Commander' from project 'Commander')
SwiftCompile normal arm64 /Users/admin/builder/spi-builder-workspace/.dependencies/checkouts/Commander/Sources/Commander/CommandType.swift (in target 'Commander' from project 'Commander')
cd /Users/admin/builder/spi-builder-workspace/.swiftpm/xcode
builtin-SwiftPerFileCompile CommandType.swift
PruneExplicitPrecompiledModules /Users/admin/builder/spi-builder-workspace/.derivedData/Build/Intermediates.noindex/ExplicitPrecompiledModules
PruneExplicitPrecompiledModules /Users/admin/builder/spi-builder-workspace/.derivedData/Build/Intermediates.noindex/SwiftExplicitPrecompiledModules
PruneExplicitPrecompiledModules /Users/admin/builder/spi-builder-workspace/.derivedData/SDKExplicitPrecompiledModules
2026-09-16 15:55:36.413 xcodebuild[797:5031] [MT] IDERunDestination: Supported platforms for the buildables in the current scheme is empty.
** BUILD FAILED **
The following build commands failed:
SwiftCompile normal arm64 (in target 'Assetizer' from project 'Assetizer')
SwiftEmitModule normal arm64 Emitting\ module\ for\ Assetizer (in target 'Assetizer' from project 'Assetizer')
Building workspace Assetizer with scheme Assetizer-Package
(3 failures)
BUILD FAILURE 6.4 visionOS