Build Information
Failed to build AppGlance, reference 1.3.0 (66e985), with Swift 6.2 for Android on 19 Oct 2026 07:34:59 UTC.
Build Command
bash -c docker run --pull=always --rm -v "checkouts-54344846-1":/host -w "$PWD" -e JAVA_HOME="/root/.sdkman/candidates/java/current" -e SPI_BUILD="1" -e SPI_PROCESSING="1" registry.gitlab.com/saguaro1/spi-images:android-6.2-latest swift build --swift-sdk aarch64-unknown-linux-android28 2>&1Build Log
========================================
RunAll
========================================
Builder version: 5.1.3
Interrupt handler set up.
========================================
Checkout
========================================
Clone URL: https://github.com/AppGlance/appglance-apple.git
Reference: 1.3.0
Initialized empty Git repository in /host/spi-builder-workspace/.git/
hint: Using 'master' as the name for the initial branch. This default branch name
hint: is subject to change. To configure the initial branch name to use in all
hint: of your new repositories, which will suppress this warning, call:
hint:
hint: git config --global init.defaultBranch <name>
hint:
hint: Names commonly chosen instead of 'master' are 'main', 'trunk' and
hint: 'development'. The just-created branch can be renamed via this command:
hint:
hint: git branch -m <name>
From https://github.com/AppGlance/appglance-apple
* tag 1.3.0 -> FETCH_HEAD
HEAD is now at 66e985d Release 1.3.0: a public install id, and an iPad says iPadOS
Cloned https://github.com/AppGlance/appglance-apple.git
Revision (git rev-parse @):
66e985d5e4e8ce06762ae356ec9a3b2a40c1ed13
SPI manifest file found: $PWD/.spi.yml
SUCCESS checkout https://github.com/AppGlance/appglance-apple.git at 1.3.0
========================================
Build
========================================
Selected platform: android
Swift version: 6.2
Building package at path: $PWD
https://github.com/AppGlance/appglance-apple.git
Running build ...
bash -c docker run --pull=always --rm -v "checkouts-54344846-1":/host -w "$PWD" -e JAVA_HOME="/root/.sdkman/candidates/java/current" -e SPI_BUILD="1" -e SPI_PROCESSING="1" registry.gitlab.com/saguaro1/spi-images:android-6.2-latest swift build --swift-sdk aarch64-unknown-linux-android28 2>&1
android-6.2-latest: Pulling from saguaro1/spi-images
Digest: sha256:d84c435a77e30f1b4b40344b42d2ce7e8dc33d04eebdaebfb0e2bc42b4ff2af5
Status: Image is up to date for registry.gitlab.com/saguaro1/spi-images:android-6.2-latest
Building for debugging...
[0/3] Write sources
[1/3] Copying PrivacyInfo.xcprivacy
[2/3] Write swift-version--11D90AFD9DD3AB2.txt
error: emit-module command failed with exit code 1 (use -v to see invocation)
[4/16] Emitting module AppGlance
/host/spi-builder-workspace/Sources/AppGlance/AppEnvironment.swift:2:8: error: no such module 'Security'
1 | import Foundation
2 | import Security
| `- error: no such module 'Security'
3 | import StoreKit
4 |
[5/16] Compiling AppGlance AnonymousIdentity.swift
/host/spi-builder-workspace/Sources/AppGlance/AppEnvironment.swift:2:8: error: no such module 'Security'
1 | import Foundation
2 | import Security
| `- error: no such module 'Security'
3 | import StoreKit
4 |
[6/16] Compiling AppGlance AppEnvironment.swift
/host/spi-builder-workspace/Sources/AppGlance/AppEnvironment.swift:2:8: error: no such module 'Security'
1 | import Foundation
2 | import Security
| `- error: no such module 'Security'
3 | import StoreKit
4 |
[7/17] Compiling AppGlance ProcessHold.swift
/host/spi-builder-workspace/Sources/AppGlance/AppEnvironment.swift:2:8: error: no such module 'Security'
1 | import Foundation
2 | import Security
| `- error: no such module 'Security'
3 | import StoreKit
4 |
[8/17] Compiling AppGlance Client.swift
/host/spi-builder-workspace/Sources/AppGlance/AppEnvironment.swift:2:8: error: no such module 'Security'
1 | import Foundation
2 | import Security
| `- error: no such module 'Security'
3 | import StoreKit
4 |
[9/17] Compiling AppGlance Configuration.swift
/host/spi-builder-workspace/Sources/AppGlance/AppEnvironment.swift:2:8: error: no such module 'Security'
1 | import Foundation
2 | import Security
| `- error: no such module 'Security'
3 | import StoreKit
4 |
[10/17] Compiling AppGlance Event.swift
/host/spi-builder-workspace/Sources/AppGlance/AppEnvironment.swift:2:8: error: no such module 'Security'
1 | import Foundation
2 | import Security
| `- error: no such module 'Security'
3 | import StoreKit
4 |
[11/17] Compiling AppGlance InstallOrigin.swift
/host/spi-builder-workspace/Sources/AppGlance/AppEnvironment.swift:2:8: error: no such module 'Security'
1 | import Foundation
2 | import Security
| `- error: no such module 'Security'
3 | import StoreKit
4 |
[12/17] Compiling AppGlance AppGlance+SwiftUI.swift
/host/spi-builder-workspace/Sources/AppGlance/AppEnvironment.swift:2:8: error: no such module 'Security'
1 | import Foundation
2 | import Security
| `- error: no such module 'Security'
3 | import StoreKit
4 |
[13/17] Compiling AppGlance AppGlance.swift
/host/spi-builder-workspace/Sources/AppGlance/AppEnvironment.swift:2:8: error: no such module 'Security'
1 | import Foundation
2 | import Security
| `- error: no such module 'Security'
3 | import StoreKit
4 |
[14/17] Compiling AppGlance KeychainIdentityStore.swift
/host/spi-builder-workspace/Sources/AppGlance/AppEnvironment.swift:2:8: error: no such module 'Security'
1 | import Foundation
2 | import Security
| `- error: no such module 'Security'
3 | import StoreKit
4 |
[15/17] Compiling AppGlance Log.swift
/host/spi-builder-workspace/Sources/AppGlance/AppEnvironment.swift:2:8: error: no such module 'Security'
1 | import Foundation
2 | import Security
| `- error: no such module 'Security'
3 | import StoreKit
4 |
[16/17] Compiling AppGlance Signal.swift
/host/spi-builder-workspace/Sources/AppGlance/AppEnvironment.swift:2:8: error: no such module 'Security'
1 | import Foundation
2 | import Security
| `- error: no such module 'Security'
3 | import StoreKit
4 |
[17/17] Compiling AppGlance resource_bundle_accessor.swift
/host/spi-builder-workspace/Sources/AppGlance/AppEnvironment.swift:2:8: error: no such module 'Security'
1 | import Foundation
2 | import Security
| `- error: no such module 'Security'
3 | import StoreKit
4 |
BUILD FAILURE 6.2 android