Build Information
Failed to build CoderPadMCP, reference main (858095), with Swift 6.4 for watchOS using Xcode 27.0 on 16 Oct 2026 10:37:17 UTC.
Build Command
env DEVELOPER_DIR=/Applications/Xcode-27.0.0.app xcrun xcodebuild -IDEClonedSourcePackagesDirPathOverride=$PWD/.dependencies -skipMacroValidation -skipPackagePluginValidation -derivedDataPath $PWD/.derivedData build -scheme CoderPadMCP-Package -destination generic/platform=watchOSBuild Log
SwiftExplicitDependencyGeneratePcm arm64_32 /Users/admin/builder/spi-builder-workspace/.derivedData/SDKExplicitPrecompiledModules/_Builtin_stdatomic-70890TXYRZ5DZ1JPU2XCV4YSX.pcm
SwiftExplicitDependencyGeneratePcm arm64_32 /Users/admin/builder/spi-builder-workspace/.derivedData/SDKExplicitPrecompiledModules/MachO-ACR45N7ZFEL35O7PB2TVKQT6F.pcm
SwiftExplicitDependencyGeneratePcm arm64_32 /Users/admin/builder/spi-builder-workspace/.derivedData/SDKExplicitPrecompiledModules/LocalAuthentication-CZVTPLPO7QPC9JU1HG9T6KYQB.pcm
SwiftExplicitDependencyGeneratePcm arm64_32 /Users/admin/builder/spi-builder-workspace/.derivedData/SDKExplicitPrecompiledModules/dnssd-AJ5TJTHT9JNNMMSNDDEZU3GBR.pcm
SwiftExplicitDependencyGeneratePcm arm64 /Users/admin/builder/spi-builder-workspace/.derivedData/SDKExplicitPrecompiledModules/LocalAuthentication-5KR68KCCJGZE29PIBIVU3QEUJ.pcm
SwiftExplicitDependencyGeneratePcm arm64 /Users/admin/builder/spi-builder-workspace/.derivedData/SDKExplicitPrecompiledModules/dnssd-6TFB82FWH2PSQ1MWCX9EGHPZB.pcm
SwiftExplicitDependencyGeneratePcm arm64 /Users/admin/builder/spi-builder-workspace/.derivedData/SDKExplicitPrecompiledModules/MachO-15FQ9M0VC0V1FL7TPT2R7Q0R4.pcm
SwiftDriverJobDiscovery normal arm64_32 Compiling PadCode.swift, PadControlCatalog.swift (in target 'CoderPadToolCore' from project 'CoderPadMCP')
SwiftExplicitDependencyGeneratePcm arm64 /Users/admin/builder/spi-builder-workspace/.derivedData/SDKExplicitPrecompiledModules/_Builtin_stdatomic-DFKZ8ZOUW5YM8P1GLT1U424GY.pcm
SwiftExplicitDependencyGeneratePcm arm64 /Users/admin/builder/spi-builder-workspace/.derivedData/SDKExplicitPrecompiledModules/Network-310S8PDDCNF6XTHEPOHZXTRKX.pcm
SwiftExplicitDependencyGeneratePcm arm64_32 /Users/admin/builder/spi-builder-workspace/.derivedData/SDKExplicitPrecompiledModules/Network-42EMRVOCYIYYW4F5ZIFBFZSDT.pcm
SwiftDriverJobDiscovery normal arm64_32 Compiling IdentifierValidation.swift, PadAggregation.swift (in target 'CoderPadToolCore' from project 'CoderPadMCP')
SwiftExplicitDependencyGeneratePcm arm64_32 /Users/admin/builder/spi-builder-workspace/.derivedData/SDKExplicitPrecompiledModules/os-3K8UZAZIRDUH91EOFIWCRRSEM.pcm
SwiftDriver\ Compilation CoderPadToolCore normal arm64_32 com.apple.xcode.tools.swift.compiler (in target 'CoderPadToolCore' from project 'CoderPadMCP')
cd /Users/admin/builder/spi-builder-workspace/.swiftpm/xcode
builtin-Swift-Compilation -- /Applications/Xcode-27.0.0.app/Contents/Developer/Toolchains/XcodeDefault.xctoolchain/usr/bin/swiftc -parse-as-library -module-name CoderPadToolCore -Onone @/Users/admin/builder/spi-builder-workspace/.derivedData/Build/Intermediates.noindex/CoderPadMCP.build/Debug-watchos/CoderPadToolCore-t.build/Objects-normal/arm64_32/CoderPadToolCore.SwiftFileList -DSWIFT_PACKAGE -DDEBUG -DSWIFT_MODULE_RESOURCE_BUNDLE_UNAVAILABLE -DXcode -plugin-path /Applications/Xcode-27.0.0.app/Contents/Developer/Toolchains/XcodeDefault.xctoolchain/usr/lib/swift/host/plugins/testing -enable-experimental-feature DebugDescriptionMacro -sdk /Applications/Xcode-27.0.0.app/Contents/Developer/Platforms/WatchOS.platform/Developer/SDKs/WatchOS27.0.sdk -target arm64_32-apple-watchos11.0 -g -module-cache-path /Users/admin/builder/spi-builder-workspace/.derivedData/ModuleCache.noindex -Xfrontend -serialize-debugging-options -profile-coverage-mapping -profile-generate -enable-testing -index-store-path /Users/admin/builder/spi-builder-workspace/.derivedData/Index.noindex/DataStore -Xcc -D_LIBCPP_HARDENING_MODE\=_LIBCPP_HARDENING_MODE_DEBUG -swift-version 6 -I /Users/admin/builder/spi-builder-workspace/.derivedData/Build/Products/Debug-watchos -Isystem /Applications/Xcode-27.0.0.app/Contents/Developer/Platforms/WatchOS.platform/Developer/usr/lib -F /Users/admin/builder/spi-builder-workspace/.derivedData/Build/Products/Debug-watchos -F /Applications/Xcode-27.0.0.app/Contents/Developer/Platforms/WatchOS.platform/Developer/Library/Frameworks -F /Applications/Xcode-27.0.0.app/Contents/Developer/Platforms/WatchOS.platform/Developer/SDKs/WatchOS27.0.sdk/Developer/Library/Frameworks -c -j10 -enable-batch-mode -incremental -Xcc -ivfsstatcache -Xcc /Users/admin/builder/spi-builder-workspace/.derivedData/SDKStatCaches.noindex/watchos27.0-24R360-e829b21a6f8c9b70876ba0858053c044b9db9bc9c079ee3c7b5f3373b13d10bc.sdkstatcache -output-file-map /Users/admin/builder/spi-builder-workspace/.derivedData/Build/Intermediates.noindex/CoderPadMCP.build/Debug-watchos/CoderPadToolCore-t.build/Objects-normal/arm64_32/CoderPadToolCore-OutputFileMap.json -save-temps -no-color-diagnostics -explicit-module-build -module-cache-path /Users/admin/builder/spi-builder-workspace/.derivedData/Build/Intermediates.noindex/SwiftExplicitPrecompiledModules -clang-scanner-module-cache-path /Users/admin/builder/spi-builder-workspace/.derivedData/ModuleCache.noindex -sdk-module-cache-path /Users/admin/builder/spi-builder-workspace/.derivedData/SDKExplicitPrecompiledModules -emit-dependencies -emit-module -emit-module-path /Users/admin/builder/spi-builder-workspace/.derivedData/Build/Intermediates.noindex/CoderPadMCP.build/Debug-watchos/CoderPadToolCore-t.build/Objects-normal/arm64_32/CoderPadToolCore.swiftmodule -serialize-diagnostics -dependency-scan-serialize-diagnostics-path /Users/admin/builder/spi-builder-workspace/.derivedData/Build/Intermediates.noindex/CoderPadMCP.build/Debug-watchos/CoderPadToolCore-t.build/Objects-normal/arm64_32/CoderPadToolCore-dependency-scan.dia -validate-clang-modules-once -clang-build-session-file /Users/admin/builder/spi-builder-workspace/.derivedData/ModuleCache.noindex/Session.modulevalidation -Xcc -fmodules-prune-interval\=86400 -Xcc -fmodules-prune-after\=345600 -package-name spi_builder_workspace -emit-const-values -const-gather-protocols-list /Users/admin/builder/spi-builder-workspace/.derivedData/Build/Intermediates.noindex/CoderPadMCP.build/Debug-watchos/CoderPadToolCore-t.build/Objects-normal/arm64_32/CoderPadToolCore_const_extract_protocols.json -Xcc -I/Users/admin/builder/spi-builder-workspace/.derivedData/Build/Products/Debug-watchos/include -Xcc -I/Users/admin/builder/spi-builder-workspace/.derivedData/Build/Intermediates.noindex/CoderPadMCP.build/Debug-watchos/CoderPadToolCore-t.build/DerivedSources-normal/arm64_32 -Xcc -I/Users/admin/builder/spi-builder-workspace/.derivedData/Build/Intermediates.noindex/CoderPadMCP.build/Debug-watchos/CoderPadToolCore-t.build/DerivedSources/arm64_32 -Xcc -I/Users/admin/builder/spi-builder-workspace/.derivedData/Build/Intermediates.noindex/CoderPadMCP.build/Debug-watchos/CoderPadToolCore-t.build/DerivedSources -Xcc -DSWIFT_PACKAGE -Xcc -DDEBUG\=1 -emit-objc-header -emit-objc-header-path /Users/admin/builder/spi-builder-workspace/.derivedData/Build/Intermediates.noindex/CoderPadMCP.build/Debug-watchos/CoderPadToolCore-t.build/Objects-normal/arm64_32/CoderPadToolCore-Swift.h -working-directory /Users/admin/builder/spi-builder-workspace/.swiftpm/xcode -experimental-emit-module-separately -disable-cmo
Ld /Users/admin/builder/spi-builder-workspace/.derivedData/Build/Intermediates.noindex/CoderPadMCP.build/Debug-watchos/CoderPadToolCore-t.build/Objects-normal/arm64_32/Binary/CoderPadToolCore.o normal arm64_32 (in target 'CoderPadToolCore' from project 'CoderPadMCP')
cd /Users/admin/builder/spi-builder-workspace
/Applications/Xcode-27.0.0.app/Contents/Developer/Toolchains/XcodeDefault.xctoolchain/usr/bin/clang -Xlinker -reproducible -target arm64_32-apple-watchos11.0 -r -isysroot /Applications/Xcode-27.0.0.app/Contents/Developer/Platforms/WatchOS.platform/Developer/SDKs/WatchOS27.0.sdk -O0 -Xlinker -no_warn_duplicate_libraries -F/Users/admin/builder/spi-builder-workspace/.derivedData/Build/Intermediates.noindex/EagerLinkingTBDs/Debug-watchos -F/Users/admin/builder/spi-builder-workspace/.derivedData/Build/Products/Debug-watchos -iframework /Applications/Xcode-27.0.0.app/Contents/Developer/Platforms/WatchOS.platform/Developer/Library/Frameworks -iframework /Applications/Xcode-27.0.0.app/Contents/Developer/Platforms/WatchOS.platform/Developer/SDKs/WatchOS27.0.sdk/Developer/Library/Frameworks -filelist /Users/admin/builder/spi-builder-workspace/.derivedData/Build/Intermediates.noindex/CoderPadMCP.build/Debug-watchos/CoderPadToolCore-t.build/Objects-normal/arm64_32/CoderPadToolCore.LinkFileList -nostdlib -Xlinker -object_path_lto -Xlinker /Users/admin/builder/spi-builder-workspace/.derivedData/Build/Intermediates.noindex/CoderPadMCP.build/Debug-watchos/CoderPadToolCore-t.build/Objects-normal/arm64_32/CoderPadToolCore_lto.o -Xlinker -no_deduplicate -Xlinker -debug_variant -Xlinker -dependency_info -Xlinker /Users/admin/builder/spi-builder-workspace/.derivedData/Build/Intermediates.noindex/CoderPadMCP.build/Debug-watchos/CoderPadToolCore-t.build/Objects-normal/arm64_32/CoderPadToolCore_dependency_info.dat -fobjc-link-runtime -L/Applications/Xcode-27.0.0.app/Contents/Developer/Toolchains/XcodeDefault.xctoolchain/usr/lib/swift/watchos -L/usr/lib/swift -Xlinker -add_ast_path -Xlinker /Users/admin/builder/spi-builder-workspace/.derivedData/Build/Intermediates.noindex/CoderPadMCP.build/Debug-watchos/CoderPadToolCore-t.build/Objects-normal/arm64_32/CoderPadToolCore.swiftmodule -o /Users/admin/builder/spi-builder-workspace/.derivedData/Build/Intermediates.noindex/CoderPadMCP.build/Debug-watchos/CoderPadToolCore-t.build/Objects-normal/arm64_32/Binary/CoderPadToolCore.o
SwiftExplicitDependencyGeneratePcm arm64 /Users/admin/builder/spi-builder-workspace/.derivedData/SDKExplicitPrecompiledModules/os-2GDYECRIKV7Q8I9SYTO8ZHGYP.pcm
CreateUniversalBinary /Users/admin/builder/spi-builder-workspace/.derivedData/Build/Products/Debug-watchos/CoderPadToolCore.o normal arm64\ arm64_32 (in target 'CoderPadToolCore' from project 'CoderPadMCP')
cd /Users/admin/builder/spi-builder-workspace
/Applications/Xcode-27.0.0.app/Contents/Developer/Toolchains/XcodeDefault.xctoolchain/usr/bin/lipo -create /Users/admin/builder/spi-builder-workspace/.derivedData/Build/Intermediates.noindex/CoderPadMCP.build/Debug-watchos/CoderPadToolCore-t.build/Objects-normal/arm64/Binary/CoderPadToolCore.o /Users/admin/builder/spi-builder-workspace/.derivedData/Build/Intermediates.noindex/CoderPadMCP.build/Debug-watchos/CoderPadToolCore-t.build/Objects-normal/arm64_32/Binary/CoderPadToolCore.o -output /Users/admin/builder/spi-builder-workspace/.derivedData/Build/Products/Debug-watchos/CoderPadToolCore.o
ExtractAppIntentsMetadata (in target 'CoderPadToolCore' from project 'CoderPadMCP')
cd /Users/admin/builder/spi-builder-workspace
/Applications/Xcode-27.0.0.app/Contents/Developer/Toolchains/XcodeDefault.xctoolchain/usr/bin/appintentsmetadataprocessor --toolchain-dir /var/run/com.apple.security.cryptexd/mnt/com.apple.MobileAsset.MetalToolchain-v27.1.266.1.zKy1DL/Metal.xctoolchain --module-name CoderPadToolCore --sdk-root /Applications/Xcode-27.0.0.app/Contents/Developer/Platforms/WatchOS.platform/Developer/SDKs/WatchOS27.0.sdk --xcode-version 27A266a --platform-family watchOS --deployment-target 11.0 --bundle-identifier spi-builder-workspace.CoderPadToolCore --output /Users/admin/builder/spi-builder-workspace/.derivedData/Build/Products/Debug-watchos/CoderPadToolCore.appintents --target-triple arm64-apple-watchos11.0 --target-triple arm64_32-apple-watchos11.0 --binary-file /Users/admin/builder/spi-builder-workspace/.derivedData/Build/Products/Debug-watchos/CoderPadToolCore.o --dependency-file /Users/admin/builder/spi-builder-workspace/.derivedData/Build/Intermediates.noindex/CoderPadMCP.build/Debug-watchos/CoderPadToolCore-t.build/Objects-normal/arm64/CoderPadToolCore_dependency_info.dat --dependency-file /Users/admin/builder/spi-builder-workspace/.derivedData/Build/Intermediates.noindex/CoderPadMCP.build/Debug-watchos/CoderPadToolCore-t.build/Objects-normal/arm64_32/CoderPadToolCore_dependency_info.dat --stringsdata-file /Users/admin/builder/spi-builder-workspace/.derivedData/Build/Intermediates.noindex/CoderPadMCP.build/Debug-watchos/CoderPadToolCore-t.build/Objects-normal/arm64/ExtractedAppShortcutsMetadata.stringsdata --stringsdata-file /Users/admin/builder/spi-builder-workspace/.derivedData/Build/Intermediates.noindex/CoderPadMCP.build/Debug-watchos/CoderPadToolCore-t.build/Objects-normal/arm64_32/ExtractedAppShortcutsMetadata.stringsdata --source-file-list /Users/admin/builder/spi-builder-workspace/.derivedData/Build/Intermediates.noindex/CoderPadMCP.build/Debug-watchos/CoderPadToolCore-t.build/Objects-normal/arm64/CoderPadToolCore.SwiftFileList --source-file-list /Users/admin/builder/spi-builder-workspace/.derivedData/Build/Intermediates.noindex/CoderPadMCP.build/Debug-watchos/CoderPadToolCore-t.build/Objects-normal/arm64_32/CoderPadToolCore.SwiftFileList --metadata-file-list /Users/admin/builder/spi-builder-workspace/.derivedData/Build/Intermediates.noindex/CoderPadMCP.build/Debug-watchos/CoderPadToolCore-t.build/CoderPadToolCore.DependencyMetadataFileList --static-metadata-file-list /Users/admin/builder/spi-builder-workspace/.derivedData/Build/Intermediates.noindex/CoderPadMCP.build/Debug-watchos/CoderPadToolCore-t.build/CoderPadToolCore.DependencyStaticMetadataFileList --swift-const-vals-list /Users/admin/builder/spi-builder-workspace/.derivedData/Build/Intermediates.noindex/CoderPadMCP.build/Debug-watchos/CoderPadToolCore-t.build/Objects-normal/arm64/CoderPadToolCore.SwiftConstValuesFileList --swift-const-vals-list /Users/admin/builder/spi-builder-workspace/.derivedData/Build/Intermediates.noindex/CoderPadMCP.build/Debug-watchos/CoderPadToolCore-t.build/Objects-normal/arm64_32/CoderPadToolCore.SwiftConstValuesFileList --force --compile-time-extraction --deployment-aware-processing --no-app-shortcuts-localization
2026-10-16 06:36:48.635 appintentsmetadataprocessor[1875:10004] Starting appintentsmetadataprocessor export
2026-10-16 06:36:48.707 appintentsmetadataprocessor[1875:10004] Extracted no relevant App Intents symbols, skipping writing output
SwiftExplicitDependencyGeneratePcm arm64 /Users/admin/builder/spi-builder-workspace/.derivedData/SDKExplicitPrecompiledModules/_Builtin_stdatomic-DFKZ8ZOUW5YM8P1GLT1U424GY.pcm
SwiftExplicitDependencyGeneratePcm arm64 /Users/admin/builder/spi-builder-workspace/.derivedData/SDKExplicitPrecompiledModules/CoreGraphics-5PBZKZGKBP8I3OSEUDR963CHA.pcm
SwiftExplicitDependencyGeneratePcm arm64 /Users/admin/builder/spi-builder-workspace/.derivedData/SDKExplicitPrecompiledModules/MachO-15FQ9M0VC0V1FL7TPT2R7Q0R4.pcm
SwiftExplicitDependencyGeneratePcm arm64_32 /Users/admin/builder/spi-builder-workspace/.derivedData/SDKExplicitPrecompiledModules/os-3K8UZAZIRDUH91EOFIWCRRSEM.pcm
SwiftExplicitDependencyGeneratePcm arm64_32 /Users/admin/builder/spi-builder-workspace/.derivedData/SDKExplicitPrecompiledModules/CoreGraphics-46XFDT15OA1UMAVA4P068AUXB.pcm
SwiftCompile normal arm64_32 Compiling\ Versioning.swift,\ Client.swift,\ Elicitation.swift,\ Roots.swift /Users/admin/builder/spi-builder-workspace/.dependencies/checkouts/swift-sdk/Sources/MCP/Base/Versioning.swift /Users/admin/builder/spi-builder-workspace/.dependencies/checkouts/swift-sdk/Sources/MCP/Client/Client.swift /Users/admin/builder/spi-builder-workspace/.dependencies/checkouts/swift-sdk/Sources/MCP/Client/Elicitation.swift /Users/admin/builder/spi-builder-workspace/.dependencies/checkouts/swift-sdk/Sources/MCP/Client/Roots.swift (in target 'MCP' from project 'mcp-swift-sdk')
SwiftCompile normal arm64_32 /Users/admin/builder/spi-builder-workspace/.dependencies/checkouts/swift-sdk/Sources/MCP/Base/Versioning.swift (in target 'MCP' from project 'mcp-swift-sdk')
cd /Users/admin/builder/spi-builder-workspace/.swiftpm/xcode
builtin-SwiftPerFileCompile Versioning.swift
SwiftCompile normal arm64_32 /Users/admin/builder/spi-builder-workspace/.dependencies/checkouts/swift-sdk/Sources/MCP/Client/Client.swift (in target 'MCP' from project 'mcp-swift-sdk')
cd /Users/admin/builder/spi-builder-workspace/.swiftpm/xcode
builtin-SwiftPerFileCompile Client.swift
SwiftCompile normal arm64_32 /Users/admin/builder/spi-builder-workspace/.dependencies/checkouts/swift-sdk/Sources/MCP/Client/Elicitation.swift (in target 'MCP' from project 'mcp-swift-sdk')
cd /Users/admin/builder/spi-builder-workspace/.swiftpm/xcode
builtin-SwiftPerFileCompile Elicitation.swift
SwiftCompile normal arm64_32 /Users/admin/builder/spi-builder-workspace/.dependencies/checkouts/swift-sdk/Sources/MCP/Client/Roots.swift (in target 'MCP' from project 'mcp-swift-sdk')
cd /Users/admin/builder/spi-builder-workspace/.swiftpm/xcode
builtin-SwiftPerFileCompile Roots.swift
SwiftEmitModule normal arm64_32 Emitting\ module\ for\ MCP (in target 'MCP' from project 'mcp-swift-sdk')
SwiftCompile normal arm64_32 (in target 'MCP' from project 'mcp-swift-sdk')
cd /Users/admin/builder/spi-builder-workspace/.swiftpm/xcode
SwiftCompile normal arm64_32 Compiling\ Cancellation.swift,\ Ping.swift,\ Progress.swift,\ RequestContext.swift,\ Value.swift /Users/admin/builder/spi-builder-workspace/.dependencies/checkouts/swift-sdk/Sources/MCP/Base/Utilities/Cancellation.swift /Users/admin/builder/spi-builder-workspace/.dependencies/checkouts/swift-sdk/Sources/MCP/Base/Utilities/Ping.swift /Users/admin/builder/spi-builder-workspace/.dependencies/checkouts/swift-sdk/Sources/MCP/Base/Utilities/Progress.swift /Users/admin/builder/spi-builder-workspace/.dependencies/checkouts/swift-sdk/Sources/MCP/Base/Utilities/RequestContext.swift /Users/admin/builder/spi-builder-workspace/.dependencies/checkouts/swift-sdk/Sources/MCP/Base/Value.swift (in target 'MCP' from project 'mcp-swift-sdk')
SwiftCompile normal arm64_32 /Users/admin/builder/spi-builder-workspace/.dependencies/checkouts/swift-sdk/Sources/MCP/Base/Utilities/Cancellation.swift (in target 'MCP' from project 'mcp-swift-sdk')
cd /Users/admin/builder/spi-builder-workspace/.swiftpm/xcode
builtin-SwiftPerFileCompile Cancellation.swift
SwiftCompile normal arm64_32 /Users/admin/builder/spi-builder-workspace/.dependencies/checkouts/swift-sdk/Sources/MCP/Base/Utilities/Ping.swift (in target 'MCP' from project 'mcp-swift-sdk')
cd /Users/admin/builder/spi-builder-workspace/.swiftpm/xcode
builtin-SwiftPerFileCompile Ping.swift
SwiftCompile normal arm64_32 /Users/admin/builder/spi-builder-workspace/.dependencies/checkouts/swift-sdk/Sources/MCP/Base/Utilities/Progress.swift (in target 'MCP' from project 'mcp-swift-sdk')
cd /Users/admin/builder/spi-builder-workspace/.swiftpm/xcode
builtin-SwiftPerFileCompile Progress.swift
SwiftCompile normal arm64_32 /Users/admin/builder/spi-builder-workspace/.dependencies/checkouts/swift-sdk/Sources/MCP/Base/Utilities/RequestContext.swift (in target 'MCP' from project 'mcp-swift-sdk')
cd /Users/admin/builder/spi-builder-workspace/.swiftpm/xcode
builtin-SwiftPerFileCompile RequestContext.swift
SwiftCompile normal arm64_32 /Users/admin/builder/spi-builder-workspace/.dependencies/checkouts/swift-sdk/Sources/MCP/Base/Value.swift (in target 'MCP' from project 'mcp-swift-sdk')
cd /Users/admin/builder/spi-builder-workspace/.swiftpm/xcode
builtin-SwiftPerFileCompile Value.swift
SwiftCompile normal arm64_32 Compiling\ OAuthAuthorizationCodeFlow.swift,\ OAuthAuthorizer.swift,\ OAuthClientRegistrar.swift,\ OAuthConfiguration.swift,\ OAuthConstants.swift /Users/admin/builder/spi-builder-workspace/.dependencies/checkouts/swift-sdk/Sources/MCP/Base/Authorization/OAuthAuthorizationCodeFlow.swift /Users/admin/builder/spi-builder-workspace/.dependencies/checkouts/swift-sdk/Sources/MCP/Base/Authorization/OAuthAuthorizer.swift /Users/admin/builder/spi-builder-workspace/.dependencies/checkouts/swift-sdk/Sources/MCP/Base/Authorization/OAuthClientRegistrar.swift /Users/admin/builder/spi-builder-workspace/.dependencies/checkouts/swift-sdk/Sources/MCP/Base/Authorization/OAuthConfiguration.swift /Users/admin/builder/spi-builder-workspace/.dependencies/checkouts/swift-sdk/Sources/MCP/Base/Authorization/OAuthConstants.swift (in target 'MCP' from project 'mcp-swift-sdk')
SwiftCompile normal arm64_32 /Users/admin/builder/spi-builder-workspace/.dependencies/checkouts/swift-sdk/Sources/MCP/Base/Authorization/OAuthAuthorizationCodeFlow.swift (in target 'MCP' from project 'mcp-swift-sdk')
cd /Users/admin/builder/spi-builder-workspace/.swiftpm/xcode
builtin-SwiftPerFileCompile OAuthAuthorizationCodeFlow.swift
SwiftCompile normal arm64_32 /Users/admin/builder/spi-builder-workspace/.dependencies/checkouts/swift-sdk/Sources/MCP/Base/Authorization/OAuthAuthorizer.swift (in target 'MCP' from project 'mcp-swift-sdk')
cd /Users/admin/builder/spi-builder-workspace/.swiftpm/xcode
builtin-SwiftPerFileCompile OAuthAuthorizer.swift
SwiftCompile normal arm64_32 /Users/admin/builder/spi-builder-workspace/.dependencies/checkouts/swift-sdk/Sources/MCP/Base/Authorization/OAuthClientRegistrar.swift (in target 'MCP' from project 'mcp-swift-sdk')
cd /Users/admin/builder/spi-builder-workspace/.swiftpm/xcode
builtin-SwiftPerFileCompile OAuthClientRegistrar.swift
SwiftCompile normal arm64_32 /Users/admin/builder/spi-builder-workspace/.dependencies/checkouts/swift-sdk/Sources/MCP/Base/Authorization/OAuthConfiguration.swift (in target 'MCP' from project 'mcp-swift-sdk')
cd /Users/admin/builder/spi-builder-workspace/.swiftpm/xcode
builtin-SwiftPerFileCompile OAuthConfiguration.swift
SwiftCompile normal arm64_32 /Users/admin/builder/spi-builder-workspace/.dependencies/checkouts/swift-sdk/Sources/MCP/Base/Authorization/OAuthConstants.swift (in target 'MCP' from project 'mcp-swift-sdk')
cd /Users/admin/builder/spi-builder-workspace/.swiftpm/xcode
builtin-SwiftPerFileCompile OAuthConstants.swift
SwiftEmitModule normal arm64 Emitting\ module\ for\ MCP (in target 'MCP' from project 'mcp-swift-sdk')
SwiftCompile normal arm64 (in target 'MCP' from project 'mcp-swift-sdk')
cd /Users/admin/builder/spi-builder-workspace/.swiftpm/xcode
SwiftCompile normal arm64 Compiling\ Sampling.swift,\ Data+Extensions.swift,\ Completion.swift,\ Logging.swift /Users/admin/builder/spi-builder-workspace/.dependencies/checkouts/swift-sdk/Sources/MCP/Client/Sampling.swift /Users/admin/builder/spi-builder-workspace/.dependencies/checkouts/swift-sdk/Sources/MCP/Extensions/Data+Extensions.swift /Users/admin/builder/spi-builder-workspace/.dependencies/checkouts/swift-sdk/Sources/MCP/Server/Completion.swift /Users/admin/builder/spi-builder-workspace/.dependencies/checkouts/swift-sdk/Sources/MCP/Server/Logging.swift (in target 'MCP' from project 'mcp-swift-sdk')
SwiftCompile normal arm64 /Users/admin/builder/spi-builder-workspace/.dependencies/checkouts/swift-sdk/Sources/MCP/Client/Sampling.swift (in target 'MCP' from project 'mcp-swift-sdk')
cd /Users/admin/builder/spi-builder-workspace/.swiftpm/xcode
builtin-SwiftPerFileCompile Sampling.swift
SwiftCompile normal arm64 /Users/admin/builder/spi-builder-workspace/.dependencies/checkouts/swift-sdk/Sources/MCP/Extensions/Data+Extensions.swift (in target 'MCP' from project 'mcp-swift-sdk')
cd /Users/admin/builder/spi-builder-workspace/.swiftpm/xcode
builtin-SwiftPerFileCompile Data+Extensions.swift
SwiftCompile normal arm64 /Users/admin/builder/spi-builder-workspace/.dependencies/checkouts/swift-sdk/Sources/MCP/Server/Completion.swift (in target 'MCP' from project 'mcp-swift-sdk')
cd /Users/admin/builder/spi-builder-workspace/.swiftpm/xcode
builtin-SwiftPerFileCompile Completion.swift
SwiftCompile normal arm64 /Users/admin/builder/spi-builder-workspace/.dependencies/checkouts/swift-sdk/Sources/MCP/Server/Logging.swift (in target 'MCP' from project 'mcp-swift-sdk')
cd /Users/admin/builder/spi-builder-workspace/.swiftpm/xcode
builtin-SwiftPerFileCompile Logging.swift
SwiftCompile normal arm64 Compiling\ Transport.swift,\ HTTPClientTransport.swift,\ HTTPRequestValidation.swift,\ HTTPServerTypes.swift,\ StatefulHTTPServerTransport.swift /Users/admin/builder/spi-builder-workspace/.dependencies/checkouts/swift-sdk/Sources/MCP/Base/Transport.swift /Users/admin/builder/spi-builder-workspace/.dependencies/checkouts/swift-sdk/Sources/MCP/Base/Transports/HTTPClientTransport.swift /Users/admin/builder/spi-builder-workspace/.dependencies/checkouts/swift-sdk/Sources/MCP/Base/Transports/HTTPServer/HTTPRequestValidation.swift /Users/admin/builder/spi-builder-workspace/.dependencies/checkouts/swift-sdk/Sources/MCP/Base/Transports/HTTPServer/HTTPServerTypes.swift /Users/admin/builder/spi-builder-workspace/.dependencies/checkouts/swift-sdk/Sources/MCP/Base/Transports/HTTPServer/StatefulHTTPServerTransport.swift (in target 'MCP' from project 'mcp-swift-sdk')
SwiftCompile normal arm64 /Users/admin/builder/spi-builder-workspace/.dependencies/checkouts/swift-sdk/Sources/MCP/Base/Transport.swift (in target 'MCP' from project 'mcp-swift-sdk')
cd /Users/admin/builder/spi-builder-workspace/.swiftpm/xcode
builtin-SwiftPerFileCompile Transport.swift
SwiftCompile normal arm64 /Users/admin/builder/spi-builder-workspace/.dependencies/checkouts/swift-sdk/Sources/MCP/Base/Transports/HTTPClientTransport.swift (in target 'MCP' from project 'mcp-swift-sdk')
cd /Users/admin/builder/spi-builder-workspace/.swiftpm/xcode
builtin-SwiftPerFileCompile HTTPClientTransport.swift
SwiftCompile normal arm64 /Users/admin/builder/spi-builder-workspace/.dependencies/checkouts/swift-sdk/Sources/MCP/Base/Transports/HTTPServer/HTTPRequestValidation.swift (in target 'MCP' from project 'mcp-swift-sdk')
cd /Users/admin/builder/spi-builder-workspace/.swiftpm/xcode
builtin-SwiftPerFileCompile HTTPRequestValidation.swift
SwiftCompile normal arm64 /Users/admin/builder/spi-builder-workspace/.dependencies/checkouts/swift-sdk/Sources/MCP/Base/Transports/HTTPServer/HTTPServerTypes.swift (in target 'MCP' from project 'mcp-swift-sdk')
cd /Users/admin/builder/spi-builder-workspace/.swiftpm/xcode
builtin-SwiftPerFileCompile HTTPServerTypes.swift
SwiftCompile normal arm64 /Users/admin/builder/spi-builder-workspace/.dependencies/checkouts/swift-sdk/Sources/MCP/Base/Transports/HTTPServer/StatefulHTTPServerTransport.swift (in target 'MCP' from project 'mcp-swift-sdk')
cd /Users/admin/builder/spi-builder-workspace/.swiftpm/xcode
builtin-SwiftPerFileCompile StatefulHTTPServerTransport.swift
SwiftExplicitDependencyGeneratePcm arm64_32 /Users/admin/builder/spi-builder-workspace/.derivedData/SDKExplicitPrecompiledModules/OSLog-9Y6C28FUSEHZ0VUUKF2HBOUOC.pcm
SwiftExplicitDependencyGeneratePcm arm64 /Users/admin/builder/spi-builder-workspace/.derivedData/SDKExplicitPrecompiledModules/os-2GDYECRIKV7Q8I9SYTO8ZHGYP.pcm
SwiftCompile normal arm64 Compiling\ Versioning.swift,\ Client.swift,\ Elicitation.swift,\ Roots.swift /Users/admin/builder/spi-builder-workspace/.dependencies/checkouts/swift-sdk/Sources/MCP/Base/Versioning.swift /Users/admin/builder/spi-builder-workspace/.dependencies/checkouts/swift-sdk/Sources/MCP/Client/Client.swift /Users/admin/builder/spi-builder-workspace/.dependencies/checkouts/swift-sdk/Sources/MCP/Client/Elicitation.swift /Users/admin/builder/spi-builder-workspace/.dependencies/checkouts/swift-sdk/Sources/MCP/Client/Roots.swift (in target 'MCP' from project 'mcp-swift-sdk')
SwiftCompile normal arm64 /Users/admin/builder/spi-builder-workspace/.dependencies/checkouts/swift-sdk/Sources/MCP/Base/Versioning.swift (in target 'MCP' from project 'mcp-swift-sdk')
cd /Users/admin/builder/spi-builder-workspace/.swiftpm/xcode
builtin-SwiftPerFileCompile Versioning.swift
SwiftCompile normal arm64 /Users/admin/builder/spi-builder-workspace/.dependencies/checkouts/swift-sdk/Sources/MCP/Client/Client.swift (in target 'MCP' from project 'mcp-swift-sdk')
cd /Users/admin/builder/spi-builder-workspace/.swiftpm/xcode
builtin-SwiftPerFileCompile Client.swift
SwiftCompile normal arm64 /Users/admin/builder/spi-builder-workspace/.dependencies/checkouts/swift-sdk/Sources/MCP/Client/Elicitation.swift (in target 'MCP' from project 'mcp-swift-sdk')
cd /Users/admin/builder/spi-builder-workspace/.swiftpm/xcode
builtin-SwiftPerFileCompile Elicitation.swift
SwiftCompile normal arm64 /Users/admin/builder/spi-builder-workspace/.dependencies/checkouts/swift-sdk/Sources/MCP/Client/Roots.swift (in target 'MCP' from project 'mcp-swift-sdk')
cd /Users/admin/builder/spi-builder-workspace/.swiftpm/xcode
builtin-SwiftPerFileCompile Roots.swift
SwiftCompile normal arm64 Compiling\ Prompts.swift,\ Resources.swift,\ Server.swift,\ Tools.swift /Users/admin/builder/spi-builder-workspace/.dependencies/checkouts/swift-sdk/Sources/MCP/Server/Prompts.swift /Users/admin/builder/spi-builder-workspace/.dependencies/checkouts/swift-sdk/Sources/MCP/Server/Resources.swift /Users/admin/builder/spi-builder-workspace/.dependencies/checkouts/swift-sdk/Sources/MCP/Server/Server.swift /Users/admin/builder/spi-builder-workspace/.dependencies/checkouts/swift-sdk/Sources/MCP/Server/Tools.swift (in target 'MCP' from project 'mcp-swift-sdk')
SwiftCompile normal arm64 /Users/admin/builder/spi-builder-workspace/.dependencies/checkouts/swift-sdk/Sources/MCP/Server/Prompts.swift (in target 'MCP' from project 'mcp-swift-sdk')
cd /Users/admin/builder/spi-builder-workspace/.swiftpm/xcode
builtin-SwiftPerFileCompile Prompts.swift
SwiftCompile normal arm64 /Users/admin/builder/spi-builder-workspace/.dependencies/checkouts/swift-sdk/Sources/MCP/Server/Resources.swift (in target 'MCP' from project 'mcp-swift-sdk')
cd /Users/admin/builder/spi-builder-workspace/.swiftpm/xcode
builtin-SwiftPerFileCompile Resources.swift
SwiftCompile normal arm64 /Users/admin/builder/spi-builder-workspace/.dependencies/checkouts/swift-sdk/Sources/MCP/Server/Server.swift (in target 'MCP' from project 'mcp-swift-sdk')
cd /Users/admin/builder/spi-builder-workspace/.swiftpm/xcode
builtin-SwiftPerFileCompile Server.swift
SwiftCompile normal arm64 /Users/admin/builder/spi-builder-workspace/.dependencies/checkouts/swift-sdk/Sources/MCP/Server/Tools.swift (in target 'MCP' from project 'mcp-swift-sdk')
cd /Users/admin/builder/spi-builder-workspace/.swiftpm/xcode
builtin-SwiftPerFileCompile Tools.swift
SwiftEmitModule normal arm64_32 Emitting\ module\ for\ CoderPadKit (in target 'CoderPadKit' from project 'CoderPadKit')
/Users/admin/builder/spi-builder-workspace/.dependencies/checkouts/CoderPadKit/Sources/CoderPadKit/ScreenAPI+Dates.swift:9:34: error: integer literal '946684800000' overflows when stored into 'Int'
7 |
8 | public nonisolated enum ScreenEpochMilliseconds {
9 | public static let earliest = 946_684_800_000 // 2000-01-01T00:00:00Z
| `- error: integer literal '946684800000' overflows when stored into 'Int'
10 | public static let latest = 4_102_444_800_000 // 2100-01-01T00:00:00Z
11 |
/Users/admin/builder/spi-builder-workspace/.dependencies/checkouts/CoderPadKit/Sources/CoderPadKit/ScreenAPI+Dates.swift:10:32: error: integer literal '4102444800000' overflows when stored into 'Int'
8 | public nonisolated enum ScreenEpochMilliseconds {
9 | public static let earliest = 946_684_800_000 // 2000-01-01T00:00:00Z
10 | public static let latest = 4_102_444_800_000 // 2100-01-01T00:00:00Z
| `- error: integer literal '4102444800000' overflows when stored into 'Int'
11 |
12 | public static func decode<Key: CodingKey>(
Failed frontend command:
/Applications/Xcode-27.0.0.app/Contents/Developer/Toolchains/XcodeDefault.xctoolchain/usr/bin/swift-frontend -frontend -emit-module -experimental-skip-non-inlinable-function-bodies-without-types /Users/admin/builder/spi-builder-workspace/.dependencies/checkouts/CoderPadKit/Sources/CoderPadKit/APIKeyNormalization.swift /Users/admin/builder/spi-builder-workspace/.dependencies/checkouts/CoderPadKit/Sources/CoderPadKit/AccountIntrospection.swift /Users/admin/builder/spi-builder-workspace/.dependencies/checkouts/CoderPadKit/Sources/CoderPadKit/CoderPadClient+BaseURL.swift /Users/admin/builder/spi-builder-workspace/.dependencies/checkouts/CoderPadKit/Sources/CoderPadKit/CoderPadClient+Identity.swift /Users/admin/builder/spi-builder-workspace/.dependencies/checkouts/CoderPadKit/Sources/CoderPadKit/CoderPadClient+Multipart.swift /Users/admin/builder/spi-builder-workspace/.dependencies/checkouts/CoderPadKit/Sources/CoderPadKit/CoderPadClient+Organization.swift /Users/admin/builder/spi-builder-workspace/.dependencies/checkouts/CoderPadKit/Sources/CoderPadKit/CoderPadClient+PadHistory.swift /Users/admin/builder/spi-builder-workspace/.dependencies/checkouts/CoderPadKit/Sources/CoderPadKit/CoderPadClient+QuestionVariants.swift /Users/admin/builder/spi-builder-workspace/.dependencies/checkouts/CoderPadKit/Sources/CoderPadKit/CoderPadClient.swift /Users/admin/builder/spi-builder-workspace/.dependencies/checkouts/CoderPadKit/Sources/CoderPadKit/CoderPadError.swift /Users/admin/builder/spi-builder-workspace/.dependencies/checkouts/CoderPadKit/Sources/CoderPadKit/CoderPadMutationRefreshError.swift /Users/admin/builder/spi-builder-workspace/.dependencies/checkouts/CoderPadKit/Sources/CoderPadKit/CoderPadRetryPolicy.swift /Users/admin/builder/spi-builder-workspace/.dependencies/checkouts/CoderPadKit/Sources/CoderPadKit/EmailValidation.swift /Users/admin/builder/spi-builder-workspace/.dependencies/checkouts/CoderPadKit/Sources/CoderPadKit/InterviewLanguage.swift /Users/admin/builder/spi-builder-workspace/.dependencies/checkouts/CoderPadKit/Sources/CoderPadKit/LifecycleConsistency.swift /Users/admin/builder/spi-builder-workspace/.dependencies/checkouts/CoderPadKit/Sources/CoderPadKit/Logging.swift /Users/admin/builder/spi-builder-workspace/.dependencies/checkouts/CoderPadKit/Sources/CoderPadKit/MultipartFormData.swift /Users/admin/builder/spi-builder-workspace/.dependencies/checkouts/CoderPadKit/Sources/CoderPadKit/OpenableHTTPSURL.swift /Users/admin/builder/spi-builder-workspace/.dependencies/checkouts/CoderPadKit/Sources/CoderPadKit/OptimisticEdit.swift /Users/admin/builder/spi-builder-workspace/.dependencies/checkouts/CoderPadKit/Sources/CoderPadKit/Organization.swift /Users/admin/builder/spi-builder-workspace/.dependencies/checkouts/CoderPadKit/Sources/CoderPadKit/Pad.swift /Users/admin/builder/spi-builder-workspace/.dependencies/checkouts/CoderPadKit/Sources/CoderPadKit/PadAnalytics.swift /Users/admin/builder/spi-builder-workspace/.dependencies/checkouts/CoderPadKit/Sources/CoderPadKit/PadEnvironment.swift /Users/admin/builder/spi-builder-workspace/.dependencies/checkouts/CoderPadKit/Sources/CoderPadKit/PadHistoryURLPolicy.swift /Users/admin/builder/spi-builder-workspace/.dependencies/checkouts/CoderPadKit/Sources/CoderPadKit/Question.swift /Users/admin/builder/spi-builder-workspace/.dependencies/checkouts/CoderPadKit/Sources/CoderPadKit/QuestionArrayEncoding.swift /Users/admin/builder/spi-builder-workspace/.dependencies/checkouts/CoderPadKit/Sources/CoderPadKit/QuestionFilters.swift /Users/admin/builder/spi-builder-workspace/.dependencies/checkouts/CoderPadKit/Sources/CoderPadKit/QuestionProjectMetadata.swift /Users/admin/builder/spi-builder-workspace/.dependencies/checkouts/CoderPadKit/Sources/CoderPadKit/QuestionVariant.swift /Users/admin/builder/spi-builder-workspace/.dependencies/checkouts/CoderPadKit/Sources/CoderPadKit/QuestionZIPUpload.swift /Users/admin/builder/spi-builder-workspace/.dependencies/checkouts/CoderPadKit/Sources/CoderPadKit/RawAPI.swift /Users/admin/builder/spi-builder-workspace/.dependencies/checkouts/CoderPadKit/Sources/CoderPadKit/RequestValidation.swift /Users/admin/builder/spi-builder-workspace/.dependencies/checkouts/CoderPadKit/Sources/CoderPadKit/Requests.swift /Users/admin/builder/spi-builder-workspace/.dependencies/checkouts/CoderPadKit/Sources/CoderPadKit/ScreenAIConversation.swift /Users/admin/builder/spi-builder-workspace/.dependencies/checkouts/CoderPadKit/Sources/CoderPadKit/ScreenAPI+Dates.swift /Users/admin/builder/spi-builder-workspace/.dependencies/checkouts/CoderPadKit/Sources/CoderPadKit/ScreenAPI+Identity.swift /Users/admin/builder/spi-builder-workspace/.dependencies/checkouts/CoderPadKit/Sources/CoderPadKit/ScreenAPI+Invitation.swift /Users/admin/builder/spi-builder-workspace/.dependencies/checkouts/CoderPadKit/Sources/CoderPadKit/ScreenAPI+Metrics.swift /Users/admin/builder/spi-builder-workspace/.dependencies/checkouts/CoderPadKit/Sources/CoderPadKit/ScreenAPI+Pagination.swift /Users/admin/builder/spi-builder-workspace/.dependencies/checkouts/CoderPadKit/Sources/CoderPadKit/ScreenAPI+ReportBounds.swift /Users/admin/builder/spi-builder-workspace/.dependencies/checkouts/CoderPadKit/Sources/CoderPadKit/ScreenAPI.swift /Users/admin/builder/spi-builder-workspace/.dependencies/checkouts/CoderPadKit/Sources/CoderPadKit/ScreenCampaignCreation.swift /Users/admin/builder/spi-builder-workspace/.dependencies/checkouts/CoderPadKit/Sources/CoderPadKit/ScreenCampaignSettings.swift /Users/admin/builder/spi-builder-workspace/.dependencies/checkouts/CoderPadKit/Sources/CoderPadKit/ScreenClient+BaseURL.swift /Users/admin/builder/spi-builder-workspace/.dependencies/checkouts/CoderPadKit/Sources/CoderPadKit/ScreenClient+Pagination.swift /Users/admin/builder/spi-builder-workspace/.dependencies/checkouts/CoderPadKit/Sources/CoderPadKit/ScreenClient+ProjectArchive.swift /Users/admin/builder/spi-builder-workspace/.dependencies/checkouts/CoderPadKit/Sources/CoderPadKit/ScreenClient+QuestionBank.swift /Users/admin/builder/spi-builder-workspace/.dependencies/checkouts/CoderPadKit/Sources/CoderPadKit/ScreenClient+QuestionInsights.swift /Users/admin/builder/spi-builder-workspace/.dependencies/checkouts/CoderPadKit/Sources/CoderPadKit/ScreenClient+ReportDownload.swift /Users/admin/builder/spi-builder-workspace/.dependencies/checkouts/CoderPadKit/Sources/CoderPadKit/ScreenClient+ResponseData.swift /Users/admin/builder/spi-builder-workspace/.dependencies/checkouts/CoderPadKit/Sources/CoderPadKit/ScreenClient+TemporaryFiles.swift /Users/admin/builder/spi-builder-workspace/.dependencies/checkouts/CoderPadKit/Sources/CoderPadKit/ScreenClient+Webhook.swift /Users/admin/builder/spi-builder-workspace/.dependencies/checkouts/CoderPadKit/Sources/CoderPadKit/ScreenClient.swift /Users/admin/builder/spi-builder-workspace/.dependencies/checkouts/CoderPadKit/Sources/CoderPadKit/ScreenDetailedQuestion.swift /Users/admin/builder/spi-builder-workspace/.dependencies/checkouts/CoderPadKit/Sources/CoderPadKit/ScreenDictionaryKey.swift /Users/admin/builder/spi-builder-workspace/.dependencies/checkouts/CoderPadKit/Sources/CoderPadKit/ScreenQuestionContentInputs.swift /Users/admin/builder/spi-builder-workspace/.dependencies/checkouts/CoderPadKit/Sources/CoderPadKit/ScreenQuestionEvaluationInputs.swift /Users/admin/builder/spi-builder-workspace/.dependencies/checkouts/CoderPadKit/Sources/CoderPadKit/ScreenQuestionFilters+Query.swift /Users/admin/builder/spi-builder-workspace/.dependencies/checkouts/CoderPadKit/Sources/CoderPadKit/ScreenQuestionInsights.swift /Users/admin/builder/spi-builder-workspace/.dependencies/checkouts/CoderPadKit/Sources/CoderPadKit/ScreenQuestionPagination.swift /Users/admin/builder/spi-builder-workspace/.dependencies/checkouts/CoderPadKit/Sources/CoderPadKit/ScreenQuestionResponses.swift /Users/admin/builder/spi-builder-workspace/.dependencies/checkouts/CoderPadKit/Sources/CoderPadKit/ScreenRedirectDelegate.swift /Users/admin/builder/spi-builder-workspace/.dependencies/checkouts/CoderPadKit/Sources/CoderPadKit/ScreenReportFiles.swift /Users/admin/builder/spi-builder-workspace/.dependencies/checkouts/CoderPadKit/Sources/CoderPadKit/ScreenReportOperationLimiter.swift /Users/admin/builder/spi-builder-workspace/.dependencies/checkouts/CoderPadKit/Sources/CoderPadKit/ScreenSessionQuestion.swift /Users/admin/builder/spi-builder-workspace/.dependencies/checkouts/CoderPadKit/Sources/CoderPadKit/TolerantJSON.swift -target arm64_32-apple-watchos11.0 -module-can-import-version CoreGraphics 2049 2049.0.0 -module-can-import-version OSLog 10 1966.4.1 -disable-cross-import-overlay-search -load-resolved-plugin /Applications/Xcode-27.0.0.app/Contents/Developer/Platforms/WatchOS.platform/Developer/usr/lib/swift/host/plugins/libFoundationMacros.dylib\#/Applications/Xcode-27.0.0.app/Contents/Developer/Platforms/WatchOS.platform/Developer/usr/bin/swift-plugin-server\#FoundationMacros -load-resolved-plugin /Applications/Xcode-27.0.0.app/Contents/Developer/Platforms/WatchOS.platform/Developer/usr/lib/swift/host/plugins/libObservationMacros.dylib\#/Applications/Xcode-27.0.0.app/Contents/Developer/Platforms/WatchOS.platform/Developer/usr/bin/swift-plugin-server\#ObservationMacros -load-resolved-plugin /Applications/Xcode-27.0.0.app/Contents/Developer/Platforms/WatchOS.platform/Developer/usr/lib/swift/host/plugins/libSwiftMacros.dylib\#/Applications/Xcode-27.0.0.app/Contents/Developer/Platforms/WatchOS.platform/Developer/usr/bin/swift-plugin-server\#SwiftMacros -disable-implicit-swift-modules -Xcc -fno-implicit-modules -Xcc -fno-implicit-module-maps -explicit-swift-module-map-file /Users/admin/builder/spi-builder-workspace/.derivedData/Build/Intermediates.noindex/CoderPadKit.build/Debug-watchos/CoderPadKit-t.build/Objects-normal/arm64_32/CoderPadKit-dependencies-1.json -enable-objc-interop -sdk /Applications/Xcode-27.0.0.app/Contents/Developer/Platforms/WatchOS.platform/Developer/SDKs/WatchOS27.0.sdk -I /Users/admin/builder/spi-builder-workspace/.derivedData/Build/Products/Debug-watchos -Isystem /Applications/Xcode-27.0.0.app/Contents/Developer/Platforms/WatchOS.platform/Developer/usr/lib -F /Users/admin/builder/spi-builder-workspace/.derivedData/Build/Products/Debug-watchos/PackageFrameworks -F /Users/admin/builder/spi-builder-workspace/.derivedData/Build/Products/Debug-watchos -F /Applications/Xcode-27.0.0.app/Contents/Developer/Platforms/WatchOS.platform/Developer/Library/Frameworks -F /Applications/Xcode-27.0.0.app/Contents/Developer/Platforms/WatchOS.platform/Developer/SDKs/WatchOS27.0.sdk/Developer/Library/Frameworks -module-cache-path /Users/admin/builder/spi-builder-workspace/.derivedData/Build/Intermediates.noindex/SwiftExplicitPrecompiledModules -no-color-diagnostics -Xcc -fno-color-diagnostics -enable-testing -g -debug-info-format\=dwarf -dwarf-version\=5 -suppress-warnings -profile-generate -profile-coverage-mapping -swift-version 6 -Onone -D SWIFT_PACKAGE -D DEBUG -D SWIFT_MODULE_RESOURCE_BUNDLE_UNAVAILABLE -D Xcode -serialize-debugging-options -enable-upcoming-feature NonisolatedNonsendingByDefault -enable-upcoming-feature InferIsolatedConformances -enable-experimental-feature DebugDescriptionMacro -default-isolation MainActor -empty-abi-descriptor -user-module-version 0.6.0 -validate-clang-modules-once -clang-build-session-file /Users/admin/builder/spi-builder-workspace/.derivedData/ModuleCache.noindex/Session.modulevalidation -Xcc -working-directory -Xcc /Users/admin/builder/spi-builder-workspace/.swiftpm/xcode -enable-anonymous-context-mangled-names -file-compilation-dir /Users/admin/builder/spi-builder-workspace/.swiftpm/xcode -Xcc -D_LIBCPP_HARDENING_MODE\=_LIBCPP_HARDENING_MODE_DEBUG -Xcc -ivfsstatcache -Xcc /Users/admin/builder/spi-builder-workspace/.derivedData/SDKStatCaches.noindex/watchos27.0-24R360-e829b21a6f8c9b70876ba0858053c044b9db9bc9c079ee3c7b5f3373b13d10bc.sdkstatcache -Xcc -fmodules-prune-interval\=86400 -Xcc -fmodules-prune-after\=345600 -Xcc -I/Users/admin/builder/spi-builder-workspace/.derivedData/Build/Products/Debug-watchos/include -Xcc -I/Users/admin/builder/spi-builder-workspace/.derivedData/Build/Intermediates.noindex/CoderPadKit.build/Debug-watchos/CoderPadKit-t.build/DerivedSources-normal/arm64_32 -Xcc -I/Users/admin/builder/spi-builder-workspace/.derivedData/Build/Intermediates.noindex/CoderPadKit.build/Debug-watchos/CoderPadKit-t.build/DerivedSources/arm64_32 -Xcc -I/Users/admin/builder/spi-builder-workspace/.derivedData/Build/Intermediates.noindex/CoderPadKit.build/Debug-watchos/CoderPadKit-t.build/DerivedSources -Xcc -DSWIFT_PACKAGE -Xcc -DDEBUG\=1 -no-auto-bridging-header-chaining -module-name CoderPadKit -package-name coderpadkit -const-gather-protocols-file /Users/admin/builder/spi-builder-workspace/.derivedData/Build/Intermediates.noindex/CoderPadKit.build/Debug-watchos/CoderPadKit-t.build/Objects-normal/arm64_32/CoderPadKit_const_extract_protocols.json -disable-clang-spi -clang-target arm64_32-apple-watchos27.0 -target-sdk-version 27.0 -target-sdk-name watchos27.0 -in-process-plugin-server-path /Applications/Xcode-27.0.0.app/Contents/Developer/Toolchains/XcodeDefault.xctoolchain/usr/lib/swift/host/libSwiftInProcPluginServer.dylib -emit-module-doc-path /Users/admin/builder/spi-builder-workspace/.derivedData/Build/Intermediates.noindex/CoderPadKit.build/Debug-watchos/CoderPadKit-t.build/Objects-normal/arm64_32/CoderPadKit.swiftdoc -emit-module-source-info-path /Users/admin/builder/spi-builder-workspace/.derivedData/Build/Intermediates.noindex/CoderPadKit.build/Debug-watchos/CoderPadKit-t.build/Objects-normal/arm64_32/CoderPadKit.swiftsourceinfo -emit-objc-header-path /Users/admin/builder/spi-builder-workspace/.derivedData/Build/Intermediates.noindex/CoderPadKit.build/Debug-watchos/CoderPadKit-t.build/Objects-normal/arm64_32/CoderPadKit-Swift.h -serialize-diagnostics-path /Users/admin/builder/spi-builder-workspace/.derivedData/Build/Intermediates.noindex/CoderPadKit.build/Debug-watchos/CoderPadKit-t.build/Objects-normal/arm64_32/CoderPadKit-primary-emit-module.dia -emit-dependencies-path /Users/admin/builder/spi-builder-workspace/.derivedData/Build/Intermediates.noindex/CoderPadKit.build/Debug-watchos/CoderPadKit-t.build/Objects-normal/arm64_32/CoderPadKit-primary-emit-module.d -parse-as-library -o /Users/admin/builder/spi-builder-workspace/.derivedData/Build/Intermediates.noindex/CoderPadKit.build/Debug-watchos/CoderPadKit-t.build/Objects-normal/arm64_32/CoderPadKit.swiftmodule -emit-abi-descriptor-path /Users/admin/builder/spi-builder-workspace/.derivedData/Build/Intermediates.noindex/CoderPadKit.build/Debug-watchos/CoderPadKit-t.build/Objects-normal/arm64_32/CoderPadKit.abi.json
SwiftCompile normal arm64_32 (in target 'CoderPadKit' from project 'CoderPadKit')
cd /Users/admin/builder/spi-builder-workspace/.swiftpm/xcode
SwiftExplicitDependencyGeneratePcm arm64 /Users/admin/builder/spi-builder-workspace/.derivedData/SDKExplicitPrecompiledModules/OSLog-BTXJQEK6BKB6NQOIYRYP0MQYB.pcm
SwiftDriverJobDiscovery normal arm64_32 Compiling Cancellation.swift, Ping.swift, Progress.swift, RequestContext.swift, Value.swift (in target 'MCP' from project 'mcp-swift-sdk')
SwiftCompile normal arm64_32 Compiling\ Prompts.swift,\ Resources.swift,\ Server.swift,\ Tools.swift /Users/admin/builder/spi-builder-workspace/.dependencies/checkouts/swift-sdk/Sources/MCP/Server/Prompts.swift /Users/admin/builder/spi-builder-workspace/.dependencies/checkouts/swift-sdk/Sources/MCP/Server/Resources.swift /Users/admin/builder/spi-builder-workspace/.dependencies/checkouts/swift-sdk/Sources/MCP/Server/Server.swift /Users/admin/builder/spi-builder-workspace/.dependencies/checkouts/swift-sdk/Sources/MCP/Server/Tools.swift (in target 'MCP' from project 'mcp-swift-sdk')
SwiftCompile normal arm64_32 /Users/admin/builder/spi-builder-workspace/.dependencies/checkouts/swift-sdk/Sources/MCP/Server/Prompts.swift (in target 'MCP' from project 'mcp-swift-sdk')
cd /Users/admin/builder/spi-builder-workspace/.swiftpm/xcode
builtin-SwiftPerFileCompile Prompts.swift
SwiftCompile normal arm64_32 /Users/admin/builder/spi-builder-workspace/.dependencies/checkouts/swift-sdk/Sources/MCP/Server/Resources.swift (in target 'MCP' from project 'mcp-swift-sdk')
cd /Users/admin/builder/spi-builder-workspace/.swiftpm/xcode
builtin-SwiftPerFileCompile Resources.swift
SwiftCompile normal arm64_32 /Users/admin/builder/spi-builder-workspace/.dependencies/checkouts/swift-sdk/Sources/MCP/Server/Server.swift (in target 'MCP' from project 'mcp-swift-sdk')
cd /Users/admin/builder/spi-builder-workspace/.swiftpm/xcode
builtin-SwiftPerFileCompile Server.swift
SwiftCompile normal arm64_32 /Users/admin/builder/spi-builder-workspace/.dependencies/checkouts/swift-sdk/Sources/MCP/Server/Tools.swift (in target 'MCP' from project 'mcp-swift-sdk')
cd /Users/admin/builder/spi-builder-workspace/.swiftpm/xcode
builtin-SwiftPerFileCompile Tools.swift
SwiftEmitModule normal arm64 Emitting\ module\ for\ CoderPadKit (in target 'CoderPadKit' from project 'CoderPadKit')
SwiftCompile normal arm64 (in target 'CoderPadKit' from project 'CoderPadKit')
cd /Users/admin/builder/spi-builder-workspace/.swiftpm/xcode
SwiftDriverJobDiscovery normal arm64_32 Emitting module for MCP (in target 'MCP' from project 'mcp-swift-sdk')
SwiftDriver\ Compilation\ Requirements MCP normal arm64_32 com.apple.xcode.tools.swift.compiler (in target 'MCP' from project 'mcp-swift-sdk')
cd /Users/admin/builder/spi-builder-workspace/.swiftpm/xcode
builtin-Swift-Compilation-Requirements -- /Applications/Xcode-27.0.0.app/Contents/Developer/Toolchains/XcodeDefault.xctoolchain/usr/bin/swiftc -parse-as-library -module-name MCP -Onone @/Users/admin/builder/spi-builder-workspace/.derivedData/Build/Intermediates.noindex/mcp-swift-sdk.build/Debug-watchos/MCP-t.build/Objects-normal/arm64_32/MCP.SwiftFileList -DSWIFT_PACKAGE -DDEBUG -DSWIFT_MODULE_RESOURCE_BUNDLE_UNAVAILABLE -Xcc -fmodule-map-file\=/Users/admin/builder/spi-builder-workspace/.dependencies/checkouts/swift-system/Sources/CSystem/include/module.modulemap -DXcode -enable-upcoming-feature StrictConcurrency -plugin-path /Applications/Xcode-27.0.0.app/Contents/Developer/Toolchains/XcodeDefault.xctoolchain/usr/lib/swift/host/plugins/testing -enable-experimental-feature DebugDescriptionMacro -sdk /Applications/Xcode-27.0.0.app/Contents/Developer/Platforms/WatchOS.platform/Developer/SDKs/WatchOS27.0.sdk -target arm64_32-apple-watchos9.0 -g -module-cache-path /Users/admin/builder/spi-builder-workspace/.derivedData/ModuleCache.noindex -Xfrontend -serialize-debugging-options -profile-coverage-mapping -profile-generate -enable-testing -suppress-warnings -index-store-path /Users/admin/builder/spi-builder-workspace/.derivedData/Index.noindex/DataStore -Xcc -D_LIBCPP_HARDENING_MODE\=_LIBCPP_HARDENING_MODE_DEBUG -swift-version 6 -I /Users/admin/builder/spi-builder-workspace/.derivedData/Build/Products/Debug-watchos -Isystem /Applications/Xcode-27.0.0.app/Contents/Developer/Platforms/WatchOS.platform/Developer/usr/lib -F /Users/admin/builder/spi-builder-workspace/.derivedData/Build/Products/Debug-watchos/PackageFrameworks -F /Users/admin/builder/spi-builder-workspace/.derivedData/Build/Products/Debug-watchos -F /Applications/Xcode-27.0.0.app/Contents/Developer/Platforms/WatchOS.platform/Developer/Library/Frameworks -F /Applications/Xcode-27.0.0.app/Contents/Developer/Platforms/WatchOS.platform/Developer/SDKs/WatchOS27.0.sdk/Developer/Library/Frameworks -c -j10 -enable-batch-mode -incremental -Xcc -ivfsstatcache -Xcc /Users/admin/builder/spi-builder-workspace/.derivedData/SDKStatCaches.noindex/watchos27.0-24R360-e829b21a6f8c9b70876ba0858053c044b9db9bc9c079ee3c7b5f3373b13d10bc.sdkstatcache -output-file-map /Users/admin/builder/spi-builder-workspace/.derivedData/Build/Intermediates.noindex/mcp-swift-sdk.build/Debug-watchos/MCP-t.build/Objects-normal/arm64_32/MCP-OutputFileMap.json -save-temps -no-color-diagnostics -explicit-module-build -module-cache-path /Users/admin/builder/spi-builder-workspace/.derivedData/Build/Intermediates.noindex/SwiftExplicitPrecompiledModules -clang-scanner-module-cache-path /Users/admin/builder/spi-builder-workspace/.derivedData/ModuleCache.noindex -sdk-module-cache-path /Users/admin/builder/spi-builder-workspace/.derivedData/SDKExplicitPrecompiledModules -emit-dependencies -emit-module -emit-module-path /Users/admin/builder/spi-builder-workspace/.derivedData/Build/Intermediates.noindex/mcp-swift-sdk.build/Debug-watchos/MCP-t.build/Objects-normal/arm64_32/MCP.swiftmodule -serialize-diagnostics -dependency-scan-serialize-diagnostics-path /Users/admin/builder/spi-builder-workspace/.derivedData/Build/Intermediates.noindex/mcp-swift-sdk.build/Debug-watchos/MCP-t.build/Objects-normal/arm64_32/MCP-dependency-scan.dia -user-module-version 0.12.1 -validate-clang-modules-once -clang-build-session-file /Users/admin/builder/spi-builder-workspace/.derivedData/ModuleCache.noindex/Session.modulevalidation -Xcc -fmodules-prune-interval\=86400 -Xcc -fmodules-prune-after\=345600 -package-name swift_sdk -emit-const-values -const-gather-protocols-list /Users/admin/builder/spi-builder-workspace/.derivedData/Build/Intermediates.noindex/mcp-swift-sdk.build/Debug-watchos/MCP-t.build/Objects-normal/arm64_32/MCP_const_extract_protocols.json -Xcc -I/Users/admin/builder/spi-builder-workspace/.dependencies/checkouts/swift-system/Sources/CSystem/include -Xcc -I/Users/admin/builder/spi-builder-workspace/.derivedData/Build/Products/Debug-watchos/include -Xcc -I/Users/admin/builder/spi-builder-workspace/.derivedData/Build/Intermediates.noindex/mcp-swift-sdk.build/Debug-watchos/MCP-t.build/DerivedSources-normal/arm64_32 -Xcc -I/Users/admin/builder/spi-builder-workspace/.derivedData/Build/Intermediates.noindex/mcp-swift-sdk.build/Debug-watchos/MCP-t.build/DerivedSources/arm64_32 -Xcc -I/Users/admin/builder/spi-builder-workspace/.derivedData/Build/Intermediates.noindex/mcp-swift-sdk.build/Debug-watchos/MCP-t.build/DerivedSources -Xcc -DSWIFT_PACKAGE -Xcc -DDEBUG\=1 -emit-objc-header -emit-objc-header-path /Users/admin/builder/spi-builder-workspace/.derivedData/Build/Intermediates.noindex/mcp-swift-sdk.build/Debug-watchos/MCP-t.build/Objects-normal/arm64_32/MCP-Swift.h -working-directory /Users/admin/builder/spi-builder-workspace/.swiftpm/xcode -experimental-emit-module-separately -disable-cmo
SwiftDriverJobDiscovery normal arm64 Emitting module for MCP (in target 'MCP' from project 'mcp-swift-sdk')
SwiftDriver\ Compilation\ Requirements MCP normal arm64 com.apple.xcode.tools.swift.compiler (in target 'MCP' from project 'mcp-swift-sdk')
cd /Users/admin/builder/spi-builder-workspace/.swiftpm/xcode
builtin-Swift-Compilation-Requirements -- /Applications/Xcode-27.0.0.app/Contents/Developer/Toolchains/XcodeDefault.xctoolchain/usr/bin/swiftc -parse-as-library -module-name MCP -Onone @/Users/admin/builder/spi-builder-workspace/.derivedData/Build/Intermediates.noindex/mcp-swift-sdk.build/Debug-watchos/MCP-t.build/Objects-normal/arm64/MCP.SwiftFileList -DSWIFT_PACKAGE -DDEBUG -DSWIFT_MODULE_RESOURCE_BUNDLE_UNAVAILABLE -Xcc -fmodule-map-file\=/Users/admin/builder/spi-builder-workspace/.dependencies/checkouts/swift-system/Sources/CSystem/include/module.modulemap -DXcode -enable-upcoming-feature StrictConcurrency -plugin-path /Applications/Xcode-27.0.0.app/Contents/Developer/Toolchains/XcodeDefault.xctoolchain/usr/lib/swift/host/plugins/testing -enable-experimental-feature DebugDescriptionMacro -sdk /Applications/Xcode-27.0.0.app/Contents/Developer/Platforms/WatchOS.platform/Developer/SDKs/WatchOS27.0.sdk -target arm64-apple-watchos9.0 -g -module-cache-path /Users/admin/builder/spi-builder-workspace/.derivedData/ModuleCache.noindex -Xfrontend -serialize-debugging-options -profile-coverage-mapping -profile-generate -enable-testing -suppress-warnings -index-store-path /Users/admin/builder/spi-builder-workspace/.derivedData/Index.noindex/DataStore -Xcc -D_LIBCPP_HARDENING_MODE\=_LIBCPP_HARDENING_MODE_DEBUG -swift-version 6 -I /Users/admin/builder/spi-builder-workspace/.derivedData/Build/Products/Debug-watchos -Isystem /Applications/Xcode-27.0.0.app/Contents/Developer/Platforms/WatchOS.platform/Developer/usr/lib -F /Users/admin/builder/spi-builder-workspace/.derivedData/Build/Products/Debug-watchos/PackageFrameworks -F /Users/admin/builder/spi-builder-workspace/.derivedData/Build/Products/Debug-watchos -F /Applications/Xcode-27.0.0.app/Contents/Developer/Platforms/WatchOS.platform/Developer/Library/Frameworks -F /Applications/Xcode-27.0.0.app/Contents/Developer/Platforms/WatchOS.platform/Developer/SDKs/WatchOS27.0.sdk/Developer/Library/Frameworks -c -j10 -enable-batch-mode -incremental -Xcc -ivfsstatcache -Xcc /Users/admin/builder/spi-builder-workspace/.derivedData/SDKStatCaches.noindex/watchos27.0-24R360-e829b21a6f8c9b70876ba0858053c044b9db9bc9c079ee3c7b5f3373b13d10bc.sdkstatcache -output-file-map /Users/admin/builder/spi-builder-workspace/.derivedData/Build/Intermediates.noindex/mcp-swift-sdk.build/Debug-watchos/MCP-t.build/Objects-normal/arm64/MCP-OutputFileMap.json -save-temps -no-color-diagnostics -explicit-module-build -module-cache-path /Users/admin/builder/spi-builder-workspace/.derivedData/Build/Intermediates.noindex/SwiftExplicitPrecompiledModules -clang-scanner-module-cache-path /Users/admin/builder/spi-builder-workspace/.derivedData/ModuleCache.noindex -sdk-module-cache-path /Users/admin/builder/spi-builder-workspace/.derivedData/SDKExplicitPrecompiledModules -emit-dependencies -emit-module -emit-module-path /Users/admin/builder/spi-builder-workspace/.derivedData/Build/Intermediates.noindex/mcp-swift-sdk.build/Debug-watchos/MCP-t.build/Objects-normal/arm64/MCP.swiftmodule -serialize-diagnostics -dependency-scan-serialize-diagnostics-path /Users/admin/builder/spi-builder-workspace/.derivedData/Build/Intermediates.noindex/mcp-swift-sdk.build/Debug-watchos/MCP-t.build/Objects-normal/arm64/MCP-dependency-scan.dia -user-module-version 0.12.1 -validate-clang-modules-once -clang-build-session-file /Users/admin/builder/spi-builder-workspace/.derivedData/ModuleCache.noindex/Session.modulevalidation -Xcc -fmodules-prune-interval\=86400 -Xcc -fmodules-prune-after\=345600 -package-name swift_sdk -emit-const-values -const-gather-protocols-list /Users/admin/builder/spi-builder-workspace/.derivedData/Build/Intermediates.noindex/mcp-swift-sdk.build/Debug-watchos/MCP-t.build/Objects-normal/arm64/MCP_const_extract_protocols.json -Xcc -I/Users/admin/builder/spi-builder-workspace/.dependencies/checkouts/swift-system/Sources/CSystem/include -Xcc -I/Users/admin/builder/spi-builder-workspace/.derivedData/Build/Products/Debug-watchos/include -Xcc -I/Users/admin/builder/spi-builder-workspace/.derivedData/Build/Intermediates.noindex/mcp-swift-sdk.build/Debug-watchos/MCP-t.build/DerivedSources-normal/arm64 -Xcc -I/Users/admin/builder/spi-builder-workspace/.derivedData/Build/Intermediates.noindex/mcp-swift-sdk.build/Debug-watchos/MCP-t.build/DerivedSources/arm64 -Xcc -I/Users/admin/builder/spi-builder-workspace/.derivedData/Build/Intermediates.noindex/mcp-swift-sdk.build/Debug-watchos/MCP-t.build/DerivedSources -Xcc -DSWIFT_PACKAGE -Xcc -DDEBUG\=1 -emit-objc-header -emit-objc-header-path /Users/admin/builder/spi-builder-workspace/.derivedData/Build/Intermediates.noindex/mcp-swift-sdk.build/Debug-watchos/MCP-t.build/Objects-normal/arm64/MCP-Swift.h -working-directory /Users/admin/builder/spi-builder-workspace/.swiftpm/xcode -experimental-emit-module-separately -disable-cmo
Copy /Users/admin/builder/spi-builder-workspace/.derivedData/Build/Products/Debug-watchos/MCP.swiftmodule/arm64_32-apple-watchos.swiftmodule /Users/admin/builder/spi-builder-workspace/.derivedData/Build/Intermediates.noindex/mcp-swift-sdk.build/Debug-watchos/MCP-t.build/Objects-normal/arm64_32/MCP.swiftmodule (in target 'MCP' from project 'mcp-swift-sdk')
cd /Users/admin/builder/spi-builder-workspace/.dependencies/checkouts/swift-sdk
builtin-copy -exclude .DS_Store -exclude CVS -exclude .svn -exclude .git -exclude .hg -resolve-src-symlinks -rename /Users/admin/builder/spi-builder-workspace/.derivedData/Build/Intermediates.noindex/mcp-swift-sdk.build/Debug-watchos/MCP-t.build/Objects-normal/arm64_32/MCP.swiftmodule /Users/admin/builder/spi-builder-workspace/.derivedData/Build/Products/Debug-watchos/MCP.swiftmodule/arm64_32-apple-watchos.swiftmodule
SwiftMergeGeneratedHeaders /Users/admin/builder/spi-builder-workspace/.derivedData/Build/Intermediates.noindex/GeneratedModuleMaps-watchos/MCP-Swift.h /Users/admin/builder/spi-builder-workspace/.derivedData/Build/Intermediates.noindex/mcp-swift-sdk.build/Debug-watchos/MCP-t.build/Objects-normal/arm64/MCP-Swift.h /Users/admin/builder/spi-builder-workspace/.derivedData/Build/Intermediates.noindex/mcp-swift-sdk.build/Debug-watchos/MCP-t.build/Objects-normal/arm64_32/MCP-Swift.h (in target 'MCP' from project 'mcp-swift-sdk')
cd /Users/admin/builder/spi-builder-workspace/.dependencies/checkouts/swift-sdk
builtin-swiftHeaderTool -arch arm64 /Users/admin/builder/spi-builder-workspace/.derivedData/Build/Intermediates.noindex/mcp-swift-sdk.build/Debug-watchos/MCP-t.build/Objects-normal/arm64/MCP-Swift.h -arch arm64_32 /Users/admin/builder/spi-builder-workspace/.derivedData/Build/Intermediates.noindex/mcp-swift-sdk.build/Debug-watchos/MCP-t.build/Objects-normal/arm64_32/MCP-Swift.h -o /Users/admin/builder/spi-builder-workspace/.derivedData/Build/Intermediates.noindex/GeneratedModuleMaps-watchos/MCP-Swift.h
Copy /Users/admin/builder/spi-builder-workspace/.derivedData/Build/Products/Debug-watchos/MCP.swiftmodule/arm64_32-apple-watchos.swiftdoc /Users/admin/builder/spi-builder-workspace/.derivedData/Build/Intermediates.noindex/mcp-swift-sdk.build/Debug-watchos/MCP-t.build/Objects-normal/arm64_32/MCP.swiftdoc (in target 'MCP' from project 'mcp-swift-sdk')
cd /Users/admin/builder/spi-builder-workspace/.dependencies/checkouts/swift-sdk
builtin-copy -exclude .DS_Store -exclude CVS -exclude .svn -exclude .git -exclude .hg -resolve-src-symlinks -rename /Users/admin/builder/spi-builder-workspace/.derivedData/Build/Intermediates.noindex/mcp-swift-sdk.build/Debug-watchos/MCP-t.build/Objects-normal/arm64_32/MCP.swiftdoc /Users/admin/builder/spi-builder-workspace/.derivedData/Build/Products/Debug-watchos/MCP.swiftmodule/arm64_32-apple-watchos.swiftdoc
Copy /Users/admin/builder/spi-builder-workspace/.derivedData/Build/Products/Debug-watchos/MCP.swiftmodule/arm64_32-apple-watchos.abi.json /Users/admin/builder/spi-builder-workspace/.derivedData/Build/Intermediates.noindex/mcp-swift-sdk.build/Debug-watchos/MCP-t.build/Objects-normal/arm64_32/MCP.abi.json (in target 'MCP' from project 'mcp-swift-sdk')
cd /Users/admin/builder/spi-builder-workspace/.dependencies/checkouts/swift-sdk
builtin-copy -exclude .DS_Store -exclude CVS -exclude .svn -exclude .git -exclude .hg -resolve-src-symlinks -rename /Users/admin/builder/spi-builder-workspace/.derivedData/Build/Intermediates.noindex/mcp-swift-sdk.build/Debug-watchos/MCP-t.build/Objects-normal/arm64_32/MCP.abi.json /Users/admin/builder/spi-builder-workspace/.derivedData/Build/Products/Debug-watchos/MCP.swiftmodule/arm64_32-apple-watchos.abi.json
Copy /Users/admin/builder/spi-builder-workspace/.derivedData/Build/Products/Debug-watchos/MCP.swiftmodule/arm64-apple-watchos.swiftmodule /Users/admin/builder/spi-builder-workspace/.derivedData/Build/Intermediates.noindex/mcp-swift-sdk.build/Debug-watchos/MCP-t.build/Objects-normal/arm64/MCP.swiftmodule (in target 'MCP' from project 'mcp-swift-sdk')
cd /Users/admin/builder/spi-builder-workspace/.dependencies/checkouts/swift-sdk
builtin-copy -exclude .DS_Store -exclude CVS -exclude .svn -exclude .git -exclude .hg -resolve-src-symlinks -rename /Users/admin/builder/spi-builder-workspace/.derivedData/Build/Intermediates.noindex/mcp-swift-sdk.build/Debug-watchos/MCP-t.build/Objects-normal/arm64/MCP.swiftmodule /Users/admin/builder/spi-builder-workspace/.derivedData/Build/Products/Debug-watchos/MCP.swiftmodule/arm64-apple-watchos.swiftmodule
Copy /Users/admin/builder/spi-builder-workspace/.derivedData/Build/Products/Debug-watchos/MCP.swiftmodule/arm64-apple-watchos.swiftdoc /Users/admin/builder/spi-builder-workspace/.derivedData/Build/Intermediates.noindex/mcp-swift-sdk.build/Debug-watchos/MCP-t.build/Objects-normal/arm64/MCP.swiftdoc (in target 'MCP' from project 'mcp-swift-sdk')
cd /Users/admin/builder/spi-builder-workspace/.dependencies/checkouts/swift-sdk
builtin-copy -exclude .DS_Store -exclude CVS -exclude .svn -exclude .git -exclude .hg -resolve-src-symlinks -rename /Users/admin/builder/spi-builder-workspace/.derivedData/Build/Intermediates.noindex/mcp-swift-sdk.build/Debug-watchos/MCP-t.build/Objects-normal/arm64/MCP.swiftdoc /Users/admin/builder/spi-builder-workspace/.derivedData/Build/Products/Debug-watchos/MCP.swiftmodule/arm64-apple-watchos.swiftdoc
Copy /Users/admin/builder/spi-builder-workspace/.derivedData/Build/Products/Debug-watchos/MCP.swiftmodule/arm64-apple-watchos.abi.json /Users/admin/builder/spi-builder-workspace/.derivedData/Build/Intermediates.noindex/mcp-swift-sdk.build/Debug-watchos/MCP-t.build/Objects-normal/arm64/MCP.abi.json (in target 'MCP' from project 'mcp-swift-sdk')
cd /Users/admin/builder/spi-builder-workspace/.dependencies/checkouts/swift-sdk
builtin-copy -exclude .DS_Store -exclude CVS -exclude .svn -exclude .git -exclude .hg -resolve-src-symlinks -rename /Users/admin/builder/spi-builder-workspace/.derivedData/Build/Intermediates.noindex/mcp-swift-sdk.build/Debug-watchos/MCP-t.build/Objects-normal/arm64/MCP.abi.json /Users/admin/builder/spi-builder-workspace/.derivedData/Build/Products/Debug-watchos/MCP.swiftmodule/arm64-apple-watchos.abi.json
Copy /Users/admin/builder/spi-builder-workspace/.derivedData/Build/Products/Debug-watchos/MCP.swiftmodule/Project/arm64_32-apple-watchos.swiftsourceinfo /Users/admin/builder/spi-builder-workspace/.derivedData/Build/Intermediates.noindex/mcp-swift-sdk.build/Debug-watchos/MCP-t.build/Objects-normal/arm64_32/MCP.swiftsourceinfo (in target 'MCP' from project 'mcp-swift-sdk')
cd /Users/admin/builder/spi-builder-workspace/.dependencies/checkouts/swift-sdk
builtin-copy -exclude .DS_Store -exclude CVS -exclude .svn -exclude .git -exclude .hg -resolve-src-symlinks -rename /Users/admin/builder/spi-builder-workspace/.derivedData/Build/Intermediates.noindex/mcp-swift-sdk.build/Debug-watchos/MCP-t.build/Objects-normal/arm64_32/MCP.swiftsourceinfo /Users/admin/builder/spi-builder-workspace/.derivedData/Build/Products/Debug-watchos/MCP.swiftmodule/Project/arm64_32-apple-watchos.swiftsourceinfo
Copy /Users/admin/builder/spi-builder-workspace/.derivedData/Build/Products/Debug-watchos/MCP.swiftmodule/Project/arm64-apple-watchos.swiftsourceinfo /Users/admin/builder/spi-builder-workspace/.derivedData/Build/Intermediates.noindex/mcp-swift-sdk.build/Debug-watchos/MCP-t.build/Objects-normal/arm64/MCP.swiftsourceinfo (in target 'MCP' from project 'mcp-swift-sdk')
cd /Users/admin/builder/spi-builder-workspace/.dependencies/checkouts/swift-sdk
builtin-copy -exclude .DS_Store -exclude CVS -exclude .svn -exclude .git -exclude .hg -resolve-src-symlinks -rename /Users/admin/builder/spi-builder-workspace/.derivedData/Build/Intermediates.noindex/mcp-swift-sdk.build/Debug-watchos/MCP-t.build/Objects-normal/arm64/MCP.swiftsourceinfo /Users/admin/builder/spi-builder-workspace/.derivedData/Build/Products/Debug-watchos/MCP.swiftmodule/Project/arm64-apple-watchos.swiftsourceinfo
SwiftCompile normal arm64 Compiling\ OAuthAuthorizationCodeFlow.swift,\ OAuthAuthorizer.swift,\ OAuthClientRegistrar.swift,\ OAuthConfiguration.swift,\ OAuthConstants.swift /Users/admin/builder/spi-builder-workspace/.dependencies/checkouts/swift-sdk/Sources/MCP/Base/Authorization/OAuthAuthorizationCodeFlow.swift /Users/admin/builder/spi-builder-workspace/.dependencies/checkouts/swift-sdk/Sources/MCP/Base/Authorization/OAuthAuthorizer.swift /Users/admin/builder/spi-builder-workspace/.dependencies/checkouts/swift-sdk/Sources/MCP/Base/Authorization/OAuthClientRegistrar.swift /Users/admin/builder/spi-builder-workspace/.dependencies/checkouts/swift-sdk/Sources/MCP/Base/Authorization/OAuthConfiguration.swift /Users/admin/builder/spi-builder-workspace/.dependencies/checkouts/swift-sdk/Sources/MCP/Base/Authorization/OAuthConstants.swift (in target 'MCP' from project 'mcp-swift-sdk')
SwiftCompile normal arm64 /Users/admin/builder/spi-builder-workspace/.dependencies/checkouts/swift-sdk/Sources/MCP/Base/Authorization/OAuthAuthorizationCodeFlow.swift (in target 'MCP' from project 'mcp-swift-sdk')
cd /Users/admin/builder/spi-builder-workspace/.swiftpm/xcode
builtin-SwiftPerFileCompile OAuthAuthorizationCodeFlow.swift
SwiftCompile normal arm64 /Users/admin/builder/spi-builder-workspace/.dependencies/checkouts/swift-sdk/Sources/MCP/Base/Authorization/OAuthAuthorizer.swift (in target 'MCP' from project 'mcp-swift-sdk')
cd /Users/admin/builder/spi-builder-workspace/.swiftpm/xcode
builtin-SwiftPerFileCompile OAuthAuthorizer.swift
SwiftCompile normal arm64 /Users/admin/builder/spi-builder-workspace/.dependencies/checkouts/swift-sdk/Sources/MCP/Base/Authorization/OAuthClientRegistrar.swift (in target 'MCP' from project 'mcp-swift-sdk')
cd /Users/admin/builder/spi-builder-workspace/.swiftpm/xcode
builtin-SwiftPerFileCompile OAuthClientRegistrar.swift
SwiftCompile normal arm64 /Users/admin/builder/spi-builder-workspace/.dependencies/checkouts/swift-sdk/Sources/MCP/Base/Authorization/OAuthConfiguration.swift (in target 'MCP' from project 'mcp-swift-sdk')
cd /Users/admin/builder/spi-builder-workspace/.swiftpm/xcode
builtin-SwiftPerFileCompile OAuthConfiguration.swift
SwiftCompile normal arm64 /Users/admin/builder/spi-builder-workspace/.dependencies/checkouts/swift-sdk/Sources/MCP/Base/Authorization/OAuthConstants.swift (in target 'MCP' from project 'mcp-swift-sdk')
cd /Users/admin/builder/spi-builder-workspace/.swiftpm/xcode
builtin-SwiftPerFileCompile OAuthConstants.swift
SwiftDriverJobDiscovery normal arm64 Compiling Transport.swift, HTTPClientTransport.swift, HTTPRequestValidation.swift, HTTPServerTypes.swift, StatefulHTTPServerTransport.swift (in target 'MCP' from project 'mcp-swift-sdk')
SwiftCompile normal arm64 Compiling\ OAuthDiscovery.swift,\ OAuthDiscoveryClient.swift,\ OAuthErrors.swift,\ OAuthModels.swift,\ OAuthTokenEndpointClient.swift /Users/admin/builder/spi-builder-workspace/.dependencies/checkouts/swift-sdk/Sources/MCP/Base/Authorization/OAuthDiscovery.swift /Users/admin/builder/spi-builder-workspace/.dependencies/checkouts/swift-sdk/Sources/MCP/Base/Authorization/OAuthDiscoveryClient.swift /Users/admin/builder/spi-builder-workspace/.dependencies/checkouts/swift-sdk/Sources/MCP/Base/Authorization/OAuthErrors.swift /Users/admin/builder/spi-builder-workspace/.dependencies/checkouts/swift-sdk/Sources/MCP/Base/Authorization/OAuthModels.swift /Users/admin/builder/spi-builder-workspace/.dependencies/checkouts/swift-sdk/Sources/MCP/Base/Authorization/OAuthTokenEndpointClient.swift (in target 'MCP' from project 'mcp-swift-sdk')
SwiftCompile normal arm64 /Users/admin/builder/spi-builder-workspace/.dependencies/checkouts/swift-sdk/Sources/MCP/Base/Authorization/OAuthDiscovery.swift (in target 'MCP' from project 'mcp-swift-sdk')
cd /Users/admin/builder/spi-builder-workspace/.swiftpm/xcode
builtin-SwiftPerFileCompile OAuthDiscovery.swift
SwiftCompile normal arm64 /Users/admin/builder/spi-builder-workspace/.dependencies/checkouts/swift-sdk/Sources/MCP/Base/Authorization/OAuthDiscoveryClient.swift (in target 'MCP' from project 'mcp-swift-sdk')
cd /Users/admin/builder/spi-builder-workspace/.swiftpm/xcode
builtin-SwiftPerFileCompile OAuthDiscoveryClient.swift
SwiftCompile normal arm64 /Users/admin/builder/spi-builder-workspace/.dependencies/checkouts/swift-sdk/Sources/MCP/Base/Authorization/OAuthErrors.swift (in target 'MCP' from project 'mcp-swift-sdk')
cd /Users/admin/builder/spi-builder-workspace/.swiftpm/xcode
builtin-SwiftPerFileCompile OAuthErrors.swift
SwiftCompile normal arm64 /Users/admin/builder/spi-builder-workspace/.dependencies/checkouts/swift-sdk/Sources/MCP/Base/Authorization/OAuthModels.swift (in target 'MCP' from project 'mcp-swift-sdk')
cd /Users/admin/builder/spi-builder-workspace/.swiftpm/xcode
builtin-SwiftPerFileCompile OAuthModels.swift
SwiftCompile normal arm64 /Users/admin/builder/spi-builder-workspace/.dependencies/checkouts/swift-sdk/Sources/MCP/Base/Authorization/OAuthTokenEndpointClient.swift (in target 'MCP' from project 'mcp-swift-sdk')
cd /Users/admin/builder/spi-builder-workspace/.swiftpm/xcode
builtin-SwiftPerFileCompile OAuthTokenEndpointClient.swift
SwiftDriverJobDiscovery normal arm64_32 Compiling OAuthAuthorizationCodeFlow.swift, OAuthAuthorizer.swift, OAuthClientRegistrar.swift, OAuthConfiguration.swift, OAuthConstants.swift (in target 'MCP' from project 'mcp-swift-sdk')
SwiftCompile normal arm64_32 Compiling\ Transport.swift,\ HTTPClientTransport.swift,\ HTTPRequestValidation.swift,\ HTTPServerTypes.swift,\ StatefulHTTPServerTransport.swift /Users/admin/builder/spi-builder-workspace/.dependencies/checkouts/swift-sdk/Sources/MCP/Base/Transport.swift /Users/admin/builder/spi-builder-workspace/.dependencies/checkouts/swift-sdk/Sources/MCP/Base/Transports/HTTPClientTransport.swift /Users/admin/builder/spi-builder-workspace/.dependencies/checkouts/swift-sdk/Sources/MCP/Base/Transports/HTTPServer/HTTPRequestValidation.swift /Users/admin/builder/spi-builder-workspace/.dependencies/checkouts/swift-sdk/Sources/MCP/Base/Transports/HTTPServer/HTTPServerTypes.swift /Users/admin/builder/spi-builder-workspace/.dependencies/checkouts/swift-sdk/Sources/MCP/Base/Transports/HTTPServer/StatefulHTTPServerTransport.swift (in target 'MCP' from project 'mcp-swift-sdk')
SwiftCompile normal arm64_32 /Users/admin/builder/spi-builder-workspace/.dependencies/checkouts/swift-sdk/Sources/MCP/Base/Transport.swift (in target 'MCP' from project 'mcp-swift-sdk')
cd /Users/admin/builder/spi-builder-workspace/.swiftpm/xcode
builtin-SwiftPerFileCompile Transport.swift
SwiftCompile normal arm64_32 /Users/admin/builder/spi-builder-workspace/.dependencies/checkouts/swift-sdk/Sources/MCP/Base/Transports/HTTPClientTransport.swift (in target 'MCP' from project 'mcp-swift-sdk')
cd /Users/admin/builder/spi-builder-workspace/.swiftpm/xcode
builtin-SwiftPerFileCompile HTTPClientTransport.swift
SwiftCompile normal arm64_32 /Users/admin/builder/spi-builder-workspace/.dependencies/checkouts/swift-sdk/Sources/MCP/Base/Transports/HTTPServer/HTTPRequestValidation.swift (in target 'MCP' from project 'mcp-swift-sdk')
cd /Users/admin/builder/spi-builder-workspace/.swiftpm/xcode
builtin-SwiftPerFileCompile HTTPRequestValidation.swift
SwiftCompile normal arm64_32 /Users/admin/builder/spi-builder-workspace/.dependencies/checkouts/swift-sdk/Sources/MCP/Base/Transports/HTTPServer/HTTPServerTypes.swift (in target 'MCP' from project 'mcp-swift-sdk')
cd /Users/admin/builder/spi-builder-workspace/.swiftpm/xcode
builtin-SwiftPerFileCompile HTTPServerTypes.swift
SwiftCompile normal arm64_32 /Users/admin/builder/spi-builder-workspace/.dependencies/checkouts/swift-sdk/Sources/MCP/Base/Transports/HTTPServer/StatefulHTTPServerTransport.swift (in target 'MCP' from project 'mcp-swift-sdk')
cd /Users/admin/builder/spi-builder-workspace/.swiftpm/xcode
builtin-SwiftPerFileCompile StatefulHTTPServerTransport.swift
PruneExplicitPrecompiledModules /Users/admin/builder/spi-builder-workspace/.derivedData/Build/Intermediates.noindex/SwiftExplicitPrecompiledModules
PruneExplicitPrecompiledModules /Users/admin/builder/spi-builder-workspace/.derivedData/Build/Intermediates.noindex/ExplicitPrecompiledModules
PruneExplicitPrecompiledModules /Users/admin/builder/spi-builder-workspace/.derivedData/SDKExplicitPrecompiledModules
2026-10-16 06:36:31.194 xcodebuild[1314:7186] [MT] IDERunDestination: Supported platforms for the buildables in the current scheme is empty.
** BUILD FAILED **
The following build commands failed:
SwiftEmitModule normal arm64_32 Emitting\ module\ for\ CoderPadKit (in target 'CoderPadKit' from project 'CoderPadKit')
SwiftCompile normal arm64_32 (in target 'CoderPadKit' from project 'CoderPadKit')
Building workspace CoderPadMCP with scheme CoderPadMCP-Package
(3 failures)
Command line invocation:
/Applications/Xcode-27.0.0.app/Contents/Developer/usr/bin/xcodebuild -IDEClonedSourcePackagesDirPathOverride=/Users/admin/builder/spi-builder-workspace/.dependencies -resolvePackageDependencies
Resolve Package Graph
Resolved source packages:
SafeURLKit: https://github.com/adamtheturtle/SafeURLKit.git @ 0.2.0
mcp-swift-sdk: https://github.com/modelcontextprotocol/swift-sdk.git @ 0.12.1
swift-nio: https://github.com/apple/swift-nio.git @ 2.104.0
CoderPadMCP: /Users/admin/builder/spi-builder-workspace
SwiftDocCPlugin: https://github.com/apple/swift-docc-plugin @ 1.5.0
MCPKit: https://github.com/adamtheturtle/MCPKit.git @ 0.6.0
PaginatedRESTClient: https://github.com/adamtheturtle/PaginatedRESTClient.git @ 0.5.0
swift-atomics: https://github.com/apple/swift-atomics.git @ 1.3.1
swift-system: https://github.com/apple/swift-system.git @ 1.8.1
EventSource: https://github.com/mattt/eventsource.git @ 1.5.1
SymbolKit: https://github.com/swiftlang/swift-docc-symbolkit @ 1.0.0
CoderPadKit: https://github.com/adamtheturtle/CoderPadKit.git @ 0.6.0
swift-log: https://github.com/apple/swift-log.git @ 1.16.1
swift-collections: https://github.com/apple/swift-collections.git @ 1.7.3
resolved source packages: SafeURLKit, mcp-swift-sdk, swift-nio, CoderPadMCP, SwiftDocCPlugin, MCPKit, PaginatedRESTClient, swift-atomics, swift-system, EventSource, SymbolKit, CoderPadKit, swift-log, swift-collections
2026-10-16 06:36:57.502 xcodebuild[1903:10118] [MT] IDERunDestination: Supported platforms for the buildables in the current scheme is empty.
{
"dependencies" : [
{
"identity" : "swift-sdk",
"requirement" : {
"range" : [
{
"lower_bound" : "0.12.1",
"upper_bound" : "1.0.0"
}
]
},
"type" : "sourceControl",
"url" : "https://github.com/modelcontextprotocol/swift-sdk.git"
},
{
"identity" : "mcpkit",
"requirement" : {
"range" : [
{
"lower_bound" : "0.5.1",
"upper_bound" : "1.0.0"
}
]
},
"type" : "sourceControl",
"url" : "https://github.com/adamtheturtle/MCPKit.git"
},
{
"identity" : "coderpadkit",
"requirement" : {
"range" : [
{
"lower_bound" : "0.6.0",
"upper_bound" : "1.0.0"
}
]
},
"type" : "sourceControl",
"url" : "https://github.com/adamtheturtle/CoderPadKit.git"
},
{
"identity" : "swift-docc-plugin",
"requirement" : {
"range" : [
{
"lower_bound" : "1.4.3",
"upper_bound" : "2.0.0"
}
]
},
"type" : "sourceControl",
"url" : "https://github.com/apple/swift-docc-plugin"
}
],
"manifest_display_name" : "CoderPadMCP",
"name" : "CoderPadMCP",
"path" : "/Users/admin/builder/spi-builder-workspace",
"platforms" : [
{
"name" : "macos",
"version" : "15.0"
},
{
"name" : "ios",
"version" : "18.0"
},
{
"name" : "tvos",
"version" : "18.0"
},
{
"name" : "watchos",
"version" : "11.0"
},
{
"name" : "visionos",
"version" : "2.0"
}
],
"products" : [
{
"name" : "CoderPadMCP",
"targets" : [
"CoderPadMCP"
],
"type" : {
"library" : [
"automatic"
]
}
},
{
"name" : "CoderPadToolCore",
"targets" : [
"CoderPadToolCore"
],
"type" : {
"library" : [
"automatic"
]
}
},
{
"name" : "coderpad-mcp",
"targets" : [
"coderpad-mcp"
],
"type" : {
"executable" : null
}
}
],
"targets" : [
{
"c99name" : "coderpad_mcp",
"module_type" : "SwiftTarget",
"name" : "coderpad-mcp",
"path" : "Sources/coderpad-mcp",
"product_dependencies" : [
"MCP",
"MCPKit"
],
"product_memberships" : [
"coderpad-mcp"
],
"sources" : [
"main.swift"
],
"target_dependencies" : [
"CoderPadMCP"
],
"type" : "executable"
},
{
"c99name" : "CoderPadToolCoreTests",
"module_type" : "SwiftTarget",
"name" : "CoderPadToolCoreTests",
"path" : "Tests/CoderPadToolCoreTests",
"sources" : [
"CursorContinuationTests.swift",
"JSONNumberTests.swift",
"QuestionSearchCatalogTests.swift",
"SmokeTests.swift"
],
"target_dependencies" : [
"CoderPadToolCore"
],
"type" : "test"
},
{
"c99name" : "CoderPadToolCore",
"module_type" : "SwiftTarget",
"name" : "CoderPadToolCore",
"path" : "Sources/CoderPadToolCore",
"product_memberships" : [
"CoderPadMCP",
"CoderPadToolCore",
"coderpad-mcp"
],
"sources" : [
"IdentifierValidation.swift",
"PadAggregation.swift",
"PadCode.swift",
"PadControlCatalog.swift",
"PadCreateValidation.swift",
"PaginationValidation.swift",
"QuestionAggregation.swift",
"QuestionProjectCatalog.swift",
"QuestionSearchCatalog.swift",
"QuestionSettingCatalog.swift",
"QuestionVariantCatalog.swift",
"ScreenAIConversationCatalog.swift",
"ScreenCampaignCatalog.swift",
"ScreenProjectArchiveCatalog.swift",
"ScreenQuestionReadCatalog.swift",
"ScreenQuestionWriteCatalog.swift",
"ScreenQuestionWriteSchema.swift",
"ToolCatalog.swift"
],
"type" : "library"
},
{
"c99name" : "CoderPadMCPTests",
"module_type" : "SwiftTarget",
"name" : "CoderPadMCPTests",
"path" : "Tests/CoderPadMCPTests",
"sources" : [
"APIIdentityProviderTests.swift",
"AccountsTests.swift",
"AuditBatchRegressionTests.swift",
"CoderPadMCPCoreTests.swift",
"ConfigLoaderTests.swift",
"ConfigurationFailureTests.swift",
"CursorPagingProviderTests.swift",
"DocumentationSnippetTests.swift",
"EmbeddingTests.swift",
"EmptyAccountSetTests.swift",
"JSONNumberProviderTests.swift",
"PadControlProviderTests.swift",
"PromptsAndResourcesTests.swift",
"ProviderDispatchTests.swift",
"QuestionProjectProviderTests.swift",
"QuestionSearchProviderTests.swift",
"QuestionSettingProviderTests.swift",
"QuestionVariantProviderTests.swift",
"ScreenAIConversationProviderTests.swift",
"ScreenAccountTests.swift",
"ScreenCampaignWriteTests.swift",
"ScreenDetailProviderTests.swift",
"ScreenPageLimitTests.swift",
"ScreenProjectArchiveResourceTests.swift",
"ScreenProjectUploadTests.swift",
"ScreenQuestionAuthoringTests.swift",
"ScreenQuestionReadProviderTests.swift",
"WritePolicyConfigTests.swift"
],
"target_dependencies" : [
"CoderPadMCP"
],
"type" : "test"
},
{
"c99name" : "CoderPadMCP",
"module_type" : "SwiftTarget",
"name" : "CoderPadMCP",
"path" : "Sources/CoderPadMCP",
"product_dependencies" : [
"CoderPadKit",
"MCP",
"MCPKit"
],
"product_memberships" : [
"CoderPadMCP",
"coderpad-mcp"
],
"sources" : [
"Accounts.swift",
"BoundedHTTPResponse.swift",
"Cache.swift",
"CoderPadProvider.swift",
"ConfigFileSecurity.swift",
"Diagnostics.swift",
"DuplicateJSONKeyValidator.swift",
"Exports.swift",
"Models.swift",
"Prompts.swift",
"ProviderHTTP.swift",
"ProviderIdentity.swift",
"ProviderPadControls.swift",
"ProviderPaging.swift",
"ProviderQuestionProjects.swift",
"ProviderQuestionSearch.swift",
"ProviderQuestionSettings.swift",
"ProviderQuestionVariants.swift",
"ProviderResults.swift",
"ProviderScreenAIConversations.swift",
"ProviderScreenCampaigns.swift",
"ProviderScreenMutationHTTP.swift",
"ProviderScreenProjectArchive.swift",
"ProviderScreenQuestionReads.swift",
"ProviderScreenQuestionWrites.swift",
"ProviderScreenWrites.swift",
"ReleaseVersion.swift",
"Resources.swift",
"Schema.swift",
"ScreenArchiveInput.swift",
"ScreenQuestionSaveValidation.swift",
"ScreenWriteObject.swift",
"ScreenWriteValidation.swift",
"WriteSafety.swift"
],
"target_dependencies" : [
"CoderPadToolCore"
],
"type" : "library"
}
],
"tools_version" : "6.4"
}
{
"workspace" : {
"name" : "CoderPadMCP",
"schemes" : [
"coderpad-mcp",
"CoderPadMCP",
"CoderPadMCP-Package",
"CoderPadToolCore"
]
}
}
2026-10-16 06:37:05.758 xcodebuild[1961:10499] [MT] IDERunDestination: Supported platforms for the buildables in the current scheme is empty.
Running build ...
env DEVELOPER_DIR=/Applications/Xcode-27.0.0.app xcrun xcodebuild -IDEClonedSourcePackagesDirPathOverride=$PWD/.dependencies -skipMacroValidation -skipPackagePluginValidation -derivedDataPath $PWD/.derivedData build -scheme CoderPadMCP-Package -destination generic/platform=watchOS
Command line invocation:
/Applications/Xcode-27.0.0.app/Contents/Developer/usr/bin/xcodebuild -IDEClonedSourcePackagesDirPathOverride=/Users/admin/builder/spi-builder-workspace/.dependencies -skipMacroValidation -skipPackagePluginValidation -derivedDataPath /Users/admin/builder/spi-builder-workspace/.derivedData build -scheme CoderPadMCP-Package -destination generic/platform=watchOS
Resolve Package Graph
Resolved source packages:
swift-collections: https://github.com/apple/swift-collections.git @ 1.7.3
EventSource: https://github.com/mattt/eventsource.git @ 1.5.1
mcp-swift-sdk: https://github.com/modelcontextprotocol/swift-sdk.git @ 0.12.1
SymbolKit: https://github.com/swiftlang/swift-docc-symbolkit @ 1.0.0
MCPKit: https://github.com/adamtheturtle/MCPKit.git @ 0.6.0
swift-nio: https://github.com/apple/swift-nio.git @ 2.104.0
swift-atomics: https://github.com/apple/swift-atomics.git @ 1.3.1
SafeURLKit: https://github.com/adamtheturtle/SafeURLKit.git @ 0.2.0
swift-log: https://github.com/apple/swift-log.git @ 1.16.1
CoderPadMCP: /Users/admin/builder/spi-builder-workspace
PaginatedRESTClient: https://github.com/adamtheturtle/PaginatedRESTClient.git @ 0.5.0
swift-system: https://github.com/apple/swift-system.git @ 1.8.1
SwiftDocCPlugin: https://github.com/apple/swift-docc-plugin @ 1.5.0
CoderPadKit: https://github.com/adamtheturtle/CoderPadKit.git @ 0.6.0
ComputePackagePrebuildTargetDependencyGraph
Prepare packages
CreateBuildRequest
SendProjectDescription
CreateBuildOperation
ComputeTargetDependencyGraph
note: Building targets in dependency order
note: Target dependency graph (22 targets)
Target 'coderpad-mcp-product' in project 'CoderPadMCP'
➜ Explicit dependency on target 'CoderPadToolCore' in project 'CoderPadMCP'
➜ Explicit dependency on target 'CoderPadMCP' in project 'CoderPadMCP'
➜ Explicit dependency on target 'CoderPadKit-product' in project 'CoderPadKit'
➜ Explicit dependency on target 'MCP-product' in project 'mcp-swift-sdk'
➜ Explicit dependency on target 'MCPKit-product' in project 'MCPKit'
Target 'CoderPadToolCore-product' in project 'CoderPadMCP'
➜ Explicit dependency on target 'CoderPadToolCore' in project 'CoderPadMCP'
Target 'CoderPadMCP-product' in project 'CoderPadMCP'
➜ Explicit dependency on target 'CoderPadMCP' in project 'CoderPadMCP'
➜ Explicit dependency on target 'CoderPadToolCore' in project 'CoderPadMCP'
➜ Explicit dependency on target 'CoderPadKit-product' in project 'CoderPadKit'
➜ Explicit dependency on target 'MCP-product' in project 'mcp-swift-sdk'
➜ Explicit dependency on target 'MCPKit-product' in project 'MCPKit'
Target 'CoderPadMCP' in project 'CoderPadMCP'
➜ Explicit dependency on target 'CoderPadToolCore' in project 'CoderPadMCP'
➜ Explicit dependency on target 'CoderPadKit-product' in project 'CoderPadKit'
➜ Explicit dependency on target 'MCP-product' in project 'mcp-swift-sdk'
➜ Explicit dependency on target 'MCPKit-product' in project 'MCPKit'
Target 'MCPKit-product' in project 'MCPKit'
➜ Explicit dependency on target 'MCPKit' in project 'MCPKit'
➜ Explicit dependency on target 'MCP-product' in project 'mcp-swift-sdk'
Target 'MCPKit' in project 'MCPKit'
➜ Explicit dependency on target 'MCP-product' in project 'mcp-swift-sdk'
Target 'MCP-product' in project 'mcp-swift-sdk'
➜ Explicit dependency on target 'MCP' in project 'mcp-swift-sdk'
➜ Explicit dependency on target 'SystemPackage-product' in project 'swift-system'
➜ Explicit dependency on target 'Logging-product' in project 'swift-log'
➜ Explicit dependency on target 'EventSource-product' in project 'EventSource'
Target 'MCP' in project 'mcp-swift-sdk'
➜ Explicit dependency on target 'SystemPackage-product' in project 'swift-system'
➜ Explicit dependency on target 'Logging-product' in project 'swift-log'
➜ Explicit dependency on target 'EventSource-product' in project 'EventSource'
Target 'EventSource-product' in project 'EventSource'
➜ Explicit dependency on target 'EventSource' in project 'EventSource'
Target 'EventSource' in project 'EventSource' (no dependencies)
Target 'Logging-product' in project 'swift-log'
➜ Explicit dependency on target 'Logging' in project 'swift-log'
Target 'Logging' in project 'swift-log' (no dependencies)
Target 'SystemPackage-product' in project 'swift-system'
➜ Explicit dependency on target 'SystemPackage' in project 'swift-system'
➜ Explicit dependency on target 'CSystem' in project 'swift-system'
Target 'SystemPackage' in project 'swift-system'
➜ Explicit dependency on target 'CSystem' in project 'swift-system'
Target 'CSystem' in project 'swift-system' (no dependencies)
Target 'CoderPadKit-product' in project 'CoderPadKit'
➜ Explicit dependency on target 'CoderPadKit' in project 'CoderPadKit'
➜ Explicit dependency on target 'PaginatedRESTClient-product' in project 'PaginatedRESTClient'
➜ Explicit dependency on target 'SafeURLKit-product' in project 'SafeURLKit'
Target 'CoderPadKit' in project 'CoderPadKit'
➜ Explicit dependency on target 'PaginatedRESTClient-product' in project 'PaginatedRESTClient'
➜ Explicit dependency on target 'SafeURLKit-product' in project 'SafeURLKit'
Target 'SafeURLKit-product' in project 'SafeURLKit'
➜ Explicit dependency on target 'SafeURLKit' in project 'SafeURLKit'
Target 'SafeURLKit' in project 'SafeURLKit' (no dependencies)
Target 'PaginatedRESTClient-product' in project 'PaginatedRESTClient'
➜ Explicit dependency on target 'PaginatedRESTClient' in project 'PaginatedRESTClient'
Target 'PaginatedRESTClient' in project 'PaginatedRESTClient' (no dependencies)
Target 'CoderPadToolCore' in project 'CoderPadMCP' (no dependencies)
GatherProvisioningInputs
CreateBuildDescription
ClangStatCache /Applications/Xcode-27.0.0.app/Contents/Developer/Toolchains/XcodeDefault.xctoolchain/usr/bin/clang-stat-cache /Applications/Xcode-27.0.0.app/Contents/Developer/Platforms/WatchOS.platform/Developer/SDKs/WatchOS27.0.sdk /Users/admin/builder/spi-builder-workspace/.derivedData/SDKStatCaches.noindex/watchos27.0-24R360-e829b21a6f8c9b70876ba0858053c044b9db9bc9c079ee3c7b5f3373b13d10bc.sdkstatcache
cd /Users/admin/builder/spi-builder-workspace/.swiftpm/xcode
/Applications/Xcode-27.0.0.app/Contents/Developer/Toolchains/XcodeDefault.xctoolchain/usr/bin/clang-stat-cache /Applications/Xcode-27.0.0.app/Contents/Developer/Platforms/WatchOS.platform/Developer/SDKs/WatchOS27.0.sdk -o /Users/admin/builder/spi-builder-workspace/.derivedData/SDKStatCaches.noindex/watchos27.0-24R360-e829b21a6f8c9b70876ba0858053c044b9db9bc9c079ee3c7b5f3373b13d10bc.sdkstatcache
SwiftDriver MCP normal arm64_32 com.apple.xcode.tools.swift.compiler (in target 'MCP' from project 'mcp-swift-sdk')
cd /Users/admin/builder/spi-builder-workspace/.swiftpm/xcode
builtin-SwiftDriver -- /Applications/Xcode-27.0.0.app/Contents/Developer/Toolchains/XcodeDefault.xctoolchain/usr/bin/swiftc -parse-as-library -module-name MCP -Onone @/Users/admin/builder/spi-builder-workspace/.derivedData/Build/Intermediates.noindex/mcp-swift-sdk.build/Debug-watchos/MCP-t.build/Objects-normal/arm64_32/MCP.SwiftFileList -DSWIFT_PACKAGE -DDEBUG -DSWIFT_MODULE_RESOURCE_BUNDLE_UNAVAILABLE -Xcc -fmodule-map-file\=/Users/admin/builder/spi-builder-workspace/.dependencies/checkouts/swift-system/Sources/CSystem/include/module.modulemap -DXcode -enable-upcoming-feature StrictConcurrency -plugin-path /Applications/Xcode-27.0.0.app/Contents/Developer/Toolchains/XcodeDefault.xctoolchain/usr/lib/swift/host/plugins/testing -enable-experimental-feature DebugDescriptionMacro -sdk /Applications/Xcode-27.0.0.app/Contents/Developer/Platforms/WatchOS.platform/Developer/SDKs/WatchOS27.0.sdk -target arm64_32-apple-watchos9.0 -g -module-cache-path /Users/admin/builder/spi-builder-workspace/.derivedData/ModuleCache.noindex -Xfrontend -serialize-debugging-options -profile-coverage-mapping -profile-generate -enable-testing -suppress-warnings -index-store-path /Users/admin/builder/spi-builder-workspace/.derivedData/Index.noindex/DataStore -Xcc -D_LIBCPP_HARDENING_MODE\=_LIBCPP_HARDENING_MODE_DEBUG -swift-version 6 -I /Users/admin/builder/spi-builder-workspace/.derivedData/Build/Products/Debug-watchos -Isystem /Applications/Xcode-27.0.0.app/Contents/Developer/Platforms/WatchOS.platform/Developer/usr/lib -F /Users/admin/builder/spi-builder-workspace/.derivedData/Build/Products/Debug-watchos/PackageFrameworks -F /Users/admin/builder/spi-builder-workspace/.derivedData/Build/Products/Debug-watchos -F /Applications/Xcode-27.0.0.app/Contents/Developer/Platforms/WatchOS.platform/Developer/Library/Frameworks -F /Applications/Xcode-27.0.0.app/Contents/Developer/Platforms/WatchOS.platform/Developer/SDKs/WatchOS27.0.sdk/Developer/Library/Frameworks -c -j10 -enable-batch-mode -incremental -Xcc -ivfsstatcache -Xcc /Users/admin/builder/spi-builder-workspace/.derivedData/SDKStatCaches.noindex/watchos27.0-24R360-e829b21a6f8c9b70876ba0858053c044b9db9bc9c079ee3c7b5f3373b13d10bc.sdkstatcache -output-file-map /Users/admin/builder/spi-builder-workspace/.derivedData/Build/Intermediates.noindex/mcp-swift-sdk.build/Debug-watchos/MCP-t.build/Objects-normal/arm64_32/MCP-OutputFileMap.json -save-temps -no-color-diagnostics -explicit-module-build -module-cache-path /Users/admin/builder/spi-builder-workspace/.derivedData/Build/Intermediates.noindex/SwiftExplicitPrecompiledModules -clang-scanner-module-cache-path /Users/admin/builder/spi-builder-workspace/.derivedData/ModuleCache.noindex -sdk-module-cache-path /Users/admin/builder/spi-builder-workspace/.derivedData/SDKExplicitPrecompiledModules -emit-dependencies -emit-module -emit-module-path /Users/admin/builder/spi-builder-workspace/.derivedData/Build/Intermediates.noindex/mcp-swift-sdk.build/Debug-watchos/MCP-t.build/Objects-normal/arm64_32/MCP.swiftmodule -serialize-diagnostics -dependency-scan-serialize-diagnostics-path /Users/admin/builder/spi-builder-workspace/.derivedData/Build/Intermediates.noindex/mcp-swift-sdk.build/Debug-watchos/MCP-t.build/Objects-normal/arm64_32/MCP-dependency-scan.dia -user-module-version 0.12.1 -validate-clang-modules-once -clang-build-session-file /Users/admin/builder/spi-builder-workspace/.derivedData/ModuleCache.noindex/Session.modulevalidation -Xcc -fmodules-prune-interval\=86400 -Xcc -fmodules-prune-after\=345600 -package-name swift_sdk -emit-const-values -const-gather-protocols-list /Users/admin/builder/spi-builder-workspace/.derivedData/Build/Intermediates.noindex/mcp-swift-sdk.build/Debug-watchos/MCP-t.build/Objects-normal/arm64_32/MCP_const_extract_protocols.json -Xcc -I/Users/admin/builder/spi-builder-workspace/.dependencies/checkouts/swift-system/Sources/CSystem/include -Xcc -I/Users/admin/builder/spi-builder-workspace/.derivedData/Build/Products/Debug-watchos/include -Xcc -I/Users/admin/builder/spi-builder-workspace/.derivedData/Build/Intermediates.noindex/mcp-swift-sdk.build/Debug-watchos/MCP-t.build/DerivedSources-normal/arm64_32 -Xcc -I/Users/admin/builder/spi-builder-workspace/.derivedData/Build/Intermediates.noindex/mcp-swift-sdk.build/Debug-watchos/MCP-t.build/DerivedSources/arm64_32 -Xcc -I/Users/admin/builder/spi-builder-workspace/.derivedData/Build/Intermediates.noindex/mcp-swift-sdk.build/Debug-watchos/MCP-t.build/DerivedSources -Xcc -DSWIFT_PACKAGE -Xcc -DDEBUG\=1 -emit-objc-header -emit-objc-header-path /Users/admin/builder/spi-builder-workspace/.derivedData/Build/Intermediates.noindex/mcp-swift-sdk.build/Debug-watchos/MCP-t.build/Objects-normal/arm64_32/MCP-Swift.h -working-directory /Users/admin/builder/spi-builder-workspace/.swiftpm/xcode -experimental-emit-module-separately -disable-cmo
SwiftDriver CoderPadKit normal arm64_32 com.apple.xcode.tools.swift.compiler (in target 'CoderPadKit' from project 'CoderPadKit')
cd /Users/admin/builder/spi-builder-workspace/.swiftpm/xcode
builtin-SwiftDriver -- /Applications/Xcode-27.0.0.app/Contents/Developer/Toolchains/XcodeDefault.xctoolchain/usr/bin/swiftc -parse-as-library -module-name CoderPadKit -Onone @/Users/admin/builder/spi-builder-workspace/.derivedData/Build/Intermediates.noindex/CoderPadKit.build/Debug-watchos/CoderPadKit-t.build/Objects-normal/arm64_32/CoderPadKit.SwiftFileList -DSWIFT_PACKAGE -DDEBUG -DSWIFT_MODULE_RESOURCE_BUNDLE_UNAVAILABLE -DXcode -default-isolation MainActor -enable-upcoming-feature NonisolatedNonsendingByDefault -enable-upcoming-feature InferIsolatedConformances -plugin-path /Applications/Xcode-27.0.0.app/Contents/Developer/Toolchains/XcodeDefault.xctoolchain/usr/lib/swift/host/plugins/testing -enable-experimental-feature DebugDescriptionMacro -sdk /Applications/Xcode-27.0.0.app/Contents/Developer/Platforms/WatchOS.platform/Developer/SDKs/WatchOS27.0.sdk -target arm64_32-apple-watchos11.0 -g -module-cache-path /Users/admin/builder/spi-builder-workspace/.derivedData/ModuleCache.noindex -Xfrontend -serialize-debugging-options -profile-coverage-mapping -profile-generate -enable-testing -suppress-warnings -index-store-path /Users/admin/builder/spi-builder-workspace/.derivedData/Index.noindex/DataStore -Xcc -D_LIBCPP_HARDENING_MODE\=_LIBCPP_HARDENING_MODE_DEBUG -swift-version 6 -I /Users/admin/builder/spi-builder-workspace/.derivedData/Build/Products/Debug-watchos -Isystem /Applications/Xcode-27.0.0.app/Contents/Developer/Platforms/WatchOS.platform/Developer/usr/lib -F /Users/admin/builder/spi-builder-workspace/.derivedData/Build/Products/Debug-watchos/PackageFrameworks -F /Users/admin/builder/spi-builder-workspace/.derivedData/Build/Products/Debug-watchos -F /Applications/Xcode-27.0.0.app/Contents/Developer/Platforms/WatchOS.platform/Developer/Library/Frameworks -F /Applications/Xcode-27.0.0.app/Contents/Developer/Platforms/WatchOS.platform/Developer/SDKs/WatchOS27.0.sdk/Developer/Library/Frameworks -c -j10 -enable-batch-mode -incremental -Xcc -ivfsstatcache -Xcc /Users/admin/builder/spi-builder-workspace/.derivedData/SDKStatCaches.noindex/watchos27.0-24R360-e829b21a6f8c9b70876ba0858053c044b9db9bc9c079ee3c7b5f3373b13d10bc.sdkstatcache -output-file-map /Users/admin/builder/spi-builder-workspace/.derivedData/Build/Intermediates.noindex/CoderPadKit.build/Debug-watchos/CoderPadKit-t.build/Objects-normal/arm64_32/CoderPadKit-OutputFileMap.json -save-temps -no-color-diagnostics -explicit-module-build -module-cache-path /Users/admin/builder/spi-builder-workspace/.derivedData/Build/Intermediates.noindex/SwiftExplicitPrecompiledModules -clang-scanner-module-cache-path /Users/admin/builder/spi-builder-workspace/.derivedData/ModuleCache.noindex -sdk-module-cache-path /Users/admin/builder/spi-builder-workspace/.derivedData/SDKExplicitPrecompiledModules -emit-dependencies -emit-module -emit-module-path /Users/admin/builder/spi-builder-workspace/.derivedData/Build/Intermediates.noindex/CoderPadKit.build/Debug-watchos/CoderPadKit-t.build/Objects-normal/arm64_32/CoderPadKit.swiftmodule -serialize-diagnostics -dependency-scan-serialize-diagnostics-path /Users/admin/builder/spi-builder-workspace/.derivedData/Build/Intermediates.noindex/CoderPadKit.build/Debug-watchos/CoderPadKit-t.build/Objects-normal/arm64_32/CoderPadKit-dependency-scan.dia -user-module-version 0.6.0 -validate-clang-modules-once -clang-build-session-file /Users/admin/builder/spi-builder-workspace/.derivedData/ModuleCache.noindex/Session.modulevalidation -Xcc -fmodules-prune-interval\=86400 -Xcc -fmodules-prune-after\=345600 -package-name coderpadkit -emit-const-values -const-gather-protocols-list /Users/admin/builder/spi-builder-workspace/.derivedData/Build/Intermediates.noindex/CoderPadKit.build/Debug-watchos/CoderPadKit-t.build/Objects-normal/arm64_32/CoderPadKit_const_extract_protocols.json -Xcc -I/Users/admin/builder/spi-builder-workspace/.derivedData/Build/Products/Debug-watchos/include -Xcc -I/Users/admin/builder/spi-builder-workspace/.derivedData/Build/Intermediates.noindex/CoderPadKit.build/Debug-watchos/CoderPadKit-t.build/DerivedSources-normal/arm64_32 -Xcc -I/Users/admin/builder/spi-builder-workspace/.derivedData/Build/Intermediates.noindex/CoderPadKit.build/Debug-watchos/CoderPadKit-t.build/DerivedSources/arm64_32 -Xcc -I/Users/admin/builder/spi-builder-workspace/.derivedData/Build/Intermediates.noindex/CoderPadKit.build/Debug-watchos/CoderPadKit-t.build/DerivedSources -Xcc -DSWIFT_PACKAGE -Xcc -DDEBUG\=1 -emit-objc-header -emit-objc-header-path /Users/admin/builder/spi-builder-workspace/.derivedData/Build/Intermediates.noindex/CoderPadKit.build/Debug-watchos/CoderPadKit-t.build/Objects-normal/arm64_32/CoderPadKit-Swift.h -working-directory /Users/admin/builder/spi-builder-workspace/.swiftpm/xcode -experimental-emit-module-separately -disable-cmo
SwiftDriver MCP normal arm64 com.apple.xcode.tools.swift.compiler (in target 'MCP' from project 'mcp-swift-sdk')
cd /Users/admin/builder/spi-builder-workspace/.swiftpm/xcode
builtin-SwiftDriver -- /Applications/Xcode-27.0.0.app/Contents/Developer/Toolchains/XcodeDefault.xctoolchain/usr/bin/swiftc -parse-as-library -module-name MCP -Onone @/Users/admin/builder/spi-builder-workspace/.derivedData/Build/Intermediates.noindex/mcp-swift-sdk.build/Debug-watchos/MCP-t.build/Objects-normal/arm64/MCP.SwiftFileList -DSWIFT_PACKAGE -DDEBUG -DSWIFT_MODULE_RESOURCE_BUNDLE_UNAVAILABLE -Xcc -fmodule-map-file\=/Users/admin/builder/spi-builder-workspace/.dependencies/checkouts/swift-system/Sources/CSystem/include/module.modulemap -DXcode -enable-upcoming-feature StrictConcurrency -plugin-path /Applications/Xcode-27.0.0.app/Contents/Developer/Toolchains/XcodeDefault.xctoolchain/usr/lib/swift/host/plugins/testing -enable-experimental-feature DebugDescriptionMacro -sdk /Applications/Xcode-27.0.0.app/Contents/Developer/Platforms/WatchOS.platform/Developer/SDKs/WatchOS27.0.sdk -target arm64-apple-watchos9.0 -g -module-cache-path /Users/admin/builder/spi-builder-workspace/.derivedData/ModuleCache.noindex -Xfrontend -serialize-debugging-options -profile-coverage-mapping -profile-generate -enable-testing -suppress-warnings -index-store-path /Users/admin/builder/spi-builder-workspace/.derivedData/Index.noindex/DataStore -Xcc -D_LIBCPP_HARDENING_MODE\=_LIBCPP_HARDENING_MODE_DEBUG -swift-version 6 -I /Users/admin/builder/spi-builder-workspace/.derivedData/Build/Products/Debug-watchos -Isystem /Applications/Xcode-27.0.0.app/Contents/Developer/Platforms/WatchOS.platform/Developer/usr/lib -F /Users/admin/builder/spi-builder-workspace/.derivedData/Build/Products/Debug-watchos/PackageFrameworks -F /Users/admin/builder/spi-builder-workspace/.derivedData/Build/Products/Debug-watchos -F /Applications/Xcode-27.0.0.app/Contents/Developer/Platforms/WatchOS.platform/Developer/Library/Frameworks -F /Applications/Xcode-27.0.0.app/Contents/Developer/Platforms/WatchOS.platform/Developer/SDKs/WatchOS27.0.sdk/Developer/Library/Frameworks -c -j10 -enable-batch-mode -incremental -Xcc -ivfsstatcache -Xcc /Users/admin/builder/spi-builder-workspace/.derivedData/SDKStatCaches.noindex/watchos27.0-24R360-e829b21a6f8c9b70876ba0858053c044b9db9bc9c079ee3c7b5f3373b13d10bc.sdkstatcache -output-file-map /Users/admin/builder/spi-builder-workspace/.derivedData/Build/Intermediates.noindex/mcp-swift-sdk.build/Debug-watchos/MCP-t.build/Objects-normal/arm64/MCP-OutputFileMap.json -save-temps -no-color-diagnostics -explicit-module-build -module-cache-path /Users/admin/builder/spi-builder-workspace/.derivedData/Build/Intermediates.noindex/SwiftExplicitPrecompiledModules -clang-scanner-module-cache-path /Users/admin/builder/spi-builder-workspace/.derivedData/ModuleCache.noindex -sdk-module-cache-path /Users/admin/builder/spi-builder-workspace/.derivedData/SDKExplicitPrecompiledModules -emit-dependencies -emit-module -emit-module-path /Users/admin/builder/spi-builder-workspace/.derivedData/Build/Intermediates.noindex/mcp-swift-sdk.build/Debug-watchos/MCP-t.build/Objects-normal/arm64/MCP.swiftmodule -serialize-diagnostics -dependency-scan-serialize-diagnostics-path /Users/admin/builder/spi-builder-workspace/.derivedData/Build/Intermediates.noindex/mcp-swift-sdk.build/Debug-watchos/MCP-t.build/Objects-normal/arm64/MCP-dependency-scan.dia -user-module-version 0.12.1 -validate-clang-modules-once -clang-build-session-file /Users/admin/builder/spi-builder-workspace/.derivedData/ModuleCache.noindex/Session.modulevalidation -Xcc -fmodules-prune-interval\=86400 -Xcc -fmodules-prune-after\=345600 -package-name swift_sdk -emit-const-values -const-gather-protocols-list /Users/admin/builder/spi-builder-workspace/.derivedData/Build/Intermediates.noindex/mcp-swift-sdk.build/Debug-watchos/MCP-t.build/Objects-normal/arm64/MCP_const_extract_protocols.json -Xcc -I/Users/admin/builder/spi-builder-workspace/.dependencies/checkouts/swift-system/Sources/CSystem/include -Xcc -I/Users/admin/builder/spi-builder-workspace/.derivedData/Build/Products/Debug-watchos/include -Xcc -I/Users/admin/builder/spi-builder-workspace/.derivedData/Build/Intermediates.noindex/mcp-swift-sdk.build/Debug-watchos/MCP-t.build/DerivedSources-normal/arm64 -Xcc -I/Users/admin/builder/spi-builder-workspace/.derivedData/Build/Intermediates.noindex/mcp-swift-sdk.build/Debug-watchos/MCP-t.build/DerivedSources/arm64 -Xcc -I/Users/admin/builder/spi-builder-workspace/.derivedData/Build/Intermediates.noindex/mcp-swift-sdk.build/Debug-watchos/MCP-t.build/DerivedSources -Xcc -DSWIFT_PACKAGE -Xcc -DDEBUG\=1 -emit-objc-header -emit-objc-header-path /Users/admin/builder/spi-builder-workspace/.derivedData/Build/Intermediates.noindex/mcp-swift-sdk.build/Debug-watchos/MCP-t.build/Objects-normal/arm64/MCP-Swift.h -working-directory /Users/admin/builder/spi-builder-workspace/.swiftpm/xcode -experimental-emit-module-separately -disable-cmo
SwiftDriver CoderPadKit normal arm64 com.apple.xcode.tools.swift.compiler (in target 'CoderPadKit' from project 'CoderPadKit')
cd /Users/admin/builder/spi-builder-workspace/.swiftpm/xcode
builtin-SwiftDriver -- /Applications/Xcode-27.0.0.app/Contents/Developer/Toolchains/XcodeDefault.xctoolchain/usr/bin/swiftc -parse-as-library -module-name CoderPadKit -Onone @/Users/admin/builder/spi-builder-workspace/.derivedData/Build/Intermediates.noindex/CoderPadKit.build/Debug-watchos/CoderPadKit-t.build/Objects-normal/arm64/CoderPadKit.SwiftFileList -DSWIFT_PACKAGE -DDEBUG -DSWIFT_MODULE_RESOURCE_BUNDLE_UNAVAILABLE -DXcode -default-isolation MainActor -enable-upcoming-feature NonisolatedNonsendingByDefault -enable-upcoming-feature InferIsolatedConformances -plugin-path /Applications/Xcode-27.0.0.app/Contents/Developer/Toolchains/XcodeDefault.xctoolchain/usr/lib/swift/host/plugins/testing -enable-experimental-feature DebugDescriptionMacro -sdk /Applications/Xcode-27.0.0.app/Contents/Developer/Platforms/WatchOS.platform/Developer/SDKs/WatchOS27.0.sdk -target arm64-apple-watchos11.0 -g -module-cache-path /Users/admin/builder/spi-builder-workspace/.derivedData/ModuleCache.noindex -Xfrontend -serialize-debugging-options -profile-coverage-mapping -profile-generate -enable-testing -suppress-warnings -index-store-path /Users/admin/builder/spi-builder-workspace/.derivedData/Index.noindex/DataStore -Xcc -D_LIBCPP_HARDENING_MODE\=_LIBCPP_HARDENING_MODE_DEBUG -swift-version 6 -I /Users/admin/builder/spi-builder-workspace/.derivedData/Build/Products/Debug-watchos -Isystem /Applications/Xcode-27.0.0.app/Contents/Developer/Platforms/WatchOS.platform/Developer/usr/lib -F /Users/admin/builder/spi-builder-workspace/.derivedData/Build/Products/Debug-watchos/PackageFrameworks -F /Users/admin/builder/spi-builder-workspace/.derivedData/Build/Products/Debug-watchos -F /Applications/Xcode-27.0.0.app/Contents/Developer/Platforms/WatchOS.platform/Developer/Library/Frameworks -F /Applications/Xcode-27.0.0.app/Contents/Developer/Platforms/WatchOS.platform/Developer/SDKs/WatchOS27.0.sdk/Developer/Library/Frameworks -c -j10 -enable-batch-mode -incremental -Xcc -ivfsstatcache -Xcc /Users/admin/builder/spi-builder-workspace/.derivedData/SDKStatCaches.noindex/watchos27.0-24R360-e829b21a6f8c9b70876ba0858053c044b9db9bc9c079ee3c7b5f3373b13d10bc.sdkstatcache -output-file-map /Users/admin/builder/spi-builder-workspace/.derivedData/Build/Intermediates.noindex/CoderPadKit.build/Debug-watchos/CoderPadKit-t.build/Objects-normal/arm64/CoderPadKit-OutputFileMap.json -save-temps -no-color-diagnostics -explicit-module-build -module-cache-path /Users/admin/builder/spi-builder-workspace/.derivedData/Build/Intermediates.noindex/SwiftExplicitPrecompiledModules -clang-scanner-module-cache-path /Users/admin/builder/spi-builder-workspace/.derivedData/ModuleCache.noindex -sdk-module-cache-path /Users/admin/builder/spi-builder-workspace/.derivedData/SDKExplicitPrecompiledModules -emit-dependencies -emit-module -emit-module-path /Users/admin/builder/spi-builder-workspace/.derivedData/Build/Intermediates.noindex/CoderPadKit.build/Debug-watchos/CoderPadKit-t.build/Objects-normal/arm64/CoderPadKit.swiftmodule -serialize-diagnostics -dependency-scan-serialize-diagnostics-path /Users/admin/builder/spi-builder-workspace/.derivedData/Build/Intermediates.noindex/CoderPadKit.build/Debug-watchos/CoderPadKit-t.build/Objects-normal/arm64/CoderPadKit-dependency-scan.dia -user-module-version 0.6.0 -validate-clang-modules-once -clang-build-session-file /Users/admin/builder/spi-builder-workspace/.derivedData/ModuleCache.noindex/Session.modulevalidation -Xcc -fmodules-prune-interval\=86400 -Xcc -fmodules-prune-after\=345600 -package-name coderpadkit -emit-const-values -const-gather-protocols-list /Users/admin/builder/spi-builder-workspace/.derivedData/Build/Intermediates.noindex/CoderPadKit.build/Debug-watchos/CoderPadKit-t.build/Objects-normal/arm64/CoderPadKit_const_extract_protocols.json -Xcc -I/Users/admin/builder/spi-builder-workspace/.derivedData/Build/Products/Debug-watchos/include -Xcc -I/Users/admin/builder/spi-builder-workspace/.derivedData/Build/Intermediates.noindex/CoderPadKit.build/Debug-watchos/CoderPadKit-t.build/DerivedSources-normal/arm64 -Xcc -I/Users/admin/builder/spi-builder-workspace/.derivedData/Build/Intermediates.noindex/CoderPadKit.build/Debug-watchos/CoderPadKit-t.build/DerivedSources/arm64 -Xcc -I/Users/admin/builder/spi-builder-workspace/.derivedData/Build/Intermediates.noindex/CoderPadKit.build/Debug-watchos/CoderPadKit-t.build/DerivedSources -Xcc -DSWIFT_PACKAGE -Xcc -DDEBUG\=1 -emit-objc-header -emit-objc-header-path /Users/admin/builder/spi-builder-workspace/.derivedData/Build/Intermediates.noindex/CoderPadKit.build/Debug-watchos/CoderPadKit-t.build/Objects-normal/arm64/CoderPadKit-Swift.h -working-directory /Users/admin/builder/spi-builder-workspace/.swiftpm/xcode -experimental-emit-module-separately -disable-cmo
SwiftDriver MCPKit normal arm64 com.apple.xcode.tools.swift.compiler (in target 'MCPKit' from project 'MCPKit')
cd /Users/admin/builder/spi-builder-workspace/.swiftpm/xcode
builtin-SwiftDriver -- /Applications/Xcode-27.0.0.app/Contents/Developer/Toolchains/XcodeDefault.xctoolchain/usr/bin/swiftc -parse-as-library -module-name MCPKit -Onone @/Users/admin/builder/spi-builder-workspace/.derivedData/Build/Intermediates.noindex/MCPKit.build/Debug-watchos/MCPKit-t.build/Objects-normal/arm64/MCPKit.SwiftFileList -DSWIFT_PACKAGE -DDEBUG -DSWIFT_MODULE_RESOURCE_BUNDLE_UNAVAILABLE -Xcc -fmodule-map-file\=/Users/admin/builder/spi-builder-workspace/.dependencies/checkouts/swift-system/Sources/CSystem/include/module.modulemap -DXcode -plugin-path /Applications/Xcode-27.0.0.app/Contents/Developer/Toolchains/XcodeDefault.xctoolchain/usr/lib/swift/host/plugins/testing -enable-experimental-feature DebugDescriptionMacro -sdk /Applications/Xcode-27.0.0.app/Contents/Developer/Platforms/WatchOS.platform/Developer/SDKs/WatchOS27.0.sdk -target arm64-apple-watchos9.0 -g -module-cache-path /Users/admin/builder/spi-builder-workspace/.derivedData/ModuleCache.noindex -Xfrontend -serialize-debugging-options -profile-coverage-mapping -profile-generate -enable-testing -suppress-warnings -index-store-path /Users/admin/builder/spi-builder-workspace/.derivedData/Index.noindex/DataStore -Xcc -D_LIBCPP_HARDENING_MODE\=_LIBCPP_HARDENING_MODE_DEBUG -swift-version 6 -I /Users/admin/builder/spi-builder-workspace/.derivedData/Build/Products/Debug-watchos -Isystem /Applications/Xcode-27.0.0.app/Contents/Developer/Platforms/WatchOS.platform/Developer/usr/lib -F /Users/admin/builder/spi-builder-workspace/.derivedData/Build/Products/Debug-watchos/PackageFrameworks -F /Users/admin/builder/spi-builder-workspace/.derivedData/Build/Products/Debug-watchos -F /Applications/Xcode-27.0.0.app/Contents/Developer/Platforms/WatchOS.platform/Developer/Library/Frameworks -F /Applications/Xcode-27.0.0.app/Contents/Developer/Platforms/WatchOS.platform/Developer/SDKs/WatchOS27.0.sdk/Developer/Library/Frameworks -c -j10 -enable-batch-mode -incremental -Xcc -ivfsstatcache -Xcc /Users/admin/builder/spi-builder-workspace/.derivedData/SDKStatCaches.noindex/watchos27.0-24R360-e829b21a6f8c9b70876ba0858053c044b9db9bc9c079ee3c7b5f3373b13d10bc.sdkstatcache -output-file-map /Users/admin/builder/spi-builder-workspace/.derivedData/Build/Intermediates.noindex/MCPKit.build/Debug-watchos/MCPKit-t.build/Objects-normal/arm64/MCPKit-OutputFileMap.json -save-temps -no-color-diagnostics -explicit-module-build -module-cache-path /Users/admin/builder/spi-builder-workspace/.derivedData/Build/Intermediates.noindex/SwiftExplicitPrecompiledModules -clang-scanner-module-cache-path /Users/admin/builder/spi-builder-workspace/.derivedData/ModuleCache.noindex -sdk-module-cache-path /Users/admin/builder/spi-builder-workspace/.derivedData/SDKExplicitPrecompiledModules -emit-dependencies -emit-module -emit-module-path /Users/admin/builder/spi-builder-workspace/.derivedData/Build/Intermediates.noindex/MCPKit.build/Debug-watchos/MCPKit-t.build/Objects-normal/arm64/MCPKit.swiftmodule -serialize-diagnostics -dependency-scan-serialize-diagnostics-path /Users/admin/builder/spi-builder-workspace/.derivedData/Build/Intermediates.noindex/MCPKit.build/Debug-watchos/MCPKit-t.build/Objects-normal/arm64/MCPKit-dependency-scan.dia -user-module-version 0.6.0 -validate-clang-modules-once -clang-build-session-file /Users/admin/builder/spi-builder-workspace/.derivedData/ModuleCache.noindex/Session.modulevalidation -Xcc -fmodules-prune-interval\=86400 -Xcc -fmodules-prune-after\=345600 -package-name mcpkit -emit-const-values -const-gather-protocols-list /Users/admin/builder/spi-builder-workspace/.derivedData/Build/Intermediates.noindex/MCPKit.build/Debug-watchos/MCPKit-t.build/Objects-normal/arm64/MCPKit_const_extract_protocols.json -Xcc -I/Users/admin/builder/spi-builder-workspace/.dependencies/checkouts/swift-system/Sources/CSystem/include -Xcc -I/Users/admin/builder/spi-builder-workspace/.derivedData/Build/Products/Debug-watchos/include -Xcc -I/Users/admin/builder/spi-builder-workspace/.derivedData/Build/Intermediates.noindex/MCPKit.build/Debug-watchos/MCPKit-t.build/DerivedSources-normal/arm64 -Xcc -I/Users/admin/builder/spi-builder-workspace/.derivedData/Build/Intermediates.noindex/MCPKit.build/Debug-watchos/MCPKit-t.build/DerivedSources/arm64 -Xcc -I/Users/admin/builder/spi-builder-workspace/.derivedData/Build/Intermediates.noindex/MCPKit.build/Debug-watchos/MCPKit-t.build/DerivedSources -Xcc -DSWIFT_PACKAGE -Xcc -DDEBUG\=1 -emit-objc-header -emit-objc-header-path /Users/admin/builder/spi-builder-workspace/.derivedData/Build/Intermediates.noindex/MCPKit.build/Debug-watchos/MCPKit-t.build/Objects-normal/arm64/MCPKit-Swift.h -working-directory /Users/admin/builder/spi-builder-workspace/.swiftpm/xcode -experimental-emit-module-separately -disable-cmo
SwiftDriver MCPKit normal arm64_32 com.apple.xcode.tools.swift.compiler (in target 'MCPKit' from project 'MCPKit')
cd /Users/admin/builder/spi-builder-workspace/.swiftpm/xcode
builtin-SwiftDriver -- /Applications/Xcode-27.0.0.app/Contents/Developer/Toolchains/XcodeDefault.xctoolchain/usr/bin/swiftc -parse-as-library -module-name MCPKit -Onone @/Users/admin/builder/spi-builder-workspace/.derivedData/Build/Intermediates.noindex/MCPKit.build/Debug-watchos/MCPKit-t.build/Objects-normal/arm64_32/MCPKit.SwiftFileList -DSWIFT_PACKAGE -DDEBUG -DSWIFT_MODULE_RESOURCE_BUNDLE_UNAVAILABLE -Xcc -fmodule-map-file\=/Users/admin/builder/spi-builder-workspace/.dependencies/checkouts/swift-system/Sources/CSystem/include/module.modulemap -DXcode -plugin-path /Applications/Xcode-27.0.0.app/Contents/Developer/Toolchains/XcodeDefault.xctoolchain/usr/lib/swift/host/plugins/testing -enable-experimental-feature DebugDescriptionMacro -sdk /Applications/Xcode-27.0.0.app/Contents/Developer/Platforms/WatchOS.platform/Developer/SDKs/WatchOS27.0.sdk -target arm64_32-apple-watchos9.0 -g -module-cache-path /Users/admin/builder/spi-builder-workspace/.derivedData/ModuleCache.noindex -Xfrontend -serialize-debugging-options -profile-coverage-mapping -profile-generate -enable-testing -suppress-warnings -index-store-path /Users/admin/builder/spi-builder-workspace/.derivedData/Index.noindex/DataStore -Xcc -D_LIBCPP_HARDENING_MODE\=_LIBCPP_HARDENING_MODE_DEBUG -swift-version 6 -I /Users/admin/builder/spi-builder-workspace/.derivedData/Build/Products/Debug-watchos -Isystem /Applications/Xcode-27.0.0.app/Contents/Developer/Platforms/WatchOS.platform/Developer/usr/lib -F /Users/admin/builder/spi-builder-workspace/.derivedData/Build/Products/Debug-watchos/PackageFrameworks -F /Users/admin/builder/spi-builder-workspace/.derivedData/Build/Products/Debug-watchos -F /Applications/Xcode-27.0.0.app/Contents/Developer/Platforms/WatchOS.platform/Developer/Library/Frameworks -F /Applications/Xcode-27.0.0.app/Contents/Developer/Platforms/WatchOS.platform/Developer/SDKs/WatchOS27.0.sdk/Developer/Library/Frameworks -c -j10 -enable-batch-mode -incremental -Xcc -ivfsstatcache -Xcc /Users/admin/builder/spi-builder-workspace/.derivedData/SDKStatCaches.noindex/watchos27.0-24R360-e829b21a6f8c9b70876ba0858053c044b9db9bc9c079ee3c7b5f3373b13d10bc.sdkstatcache -output-file-map /Users/admin/builder/spi-builder-workspace/.derivedData/Build/Intermediates.noindex/MCPKit.build/Debug-watchos/MCPKit-t.build/Objects-normal/arm64_32/MCPKit-OutputFileMap.json -save-temps -no-color-diagnostics -explicit-module-build -module-cache-path /Users/admin/builder/spi-builder-workspace/.derivedData/Build/Intermediates.noindex/SwiftExplicitPrecompiledModules -clang-scanner-module-cache-path /Users/admin/builder/spi-builder-workspace/.derivedData/ModuleCache.noindex -sdk-module-cache-path /Users/admin/builder/spi-builder-workspace/.derivedData/SDKExplicitPrecompiledModules -emit-dependencies -emit-module -emit-module-path /Users/admin/builder/spi-builder-workspace/.derivedData/Build/Intermediates.noindex/MCPKit.build/Debug-watchos/MCPKit-t.build/Objects-normal/arm64_32/MCPKit.swiftmodule -serialize-diagnostics -dependency-scan-serialize-diagnostics-path /Users/admin/builder/spi-builder-workspace/.derivedData/Build/Intermediates.noindex/MCPKit.build/Debug-watchos/MCPKit-t.build/Objects-normal/arm64_32/MCPKit-dependency-scan.dia -user-module-version 0.6.0 -validate-clang-modules-once -clang-build-session-file /Users/admin/builder/spi-builder-workspace/.derivedData/ModuleCache.noindex/Session.modulevalidation -Xcc -fmodules-prune-interval\=86400 -Xcc -fmodules-prune-after\=345600 -package-name mcpkit -emit-const-values -const-gather-protocols-list /Users/admin/builder/spi-builder-workspace/.derivedData/Build/Intermediates.noindex/MCPKit.build/Debug-watchos/MCPKit-t.build/Objects-normal/arm64_32/MCPKit_const_extract_protocols.json -Xcc -I/Users/admin/builder/spi-builder-workspace/.dependencies/checkouts/swift-system/Sources/CSystem/include -Xcc -I/Users/admin/builder/spi-builder-workspace/.derivedData/Build/Products/Debug-watchos/include -Xcc -I/Users/admin/builder/spi-builder-workspace/.derivedData/Build/Intermediates.noindex/MCPKit.build/Debug-watchos/MCPKit-t.build/DerivedSources-normal/arm64_32 -Xcc -I/Users/admin/builder/spi-builder-workspace/.derivedData/Build/Intermediates.noindex/MCPKit.build/Debug-watchos/MCPKit-t.build/DerivedSources/arm64_32 -Xcc -I/Users/admin/builder/spi-builder-workspace/.derivedData/Build/Intermediates.noindex/MCPKit.build/Debug-watchos/MCPKit-t.build/DerivedSources -Xcc -DSWIFT_PACKAGE -Xcc -DDEBUG\=1 -emit-objc-header -emit-objc-header-path /Users/admin/builder/spi-builder-workspace/.derivedData/Build/Intermediates.noindex/MCPKit.build/Debug-watchos/MCPKit-t.build/Objects-normal/arm64_32/MCPKit-Swift.h -working-directory /Users/admin/builder/spi-builder-workspace/.swiftpm/xcode -experimental-emit-module-separately -disable-cmo
SwiftCompile normal arm64 Compiling\ Arguments.swift /Users/admin/builder/spi-builder-workspace/.dependencies/checkouts/MCPKit/Sources/MCPKit/Arguments.swift (in target 'MCPKit' from project 'MCPKit')
SwiftCompile normal arm64 /Users/admin/builder/spi-builder-workspace/.dependencies/checkouts/MCPKit/Sources/MCPKit/Arguments.swift (in target 'MCPKit' from project 'MCPKit')
cd /Users/admin/builder/spi-builder-workspace/.swiftpm/xcode
builtin-SwiftPerFileCompile Arguments.swift
SwiftCompile normal arm64 Compiling\ MCPToolProvider.swift /Users/admin/builder/spi-builder-workspace/.dependencies/checkouts/MCPKit/Sources/MCPKit/MCPToolProvider.swift (in target 'MCPKit' from project 'MCPKit')
SwiftCompile normal arm64 /Users/admin/builder/spi-builder-workspace/.dependencies/checkouts/MCPKit/Sources/MCPKit/MCPToolProvider.swift (in target 'MCPKit' from project 'MCPKit')
cd /Users/admin/builder/spi-builder-workspace/.swiftpm/xcode
builtin-SwiftPerFileCompile MCPToolProvider.swift
SwiftCompile normal arm64 Compiling\ Results.swift /Users/admin/builder/spi-builder-workspace/.dependencies/checkouts/MCPKit/Sources/MCPKit/Results.swift (in target 'MCPKit' from project 'MCPKit')
SwiftCompile normal arm64 /Users/admin/builder/spi-builder-workspace/.dependencies/checkouts/MCPKit/Sources/MCPKit/Results.swift (in target 'MCPKit' from project 'MCPKit')
cd /Users/admin/builder/spi-builder-workspace/.swiftpm/xcode
builtin-SwiftPerFileCompile Results.swift
SwiftCompile normal arm64 Compiling\ JSONLLog.swift /Users/admin/builder/spi-builder-workspace/.dependencies/checkouts/MCPKit/Sources/MCPKit/JSONLLog.swift (in target 'MCPKit' from project 'MCPKit')
SwiftCompile normal arm64 /Users/admin/builder/spi-builder-workspace/.dependencies/checkouts/MCPKit/Sources/MCPKit/JSONLLog.swift (in target 'MCPKit' from project 'MCPKit')
cd /Users/admin/builder/spi-builder-workspace/.swiftpm/xcode
builtin-SwiftPerFileCompile JSONLLog.swift
SwiftCompile normal arm64 Compiling\ StdioBootstrap.swift /Users/admin/builder/spi-builder-workspace/.dependencies/checkouts/MCPKit/Sources/MCPKit/StdioBootstrap.swift (in target 'MCPKit' from project 'MCPKit')
SwiftCompile normal arm64 /Users/admin/builder/spi-builder-workspace/.dependencies/checkouts/MCPKit/Sources/MCPKit/StdioBootstrap.swift (in target 'MCPKit' from project 'MCPKit')
cd /Users/admin/builder/spi-builder-workspace/.swiftpm/xcode
builtin-SwiftPerFileCompile StdioBootstrap.swift
SwiftCompile normal arm64 Compiling\ Prompts.swift /Users/admin/builder/spi-builder-workspace/.dependencies/checkouts/MCPKit/Sources/MCPKit/Prompts.swift (in target 'MCPKit' from project 'MCPKit')
SwiftCompile normal arm64 /Users/admin/builder/spi-builder-workspace/.dependencies/checkouts/MCPKit/Sources/MCPKit/Prompts.swift (in target 'MCPKit' from project 'MCPKit')
cd /Users/admin/builder/spi-builder-workspace/.swiftpm/xcode
builtin-SwiftPerFileCompile Prompts.swift
SwiftCompile normal arm64 Compiling\ ToolSchema.swift /Users/admin/builder/spi-builder-workspace/.dependencies/checkouts/MCPKit/Sources/MCPKit/ToolSchema.swift (in target 'MCPKit' from project 'MCPKit')
SwiftCompile normal arm64 /Users/admin/builder/spi-builder-workspace/.dependencies/checkouts/MCPKit/Sources/MCPKit/ToolSchema.swift (in target 'MCPKit' from project 'MCPKit')
cd /Users/admin/builder/spi-builder-workspace/.swiftpm/xcode
builtin-SwiftPerFileCompile ToolSchema.swift
SwiftEmitModule normal arm64 Emitting\ module\ for\ MCPKit (in target 'MCPKit' from project 'MCPKit')
SwiftCompile normal arm64 (in target 'MCPKit' from project 'MCPKit')
cd /Users/admin/builder/spi-builder-workspace/.swiftpm/xcode
SwiftEmitModule normal arm64_32 Emitting\ module\ for\ MCPKit (in target 'MCPKit' from project 'MCPKit')
SwiftCompile normal arm64_32 (in target 'MCPKit' from project 'MCPKit')
cd /Users/admin/builder/spi-builder-workspace/.swiftpm/xcode
SwiftCompile normal arm64_32 Compiling\ JSONLLog.swift /Users/admin/builder/spi-builder-workspace/.dependencies/checkouts/MCPKit/Sources/MCPKit/JSONLLog.swift (in target 'MCPKit' from project 'MCPKit')
SwiftCompile normal arm64_32 /Users/admin/builder/spi-builder-workspace/.dependencies/checkouts/MCPKit/Sources/MCPKit/JSONLLog.swift (in target 'MCPKit' from project 'MCPKit')
cd /Users/admin/builder/spi-builder-workspace/.swiftpm/xcode
builtin-SwiftPerFileCompile JSONLLog.swift
SwiftEmitModule normal arm64_32 Emitting\ module\ for\ MCP (in target 'MCP' from project 'mcp-swift-sdk')
SwiftCompile normal arm64_32 (in target 'MCP' from project 'mcp-swift-sdk')
cd /Users/admin/builder/spi-builder-workspace/.swiftpm/xcode
SwiftDriverJobDiscovery normal arm64 Compiling MCPToolProvider.swift (in target 'MCPKit' from project 'MCPKit')
SwiftEmitModule normal arm64 Emitting\ module\ for\ MCP (in target 'MCP' from project 'mcp-swift-sdk')
SwiftCompile normal arm64 (in target 'MCP' from project 'mcp-swift-sdk')
cd /Users/admin/builder/spi-builder-workspace/.swiftpm/xcode
SwiftDriverJobDiscovery normal arm64 Emitting module for MCPKit (in target 'MCPKit' from project 'MCPKit')
SwiftEmitModule normal arm64_32 Emitting\ module\ for\ CoderPadKit (in target 'CoderPadKit' from project 'CoderPadKit')
/Users/admin/builder/spi-builder-workspace/.dependencies/checkouts/CoderPadKit/Sources/CoderPadKit/ScreenAPI+Dates.swift:9:34: error: integer literal '946684800000' overflows when stored into 'Int'
7 |
8 | public nonisolated enum ScreenEpochMilliseconds {
9 | public static let earliest = 946_684_800_000 // 2000-01-01T00:00:00Z
| `- error: integer literal '946684800000' overflows when stored into 'Int'
10 | public static let latest = 4_102_444_800_000 // 2100-01-01T00:00:00Z
11 |
/Users/admin/builder/spi-builder-workspace/.dependencies/checkouts/CoderPadKit/Sources/CoderPadKit/ScreenAPI+Dates.swift:10:32: error: integer literal '4102444800000' overflows when stored into 'Int'
8 | public nonisolated enum ScreenEpochMilliseconds {
9 | public static let earliest = 946_684_800_000 // 2000-01-01T00:00:00Z
10 | public static let latest = 4_102_444_800_000 // 2100-01-01T00:00:00Z
| `- error: integer literal '4102444800000' overflows when stored into 'Int'
11 |
12 | public static func decode<Key: CodingKey>(
Failed frontend command:
SwiftCompile normal arm64_32 (in target 'CoderPadKit' from project 'CoderPadKit')
cd /Users/admin/builder/spi-builder-workspace/.swiftpm/xcode
/Applications/Xcode-27.0.0.app/Contents/Developer/Toolchains/XcodeDefault.xctoolchain/usr/bin/swift-frontend -frontend -emit-module -experimental-skip-non-inlinable-function-bodies-without-types /Users/admin/builder/spi-builder-workspace/.dependencies/checkouts/CoderPadKit/Sources/CoderPadKit/APIKeyNormalization.swift /Users/admin/builder/spi-builder-workspace/.dependencies/checkouts/CoderPadKit/Sources/CoderPadKit/AccountIntrospection.swift /Users/admin/builder/spi-builder-workspace/.dependencies/checkouts/CoderPadKit/Sources/CoderPadKit/CoderPadClient+BaseURL.swift /Users/admin/builder/spi-builder-workspace/.dependencies/checkouts/CoderPadKit/Sources/CoderPadKit/CoderPadClient+Identity.swift /Users/admin/builder/spi-builder-workspace/.dependencies/checkouts/CoderPadKit/Sources/CoderPadKit/CoderPadClient+Multipart.swift /Users/admin/builder/spi-builder-workspace/.dependencies/checkouts/CoderPadKit/Sources/CoderPadKit/CoderPadClient+Organization.swift /Users/admin/builder/spi-builder-workspace/.dependencies/checkouts/CoderPadKit/Sources/CoderPadKit/CoderPadClient+PadHistory.swift /Users/admin/builder/spi-builder-workspace/.dependencies/checkouts/CoderPadKit/Sources/CoderPadKit/CoderPadClient+QuestionVariants.swift /Users/admin/builder/spi-builder-workspace/.dependencies/checkouts/CoderPadKit/Sources/CoderPadKit/CoderPadClient.swift /Users/admin/builder/spi-builder-workspace/.dependencies/checkouts/CoderPadKit/Sources/CoderPadKit/CoderPadError.swift /Users/admin/builder/spi-builder-workspace/.dependencies/checkouts/CoderPadKit/Sources/CoderPadKit/CoderPadMutationRefreshError.swift /Users/admin/builder/spi-builder-workspace/.dependencies/checkouts/CoderPadKit/Sources/CoderPadKit/CoderPadRetryPolicy.swift /Users/admin/builder/spi-builder-workspace/.dependencies/checkouts/CoderPadKit/Sources/CoderPadKit/EmailValidation.swift /Users/admin/builder/spi-builder-workspace/.dependencies/checkouts/CoderPadKit/Sources/CoderPadKit/InterviewLanguage.swift /Users/admin/builder/spi-builder-workspace/.dependencies/checkouts/CoderPadKit/Sources/CoderPadKit/LifecycleConsistency.swift /Users/admin/builder/spi-builder-workspace/.dependencies/checkouts/CoderPadKit/Sources/CoderPadKit/Logging.swift /Users/admin/builder/spi-builder-workspace/.dependencies/checkouts/CoderPadKit/Sources/CoderPadKit/MultipartFormData.swift /Users/admin/builder/spi-builder-workspace/.dependencies/checkouts/CoderPadKit/Sources/CoderPadKit/OpenableHTTPSURL.swift /Users/admin/builder/spi-builder-workspace/.dependencies/checkouts/CoderPadKit/Sources/CoderPadKit/OptimisticEdit.swift /Users/admin/builder/spi-builder-workspace/.dependencies/checkouts/CoderPadKit/Sources/CoderPadKit/Organization.swift /Users/admin/builder/spi-builder-workspace/.dependencies/checkouts/CoderPadKit/Sources/CoderPadKit/Pad.swift /Users/admin/builder/spi-builder-workspace/.dependencies/checkouts/CoderPadKit/Sources/CoderPadKit/PadAnalytics.swift /Users/admin/builder/spi-builder-workspace/.dependencies/checkouts/CoderPadKit/Sources/CoderPadKit/PadEnvironment.swift /Users/admin/builder/spi-builder-workspace/.dependencies/checkouts/CoderPadKit/Sources/CoderPadKit/PadHistoryURLPolicy.swift /Users/admin/builder/spi-builder-workspace/.dependencies/checkouts/CoderPadKit/Sources/CoderPadKit/Question.swift /Users/admin/builder/spi-builder-workspace/.dependencies/checkouts/CoderPadKit/Sources/CoderPadKit/QuestionArrayEncoding.swift /Users/admin/builder/spi-builder-workspace/.dependencies/checkouts/CoderPadKit/Sources/CoderPadKit/QuestionFilters.swift /Users/admin/builder/spi-builder-workspace/.dependencies/checkouts/CoderPadKit/Sources/CoderPadKit/QuestionProjectMetadata.swift /Users/admin/builder/spi-builder-workspace/.dependencies/checkouts/CoderPadKit/Sources/CoderPadKit/QuestionVariant.swift /Users/admin/builder/spi-builder-workspace/.dependencies/checkouts/CoderPadKit/Sources/CoderPadKit/QuestionZIPUpload.swift /Users/admin/builder/spi-builder-workspace/.dependencies/checkouts/CoderPadKit/Sources/CoderPadKit/RawAPI.swift /Users/admin/builder/spi-builder-workspace/.dependencies/checkouts/CoderPadKit/Sources/CoderPadKit/RequestValidation.swift /Users/admin/builder/spi-builder-workspace/.dependencies/checkouts/CoderPadKit/Sources/CoderPadKit/Requests.swift /Users/admin/builder/spi-builder-workspace/.dependencies/checkouts/CoderPadKit/Sources/CoderPadKit/ScreenAIConversation.swift /Users/admin/builder/spi-builder-workspace/.dependencies/checkouts/CoderPadKit/Sources/CoderPadKit/ScreenAPI+Dates.swift /Users/admin/builder/spi-builder-workspace/.dependencies/checkouts/CoderPadKit/Sources/CoderPadKit/ScreenAPI+Identity.swift /Users/admin/builder/spi-builder-workspace/.dependencies/checkouts/CoderPadKit/Sources/CoderPadKit/ScreenAPI+Invitation.swift /Users/admin/builder/spi-builder-workspace/.dependencies/checkouts/CoderPadKit/Sources/CoderPadKit/ScreenAPI+Metrics.swift /Users/admin/builder/spi-builder-workspace/.dependencies/checkouts/CoderPadKit/Sources/CoderPadKit/ScreenAPI+Pagination.swift /Users/admin/builder/spi-builder-workspace/.dependencies/checkouts/CoderPadKit/Sources/CoderPadKit/ScreenAPI+ReportBounds.swift /Users/admin/builder/spi-builder-workspace/.dependencies/checkouts/CoderPadKit/Sources/CoderPadKit/ScreenAPI.swift /Users/admin/builder/spi-builder-workspace/.dependencies/checkouts/CoderPadKit/Sources/CoderPadKit/ScreenCampaignCreation.swift /Users/admin/builder/spi-builder-workspace/.dependencies/checkouts/CoderPadKit/Sources/CoderPadKit/ScreenCampaignSettings.swift /Users/admin/builder/spi-builder-workspace/.dependencies/checkouts/CoderPadKit/Sources/CoderPadKit/ScreenClient+BaseURL.swift /Users/admin/builder/spi-builder-workspace/.dependencies/checkouts/CoderPadKit/Sources/CoderPadKit/ScreenClient+Pagination.swift /Users/admin/builder/spi-builder-workspace/.dependencies/checkouts/CoderPadKit/Sources/CoderPadKit/ScreenClient+ProjectArchive.swift /Users/admin/builder/spi-builder-workspace/.dependencies/checkouts/CoderPadKit/Sources/CoderPadKit/ScreenClient+QuestionBank.swift /Users/admin/builder/spi-builder-workspace/.dependencies/checkouts/CoderPadKit/Sources/CoderPadKit/ScreenClient+QuestionInsights.swift /Users/admin/builder/spi-builder-workspace/.dependencies/checkouts/CoderPadKit/Sources/CoderPadKit/ScreenClient+ReportDownload.swift /Users/admin/builder/spi-builder-workspace/.dependencies/checkouts/CoderPadKit/Sources/CoderPadKit/ScreenClient+ResponseData.swift /Users/admin/builder/spi-builder-workspace/.dependencies/checkouts/CoderPadKit/Sources/CoderPadKit/ScreenClient+TemporaryFiles.swift /Users/admin/builder/spi-builder-workspace/.dependencies/checkouts/CoderPadKit/Sources/CoderPadKit/ScreenClient+Webhook.swift /Users/admin/builder/spi-builder-workspace/.dependencies/checkouts/CoderPadKit/Sources/CoderPadKit/ScreenClient.swift /Users/admin/builder/spi-builder-workspace/.dependencies/checkouts/CoderPadKit/Sources/CoderPadKit/ScreenDetailedQuestion.swift /Users/admin/builder/spi-builder-workspace/.dependencies/checkouts/CoderPadKit/Sources/CoderPadKit/ScreenDictionaryKey.swift /Users/admin/builder/spi-builder-workspace/.dependencies/checkouts/CoderPadKit/Sources/CoderPadKit/ScreenQuestionContentInputs.swift /Users/admin/builder/spi-builder-workspace/.dependencies/checkouts/CoderPadKit/Sources/CoderPadKit/ScreenQuestionEvaluationInputs.swift /Users/admin/builder/spi-builder-workspace/.dependencies/checkouts/CoderPadKit/Sources/CoderPadKit/ScreenQuestionFilters+Query.swift /Users/admin/builder/spi-builder-workspace/.dependencies/checkouts/CoderPadKit/Sources/CoderPadKit/ScreenQuestionInsights.swift /Users/admin/builder/spi-builder-workspace/.dependencies/checkouts/CoderPadKit/Sources/CoderPadKit/ScreenQuestionPagination.swift /Users/admin/builder/spi-builder-workspace/.dependencies/checkouts/CoderPadKit/Sources/CoderPadKit/ScreenQuestionResponses.swift /Users/admin/builder/spi-builder-workspace/.dependencies/checkouts/CoderPadKit/Sources/CoderPadKit/ScreenRedirectDelegate.swift /Users/admin/builder/spi-builder-workspace/.dependencies/checkouts/CoderPadKit/Sources/CoderPadKit/ScreenReportFiles.swift /Users/admin/builder/spi-builder-workspace/.dependencies/checkouts/CoderPadKit/Sources/CoderPadKit/ScreenReportOperationLimiter.swift /Users/admin/builder/spi-builder-workspace/.dependencies/checkouts/CoderPadKit/Sources/CoderPadKit/ScreenSessionQuestion.swift /Users/admin/builder/spi-builder-workspace/.dependencies/checkouts/CoderPadKit/Sources/CoderPadKit/TolerantJSON.swift -target arm64_32-apple-watchos11.0 -module-can-import-version CoreGraphics 2049 2049.0.0 -module-can-import-version OSLog 10 1966.4.1 -disable-cross-import-overlay-search -load-resolved-plugin /Applications/Xcode-27.0.0.app/Contents/Developer/Platforms/WatchOS.platform/Developer/usr/lib/swift/host/plugins/libFoundationMacros.dylib\#/Applications/Xcode-27.0.0.app/Contents/Developer/Platforms/WatchOS.platform/Developer/usr/bin/swift-plugin-server\#FoundationMacros -load-resolved-plugin /Applications/Xcode-27.0.0.app/Contents/Developer/Platforms/WatchOS.platform/Developer/usr/lib/swift/host/plugins/libObservationMacros.dylib\#/Applications/Xcode-27.0.0.app/Contents/Developer/Platforms/WatchOS.platform/Developer/usr/bin/swift-plugin-server\#ObservationMacros -load-resolved-plugin /Applications/Xcode-27.0.0.app/Contents/Developer/Platforms/WatchOS.platform/Developer/usr/lib/swift/host/plugins/libSwiftMacros.dylib\#/Applications/Xcode-27.0.0.app/Contents/Developer/Platforms/WatchOS.platform/Developer/usr/bin/swift-plugin-server\#SwiftMacros -disable-implicit-swift-modules -Xcc -fno-implicit-modules -Xcc -fno-implicit-module-maps -explicit-swift-module-map-file /Users/admin/builder/spi-builder-workspace/.derivedData/Build/Intermediates.noindex/CoderPadKit.build/Debug-watchos/CoderPadKit-t.build/Objects-normal/arm64_32/CoderPadKit-dependencies-1.json -enable-objc-interop -sdk /Applications/Xcode-27.0.0.app/Contents/Developer/Platforms/WatchOS.platform/Developer/SDKs/WatchOS27.0.sdk -I /Users/admin/builder/spi-builder-workspace/.derivedData/Build/Products/Debug-watchos -Isystem /Applications/Xcode-27.0.0.app/Contents/Developer/Platforms/WatchOS.platform/Developer/usr/lib -F /Users/admin/builder/spi-builder-workspace/.derivedData/Build/Products/Debug-watchos/PackageFrameworks -F /Users/admin/builder/spi-builder-workspace/.derivedData/Build/Products/Debug-watchos -F /Applications/Xcode-27.0.0.app/Contents/Developer/Platforms/WatchOS.platform/Developer/Library/Frameworks -F /Applications/Xcode-27.0.0.app/Contents/Developer/Platforms/WatchOS.platform/Developer/SDKs/WatchOS27.0.sdk/Developer/Library/Frameworks -module-cache-path /Users/admin/builder/spi-builder-workspace/.derivedData/Build/Intermediates.noindex/SwiftExplicitPrecompiledModules -no-color-diagnostics -Xcc -fno-color-diagnostics -enable-testing -g -debug-info-format\=dwarf -dwarf-version\=5 -suppress-warnings -profile-generate -profile-coverage-mapping -swift-version 6 -Onone -D SWIFT_PACKAGE -D DEBUG -D SWIFT_MODULE_RESOURCE_BUNDLE_UNAVAILABLE -D Xcode -serialize-debugging-options -enable-upcoming-feature NonisolatedNonsendingByDefault -enable-upcoming-feature InferIsolatedConformances -enable-experimental-feature DebugDescriptionMacro -default-isolation MainActor -empty-abi-descriptor -user-module-version 0.6.0 -validate-clang-modules-once -clang-build-session-file /Users/admin/builder/spi-builder-workspace/.derivedData/ModuleCache.noindex/Session.modulevalidation -Xcc -working-directory -Xcc /Users/admin/builder/spi-builder-workspace/.swiftpm/xcode -enable-anonymous-context-mangled-names -file-compilation-dir /Users/admin/builder/spi-builder-workspace/.swiftpm/xcode -Xcc -D_LIBCPP_HARDENING_MODE\=_LIBCPP_HARDENING_MODE_DEBUG -Xcc -ivfsstatcache -Xcc /Users/admin/builder/spi-builder-workspace/.derivedData/SDKStatCaches.noindex/watchos27.0-24R360-e829b21a6f8c9b70876ba0858053c044b9db9bc9c079ee3c7b5f3373b13d10bc.sdkstatcache -Xcc -fmodules-prune-interval\=86400 -Xcc -fmodules-prune-after\=345600 -Xcc -I/Users/admin/builder/spi-builder-workspace/.derivedData/Build/Products/Debug-watchos/include -Xcc -I/Users/admin/builder/spi-builder-workspace/.derivedData/Build/Intermediates.noindex/CoderPadKit.build/Debug-watchos/CoderPadKit-t.build/DerivedSources-normal/arm64_32 -Xcc -I/Users/admin/builder/spi-builder-workspace/.derivedData/Build/Intermediates.noindex/CoderPadKit.build/Debug-watchos/CoderPadKit-t.build/DerivedSources/arm64_32 -Xcc -I/Users/admin/builder/spi-builder-workspace/.derivedData/Build/Intermediates.noindex/CoderPadKit.build/Debug-watchos/CoderPadKit-t.build/DerivedSources -Xcc -DSWIFT_PACKAGE -Xcc -DDEBUG\=1 -no-auto-bridging-header-chaining -module-name CoderPadKit -package-name coderpadkit -const-gather-protocols-file /Users/admin/builder/spi-builder-workspace/.derivedData/Build/Intermediates.noindex/CoderPadKit.build/Debug-watchos/CoderPadKit-t.build/Objects-normal/arm64_32/CoderPadKit_const_extract_protocols.json -disable-clang-spi -clang-target arm64_32-apple-watchos27.0 -target-sdk-version 27.0 -target-sdk-name watchos27.0 -in-process-plugin-server-path /Applications/Xcode-27.0.0.app/Contents/Developer/Toolchains/XcodeDefault.xctoolchain/usr/lib/swift/host/libSwiftInProcPluginServer.dylib -emit-module-doc-path /Users/admin/builder/spi-builder-workspace/.derivedData/Build/Intermediates.noindex/CoderPadKit.build/Debug-watchos/CoderPadKit-t.build/Objects-normal/arm64_32/CoderPadKit.swiftdoc -emit-module-source-info-path /Users/admin/builder/spi-builder-workspace/.derivedData/Build/Intermediates.noindex/CoderPadKit.build/Debug-watchos/CoderPadKit-t.build/Objects-normal/arm64_32/CoderPadKit.swiftsourceinfo -emit-objc-header-path /Users/admin/builder/spi-builder-workspace/.derivedData/Build/Intermediates.noindex/CoderPadKit.build/Debug-watchos/CoderPadKit-t.build/Objects-normal/arm64_32/CoderPadKit-Swift.h -serialize-diagnostics-path /Users/admin/builder/spi-builder-workspace/.derivedData/Build/Intermediates.noindex/CoderPadKit.build/Debug-watchos/CoderPadKit-t.build/Objects-normal/arm64_32/CoderPadKit-primary-emit-module.dia -emit-dependencies-path /Users/admin/builder/spi-builder-workspace/.derivedData/Build/Intermediates.noindex/CoderPadKit.build/Debug-watchos/CoderPadKit-t.build/Objects-normal/arm64_32/CoderPadKit-primary-emit-module.d -parse-as-library -o /Users/admin/builder/spi-builder-workspace/.derivedData/Build/Intermediates.noindex/CoderPadKit.build/Debug-watchos/CoderPadKit-t.build/Objects-normal/arm64_32/CoderPadKit.swiftmodule -emit-abi-descriptor-path /Users/admin/builder/spi-builder-workspace/.derivedData/Build/Intermediates.noindex/CoderPadKit.build/Debug-watchos/CoderPadKit-t.build/Objects-normal/arm64_32/CoderPadKit.abi.json
SwiftDriverJobDiscovery normal arm64_32 Emitting module for MCPKit (in target 'MCPKit' from project 'MCPKit')
SwiftDriver\ Compilation\ Requirements MCPKit normal arm64_32 com.apple.xcode.tools.swift.compiler (in target 'MCPKit' from project 'MCPKit')
cd /Users/admin/builder/spi-builder-workspace/.swiftpm/xcode
builtin-Swift-Compilation-Requirements -- /Applications/Xcode-27.0.0.app/Contents/Developer/Toolchains/XcodeDefault.xctoolchain/usr/bin/swiftc -parse-as-library -module-name MCPKit -Onone @/Users/admin/builder/spi-builder-workspace/.derivedData/Build/Intermediates.noindex/MCPKit.build/Debug-watchos/MCPKit-t.build/Objects-normal/arm64_32/MCPKit.SwiftFileList -DSWIFT_PACKAGE -DDEBUG -DSWIFT_MODULE_RESOURCE_BUNDLE_UNAVAILABLE -Xcc -fmodule-map-file\=/Users/admin/builder/spi-builder-workspace/.dependencies/checkouts/swift-system/Sources/CSystem/include/module.modulemap -DXcode -plugin-path /Applications/Xcode-27.0.0.app/Contents/Developer/Toolchains/XcodeDefault.xctoolchain/usr/lib/swift/host/plugins/testing -enable-experimental-feature DebugDescriptionMacro -sdk /Applications/Xcode-27.0.0.app/Contents/Developer/Platforms/WatchOS.platform/Developer/SDKs/WatchOS27.0.sdk -target arm64_32-apple-watchos9.0 -g -module-cache-path /Users/admin/builder/spi-builder-workspace/.derivedData/ModuleCache.noindex -Xfrontend -serialize-debugging-options -profile-coverage-mapping -profile-generate -enable-testing -suppress-warnings -index-store-path /Users/admin/builder/spi-builder-workspace/.derivedData/Index.noindex/DataStore -Xcc -D_LIBCPP_HARDENING_MODE\=_LIBCPP_HARDENING_MODE_DEBUG -swift-version 6 -I /Users/admin/builder/spi-builder-workspace/.derivedData/Build/Products/Debug-watchos -Isystem /Applications/Xcode-27.0.0.app/Contents/Developer/Platforms/WatchOS.platform/Developer/usr/lib -F /Users/admin/builder/spi-builder-workspace/.derivedData/Build/Products/Debug-watchos/PackageFrameworks -F /Users/admin/builder/spi-builder-workspace/.derivedData/Build/Products/Debug-watchos -F /Applications/Xcode-27.0.0.app/Contents/Developer/Platforms/WatchOS.platform/Developer/Library/Frameworks -F /Applications/Xcode-27.0.0.app/Contents/Developer/Platforms/WatchOS.platform/Developer/SDKs/WatchOS27.0.sdk/Developer/Library/Frameworks -c -j10 -enable-batch-mode -incremental -Xcc -ivfsstatcache -Xcc /Users/admin/builder/spi-builder-workspace/.derivedData/SDKStatCaches.noindex/watchos27.0-24R360-e829b21a6f8c9b70876ba0858053c044b9db9bc9c079ee3c7b5f3373b13d10bc.sdkstatcache -output-file-map /Users/admin/builder/spi-builder-workspace/.derivedData/Build/Intermediates.noindex/MCPKit.build/Debug-watchos/MCPKit-t.build/Objects-normal/arm64_32/MCPKit-OutputFileMap.json -save-temps -no-color-diagnostics -explicit-module-build -module-cache-path /Users/admin/builder/spi-builder-workspace/.derivedData/Build/Intermediates.noindex/SwiftExplicitPrecompiledModules -clang-scanner-module-cache-path /Users/admin/builder/spi-builder-workspace/.derivedData/ModuleCache.noindex -sdk-module-cache-path /Users/admin/builder/spi-builder-workspace/.derivedData/SDKExplicitPrecompiledModules -emit-dependencies -emit-module -emit-module-path /Users/admin/builder/spi-builder-workspace/.derivedData/Build/Intermediates.noindex/MCPKit.build/Debug-watchos/MCPKit-t.build/Objects-normal/arm64_32/MCPKit.swiftmodule -serialize-diagnostics -dependency-scan-serialize-diagnostics-path /Users/admin/builder/spi-builder-workspace/.derivedData/Build/Intermediates.noindex/MCPKit.build/Debug-watchos/MCPKit-t.build/Objects-normal/arm64_32/MCPKit-dependency-scan.dia -user-module-version 0.6.0 -validate-clang-modules-once -clang-build-session-file /Users/admin/builder/spi-builder-workspace/.derivedData/ModuleCache.noindex/Session.modulevalidation -Xcc -fmodules-prune-interval\=86400 -Xcc -fmodules-prune-after\=345600 -package-name mcpkit -emit-const-values -const-gather-protocols-list /Users/admin/builder/spi-builder-workspace/.derivedData/Build/Intermediates.noindex/MCPKit.build/Debug-watchos/MCPKit-t.build/Objects-normal/arm64_32/MCPKit_const_extract_protocols.json -Xcc -I/Users/admin/builder/spi-builder-workspace/.dependencies/checkouts/swift-system/Sources/CSystem/include -Xcc -I/Users/admin/builder/spi-builder-workspace/.derivedData/Build/Products/Debug-watchos/include -Xcc -I/Users/admin/builder/spi-builder-workspace/.derivedData/Build/Intermediates.noindex/MCPKit.build/Debug-watchos/MCPKit-t.build/DerivedSources-normal/arm64_32 -Xcc -I/Users/admin/builder/spi-builder-workspace/.derivedData/Build/Intermediates.noindex/MCPKit.build/Debug-watchos/MCPKit-t.build/DerivedSources/arm64_32 -Xcc -I/Users/admin/builder/spi-builder-workspace/.derivedData/Build/Intermediates.noindex/MCPKit.build/Debug-watchos/MCPKit-t.build/DerivedSources -Xcc -DSWIFT_PACKAGE -Xcc -DDEBUG\=1 -emit-objc-header -emit-objc-header-path /Users/admin/builder/spi-builder-workspace/.derivedData/Build/Intermediates.noindex/MCPKit.build/Debug-watchos/MCPKit-t.build/Objects-normal/arm64_32/MCPKit-Swift.h -working-directory /Users/admin/builder/spi-builder-workspace/.swiftpm/xcode -experimental-emit-module-separately -disable-cmo
SwiftDriverJobDiscovery normal arm64 Compiling Arguments.swift (in target 'MCPKit' from project 'MCPKit')
SwiftDriver\ Compilation\ Requirements MCPKit normal arm64 com.apple.xcode.tools.swift.compiler (in target 'MCPKit' from project 'MCPKit')
cd /Users/admin/builder/spi-builder-workspace/.swiftpm/xcode
builtin-Swift-Compilation-Requirements -- /Applications/Xcode-27.0.0.app/Contents/Developer/Toolchains/XcodeDefault.xctoolchain/usr/bin/swiftc -parse-as-library -module-name MCPKit -Onone @/Users/admin/builder/spi-builder-workspace/.derivedData/Build/Intermediates.noindex/MCPKit.build/Debug-watchos/MCPKit-t.build/Objects-normal/arm64/MCPKit.SwiftFileList -DSWIFT_PACKAGE -DDEBUG -DSWIFT_MODULE_RESOURCE_BUNDLE_UNAVAILABLE -Xcc -fmodule-map-file\=/Users/admin/builder/spi-builder-workspace/.dependencies/checkouts/swift-system/Sources/CSystem/include/module.modulemap -DXcode -plugin-path /Applications/Xcode-27.0.0.app/Contents/Developer/Toolchains/XcodeDefault.xctoolchain/usr/lib/swift/host/plugins/testing -enable-experimental-feature DebugDescriptionMacro -sdk /Applications/Xcode-27.0.0.app/Contents/Developer/Platforms/WatchOS.platform/Developer/SDKs/WatchOS27.0.sdk -target arm64-apple-watchos9.0 -g -module-cache-path /Users/admin/builder/spi-builder-workspace/.derivedData/ModuleCache.noindex -Xfrontend -serialize-debugging-options -profile-coverage-mapping -profile-generate -enable-testing -suppress-warnings -index-store-path /Users/admin/builder/spi-builder-workspace/.derivedData/Index.noindex/DataStore -Xcc -D_LIBCPP_HARDENING_MODE\=_LIBCPP_HARDENING_MODE_DEBUG -swift-version 6 -I /Users/admin/builder/spi-builder-workspace/.derivedData/Build/Products/Debug-watchos -Isystem /Applications/Xcode-27.0.0.app/Contents/Developer/Platforms/WatchOS.platform/Developer/usr/lib -F /Users/admin/builder/spi-builder-workspace/.derivedData/Build/Products/Debug-watchos/PackageFrameworks -F /Users/admin/builder/spi-builder-workspace/.derivedData/Build/Products/Debug-watchos -F /Applications/Xcode-27.0.0.app/Contents/Developer/Platforms/WatchOS.platform/Developer/Library/Frameworks -F /Applications/Xcode-27.0.0.app/Contents/Developer/Platforms/WatchOS.platform/Developer/SDKs/WatchOS27.0.sdk/Developer/Library/Frameworks -c -j10 -enable-batch-mode -incremental -Xcc -ivfsstatcache -Xcc /Users/admin/builder/spi-builder-workspace/.derivedData/SDKStatCaches.noindex/watchos27.0-24R360-e829b21a6f8c9b70876ba0858053c044b9db9bc9c079ee3c7b5f3373b13d10bc.sdkstatcache -output-file-map /Users/admin/builder/spi-builder-workspace/.derivedData/Build/Intermediates.noindex/MCPKit.build/Debug-watchos/MCPKit-t.build/Objects-normal/arm64/MCPKit-OutputFileMap.json -save-temps -no-color-diagnostics -explicit-module-build -module-cache-path /Users/admin/builder/spi-builder-workspace/.derivedData/Build/Intermediates.noindex/SwiftExplicitPrecompiledModules -clang-scanner-module-cache-path /Users/admin/builder/spi-builder-workspace/.derivedData/ModuleCache.noindex -sdk-module-cache-path /Users/admin/builder/spi-builder-workspace/.derivedData/SDKExplicitPrecompiledModules -emit-dependencies -emit-module -emit-module-path /Users/admin/builder/spi-builder-workspace/.derivedData/Build/Intermediates.noindex/MCPKit.build/Debug-watchos/MCPKit-t.build/Objects-normal/arm64/MCPKit.swiftmodule -serialize-diagnostics -dependency-scan-serialize-diagnostics-path /Users/admin/builder/spi-builder-workspace/.derivedData/Build/Intermediates.noindex/MCPKit.build/Debug-watchos/MCPKit-t.build/Objects-normal/arm64/MCPKit-dependency-scan.dia -user-module-version 0.6.0 -validate-clang-modules-once -clang-build-session-file /Users/admin/builder/spi-builder-workspace/.derivedData/ModuleCache.noindex/Session.modulevalidation -Xcc -fmodules-prune-interval\=86400 -Xcc -fmodules-prune-after\=345600 -package-name mcpkit -emit-const-values -const-gather-protocols-list /Users/admin/builder/spi-builder-workspace/.derivedData/Build/Intermediates.noindex/MCPKit.build/Debug-watchos/MCPKit-t.build/Objects-normal/arm64/MCPKit_const_extract_protocols.json -Xcc -I/Users/admin/builder/spi-builder-workspace/.dependencies/checkouts/swift-system/Sources/CSystem/include -Xcc -I/Users/admin/builder/spi-builder-workspace/.derivedData/Build/Products/Debug-watchos/include -Xcc -I/Users/admin/builder/spi-builder-workspace/.derivedData/Build/Intermediates.noindex/MCPKit.build/Debug-watchos/MCPKit-t.build/DerivedSources-normal/arm64 -Xcc -I/Users/admin/builder/spi-builder-workspace/.derivedData/Build/Intermediates.noindex/MCPKit.build/Debug-watchos/MCPKit-t.build/DerivedSources/arm64 -Xcc -I/Users/admin/builder/spi-builder-workspace/.derivedData/Build/Intermediates.noindex/MCPKit.build/Debug-watchos/MCPKit-t.build/DerivedSources -Xcc -DSWIFT_PACKAGE -Xcc -DDEBUG\=1 -emit-objc-header -emit-objc-header-path /Users/admin/builder/spi-builder-workspace/.derivedData/Build/Intermediates.noindex/MCPKit.build/Debug-watchos/MCPKit-t.build/Objects-normal/arm64/MCPKit-Swift.h -working-directory /Users/admin/builder/spi-builder-workspace/.swiftpm/xcode -experimental-emit-module-separately -disable-cmo
Copy /Users/admin/builder/spi-builder-workspace/.derivedData/Build/Products/Debug-watchos/MCPKit.swiftmodule/arm64_32-apple-watchos.swiftmodule /Users/admin/builder/spi-builder-workspace/.derivedData/Build/Intermediates.noindex/MCPKit.build/Debug-watchos/MCPKit-t.build/Objects-normal/arm64_32/MCPKit.swiftmodule (in target 'MCPKit' from project 'MCPKit')
cd /Users/admin/builder/spi-builder-workspace/.dependencies/checkouts/MCPKit
builtin-copy -exclude .DS_Store -exclude CVS -exclude .svn -exclude .git -exclude .hg -resolve-src-symlinks -rename /Users/admin/builder/spi-builder-workspace/.derivedData/Build/Intermediates.noindex/MCPKit.build/Debug-watchos/MCPKit-t.build/Objects-normal/arm64_32/MCPKit.swiftmodule /Users/admin/builder/spi-builder-workspace/.derivedData/Build/Products/Debug-watchos/MCPKit.swiftmodule/arm64_32-apple-watchos.swiftmodule
SwiftMergeGeneratedHeaders /Users/admin/builder/spi-builder-workspace/.derivedData/Build/Intermediates.noindex/GeneratedModuleMaps-watchos/MCPKit-Swift.h /Users/admin/builder/spi-builder-workspace/.derivedData/Build/Intermediates.noindex/MCPKit.build/Debug-watchos/MCPKit-t.build/Objects-normal/arm64/MCPKit-Swift.h /Users/admin/builder/spi-builder-workspace/.derivedData/Build/Intermediates.noindex/MCPKit.build/Debug-watchos/MCPKit-t.build/Objects-normal/arm64_32/MCPKit-Swift.h (in target 'MCPKit' from project 'MCPKit')
cd /Users/admin/builder/spi-builder-workspace/.dependencies/checkouts/MCPKit
builtin-swiftHeaderTool -arch arm64 /Users/admin/builder/spi-builder-workspace/.derivedData/Build/Intermediates.noindex/MCPKit.build/Debug-watchos/MCPKit-t.build/Objects-normal/arm64/MCPKit-Swift.h -arch arm64_32 /Users/admin/builder/spi-builder-workspace/.derivedData/Build/Intermediates.noindex/MCPKit.build/Debug-watchos/MCPKit-t.build/Objects-normal/arm64_32/MCPKit-Swift.h -o /Users/admin/builder/spi-builder-workspace/.derivedData/Build/Intermediates.noindex/GeneratedModuleMaps-watchos/MCPKit-Swift.h
Copy /Users/admin/builder/spi-builder-workspace/.derivedData/Build/Products/Debug-watchos/MCPKit.swiftmodule/arm64_32-apple-watchos.swiftdoc /Users/admin/builder/spi-builder-workspace/.derivedData/Build/Intermediates.noindex/MCPKit.build/Debug-watchos/MCPKit-t.build/Objects-normal/arm64_32/MCPKit.swiftdoc (in target 'MCPKit' from project 'MCPKit')
cd /Users/admin/builder/spi-builder-workspace/.dependencies/checkouts/MCPKit
builtin-copy -exclude .DS_Store -exclude CVS -exclude .svn -exclude .git -exclude .hg -resolve-src-symlinks -rename /Users/admin/builder/spi-builder-workspace/.derivedData/Build/Intermediates.noindex/MCPKit.build/Debug-watchos/MCPKit-t.build/Objects-normal/arm64_32/MCPKit.swiftdoc /Users/admin/builder/spi-builder-workspace/.derivedData/Build/Products/Debug-watchos/MCPKit.swiftmodule/arm64_32-apple-watchos.swiftdoc
Copy /Users/admin/builder/spi-builder-workspace/.derivedData/Build/Products/Debug-watchos/MCPKit.swiftmodule/arm64_32-apple-watchos.abi.json /Users/admin/builder/spi-builder-workspace/.derivedData/Build/Intermediates.noindex/MCPKit.build/Debug-watchos/MCPKit-t.build/Objects-normal/arm64_32/MCPKit.abi.json (in target 'MCPKit' from project 'MCPKit')
cd /Users/admin/builder/spi-builder-workspace/.dependencies/checkouts/MCPKit
builtin-copy -exclude .DS_Store -exclude CVS -exclude .svn -exclude .git -exclude .hg -resolve-src-symlinks -rename /Users/admin/builder/spi-builder-workspace/.derivedData/Build/Intermediates.noindex/MCPKit.build/Debug-watchos/MCPKit-t.build/Objects-normal/arm64_32/MCPKit.abi.json /Users/admin/builder/spi-builder-workspace/.derivedData/Build/Products/Debug-watchos/MCPKit.swiftmodule/arm64_32-apple-watchos.abi.json
Copy /Users/admin/builder/spi-builder-workspace/.derivedData/Build/Products/Debug-watchos/MCPKit.swiftmodule/arm64-apple-watchos.swiftmodule /Users/admin/builder/spi-builder-workspace/.derivedData/Build/Intermediates.noindex/MCPKit.build/Debug-watchos/MCPKit-t.build/Objects-normal/arm64/MCPKit.swiftmodule (in target 'MCPKit' from project 'MCPKit')
cd /Users/admin/builder/spi-builder-workspace/.dependencies/checkouts/MCPKit
builtin-copy -exclude .DS_Store -exclude CVS -exclude .svn -exclude .git -exclude .hg -resolve-src-symlinks -rename /Users/admin/builder/spi-builder-workspace/.derivedData/Build/Intermediates.noindex/MCPKit.build/Debug-watchos/MCPKit-t.build/Objects-normal/arm64/MCPKit.swiftmodule /Users/admin/builder/spi-builder-workspace/.derivedData/Build/Products/Debug-watchos/MCPKit.swiftmodule/arm64-apple-watchos.swiftmodule
Copy /Users/admin/builder/spi-builder-workspace/.derivedData/Build/Products/Debug-watchos/MCPKit.swiftmodule/arm64-apple-watchos.swiftdoc /Users/admin/builder/spi-builder-workspace/.derivedData/Build/Intermediates.noindex/MCPKit.build/Debug-watchos/MCPKit-t.build/Objects-normal/arm64/MCPKit.swiftdoc (in target 'MCPKit' from project 'MCPKit')
cd /Users/admin/builder/spi-builder-workspace/.dependencies/checkouts/MCPKit
builtin-copy -exclude .DS_Store -exclude CVS -exclude .svn -exclude .git -exclude .hg -resolve-src-symlinks -rename /Users/admin/builder/spi-builder-workspace/.derivedData/Build/Intermediates.noindex/MCPKit.build/Debug-watchos/MCPKit-t.build/Objects-normal/arm64/MCPKit.swiftdoc /Users/admin/builder/spi-builder-workspace/.derivedData/Build/Products/Debug-watchos/MCPKit.swiftmodule/arm64-apple-watchos.swiftdoc
Copy /Users/admin/builder/spi-builder-workspace/.derivedData/Build/Products/Debug-watchos/MCPKit.swiftmodule/arm64-apple-watchos.abi.json /Users/admin/builder/spi-builder-workspace/.derivedData/Build/Intermediates.noindex/MCPKit.build/Debug-watchos/MCPKit-t.build/Objects-normal/arm64/MCPKit.abi.json (in target 'MCPKit' from project 'MCPKit')
cd /Users/admin/builder/spi-builder-workspace/.dependencies/checkouts/MCPKit
builtin-copy -exclude .DS_Store -exclude CVS -exclude .svn -exclude .git -exclude .hg -resolve-src-symlinks -rename /Users/admin/builder/spi-builder-workspace/.derivedData/Build/Intermediates.noindex/MCPKit.build/Debug-watchos/MCPKit-t.build/Objects-normal/arm64/MCPKit.abi.json /Users/admin/builder/spi-builder-workspace/.derivedData/Build/Products/Debug-watchos/MCPKit.swiftmodule/arm64-apple-watchos.abi.json
Copy /Users/admin/builder/spi-builder-workspace/.derivedData/Build/Products/Debug-watchos/MCPKit.swiftmodule/Project/arm64_32-apple-watchos.swiftsourceinfo /Users/admin/builder/spi-builder-workspace/.derivedData/Build/Intermediates.noindex/MCPKit.build/Debug-watchos/MCPKit-t.build/Objects-normal/arm64_32/MCPKit.swiftsourceinfo (in target 'MCPKit' from project 'MCPKit')
cd /Users/admin/builder/spi-builder-workspace/.dependencies/checkouts/MCPKit
builtin-copy -exclude .DS_Store -exclude CVS -exclude .svn -exclude .git -exclude .hg -resolve-src-symlinks -rename /Users/admin/builder/spi-builder-workspace/.derivedData/Build/Intermediates.noindex/MCPKit.build/Debug-watchos/MCPKit-t.build/Objects-normal/arm64_32/MCPKit.swiftsourceinfo /Users/admin/builder/spi-builder-workspace/.derivedData/Build/Products/Debug-watchos/MCPKit.swiftmodule/Project/arm64_32-apple-watchos.swiftsourceinfo
Copy /Users/admin/builder/spi-builder-workspace/.derivedData/Build/Products/Debug-watchos/MCPKit.swiftmodule/Project/arm64-apple-watchos.swiftsourceinfo /Users/admin/builder/spi-builder-workspace/.derivedData/Build/Intermediates.noindex/MCPKit.build/Debug-watchos/MCPKit-t.build/Objects-normal/arm64/MCPKit.swiftsourceinfo (in target 'MCPKit' from project 'MCPKit')
cd /Users/admin/builder/spi-builder-workspace/.dependencies/checkouts/MCPKit
builtin-copy -exclude .DS_Store -exclude CVS -exclude .svn -exclude .git -exclude .hg -resolve-src-symlinks -rename /Users/admin/builder/spi-builder-workspace/.derivedData/Build/Intermediates.noindex/MCPKit.build/Debug-watchos/MCPKit-t.build/Objects-normal/arm64/MCPKit.swiftsourceinfo /Users/admin/builder/spi-builder-workspace/.derivedData/Build/Products/Debug-watchos/MCPKit.swiftmodule/Project/arm64-apple-watchos.swiftsourceinfo
SwiftDriverJobDiscovery normal arm64 Compiling Results.swift (in target 'MCPKit' from project 'MCPKit')
SwiftEmitModule normal arm64 Emitting\ module\ for\ CoderPadKit (in target 'CoderPadKit' from project 'CoderPadKit')
SwiftCompile normal arm64 (in target 'CoderPadKit' from project 'CoderPadKit')
cd /Users/admin/builder/spi-builder-workspace/.swiftpm/xcode
SwiftCompile normal arm64_32 Compiling\ StdioBootstrap.swift /Users/admin/builder/spi-builder-workspace/.dependencies/checkouts/MCPKit/Sources/MCPKit/StdioBootstrap.swift (in target 'MCPKit' from project 'MCPKit')
SwiftCompile normal arm64_32 /Users/admin/builder/spi-builder-workspace/.dependencies/checkouts/MCPKit/Sources/MCPKit/StdioBootstrap.swift (in target 'MCPKit' from project 'MCPKit')
cd /Users/admin/builder/spi-builder-workspace/.swiftpm/xcode
builtin-SwiftPerFileCompile StdioBootstrap.swift
SwiftCompile normal arm64_32 Compiling\ MCPToolProvider.swift /Users/admin/builder/spi-builder-workspace/.dependencies/checkouts/MCPKit/Sources/MCPKit/MCPToolProvider.swift (in target 'MCPKit' from project 'MCPKit')
SwiftCompile normal arm64_32 /Users/admin/builder/spi-builder-workspace/.dependencies/checkouts/MCPKit/Sources/MCPKit/MCPToolProvider.swift (in target 'MCPKit' from project 'MCPKit')
cd /Users/admin/builder/spi-builder-workspace/.swiftpm/xcode
builtin-SwiftPerFileCompile MCPToolProvider.swift
SwiftDriverJobDiscovery normal arm64 Compiling StdioBootstrap.swift (in target 'MCPKit' from project 'MCPKit')
SwiftDriverJobDiscovery normal arm64 Compiling Prompts.swift (in target 'MCPKit' from project 'MCPKit')
SwiftCompile normal arm64_32 Compiling\ Results.swift /Users/admin/builder/spi-builder-workspace/.dependencies/checkouts/MCPKit/Sources/MCPKit/Results.swift (in target 'MCPKit' from project 'MCPKit')
SwiftCompile normal arm64_32 /Users/admin/builder/spi-builder-workspace/.dependencies/checkouts/MCPKit/Sources/MCPKit/Results.swift (in target 'MCPKit' from project 'MCPKit')
cd /Users/admin/builder/spi-builder-workspace/.swiftpm/xcode
builtin-SwiftPerFileCompile Results.swift
SwiftDriverJobDiscovery normal arm64_32 Compiling MCPToolProvider.swift (in target 'MCPKit' from project 'MCPKit')
SwiftCompile normal arm64_32 Compiling\ Prompts.swift /Users/admin/builder/spi-builder-workspace/.dependencies/checkouts/MCPKit/Sources/MCPKit/Prompts.swift (in target 'MCPKit' from project 'MCPKit')
SwiftCompile normal arm64_32 /Users/admin/builder/spi-builder-workspace/.dependencies/checkouts/MCPKit/Sources/MCPKit/Prompts.swift (in target 'MCPKit' from project 'MCPKit')
cd /Users/admin/builder/spi-builder-workspace/.swiftpm/xcode
builtin-SwiftPerFileCompile Prompts.swift
SwiftDriverJobDiscovery normal arm64 Compiling JSONLLog.swift (in target 'MCPKit' from project 'MCPKit')
SwiftCompile normal arm64_32 Compiling\ Arguments.swift /Users/admin/builder/spi-builder-workspace/.dependencies/checkouts/MCPKit/Sources/MCPKit/Arguments.swift (in target 'MCPKit' from project 'MCPKit')
SwiftCompile normal arm64_32 /Users/admin/builder/spi-builder-workspace/.dependencies/checkouts/MCPKit/Sources/MCPKit/Arguments.swift (in target 'MCPKit' from project 'MCPKit')
cd /Users/admin/builder/spi-builder-workspace/.swiftpm/xcode
builtin-SwiftPerFileCompile Arguments.swift
SwiftDriverJobDiscovery normal arm64_32 Compiling JSONLLog.swift (in target 'MCPKit' from project 'MCPKit')
SwiftCompile normal arm64_32 Compiling\ MCPServer.swift /Users/admin/builder/spi-builder-workspace/.dependencies/checkouts/MCPKit/Sources/MCPKit/MCPServer.swift (in target 'MCPKit' from project 'MCPKit')
SwiftCompile normal arm64_32 /Users/admin/builder/spi-builder-workspace/.dependencies/checkouts/MCPKit/Sources/MCPKit/MCPServer.swift (in target 'MCPKit' from project 'MCPKit')
cd /Users/admin/builder/spi-builder-workspace/.swiftpm/xcode
builtin-SwiftPerFileCompile MCPServer.swift
SwiftCompile normal arm64 Compiling\ MCPServer.swift /Users/admin/builder/spi-builder-workspace/.dependencies/checkouts/MCPKit/Sources/MCPKit/MCPServer.swift (in target 'MCPKit' from project 'MCPKit')
SwiftCompile normal arm64 /Users/admin/builder/spi-builder-workspace/.dependencies/checkouts/MCPKit/Sources/MCPKit/MCPServer.swift (in target 'MCPKit' from project 'MCPKit')
cd /Users/admin/builder/spi-builder-workspace/.swiftpm/xcode
builtin-SwiftPerFileCompile MCPServer.swift
SwiftDriverJobDiscovery normal arm64 Compiling ToolSchema.swift (in target 'MCPKit' from project 'MCPKit')
SwiftCompile normal arm64_32 Compiling\ ToolSchema.swift /Users/admin/builder/spi-builder-workspace/.dependencies/checkouts/MCPKit/Sources/MCPKit/ToolSchema.swift (in target 'MCPKit' from project 'MCPKit')
SwiftCompile normal arm64_32 /Users/admin/builder/spi-builder-workspace/.dependencies/checkouts/MCPKit/Sources/MCPKit/ToolSchema.swift (in target 'MCPKit' from project 'MCPKit')
cd /Users/admin/builder/spi-builder-workspace/.swiftpm/xcode
builtin-SwiftPerFileCompile ToolSchema.swift
SwiftDriverJobDiscovery normal arm64_32 Compiling Results.swift (in target 'MCPKit' from project 'MCPKit')
SwiftCompile normal arm64 Compiling\ Sampling.swift,\ Data+Extensions.swift,\ Completion.swift,\ Logging.swift /Users/admin/builder/spi-builder-workspace/.dependencies/checkouts/swift-sdk/Sources/MCP/Client/Sampling.swift /Users/admin/builder/spi-builder-workspace/.dependencies/checkouts/swift-sdk/Sources/MCP/Extensions/Data+Extensions.swift /Users/admin/builder/spi-builder-workspace/.dependencies/checkouts/swift-sdk/Sources/MCP/Server/Completion.swift /Users/admin/builder/spi-builder-workspace/.dependencies/checkouts/swift-sdk/Sources/MCP/Server/Logging.swift (in target 'MCP' from project 'mcp-swift-sdk')
SwiftCompile normal arm64 /Users/admin/builder/spi-builder-workspace/.dependencies/checkouts/swift-sdk/Sources/MCP/Client/Sampling.swift (in target 'MCP' from project 'mcp-swift-sdk')
cd /Users/admin/builder/spi-builder-workspace/.swiftpm/xcode
builtin-SwiftPerFileCompile Sampling.swift
SwiftCompile normal arm64 /Users/admin/builder/spi-builder-workspace/.dependencies/checkouts/swift-sdk/Sources/MCP/Extensions/Data+Extensions.swift (in target 'MCP' from project 'mcp-swift-sdk')
cd /Users/admin/builder/spi-builder-workspace/.swiftpm/xcode
builtin-SwiftPerFileCompile Data+Extensions.swift
SwiftCompile normal arm64 /Users/admin/builder/spi-builder-workspace/.dependencies/checkouts/swift-sdk/Sources/MCP/Server/Completion.swift (in target 'MCP' from project 'mcp-swift-sdk')
cd /Users/admin/builder/spi-builder-workspace/.swiftpm/xcode
builtin-SwiftPerFileCompile Completion.swift
SwiftCompile normal arm64 /Users/admin/builder/spi-builder-workspace/.dependencies/checkouts/swift-sdk/Sources/MCP/Server/Logging.swift (in target 'MCP' from project 'mcp-swift-sdk')
cd /Users/admin/builder/spi-builder-workspace/.swiftpm/xcode
builtin-SwiftPerFileCompile Logging.swift
SwiftDriverJobDiscovery normal arm64_32 Compiling StdioBootstrap.swift (in target 'MCPKit' from project 'MCPKit')
SwiftCompile normal arm64 Compiling\ OAuthDiscovery.swift,\ OAuthDiscoveryClient.swift,\ OAuthErrors.swift,\ OAuthModels.swift,\ OAuthTokenEndpointClient.swift /Users/admin/builder/spi-builder-workspace/.dependencies/checkouts/swift-sdk/Sources/MCP/Base/Authorization/OAuthDiscovery.swift /Users/admin/builder/spi-builder-workspace/.dependencies/checkouts/swift-sdk/Sources/MCP/Base/Authorization/OAuthDiscoveryClient.swift /Users/admin/builder/spi-builder-workspace/.dependencies/checkouts/swift-sdk/Sources/MCP/Base/Authorization/OAuthErrors.swift /Users/admin/builder/spi-builder-workspace/.dependencies/checkouts/swift-sdk/Sources/MCP/Base/Authorization/OAuthModels.swift /Users/admin/builder/spi-builder-workspace/.dependencies/checkouts/swift-sdk/Sources/MCP/Base/Authorization/OAuthTokenEndpointClient.swift (in target 'MCP' from project 'mcp-swift-sdk')
SwiftCompile normal arm64 /Users/admin/builder/spi-builder-workspace/.dependencies/checkouts/swift-sdk/Sources/MCP/Base/Authorization/OAuthDiscovery.swift (in target 'MCP' from project 'mcp-swift-sdk')
cd /Users/admin/builder/spi-builder-workspace/.swiftpm/xcode
builtin-SwiftPerFileCompile OAuthDiscovery.swift
SwiftCompile normal arm64 /Users/admin/builder/spi-builder-workspace/.dependencies/checkouts/swift-sdk/Sources/MCP/Base/Authorization/OAuthDiscoveryClient.swift (in target 'MCP' from project 'mcp-swift-sdk')
cd /Users/admin/builder/spi-builder-workspace/.swiftpm/xcode
builtin-SwiftPerFileCompile OAuthDiscoveryClient.swift
SwiftCompile normal arm64 /Users/admin/builder/spi-builder-workspace/.dependencies/checkouts/swift-sdk/Sources/MCP/Base/Authorization/OAuthErrors.swift (in target 'MCP' from project 'mcp-swift-sdk')
cd /Users/admin/builder/spi-builder-workspace/.swiftpm/xcode
builtin-SwiftPerFileCompile OAuthErrors.swift
SwiftCompile normal arm64 /Users/admin/builder/spi-builder-workspace/.dependencies/checkouts/swift-sdk/Sources/MCP/Base/Authorization/OAuthModels.swift (in target 'MCP' from project 'mcp-swift-sdk')
cd /Users/admin/builder/spi-builder-workspace/.swiftpm/xcode
builtin-SwiftPerFileCompile OAuthModels.swift
SwiftCompile normal arm64 /Users/admin/builder/spi-builder-workspace/.dependencies/checkouts/swift-sdk/Sources/MCP/Base/Authorization/OAuthTokenEndpointClient.swift (in target 'MCP' from project 'mcp-swift-sdk')
cd /Users/admin/builder/spi-builder-workspace/.swiftpm/xcode
builtin-SwiftPerFileCompile OAuthTokenEndpointClient.swift
SwiftDriverJobDiscovery normal arm64_32 Compiling Prompts.swift (in target 'MCPKit' from project 'MCPKit')
SwiftCompile normal arm64 Compiling\ Prompts.swift,\ Resources.swift,\ Server.swift,\ Tools.swift /Users/admin/builder/spi-builder-workspace/.dependencies/checkouts/swift-sdk/Sources/MCP/Server/Prompts.swift /Users/admin/builder/spi-builder-workspace/.dependencies/checkouts/swift-sdk/Sources/MCP/Server/Resources.swift /Users/admin/builder/spi-builder-workspace/.dependencies/checkouts/swift-sdk/Sources/MCP/Server/Server.swift /Users/admin/builder/spi-builder-workspace/.dependencies/checkouts/swift-sdk/Sources/MCP/Server/Tools.swift (in target 'MCP' from project 'mcp-swift-sdk')
SwiftCompile normal arm64 /Users/admin/builder/spi-builder-workspace/.dependencies/checkouts/swift-sdk/Sources/MCP/Server/Prompts.swift (in target 'MCP' from project 'mcp-swift-sdk')
cd /Users/admin/builder/spi-builder-workspace/.swiftpm/xcode
builtin-SwiftPerFileCompile Prompts.swift
SwiftCompile normal arm64 /Users/admin/builder/spi-builder-workspace/.dependencies/checkouts/swift-sdk/Sources/MCP/Server/Resources.swift (in target 'MCP' from project 'mcp-swift-sdk')
cd /Users/admin/builder/spi-builder-workspace/.swiftpm/xcode
builtin-SwiftPerFileCompile Resources.swift
SwiftCompile normal arm64 /Users/admin/builder/spi-builder-workspace/.dependencies/checkouts/swift-sdk/Sources/MCP/Server/Server.swift (in target 'MCP' from project 'mcp-swift-sdk')
cd /Users/admin/builder/spi-builder-workspace/.swiftpm/xcode
builtin-SwiftPerFileCompile Server.swift
SwiftCompile normal arm64 /Users/admin/builder/spi-builder-workspace/.dependencies/checkouts/swift-sdk/Sources/MCP/Server/Tools.swift (in target 'MCP' from project 'mcp-swift-sdk')
cd /Users/admin/builder/spi-builder-workspace/.swiftpm/xcode
builtin-SwiftPerFileCompile Tools.swift
SwiftDriverJobDiscovery normal arm64_32 Compiling Arguments.swift (in target 'MCPKit' from project 'MCPKit')
SwiftCompile normal arm64_32 Compiling\ OAuthTokenEndpointClient.swift,\ OAuthURLValidator.swift,\ OAuthWWWAuthenticateParser.swift,\ PKCE.swift /Users/admin/builder/spi-builder-workspace/.dependencies/checkouts/swift-sdk/Sources/MCP/Base/Authorization/OAuthTokenEndpointClient.swift /Users/admin/builder/spi-builder-workspace/.dependencies/checkouts/swift-sdk/Sources/MCP/Base/Authorization/OAuthURLValidator.swift /Users/admin/builder/spi-builder-workspace/.dependencies/checkouts/swift-sdk/Sources/MCP/Base/Authorization/OAuthWWWAuthenticateParser.swift /Users/admin/builder/spi-builder-workspace/.dependencies/checkouts/swift-sdk/Sources/MCP/Base/Authorization/PKCE.swift (in target 'MCP' from project 'mcp-swift-sdk')
SwiftCompile normal arm64_32 /Users/admin/builder/spi-builder-workspace/.dependencies/checkouts/swift-sdk/Sources/MCP/Base/Authorization/OAuthTokenEndpointClient.swift (in target 'MCP' from project 'mcp-swift-sdk')
cd /Users/admin/builder/spi-builder-workspace/.swiftpm/xcode
builtin-SwiftPerFileCompile OAuthTokenEndpointClient.swift
SwiftCompile normal arm64_32 /Users/admin/builder/spi-builder-workspace/.dependencies/checkouts/swift-sdk/Sources/MCP/Base/Authorization/OAuthURLValidator.swift (in target 'MCP' from project 'mcp-swift-sdk')
cd /Users/admin/builder/spi-builder-workspace/.swiftpm/xcode
builtin-SwiftPerFileCompile OAuthURLValidator.swift
SwiftCompile normal arm64_32 /Users/admin/builder/spi-builder-workspace/.dependencies/checkouts/swift-sdk/Sources/MCP/Base/Authorization/OAuthWWWAuthenticateParser.swift (in target 'MCP' from project 'mcp-swift-sdk')
cd /Users/admin/builder/spi-builder-workspace/.swiftpm/xcode
builtin-SwiftPerFileCompile OAuthWWWAuthenticateParser.swift
SwiftCompile normal arm64_32 /Users/admin/builder/spi-builder-workspace/.dependencies/checkouts/swift-sdk/Sources/MCP/Base/Authorization/PKCE.swift (in target 'MCP' from project 'mcp-swift-sdk')
cd /Users/admin/builder/spi-builder-workspace/.swiftpm/xcode
builtin-SwiftPerFileCompile PKCE.swift
SwiftDriverJobDiscovery normal arm64 Compiling MCPServer.swift (in target 'MCPKit' from project 'MCPKit')
SwiftDriver\ Compilation MCPKit normal arm64 com.apple.xcode.tools.swift.compiler (in target 'MCPKit' from project 'MCPKit')
cd /Users/admin/builder/spi-builder-workspace/.swiftpm/xcode
builtin-Swift-Compilation -- /Applications/Xcode-27.0.0.app/Contents/Developer/Toolchains/XcodeDefault.xctoolchain/usr/bin/swiftc -parse-as-library -module-name MCPKit -Onone @/Users/admin/builder/spi-builder-workspace/.derivedData/Build/Intermediates.noindex/MCPKit.build/Debug-watchos/MCPKit-t.build/Objects-normal/arm64/MCPKit.SwiftFileList -DSWIFT_PACKAGE -DDEBUG -DSWIFT_MODULE_RESOURCE_BUNDLE_UNAVAILABLE -Xcc -fmodule-map-file\=/Users/admin/builder/spi-builder-workspace/.dependencies/checkouts/swift-system/Sources/CSystem/include/module.modulemap -DXcode -plugin-path /Applications/Xcode-27.0.0.app/Contents/Developer/Toolchains/XcodeDefault.xctoolchain/usr/lib/swift/host/plugins/testing -enable-experimental-feature DebugDescriptionMacro -sdk /Applications/Xcode-27.0.0.app/Contents/Developer/Platforms/WatchOS.platform/Developer/SDKs/WatchOS27.0.sdk -target arm64-apple-watchos9.0 -g -module-cache-path /Users/admin/builder/spi-builder-workspace/.derivedData/ModuleCache.noindex -Xfrontend -serialize-debugging-options -profile-coverage-mapping -profile-generate -enable-testing -suppress-warnings -index-store-path /Users/admin/builder/spi-builder-workspace/.derivedData/Index.noindex/DataStore -Xcc -D_LIBCPP_HARDENING_MODE\=_LIBCPP_HARDENING_MODE_DEBUG -swift-version 6 -I /Users/admin/builder/spi-builder-workspace/.derivedData/Build/Products/Debug-watchos -Isystem /Applications/Xcode-27.0.0.app/Contents/Developer/Platforms/WatchOS.platform/Developer/usr/lib -F /Users/admin/builder/spi-builder-workspace/.derivedData/Build/Products/Debug-watchos/PackageFrameworks -F /Users/admin/builder/spi-builder-workspace/.derivedData/Build/Products/Debug-watchos -F /Applications/Xcode-27.0.0.app/Contents/Developer/Platforms/WatchOS.platform/Developer/Library/Frameworks -F /Applications/Xcode-27.0.0.app/Contents/Developer/Platforms/WatchOS.platform/Developer/SDKs/WatchOS27.0.sdk/Developer/Library/Frameworks -c -j10 -enable-batch-mode -incremental -Xcc -ivfsstatcache -Xcc /Users/admin/builder/spi-builder-workspace/.derivedData/SDKStatCaches.noindex/watchos27.0-24R360-e829b21a6f8c9b70876ba0858053c044b9db9bc9c079ee3c7b5f3373b13d10bc.sdkstatcache -output-file-map /Users/admin/builder/spi-builder-workspace/.derivedData/Build/Intermediates.noindex/MCPKit.build/Debug-watchos/MCPKit-t.build/Objects-normal/arm64/MCPKit-OutputFileMap.json -save-temps -no-color-diagnostics -explicit-module-build -module-cache-path /Users/admin/builder/spi-builder-workspace/.derivedData/Build/Intermediates.noindex/SwiftExplicitPrecompiledModules -clang-scanner-module-cache-path /Users/admin/builder/spi-builder-workspace/.derivedData/ModuleCache.noindex -sdk-module-cache-path /Users/admin/builder/spi-builder-workspace/.derivedData/SDKExplicitPrecompiledModules -emit-dependencies -emit-module -emit-module-path /Users/admin/builder/spi-builder-workspace/.derivedData/Build/Intermediates.noindex/MCPKit.build/Debug-watchos/MCPKit-t.build/Objects-normal/arm64/MCPKit.swiftmodule -serialize-diagnostics -dependency-scan-serialize-diagnostics-path /Users/admin/builder/spi-builder-workspace/.derivedData/Build/Intermediates.noindex/MCPKit.build/Debug-watchos/MCPKit-t.build/Objects-normal/arm64/MCPKit-dependency-scan.dia -user-module-version 0.6.0 -validate-clang-modules-once -clang-build-session-file /Users/admin/builder/spi-builder-workspace/.derivedData/ModuleCache.noindex/Session.modulevalidation -Xcc -fmodules-prune-interval\=86400 -Xcc -fmodules-prune-after\=345600 -package-name mcpkit -emit-const-values -const-gather-protocols-list /Users/admin/builder/spi-builder-workspace/.derivedData/Build/Intermediates.noindex/MCPKit.build/Debug-watchos/MCPKit-t.build/Objects-normal/arm64/MCPKit_const_extract_protocols.json -Xcc -I/Users/admin/builder/spi-builder-workspace/.dependencies/checkouts/swift-system/Sources/CSystem/include -Xcc -I/Users/admin/builder/spi-builder-workspace/.derivedData/Build/Products/Debug-watchos/include -Xcc -I/Users/admin/builder/spi-builder-workspace/.derivedData/Build/Intermediates.noindex/MCPKit.build/Debug-watchos/MCPKit-t.build/DerivedSources-normal/arm64 -Xcc -I/Users/admin/builder/spi-builder-workspace/.derivedData/Build/Intermediates.noindex/MCPKit.build/Debug-watchos/MCPKit-t.build/DerivedSources/arm64 -Xcc -I/Users/admin/builder/spi-builder-workspace/.derivedData/Build/Intermediates.noindex/MCPKit.build/Debug-watchos/MCPKit-t.build/DerivedSources -Xcc -DSWIFT_PACKAGE -Xcc -DDEBUG\=1 -emit-objc-header -emit-objc-header-path /Users/admin/builder/spi-builder-workspace/.derivedData/Build/Intermediates.noindex/MCPKit.build/Debug-watchos/MCPKit-t.build/Objects-normal/arm64/MCPKit-Swift.h -working-directory /Users/admin/builder/spi-builder-workspace/.swiftpm/xcode -experimental-emit-module-separately -disable-cmo
SwiftDriverJobDiscovery normal arm64_32 Compiling ToolSchema.swift (in target 'MCPKit' from project 'MCPKit')
SwiftCompile normal arm64_32 Compiling\ TokenStorage.swift,\ Error.swift,\ ID.swift,\ Icon.swift /Users/admin/builder/spi-builder-workspace/.dependencies/checkouts/swift-sdk/Sources/MCP/Base/Authorization/TokenStorage.swift /Users/admin/builder/spi-builder-workspace/.dependencies/checkouts/swift-sdk/Sources/MCP/Base/Error.swift /Users/admin/builder/spi-builder-workspace/.dependencies/checkouts/swift-sdk/Sources/MCP/Base/ID.swift /Users/admin/builder/spi-builder-workspace/.dependencies/checkouts/swift-sdk/Sources/MCP/Base/Icon.swift (in target 'MCP' from project 'mcp-swift-sdk')
SwiftCompile normal arm64_32 /Users/admin/builder/spi-builder-workspace/.dependencies/checkouts/swift-sdk/Sources/MCP/Base/Authorization/TokenStorage.swift (in target 'MCP' from project 'mcp-swift-sdk')
cd /Users/admin/builder/spi-builder-workspace/.swiftpm/xcode
builtin-SwiftPerFileCompile TokenStorage.swift
SwiftCompile normal arm64_32 /Users/admin/builder/spi-builder-workspace/.dependencies/checkouts/swift-sdk/Sources/MCP/Base/Error.swift (in target 'MCP' from project 'mcp-swift-sdk')
cd /Users/admin/builder/spi-builder-workspace/.swiftpm/xcode
builtin-SwiftPerFileCompile Error.swift
SwiftCompile normal arm64_32 /Users/admin/builder/spi-builder-workspace/.dependencies/checkouts/swift-sdk/Sources/MCP/Base/ID.swift (in target 'MCP' from project 'mcp-swift-sdk')
cd /Users/admin/builder/spi-builder-workspace/.swiftpm/xcode
builtin-SwiftPerFileCompile ID.swift
SwiftCompile normal arm64_32 /Users/admin/builder/spi-builder-workspace/.dependencies/checkouts/swift-sdk/Sources/MCP/Base/Icon.swift (in target 'MCP' from project 'mcp-swift-sdk')
cd /Users/admin/builder/spi-builder-workspace/.swiftpm/xcode
builtin-SwiftPerFileCompile Icon.swift
SwiftCompile normal arm64 Compiling\ OAuthURLValidator.swift,\ OAuthWWWAuthenticateParser.swift,\ PKCE.swift,\ TokenStorage.swift /Users/admin/builder/spi-builder-workspace/.dependencies/checkouts/swift-sdk/Sources/MCP/Base/Authorization/OAuthURLValidator.swift /Users/admin/builder/spi-builder-workspace/.dependencies/checkouts/swift-sdk/Sources/MCP/Base/Authorization/OAuthWWWAuthenticateParser.swift /Users/admin/builder/spi-builder-workspace/.dependencies/checkouts/swift-sdk/Sources/MCP/Base/Authorization/PKCE.swift /Users/admin/builder/spi-builder-workspace/.dependencies/checkouts/swift-sdk/Sources/MCP/Base/Authorization/TokenStorage.swift (in target 'MCP' from project 'mcp-swift-sdk')
SwiftCompile normal arm64 /Users/admin/builder/spi-builder-workspace/.dependencies/checkouts/swift-sdk/Sources/MCP/Base/Authorization/OAuthURLValidator.swift (in target 'MCP' from project 'mcp-swift-sdk')
cd /Users/admin/builder/spi-builder-workspace/.swiftpm/xcode
builtin-SwiftPerFileCompile OAuthURLValidator.swift
SwiftCompile normal arm64 /Users/admin/builder/spi-builder-workspace/.dependencies/checkouts/swift-sdk/Sources/MCP/Base/Authorization/OAuthWWWAuthenticateParser.swift (in target 'MCP' from project 'mcp-swift-sdk')
cd /Users/admin/builder/spi-builder-workspace/.swiftpm/xcode
builtin-SwiftPerFileCompile OAuthWWWAuthenticateParser.swift
SwiftCompile normal arm64 /Users/admin/builder/spi-builder-workspace/.dependencies/checkouts/swift-sdk/Sources/MCP/Base/Authorization/PKCE.swift (in target 'MCP' from project 'mcp-swift-sdk')
cd /Users/admin/builder/spi-builder-workspace/.swiftpm/xcode
builtin-SwiftPerFileCompile PKCE.swift
SwiftCompile normal arm64 /Users/admin/builder/spi-builder-workspace/.dependencies/checkouts/swift-sdk/Sources/MCP/Base/Authorization/TokenStorage.swift (in target 'MCP' from project 'mcp-swift-sdk')
cd /Users/admin/builder/spi-builder-workspace/.swiftpm/xcode
builtin-SwiftPerFileCompile TokenStorage.swift
SwiftDriverJobDiscovery normal arm64_32 Compiling MCPServer.swift (in target 'MCPKit' from project 'MCPKit')
SwiftDriver\ Compilation MCPKit normal arm64_32 com.apple.xcode.tools.swift.compiler (in target 'MCPKit' from project 'MCPKit')
cd /Users/admin/builder/spi-builder-workspace/.swiftpm/xcode
builtin-Swift-Compilation -- /Applications/Xcode-27.0.0.app/Contents/Developer/Toolchains/XcodeDefault.xctoolchain/usr/bin/swiftc -parse-as-library -module-name MCPKit -Onone @/Users/admin/builder/spi-builder-workspace/.derivedData/Build/Intermediates.noindex/MCPKit.build/Debug-watchos/MCPKit-t.build/Objects-normal/arm64_32/MCPKit.SwiftFileList -DSWIFT_PACKAGE -DDEBUG -DSWIFT_MODULE_RESOURCE_BUNDLE_UNAVAILABLE -Xcc -fmodule-map-file\=/Users/admin/builder/spi-builder-workspace/.dependencies/checkouts/swift-system/Sources/CSystem/include/module.modulemap -DXcode -plugin-path /Applications/Xcode-27.0.0.app/Contents/Developer/Toolchains/XcodeDefault.xctoolchain/usr/lib/swift/host/plugins/testing -enable-experimental-feature DebugDescriptionMacro -sdk /Applications/Xcode-27.0.0.app/Contents/Developer/Platforms/WatchOS.platform/Developer/SDKs/WatchOS27.0.sdk -target arm64_32-apple-watchos9.0 -g -module-cache-path /Users/admin/builder/spi-builder-workspace/.derivedData/ModuleCache.noindex -Xfrontend -serialize-debugging-options -profile-coverage-mapping -profile-generate -enable-testing -suppress-warnings -index-store-path /Users/admin/builder/spi-builder-workspace/.derivedData/Index.noindex/DataStore -Xcc -D_LIBCPP_HARDENING_MODE\=_LIBCPP_HARDENING_MODE_DEBUG -swift-version 6 -I /Users/admin/builder/spi-builder-workspace/.derivedData/Build/Products/Debug-watchos -Isystem /Applications/Xcode-27.0.0.app/Contents/Developer/Platforms/WatchOS.platform/Developer/usr/lib -F /Users/admin/builder/spi-builder-workspace/.derivedData/Build/Products/Debug-watchos/PackageFrameworks -F /Users/admin/builder/spi-builder-workspace/.derivedData/Build/Products/Debug-watchos -F /Applications/Xcode-27.0.0.app/Contents/Developer/Platforms/WatchOS.platform/Developer/Library/Frameworks -F /Applications/Xcode-27.0.0.app/Contents/Developer/Platforms/WatchOS.platform/Developer/SDKs/WatchOS27.0.sdk/Developer/Library/Frameworks -c -j10 -enable-batch-mode -incremental -Xcc -ivfsstatcache -Xcc /Users/admin/builder/spi-builder-workspace/.derivedData/SDKStatCaches.noindex/watchos27.0-24R360-e829b21a6f8c9b70876ba0858053c044b9db9bc9c079ee3c7b5f3373b13d10bc.sdkstatcache -output-file-map /Users/admin/builder/spi-builder-workspace/.derivedData/Build/Intermediates.noindex/MCPKit.build/Debug-watchos/MCPKit-t.build/Objects-normal/arm64_32/MCPKit-OutputFileMap.json -save-temps -no-color-diagnostics -explicit-module-build -module-cache-path /Users/admin/builder/spi-builder-workspace/.derivedData/Build/Intermediates.noindex/SwiftExplicitPrecompiledModules -clang-scanner-module-cache-path /Users/admin/builder/spi-builder-workspace/.derivedData/ModuleCache.noindex -sdk-module-cache-path /Users/admin/builder/spi-builder-workspace/.derivedData/SDKExplicitPrecompiledModules -emit-dependencies -emit-module -emit-module-path /Users/admin/builder/spi-builder-workspace/.derivedData/Build/Intermediates.noindex/MCPKit.build/Debug-watchos/MCPKit-t.build/Objects-normal/arm64_32/MCPKit.swiftmodule -serialize-diagnostics -dependency-scan-serialize-diagnostics-path /Users/admin/builder/spi-builder-workspace/.derivedData/Build/Intermediates.noindex/MCPKit.build/Debug-watchos/MCPKit-t.build/Objects-normal/arm64_32/MCPKit-dependency-scan.dia -user-module-version 0.6.0 -validate-clang-modules-once -clang-build-session-file /Users/admin/builder/spi-builder-workspace/.derivedData/ModuleCache.noindex/Session.modulevalidation -Xcc -fmodules-prune-interval\=86400 -Xcc -fmodules-prune-after\=345600 -package-name mcpkit -emit-const-values -const-gather-protocols-list /Users/admin/builder/spi-builder-workspace/.derivedData/Build/Intermediates.noindex/MCPKit.build/Debug-watchos/MCPKit-t.build/Objects-normal/arm64_32/MCPKit_const_extract_protocols.json -Xcc -I/Users/admin/builder/spi-builder-workspace/.dependencies/checkouts/swift-system/Sources/CSystem/include -Xcc -I/Users/admin/builder/spi-builder-workspace/.derivedData/Build/Products/Debug-watchos/include -Xcc -I/Users/admin/builder/spi-builder-workspace/.derivedData/Build/Intermediates.noindex/MCPKit.build/Debug-watchos/MCPKit-t.build/DerivedSources-normal/arm64_32 -Xcc -I/Users/admin/builder/spi-builder-workspace/.derivedData/Build/Intermediates.noindex/MCPKit.build/Debug-watchos/MCPKit-t.build/DerivedSources/arm64_32 -Xcc -I/Users/admin/builder/spi-builder-workspace/.derivedData/Build/Intermediates.noindex/MCPKit.build/Debug-watchos/MCPKit-t.build/DerivedSources -Xcc -DSWIFT_PACKAGE -Xcc -DDEBUG\=1 -emit-objc-header -emit-objc-header-path /Users/admin/builder/spi-builder-workspace/.derivedData/Build/Intermediates.noindex/MCPKit.build/Debug-watchos/MCPKit-t.build/Objects-normal/arm64_32/MCPKit-Swift.h -working-directory /Users/admin/builder/spi-builder-workspace/.swiftpm/xcode -experimental-emit-module-separately -disable-cmo
SwiftCompile normal arm64_32 Compiling\ UnitInterval.swift,\ Versioning.swift,\ Client.swift,\ Elicitation.swift /Users/admin/builder/spi-builder-workspace/.dependencies/checkouts/swift-sdk/Sources/MCP/Base/UnitInterval.swift /Users/admin/builder/spi-builder-workspace/.dependencies/checkouts/swift-sdk/Sources/MCP/Base/Versioning.swift /Users/admin/builder/spi-builder-workspace/.dependencies/checkouts/swift-sdk/Sources/MCP/Client/Client.swift /Users/admin/builder/spi-builder-workspace/.dependencies/checkouts/swift-sdk/Sources/MCP/Client/Elicitation.swift (in target 'MCP' from project 'mcp-swift-sdk')
SwiftCompile normal arm64_32 /Users/admin/builder/spi-builder-workspace/.dependencies/checkouts/swift-sdk/Sources/MCP/Base/UnitInterval.swift (in target 'MCP' from project 'mcp-swift-sdk')
cd /Users/admin/builder/spi-builder-workspace/.swiftpm/xcode
builtin-SwiftPerFileCompile UnitInterval.swift
SwiftCompile normal arm64_32 /Users/admin/builder/spi-builder-workspace/.dependencies/checkouts/swift-sdk/Sources/MCP/Base/Versioning.swift (in target 'MCP' from project 'mcp-swift-sdk')
cd /Users/admin/builder/spi-builder-workspace/.swiftpm/xcode
builtin-SwiftPerFileCompile Versioning.swift
SwiftCompile normal arm64_32 /Users/admin/builder/spi-builder-workspace/.dependencies/checkouts/swift-sdk/Sources/MCP/Client/Client.swift (in target 'MCP' from project 'mcp-swift-sdk')
cd /Users/admin/builder/spi-builder-workspace/.swiftpm/xcode
builtin-SwiftPerFileCompile Client.swift
SwiftCompile normal arm64_32 /Users/admin/builder/spi-builder-workspace/.dependencies/checkouts/swift-sdk/Sources/MCP/Client/Elicitation.swift (in target 'MCP' from project 'mcp-swift-sdk')
cd /Users/admin/builder/spi-builder-workspace/.swiftpm/xcode
builtin-SwiftPerFileCompile Elicitation.swift
SwiftCompile normal arm64_32 Compiling\ Lifecycle.swift,\ Messages.swift,\ PendingRequest.swift,\ Transport.swift /Users/admin/builder/spi-builder-workspace/.dependencies/checkouts/swift-sdk/Sources/MCP/Base/Lifecycle.swift /Users/admin/builder/spi-builder-workspace/.dependencies/checkouts/swift-sdk/Sources/MCP/Base/Messages.swift /Users/admin/builder/spi-builder-workspace/.dependencies/checkouts/swift-sdk/Sources/MCP/Base/PendingRequest.swift /Users/admin/builder/spi-builder-workspace/.dependencies/checkouts/swift-sdk/Sources/MCP/Base/Transport.swift (in target 'MCP' from project 'mcp-swift-sdk')
SwiftCompile normal arm64_32 /Users/admin/builder/spi-builder-workspace/.dependencies/checkouts/swift-sdk/Sources/MCP/Base/Lifecycle.swift (in target 'MCP' from project 'mcp-swift-sdk')
cd /Users/admin/builder/spi-builder-workspace/.swiftpm/xcode
builtin-SwiftPerFileCompile Lifecycle.swift
SwiftCompile normal arm64_32 /Users/admin/builder/spi-builder-workspace/.dependencies/checkouts/swift-sdk/Sources/MCP/Base/Messages.swift (in target 'MCP' from project 'mcp-swift-sdk')
cd /Users/admin/builder/spi-builder-workspace/.swiftpm/xcode
builtin-SwiftPerFileCompile Messages.swift
SwiftCompile normal arm64_32 /Users/admin/builder/spi-builder-workspace/.dependencies/checkouts/swift-sdk/Sources/MCP/Base/PendingRequest.swift (in target 'MCP' from project 'mcp-swift-sdk')
cd /Users/admin/builder/spi-builder-workspace/.swiftpm/xcode
builtin-SwiftPerFileCompile PendingRequest.swift
SwiftCompile normal arm64_32 /Users/admin/builder/spi-builder-workspace/.dependencies/checkouts/swift-sdk/Sources/MCP/Base/Transport.swift (in target 'MCP' from project 'mcp-swift-sdk')
cd /Users/admin/builder/spi-builder-workspace/.swiftpm/xcode
builtin-SwiftPerFileCompile Transport.swift
SwiftCompile normal arm64_32 Compiling\ Completion.swift,\ Logging.swift,\ Prompts.swift /Users/admin/builder/spi-builder-workspace/.dependencies/checkouts/swift-sdk/Sources/MCP/Server/Completion.swift /Users/admin/builder/spi-builder-workspace/.dependencies/checkouts/swift-sdk/Sources/MCP/Server/Logging.swift /Users/admin/builder/spi-builder-workspace/.dependencies/checkouts/swift-sdk/Sources/MCP/Server/Prompts.swift (in target 'MCP' from project 'mcp-swift-sdk')
SwiftCompile normal arm64_32 /Users/admin/builder/spi-builder-workspace/.dependencies/checkouts/swift-sdk/Sources/MCP/Server/Completion.swift (in target 'MCP' from project 'mcp-swift-sdk')
cd /Users/admin/builder/spi-builder-workspace/.swiftpm/xcode
builtin-SwiftPerFileCompile Completion.swift
SwiftCompile normal arm64_32 /Users/admin/builder/spi-builder-workspace/.dependencies/checkouts/swift-sdk/Sources/MCP/Server/Logging.swift (in target 'MCP' from project 'mcp-swift-sdk')
cd /Users/admin/builder/spi-builder-workspace/.swiftpm/xcode
builtin-SwiftPerFileCompile Logging.swift
SwiftCompile normal arm64_32 /Users/admin/builder/spi-builder-workspace/.dependencies/checkouts/swift-sdk/Sources/MCP/Server/Prompts.swift (in target 'MCP' from project 'mcp-swift-sdk')
cd /Users/admin/builder/spi-builder-workspace/.swiftpm/xcode
builtin-SwiftPerFileCompile Prompts.swift
SwiftDriverJobDiscovery normal arm64_32 Compiling OAuthTokenEndpointClient.swift, OAuthURLValidator.swift, OAuthWWWAuthenticateParser.swift, PKCE.swift (in target 'MCP' from project 'mcp-swift-sdk')
SwiftCompile normal arm64_32 Compiling\ OAuthClientRegistrar.swift /Users/admin/builder/spi-builder-workspace/.dependencies/checkouts/swift-sdk/Sources/MCP/Base/Authorization/OAuthClientRegistrar.swift (in target 'MCP' from project 'mcp-swift-sdk')
SwiftCompile normal arm64_32 /Users/admin/builder/spi-builder-workspace/.dependencies/checkouts/swift-sdk/Sources/MCP/Base/Authorization/OAuthClientRegistrar.swift (in target 'MCP' from project 'mcp-swift-sdk')
cd /Users/admin/builder/spi-builder-workspace/.swiftpm/xcode
builtin-SwiftPerFileCompile OAuthClientRegistrar.swift
PruneExplicitPrecompiledModules /Users/admin/builder/spi-builder-workspace/.derivedData/Build/Intermediates.noindex/SwiftExplicitPrecompiledModules
PruneExplicitPrecompiledModules /Users/admin/builder/spi-builder-workspace/.derivedData/Build/Intermediates.noindex/ExplicitPrecompiledModules
PruneExplicitPrecompiledModules /Users/admin/builder/spi-builder-workspace/.derivedData/SDKExplicitPrecompiledModules
2026-10-16 06:37:13.695 xcodebuild[2012:10848] [MT] IDERunDestination: Supported platforms for the buildables in the current scheme is empty.
** BUILD FAILED **
The following build commands failed:
SwiftCompile normal arm64_32 (in target 'CoderPadKit' from project 'CoderPadKit')
SwiftEmitModule normal arm64_32 Emitting\ module\ for\ CoderPadKit (in target 'CoderPadKit' from project 'CoderPadKit')
Building workspace CoderPadMCP with scheme CoderPadMCP-Package
(3 failures)
BUILD FAILURE 6.4 watchOS