Build Information
Failed to build Quack, reference 1.9.0 (38930d), with Swift 6.4 for macOS (Xcode) using Xcode 27.0 on 16 Sep 2026 19:49:59 UTC.
Build Command
No build command. This typically means the build failed at an early stage where we determine the build command.Build Log
========================================
RunAll
========================================
Builder version: 5.1.0
Interrupt handler set up.
========================================
Checkout
========================================
Clone URL: https://github.com/cpageler93/quack.git
Reference: 1.9.0
Initialized empty Git repository in /Users/admin/builder/spi-builder-workspace/.git/
From https://github.com/cpageler93/quack
* tag 1.9.0 -> FETCH_HEAD
HEAD is now at 38930de Update to Swift 5
Cloned https://github.com/cpageler93/quack.git
Revision (git rev-parse @):
38930deedf25007f860fff45d2cfe7550ed02776
SUCCESS checkout https://github.com/cpageler93/quack.git at 1.9.0
========================================
Build
========================================
Selected platform: macosXcodebuild
Swift version: 6.4
Building package at path: $PWD
https://github.com/cpageler93/quack.git
Command line invocation:
/Applications/Xcode-27.0.0-Release.Candidate.app/Contents/Developer/usr/bin/xcodebuild -IDEClonedSourcePackagesDirPathOverride=/Users/admin/builder/spi-builder-workspace/.dependencies -resolvePackageDependencies
resolved source packages:
error: 'spi-builder-workspace': Invalid manifest (compiled with: ["/Library/Developer/CommandLineTools/usr/bin/swiftc", "-vfsoverlay", "/var/folders/xq/y_g06wb113726d38xsyx71_h0000gn/T/TemporaryDirectory.FjN5gy/vfs.yaml", "-L", "/Library/Developer/CommandLineTools/usr/lib/swift/pm/ManifestAPI", "-lPackageDescription", "-Xlinker", "-rpath", "-Xlinker", "/Library/Developer/CommandLineTools/usr/lib/swift/pm/ManifestAPI", "-target", "arm64-apple-macosx14.0", "-I", "/Library/Developer/CommandLineTools/Library/Developer/Frameworks", "-L", "/Library/Developer/CommandLineTools/Library/Developer/Frameworks", "-plugin-path", "/Library/Developer/CommandLineTools/usr/lib/swift/host/plugins/testing", "-sdk", "/Library/Developer/CommandLineTools/SDKs/MacOSX.sdk", "-swift-version", "4", "-I", "/Library/Developer/CommandLineTools/usr/lib/swift/pm/ManifestAPI", "-sdk", "/Library/Developer/CommandLineTools/SDKs/MacOSX.sdk", "-package-description-version", "4.1.0", "/Users/admin/builder/spi-builder-workspace/Package.swift", "-o", "/var/folders/xq/y_g06wb113726d38xsyx71_h0000gn/T/TemporaryDirectory.39NOqP/spi-builder-workspace-manifest"])
/Users/admin/builder/spi-builder-workspace/Package.swift:10:74: error: missing argument for parameter 'condition' in call
8 | #else
9 | let httpPackageDependency = Package.Dependency.package(url: "https://github.com/Alamofire/Alamofire", from: "4.8.2")
10 | let httpTargetDependency = Target.Dependency.byNameItem(name: "Alamofire")
| `- error: missing argument for parameter 'condition' in call
11 | #endif
12 |
PackageDescription.Target.Dependency.byNameItem:3:6: note: 'byNameItem(name:condition:)' declared here
1 | class Target {
2 | enum Dependency {
3 | case byNameItem(name: String, condition: TargetDependencyCondition?) }
| `- note: 'byNameItem(name:condition:)' declared here
4 | }
5 |
/Users/admin/builder/spi-builder-workspace/Package.swift:26:43: error: missing argument for parameter 'condition' in call
24 | .target(name: "Quack", dependencies: [
25 | httpTargetDependency,
26 | .byNameItem(name: "SwiftyJSON"),
| `- error: missing argument for parameter 'condition' in call
27 | .byNameItem(name: "Result")
28 | ]),
PackageDescription.Target.Dependency.byNameItem:3:6: note: 'byNameItem(name:condition:)' declared here
1 | class Target {
2 | enum Dependency {
3 | case byNameItem(name: String, condition: TargetDependencyCondition?) }
| `- note: 'byNameItem(name:condition:)' declared here
4 | }
5 |
/Users/admin/builder/spi-builder-workspace/Package.swift:27:39: error: missing argument for parameter 'condition' in call
25 | httpTargetDependency,
26 | .byNameItem(name: "SwiftyJSON"),
27 | .byNameItem(name: "Result")
| `- error: missing argument for parameter 'condition' in call
28 | ]),
29 | .testTarget(name: "QuackUnitTests", dependencies: ["Quack"])
PackageDescription.Target.Dependency.byNameItem:3:6: note: 'byNameItem(name:condition:)' declared here
1 | class Target {
2 | enum Dependency {
3 | case byNameItem(name: String, condition: TargetDependencyCondition?) }
| `- note: 'byNameItem(name:condition:)' declared here
4 | }
5 |
error: fatalError
Command line invocation:
/Applications/Xcode-27.0.0-Release.Candidate.app/Contents/Developer/usr/bin/xcodebuild -IDEClonedSourcePackagesDirPathOverride=/Users/admin/builder/spi-builder-workspace/.dependencies -resolvePackageDependencies
resolved source packages:
error: 'spi-builder-workspace': Invalid manifest (compiled with: ["/Library/Developer/CommandLineTools/usr/bin/swiftc", "-vfsoverlay", "/var/folders/xq/y_g06wb113726d38xsyx71_h0000gn/T/TemporaryDirectory.oY3WRG/vfs.yaml", "-L", "/Library/Developer/CommandLineTools/usr/lib/swift/pm/ManifestAPI", "-lPackageDescription", "-Xlinker", "-rpath", "-Xlinker", "/Library/Developer/CommandLineTools/usr/lib/swift/pm/ManifestAPI", "-target", "arm64-apple-macosx14.0", "-I", "/Library/Developer/CommandLineTools/Library/Developer/Frameworks", "-L", "/Library/Developer/CommandLineTools/Library/Developer/Frameworks", "-plugin-path", "/Library/Developer/CommandLineTools/usr/lib/swift/host/plugins/testing", "-sdk", "/Library/Developer/CommandLineTools/SDKs/MacOSX.sdk", "-swift-version", "4", "-I", "/Library/Developer/CommandLineTools/usr/lib/swift/pm/ManifestAPI", "-sdk", "/Library/Developer/CommandLineTools/SDKs/MacOSX.sdk", "-package-description-version", "4.1.0", "/Users/admin/builder/spi-builder-workspace/Package.swift", "-o", "/var/folders/xq/y_g06wb113726d38xsyx71_h0000gn/T/TemporaryDirectory.MLO2u5/spi-builder-workspace-manifest"])
/Users/admin/builder/spi-builder-workspace/Package.swift:10:74: error: missing argument for parameter 'condition' in call
8 | #else
9 | let httpPackageDependency = Package.Dependency.package(url: "https://github.com/Alamofire/Alamofire", from: "4.8.2")
10 | let httpTargetDependency = Target.Dependency.byNameItem(name: "Alamofire")
| `- error: missing argument for parameter 'condition' in call
11 | #endif
12 |
PackageDescription.Target.Dependency.byNameItem:3:6: note: 'byNameItem(name:condition:)' declared here
1 | class Target {
2 | enum Dependency {
3 | case byNameItem(name: String, condition: TargetDependencyCondition?) }
| `- note: 'byNameItem(name:condition:)' declared here
4 | }
5 |
/Users/admin/builder/spi-builder-workspace/Package.swift:26:43: error: missing argument for parameter 'condition' in call
24 | .target(name: "Quack", dependencies: [
25 | httpTargetDependency,
26 | .byNameItem(name: "SwiftyJSON"),
| `- error: missing argument for parameter 'condition' in call
27 | .byNameItem(name: "Result")
28 | ]),
PackageDescription.Target.Dependency.byNameItem:3:6: note: 'byNameItem(name:condition:)' declared here
1 | class Target {
2 | enum Dependency {
3 | case byNameItem(name: String, condition: TargetDependencyCondition?) }
| `- note: 'byNameItem(name:condition:)' declared here
4 | }
5 |
/Users/admin/builder/spi-builder-workspace/Package.swift:27:39: error: missing argument for parameter 'condition' in call
25 | httpTargetDependency,
26 | .byNameItem(name: "SwiftyJSON"),
27 | .byNameItem(name: "Result")
| `- error: missing argument for parameter 'condition' in call
28 | ]),
29 | .testTarget(name: "QuackUnitTests", dependencies: ["Quack"])
PackageDescription.Target.Dependency.byNameItem:3:6: note: 'byNameItem(name:condition:)' declared here
1 | class Target {
2 | enum Dependency {
3 | case byNameItem(name: String, condition: TargetDependencyCondition?) }
| `- note: 'byNameItem(name:condition:)' declared here
4 | }
5 |
error: fatalError
BUILD FAILURE 6.4 macosXcodebuild