The Swift Package Index logo.Swift Package Index

Build Information

Failed to build Ergo, reference main (acdfc7), with Swift 6.1 for Linux on 14 Oct 2026 22:24:33 UTC.

Build Command

bash -c docker run --pull=always --rm -v "checkouts-54344843-1":/host -w "$PWD" -e JAVA_HOME="/root/.sdkman/candidates/java/current" -e SPI_BUILD="1" -e SPI_PROCESSING="1" registry.gitlab.com/saguaro1/spi-images:linux-6.1-latest swift build --triple x86_64-unknown-linux-gnu 2>&1

Build Log

========================================
RunAll
========================================
Builder version: 5.1.3
Interrupt handler set up.
========================================
Checkout
========================================
Clone URL: https://github.com/Fleuronic/Ergo.git
Reference: main
Initialized empty Git repository in /host/spi-builder-workspace/.git/
hint: Using 'master' as the name for the initial branch. This default branch name
hint: is subject to change. To configure the initial branch name to use in all
hint: of your new repositories, which will suppress this warning, call:
hint:
hint: 	git config --global init.defaultBranch <name>
hint:
hint: Names commonly chosen instead of 'master' are 'main', 'trunk' and
hint: 'development'. The just-created branch can be renamed via this command:
hint:
hint: 	git branch -m <name>
From https://github.com/Fleuronic/Ergo
 * branch            main       -> FETCH_HEAD
 * [new branch]      main       -> origin/main
HEAD is now at acdfc75 Update submodule
Submodule path 'Submodules/ErgoAppKit': checked out '3bf8cdffba83eed1966345038de2b3c623030ab9'
Submodule path 'Submodules/ErgoDeclarativeUIKit': checked out 'f595a661f59f1b723b1d5f6e94f2564aefcf3346'
Submodule path 'Submodules/ErgoUIKit': checked out '5197af0956b294008c73db07c657239597defb4b'
Submodule 'ErgoAppKit' (https://github.com/Fleuronic/ErgoAppKit) registered for path 'Submodules/ErgoAppKit'
Submodule 'ErgoDeclarativeUIKit' (https://github.com/Fleuronic/ErgoDeclarativeUIKit) registered for path 'Submodules/ErgoDeclarativeUIKit'
Submodule 'ErgoUIKit' (https://github.com/Fleuronic/ErgoUIKit) registered for path 'Submodules/ErgoUIKit'
Cloning into '/host/spi-builder-workspace/Submodules/ErgoAppKit'...
Cloning into '/host/spi-builder-workspace/Submodules/ErgoDeclarativeUIKit'...
Cloning into '/host/spi-builder-workspace/Submodules/ErgoUIKit'...
Cloned https://github.com/Fleuronic/Ergo.git
Revision (git rev-parse @):
acdfc759a9a7470d7aa2ddbb1d9baf8ac28d7581
SUCCESS checkout https://github.com/Fleuronic/Ergo.git at main
========================================
Build
========================================
Selected platform:         linux
Swift version:             6.1
Building package at path:  $PWD
https://github.com/Fleuronic/Ergo.git
https://github.com/Fleuronic/Ergo.git
WARNING: environment variable SUPPRESS_SWIFT_6_FLAGS is not set
Running build ...
bash -c docker run --pull=always --rm -v "checkouts-54344843-1":/host -w "$PWD" -e JAVA_HOME="/root/.sdkman/candidates/java/current" -e SPI_BUILD="1" -e SPI_PROCESSING="1" registry.gitlab.com/saguaro1/spi-images:linux-6.1-latest swift build --triple x86_64-unknown-linux-gnu -Xswiftc -Xfrontend -Xswiftc -stats-output-dir -Xswiftc -Xfrontend -Xswiftc .stats -Xswiftc -strict-concurrency=complete -Xswiftc -enable-upcoming-feature -Xswiftc StrictConcurrency -Xswiftc -enable-upcoming-feature -Xswiftc DisableOutwardActorInference -Xswiftc -enable-upcoming-feature -Xswiftc GlobalActorIsolatedTypesUsability -Xswiftc -enable-upcoming-feature -Xswiftc InferSendableFromCaptures 2>&1
linux-6.1-latest: Pulling from saguaro1/spi-images
Digest: sha256:2ccba1a98249c90438a7c8a4888192d345af17f27af8250de02cec002ad06687
Status: Image is up to date for registry.gitlab.com/saguaro1/spi-images:linux-6.1-latest
Fetching https://github.com/jordanekay/workflow-swift
[1/26592] Fetching workflow-swift
Fetched https://github.com/jordanekay/workflow-swift from cache (1.06s)
Fetching https://github.com/ReactiveCocoa/ReactiveSwift.git
[1/52500] Fetching reactiveswift
Fetched https://github.com/ReactiveCocoa/ReactiveSwift.git from cache (1.99s)
Fetching https://github.com/swiftlang/swift-syntax
Fetching https://github.com/pointfreeco/swift-identified-collections
Fetching https://github.com/pointfreeco/swift-custom-dump
Fetching https://github.com/pointfreeco/swift-case-paths
[1/5347] Fetching swift-case-paths
[5348/6927] Fetching swift-case-paths, swift-identified-collections
[6928/12596] Fetching swift-case-paths, swift-identified-collections, swift-custom-dump
Fetched https://github.com/pointfreeco/swift-identified-collections from cache (1.56s)
[1/80756] Fetching swift-syntax
Fetched https://github.com/pointfreeco/swift-case-paths from cache (4.54s)
Fetched https://github.com/pointfreeco/swift-custom-dump from cache (4.54s)
Fetched https://github.com/swiftlang/swift-syntax from cache (4.56s)
Computing version for https://github.com/pointfreeco/swift-identified-collections
Computed https://github.com/pointfreeco/swift-identified-collections at 1.1.1 (4.90s)
Fetching https://github.com/apple/swift-collections
[1/28792] Fetching swift-collections
Fetched https://github.com/apple/swift-collections from cache (1.46s)
Computing version for https://github.com/pointfreeco/swift-custom-dump
Computed https://github.com/pointfreeco/swift-custom-dump at 1.7.3 (1.70s)
Fetching https://github.com/pointfreeco/xctest-dynamic-overlay
[1/2727] Fetching xctest-dynamic-overlay
Fetched https://github.com/pointfreeco/xctest-dynamic-overlay from cache (0.67s)
Computing version for https://github.com/pointfreeco/xctest-dynamic-overlay
Computed https://github.com/pointfreeco/xctest-dynamic-overlay at 1.13.1 (1.70s)
Computing version for https://github.com/apple/swift-collections
Computed https://github.com/apple/swift-collections at 1.6.0 (0.33s)
Computing version for https://github.com/pointfreeco/swift-case-paths
Computed https://github.com/pointfreeco/swift-case-paths at 1.10.0 (0.29s)
Computing version for https://github.com/swiftlang/swift-syntax
Computed https://github.com/swiftlang/swift-syntax at 600.0.1 (0.32s)
Creating working copy for https://github.com/pointfreeco/swift-identified-collections
Working copy of https://github.com/pointfreeco/swift-identified-collections resolved at 1.1.1
Creating working copy for https://github.com/pointfreeco/xctest-dynamic-overlay
Working copy of https://github.com/pointfreeco/xctest-dynamic-overlay resolved at 1.13.1
Creating working copy for https://github.com/apple/swift-collections
Working copy of https://github.com/apple/swift-collections resolved at 1.6.0
Creating working copy for https://github.com/jordanekay/workflow-swift
Working copy of https://github.com/jordanekay/workflow-swift resolved at main (9d3e621)
Creating working copy for https://github.com/swiftlang/swift-syntax
Working copy of https://github.com/swiftlang/swift-syntax resolved at 600.0.1
Creating working copy for https://github.com/pointfreeco/swift-case-paths
Working copy of https://github.com/pointfreeco/swift-case-paths resolved at 1.10.0
Creating working copy for https://github.com/pointfreeco/swift-custom-dump
Working copy of https://github.com/pointfreeco/swift-custom-dump resolved at 1.7.3
Creating working copy for https://github.com/ReactiveCocoa/ReactiveSwift.git
Working copy of https://github.com/ReactiveCocoa/ReactiveSwift.git resolved at swift-concurrency (3d40187)
Building for debugging...
[0/5] Write sources
[4/5] Write swift-version-24593BA9C3E375BF.txt
[6/53] Emitting module ReactiveSwift
[7/59] Compiling ReactiveSwift Reduce.swift
[8/59] Compiling ReactiveSwift ScanMap.swift
[9/59] Compiling ReactiveSwift SkipFirst.swift
[10/59] Compiling ReactiveSwift SkipRepeats.swift
[11/59] Compiling ReactiveSwift SkipWhile.swift
[12/59] Compiling ReactiveSwift TakeFirst.swift
[13/59] Compiling ReactiveSwift TakeLast.swift
[14/59] Compiling ReactiveSwift CompactMap.swift
[15/59] Compiling ReactiveSwift Debounce.swift
[16/59] Compiling ReactiveSwift Delay.swift
[17/59] Compiling ReactiveSwift Dematerialize.swift
[18/59] Compiling ReactiveSwift DematerializeResults.swift
[19/59] Compiling ReactiveSwift Filter.swift
[20/59] Compiling ReactiveSwift LazyMap.swift
[21/59] Compiling ReactiveSwift Flatten.swift
[22/59] Compiling ReactiveSwift FoundationExtensions.swift
[23/59] Compiling ReactiveSwift Lifetime.swift
[24/59] Compiling ReactiveSwift AttemptMap.swift
[25/59] Compiling ReactiveSwift Collect.swift
[26/59] Compiling ReactiveSwift CollectEvery.swift
[27/59] Compiling ReactiveSwift CombinePrevious.swift
[28/59] Compiling ReactiveSwift Action.swift
[29/59] Compiling ReactiveSwift Atomic.swift
[30/59] Compiling ReactiveSwift Bag.swift
[31/59] Compiling ReactiveSwift Deprecations+Removals.swift
[32/59] Compiling ReactiveSwift Disposable.swift
[33/59] Compiling ReactiveSwift Event.swift
[34/59] Compiling ReactiveSwift EventLogger.swift
[35/59] Compiling ReactiveSwift TakeUntil.swift
[36/59] Compiling ReactiveSwift TakeWhile.swift
[37/59] Compiling ReactiveSwift Throttle.swift
[38/59] Compiling ReactiveSwift UnaryAsyncOperator.swift
[39/59] Compiling ReactiveSwift UniqueValues.swift
[40/59] Compiling ReactiveSwift Optional.swift
[41/59] Compiling ReactiveSwift Map.swift
[42/59] Compiling ReactiveSwift MapError.swift
[43/59] Compiling ReactiveSwift Materialize.swift
[44/59] Compiling ReactiveSwift MaterializeAsResult.swift
[45/59] Compiling ReactiveSwift ObserveOn.swift
[46/59] Compiling ReactiveSwift Observer.swift
[47/59] Compiling ReactiveSwift Operators.swift
[48/59] Compiling ReactiveSwift Property.swift
[49/59] Compiling ReactiveSwift Reactive.swift
[50/59] Compiling ReactiveSwift ResultExtensions.swift
[51/59] Compiling ReactiveSwift Scheduler.swift
[52/59] Compiling ReactiveSwift Signal+SwiftConcurrency.swift
[53/59] Compiling ReactiveSwift Signal.Observer.swift
[54/59] Compiling ReactiveSwift Signal.swift
[55/59] Compiling ReactiveSwift SignalProducer+SwiftConcurrency.swift
[56/59] Compiling ReactiveSwift SignalProducer.swift
[57/59] Compiling ReactiveSwift UnidirectionalBinding.swift
[58/59] Compiling ReactiveSwift UninhabitedTypeGuards.swift
[59/59] Compiling ReactiveSwift ValidatingProperty.swift
error: emit-module command failed with exit code 1 (use -v to see invocation)
[61/75] Emitting module Workflow
/host/spi-builder-workspace/.build/checkouts/workflow-swift/Workflow/Sources/WorkflowLogger.swift:18:8: error: no such module 'os.signpost'
 16 |
 17 | import Foundation
 18 | import os.signpost
    |        `- error: no such module 'os.signpost'
 19 |
 20 | extension OSLog {
[62/76] Compiling Workflow WorkflowLogger.swift
/host/spi-builder-workspace/.build/checkouts/workflow-swift/Workflow/Sources/WorkflowLogger.swift:18:8: error: no such module 'os.signpost'
 16 |
 17 | import Foundation
 18 | import os.signpost
    |        `- error: no such module 'os.signpost'
 19 |
 20 | extension OSLog {
[63/76] Compiling Workflow WorkflowNode.swift
/host/spi-builder-workspace/.build/checkouts/workflow-swift/Workflow/Sources/WorkflowLogger.swift:18:8: error: no such module 'os.signpost'
 16 |
 17 | import Foundation
 18 | import os.signpost
    |        `- error: no such module 'os.signpost'
 19 |
 20 | extension OSLog {
[64/76] Compiling Workflow Lifetime.swift
/host/spi-builder-workspace/.build/checkouts/workflow-swift/Workflow/Sources/WorkflowLogger.swift:18:8: error: no such module 'os.signpost'
 16 |
 17 | import Foundation
 18 | import os.signpost
    |        `- error: no such module 'os.signpost'
 19 |
 20 | extension OSLog {
[65/76] Compiling Workflow RenderContext.swift
/host/spi-builder-workspace/.build/checkouts/workflow-swift/Workflow/Sources/WorkflowLogger.swift:18:8: error: no such module 'os.signpost'
 16 |
 17 | import Foundation
 18 | import os.signpost
    |        `- error: no such module 'os.signpost'
 19 |
 20 | extension OSLog {
[66/76] Compiling Workflow AnyWorkflow.swift
/host/spi-builder-workspace/.build/checkouts/workflow-swift/Workflow/Sources/WorkflowLogger.swift:18:8: error: no such module 'os.signpost'
 16 |
 17 | import Foundation
 18 | import os.signpost
    |        `- error: no such module 'os.signpost'
 19 |
 20 | extension OSLog {
[67/76] Compiling Workflow AnyWorkflowConvertible.swift
/host/spi-builder-workspace/.build/checkouts/workflow-swift/Workflow/Sources/WorkflowLogger.swift:18:8: error: no such module 'os.signpost'
 16 |
 17 | import Foundation
 18 | import os.signpost
    |        `- error: no such module 'os.signpost'
 19 |
 20 | extension OSLog {
[68/76] Compiling Workflow WorkflowAction.swift
/host/spi-builder-workspace/.build/checkouts/workflow-swift/Workflow/Sources/WorkflowLogger.swift:18:8: error: no such module 'os.signpost'
 16 |
 17 | import Foundation
 18 | import os.signpost
    |        `- error: no such module 'os.signpost'
 19 |
 20 | extension OSLog {
[69/76] Compiling Workflow WorkflowHost.swift
/host/spi-builder-workspace/.build/checkouts/workflow-swift/Workflow/Sources/WorkflowLogger.swift:18:8: error: no such module 'os.signpost'
 16 |
 17 | import Foundation
 18 | import os.signpost
    |        `- error: no such module 'os.signpost'
 19 |
 20 | extension OSLog {
[70/76] Compiling Workflow Sink.swift
/host/spi-builder-workspace/.build/checkouts/workflow-swift/Workflow/Sources/WorkflowLogger.swift:18:8: error: no such module 'os.signpost'
 16 |
 17 | import Foundation
 18 | import os.signpost
    |        `- error: no such module 'os.signpost'
 19 |
 20 | extension OSLog {
[71/76] Compiling Workflow StateMutationSink.swift
/host/spi-builder-workspace/.build/checkouts/workflow-swift/Workflow/Sources/WorkflowLogger.swift:18:8: error: no such module 'os.signpost'
 16 |
 17 | import Foundation
 18 | import os.signpost
    |        `- error: no such module 'os.signpost'
 19 |
 20 | extension OSLog {
[72/76] Compiling Workflow SubtreeManager.swift
/host/spi-builder-workspace/.build/checkouts/workflow-swift/Workflow/Sources/WorkflowLogger.swift:18:8: error: no such module 'os.signpost'
 16 |
 17 | import Foundation
 18 | import os.signpost
    |        `- error: no such module 'os.signpost'
 19 |
 20 | extension OSLog {
[73/76] Compiling Workflow Workflow.swift
/host/spi-builder-workspace/.build/checkouts/workflow-swift/Workflow/Sources/WorkflowLogger.swift:18:8: error: no such module 'os.signpost'
 16 |
 17 | import Foundation
 18 | import os.signpost
    |        `- error: no such module 'os.signpost'
 19 |
 20 | extension OSLog {
[74/76] Compiling Workflow Debugging.swift
/host/spi-builder-workspace/.build/checkouts/workflow-swift/Workflow/Sources/WorkflowLogger.swift:18:8: error: no such module 'os.signpost'
 16 |
 17 | import Foundation
 18 | import os.signpost
    |        `- error: no such module 'os.signpost'
 19 |
 20 | extension OSLog {
[75/76] Compiling Workflow DispatchQueue+Workflow.swift
/host/spi-builder-workspace/.build/checkouts/workflow-swift/Workflow/Sources/WorkflowLogger.swift:18:8: error: no such module 'os.signpost'
 16 |
 17 | import Foundation
 18 | import os.signpost
    |        `- error: no such module 'os.signpost'
 19 |
 20 | extension OSLog {
[76/76] Compiling Workflow WorkflowObserver.swift
/host/spi-builder-workspace/.build/checkouts/workflow-swift/Workflow/Sources/WorkflowLogger.swift:18:8: error: no such module 'os.signpost'
 16 |
 17 | import Foundation
 18 | import os.signpost
    |        `- error: no such module 'os.signpost'
 19 |
 20 | extension OSLog {
Running build ...
bash -c docker run --pull=always --rm -v "checkouts-54344843-1":/host -w "$PWD" -e JAVA_HOME="/root/.sdkman/candidates/java/current" -e SPI_BUILD="1" -e SPI_PROCESSING="1" registry.gitlab.com/saguaro1/spi-images:linux-6.1-latest swift build --triple x86_64-unknown-linux-gnu 2>&1
linux-6.1-latest: Pulling from saguaro1/spi-images
Digest: sha256:2ccba1a98249c90438a7c8a4888192d345af17f27af8250de02cec002ad06687
Status: Image is up to date for registry.gitlab.com/saguaro1/spi-images:linux-6.1-latest
[0/1] Planning build
Building for debugging...
[0/1] Write swift-version-24593BA9C3E375BF.txt
[2/49] Compiling ReactiveSwift Map.swift
[3/49] Compiling ReactiveSwift MapError.swift
[4/49] Compiling ReactiveSwift Materialize.swift
[5/49] Compiling ReactiveSwift MaterializeAsResult.swift
[6/49] Compiling ReactiveSwift ObserveOn.swift
[7/49] Compiling ReactiveSwift Observer.swift
[8/49] Compiling ReactiveSwift Operators.swift
[9/55] Compiling ReactiveSwift Reduce.swift
[10/55] Compiling ReactiveSwift ScanMap.swift
[11/55] Compiling ReactiveSwift SkipFirst.swift
[12/55] Compiling ReactiveSwift SkipRepeats.swift
[13/55] Compiling ReactiveSwift SkipWhile.swift
[14/55] Compiling ReactiveSwift TakeFirst.swift
[15/55] Compiling ReactiveSwift TakeLast.swift
[16/55] Compiling ReactiveSwift CompactMap.swift
[17/55] Compiling ReactiveSwift Debounce.swift
[18/55] Compiling ReactiveSwift Delay.swift
[19/55] Compiling ReactiveSwift Dematerialize.swift
[20/55] Compiling ReactiveSwift DematerializeResults.swift
[21/55] Compiling ReactiveSwift Filter.swift
[22/55] Compiling ReactiveSwift LazyMap.swift
[23/55] Emitting module ReactiveSwift
[24/55] Compiling ReactiveSwift Action.swift
[25/55] Compiling ReactiveSwift Atomic.swift
[26/55] Compiling ReactiveSwift Bag.swift
[27/55] Compiling ReactiveSwift Deprecations+Removals.swift
[28/55] Compiling ReactiveSwift Disposable.swift
[29/55] Compiling ReactiveSwift Event.swift
[30/55] Compiling ReactiveSwift EventLogger.swift
[31/55] Compiling ReactiveSwift TakeUntil.swift
[32/55] Compiling ReactiveSwift TakeWhile.swift
[33/55] Compiling ReactiveSwift Throttle.swift
[34/55] Compiling ReactiveSwift UnaryAsyncOperator.swift
[35/55] Compiling ReactiveSwift UniqueValues.swift
[36/55] Compiling ReactiveSwift Optional.swift
[37/55] Compiling ReactiveSwift Flatten.swift
[38/55] Compiling ReactiveSwift FoundationExtensions.swift
[39/55] Compiling ReactiveSwift Lifetime.swift
[40/55] Compiling ReactiveSwift AttemptMap.swift
[41/55] Compiling ReactiveSwift Collect.swift
[42/55] Compiling ReactiveSwift CollectEvery.swift
[43/55] Compiling ReactiveSwift CombinePrevious.swift
[44/55] Compiling ReactiveSwift Property.swift
[45/55] Compiling ReactiveSwift Reactive.swift
[46/55] Compiling ReactiveSwift ResultExtensions.swift
[47/55] Compiling ReactiveSwift Scheduler.swift
[48/55] Compiling ReactiveSwift Signal+SwiftConcurrency.swift
[49/55] Compiling ReactiveSwift Signal.Observer.swift
[50/55] Compiling ReactiveSwift Signal.swift
[51/55] Compiling ReactiveSwift SignalProducer+SwiftConcurrency.swift
[52/55] Compiling ReactiveSwift SignalProducer.swift
[53/55] Compiling ReactiveSwift UnidirectionalBinding.swift
[54/55] Compiling ReactiveSwift UninhabitedTypeGuards.swift
[55/55] Compiling ReactiveSwift ValidatingProperty.swift
[57/71] Compiling Workflow WorkflowLogger.swift
/host/spi-builder-workspace/.build/checkouts/workflow-swift/Workflow/Sources/WorkflowLogger.swift:18:8: error: no such module 'os.signpost'
 16 |
 17 | import Foundation
 18 | import os.signpost
    |        `- error: no such module 'os.signpost'
 19 |
 20 | extension OSLog {
[58/71] Compiling Workflow WorkflowNode.swift
/host/spi-builder-workspace/.build/checkouts/workflow-swift/Workflow/Sources/WorkflowLogger.swift:18:8: error: no such module 'os.signpost'
 16 |
 17 | import Foundation
 18 | import os.signpost
    |        `- error: no such module 'os.signpost'
 19 |
 20 | extension OSLog {
[59/71] Compiling Workflow WorkflowAction.swift
/host/spi-builder-workspace/.build/checkouts/workflow-swift/Workflow/Sources/WorkflowLogger.swift:18:8: error: no such module 'os.signpost'
 16 |
 17 | import Foundation
 18 | import os.signpost
    |        `- error: no such module 'os.signpost'
 19 |
 20 | extension OSLog {
[60/71] Compiling Workflow WorkflowHost.swift
/host/spi-builder-workspace/.build/checkouts/workflow-swift/Workflow/Sources/WorkflowLogger.swift:18:8: error: no such module 'os.signpost'
 16 |
 17 | import Foundation
 18 | import os.signpost
    |        `- error: no such module 'os.signpost'
 19 |
 20 | extension OSLog {
error: emit-module command failed with exit code 1 (use -v to see invocation)
[61/72] Emitting module Workflow
/host/spi-builder-workspace/.build/checkouts/workflow-swift/Workflow/Sources/WorkflowLogger.swift:18:8: error: no such module 'os.signpost'
 16 |
 17 | import Foundation
 18 | import os.signpost
    |        `- error: no such module 'os.signpost'
 19 |
 20 | extension OSLog {
[62/72] Compiling Workflow AnyWorkflow.swift
/host/spi-builder-workspace/.build/checkouts/workflow-swift/Workflow/Sources/WorkflowLogger.swift:18:8: error: no such module 'os.signpost'
 16 |
 17 | import Foundation
 18 | import os.signpost
    |        `- error: no such module 'os.signpost'
 19 |
 20 | extension OSLog {
[63/72] Compiling Workflow AnyWorkflowConvertible.swift
/host/spi-builder-workspace/.build/checkouts/workflow-swift/Workflow/Sources/WorkflowLogger.swift:18:8: error: no such module 'os.signpost'
 16 |
 17 | import Foundation
 18 | import os.signpost
    |        `- error: no such module 'os.signpost'
 19 |
 20 | extension OSLog {
[64/72] Compiling Workflow SubtreeManager.swift
/host/spi-builder-workspace/.build/checkouts/workflow-swift/Workflow/Sources/WorkflowLogger.swift:18:8: error: no such module 'os.signpost'
 16 |
 17 | import Foundation
 18 | import os.signpost
    |        `- error: no such module 'os.signpost'
 19 |
 20 | extension OSLog {
[65/72] Compiling Workflow Workflow.swift
/host/spi-builder-workspace/.build/checkouts/workflow-swift/Workflow/Sources/WorkflowLogger.swift:18:8: error: no such module 'os.signpost'
 16 |
 17 | import Foundation
 18 | import os.signpost
    |        `- error: no such module 'os.signpost'
 19 |
 20 | extension OSLog {
[66/72] Compiling Workflow Lifetime.swift
/host/spi-builder-workspace/.build/checkouts/workflow-swift/Workflow/Sources/WorkflowLogger.swift:18:8: error: no such module 'os.signpost'
 16 |
 17 | import Foundation
 18 | import os.signpost
    |        `- error: no such module 'os.signpost'
 19 |
 20 | extension OSLog {
[67/72] Compiling Workflow RenderContext.swift
/host/spi-builder-workspace/.build/checkouts/workflow-swift/Workflow/Sources/WorkflowLogger.swift:18:8: error: no such module 'os.signpost'
 16 |
 17 | import Foundation
 18 | import os.signpost
    |        `- error: no such module 'os.signpost'
 19 |
 20 | extension OSLog {
[68/72] Compiling Workflow Debugging.swift
/host/spi-builder-workspace/.build/checkouts/workflow-swift/Workflow/Sources/WorkflowLogger.swift:18:8: error: no such module 'os.signpost'
 16 |
 17 | import Foundation
 18 | import os.signpost
    |        `- error: no such module 'os.signpost'
 19 |
 20 | extension OSLog {
[69/72] Compiling Workflow DispatchQueue+Workflow.swift
/host/spi-builder-workspace/.build/checkouts/workflow-swift/Workflow/Sources/WorkflowLogger.swift:18:8: error: no such module 'os.signpost'
 16 |
 17 | import Foundation
 18 | import os.signpost
    |        `- error: no such module 'os.signpost'
 19 |
 20 | extension OSLog {
[70/72] Compiling Workflow Sink.swift
/host/spi-builder-workspace/.build/checkouts/workflow-swift/Workflow/Sources/WorkflowLogger.swift:18:8: error: no such module 'os.signpost'
 16 |
 17 | import Foundation
 18 | import os.signpost
    |        `- error: no such module 'os.signpost'
 19 |
 20 | extension OSLog {
[71/72] Compiling Workflow StateMutationSink.swift
/host/spi-builder-workspace/.build/checkouts/workflow-swift/Workflow/Sources/WorkflowLogger.swift:18:8: error: no such module 'os.signpost'
 16 |
 17 | import Foundation
 18 | import os.signpost
    |        `- error: no such module 'os.signpost'
 19 |
 20 | extension OSLog {
[72/72] Compiling Workflow WorkflowObserver.swift
/host/spi-builder-workspace/.build/checkouts/workflow-swift/Workflow/Sources/WorkflowLogger.swift:18:8: error: no such module 'os.signpost'
 16 |
 17 | import Foundation
 18 | import os.signpost
    |        `- error: no such module 'os.signpost'
 19 |
 20 | extension OSLog {
BUILD FAILURE 6.1 linux