The Swift Package Index logo.Swift Package Index

Build Information

Failed to build CoreOSC, reference 2.4.0 (ac9c6c), with Swift 6.1 for watchOS using Xcode 16.3 on 11 Aug 2026 11:04:39 UTC.

Build Command

env DEVELOPER_DIR=/Applications/Xcode-16.3.0.app xcrun xcodebuild -IDEClonedSourcePackagesDirPathOverride=$PWD/.dependencies -skipMacroValidation -skipPackagePluginValidation -derivedDataPath $PWD/.derivedData build -scheme CoreOSC -destination generic/platform=watchOS

Build Log


SwiftCompile normal armv7k /Users/admin/builder/spi-builder-workspace/Sources/CoreOSC/OSCPacket.swift (in target 'CoreOSC' from project 'CoreOSC')
    cd /Users/admin/builder/spi-builder-workspace/.swiftpm/xcode

SwiftDriverJobDiscovery normal arm64 Compiling OSCBundle.swift, OSCFilterAddress.swift, OSCFilterAddressStore.swift (in target 'CoreOSC' from project 'CoreOSC')
SwiftCompile normal arm64 Compiling\ OSCParser.swift,\ OSCParserError.swift,\ OSCPatternMatch.swift /Users/admin/builder/spi-builder-workspace/Sources/CoreOSC/OSCParser.swift /Users/admin/builder/spi-builder-workspace/Sources/CoreOSC/OSCParserError.swift /Users/admin/builder/spi-builder-workspace/Sources/CoreOSC/OSCPatternMatch.swift (in target 'CoreOSC' from project 'CoreOSC')
SwiftCompile normal arm64 /Users/admin/builder/spi-builder-workspace/Sources/CoreOSC/OSCParser.swift (in target 'CoreOSC' from project 'CoreOSC')
    cd /Users/admin/builder/spi-builder-workspace/.swiftpm/xcode

SwiftCompile normal arm64 /Users/admin/builder/spi-builder-workspace/Sources/CoreOSC/OSCParserError.swift (in target 'CoreOSC' from project 'CoreOSC')
    cd /Users/admin/builder/spi-builder-workspace/.swiftpm/xcode

SwiftCompile normal arm64 /Users/admin/builder/spi-builder-workspace/Sources/CoreOSC/OSCPatternMatch.swift (in target 'CoreOSC' from project 'CoreOSC')
    cd /Users/admin/builder/spi-builder-workspace/.swiftpm/xcode

SwiftCompile normal arm64 Compiling\ OSCFilterMethod.swift,\ OSCInvocation.swift,\ OSCMatch.swift /Users/admin/builder/spi-builder-workspace/Sources/CoreOSC/OSCFilterMethod.swift /Users/admin/builder/spi-builder-workspace/Sources/CoreOSC/OSCInvocation.swift /Users/admin/builder/spi-builder-workspace/Sources/CoreOSC/OSCMatch.swift (in target 'CoreOSC' from project 'CoreOSC')
SwiftCompile normal arm64 /Users/admin/builder/spi-builder-workspace/Sources/CoreOSC/OSCFilterMethod.swift (in target 'CoreOSC' from project 'CoreOSC')
    cd /Users/admin/builder/spi-builder-workspace/.swiftpm/xcode

SwiftCompile normal arm64 /Users/admin/builder/spi-builder-workspace/Sources/CoreOSC/OSCInvocation.swift (in target 'CoreOSC' from project 'CoreOSC')
    cd /Users/admin/builder/spi-builder-workspace/.swiftpm/xcode

SwiftCompile normal arm64 /Users/admin/builder/spi-builder-workspace/Sources/CoreOSC/OSCMatch.swift (in target 'CoreOSC' from project 'CoreOSC')
    cd /Users/admin/builder/spi-builder-workspace/.swiftpm/xcode

SwiftCompile normal armv7k Compiling\ OSCAddress.swift,\ OSCAddressError.swift,\ OSCAddressFilter.swift /Users/admin/builder/spi-builder-workspace/Sources/CoreOSC/OSCAddress.swift /Users/admin/builder/spi-builder-workspace/Sources/CoreOSC/OSCAddressError.swift /Users/admin/builder/spi-builder-workspace/Sources/CoreOSC/OSCAddressFilter.swift (in target 'CoreOSC' from project 'CoreOSC')
SwiftCompile normal armv7k /Users/admin/builder/spi-builder-workspace/Sources/CoreOSC/OSCAddress.swift (in target 'CoreOSC' from project 'CoreOSC')
    cd /Users/admin/builder/spi-builder-workspace/.swiftpm/xcode

SwiftCompile normal armv7k /Users/admin/builder/spi-builder-workspace/Sources/CoreOSC/OSCAddressError.swift (in target 'CoreOSC' from project 'CoreOSC')
    cd /Users/admin/builder/spi-builder-workspace/.swiftpm/xcode

SwiftCompile normal armv7k /Users/admin/builder/spi-builder-workspace/Sources/CoreOSC/OSCAddressFilter.swift (in target 'CoreOSC' from project 'CoreOSC')
    cd /Users/admin/builder/spi-builder-workspace/.swiftpm/xcode

SwiftDriverJobDiscovery normal armv7k Compiling resource_bundle_accessor.swift, CoreOSC.swift, Character.swift (in target 'CoreOSC' from project 'CoreOSC')
SwiftDriverJobDiscovery normal armv7k Compiling Numeric.swift, String.swift, UInt32.swift (in target 'CoreOSC' from project 'CoreOSC')
SwiftDriverJobDiscovery normal arm64 Compiling resource_bundle_accessor.swift, CoreOSC.swift, Character.swift (in target 'CoreOSC' from project 'CoreOSC')
SwiftCompile normal arm64_32 Compiling\ OSCAddress.swift,\ OSCAddressError.swift,\ OSCAddressFilter.swift /Users/admin/builder/spi-builder-workspace/Sources/CoreOSC/OSCAddress.swift /Users/admin/builder/spi-builder-workspace/Sources/CoreOSC/OSCAddressError.swift /Users/admin/builder/spi-builder-workspace/Sources/CoreOSC/OSCAddressFilter.swift (in target 'CoreOSC' from project 'CoreOSC')
SwiftCompile normal arm64_32 /Users/admin/builder/spi-builder-workspace/Sources/CoreOSC/OSCAddress.swift (in target 'CoreOSC' from project 'CoreOSC')
    cd /Users/admin/builder/spi-builder-workspace/.swiftpm/xcode

SwiftCompile normal arm64_32 /Users/admin/builder/spi-builder-workspace/Sources/CoreOSC/OSCAddressError.swift (in target 'CoreOSC' from project 'CoreOSC')
    cd /Users/admin/builder/spi-builder-workspace/.swiftpm/xcode

SwiftCompile normal arm64_32 /Users/admin/builder/spi-builder-workspace/Sources/CoreOSC/OSCAddressFilter.swift (in target 'CoreOSC' from project 'CoreOSC')
    cd /Users/admin/builder/spi-builder-workspace/.swiftpm/xcode

SwiftCompile normal armv7k Compiling\ OSCParser.swift,\ OSCParserError.swift,\ OSCPatternMatch.swift /Users/admin/builder/spi-builder-workspace/Sources/CoreOSC/OSCParser.swift /Users/admin/builder/spi-builder-workspace/Sources/CoreOSC/OSCParserError.swift /Users/admin/builder/spi-builder-workspace/Sources/CoreOSC/OSCPatternMatch.swift (in target 'CoreOSC' from project 'CoreOSC')
SwiftCompile normal armv7k /Users/admin/builder/spi-builder-workspace/Sources/CoreOSC/OSCParser.swift (in target 'CoreOSC' from project 'CoreOSC')
    cd /Users/admin/builder/spi-builder-workspace/.swiftpm/xcode

SwiftCompile normal armv7k /Users/admin/builder/spi-builder-workspace/Sources/CoreOSC/OSCParserError.swift (in target 'CoreOSC' from project 'CoreOSC')
    cd /Users/admin/builder/spi-builder-workspace/.swiftpm/xcode

SwiftCompile normal armv7k /Users/admin/builder/spi-builder-workspace/Sources/CoreOSC/OSCPatternMatch.swift (in target 'CoreOSC' from project 'CoreOSC')
    cd /Users/admin/builder/spi-builder-workspace/.swiftpm/xcode

SwiftDriverJobDiscovery normal arm64_32 Compiling OSCAddressPattern.swift, OSCAddressSpace.swift, OSCAddressStore.swift (in target 'CoreOSC' from project 'CoreOSC')
SwiftCompile normal arm64_32 Compiling\ OSCMessage.swift,\ OSCMethod.swift,\ OSCPacket.swift /Users/admin/builder/spi-builder-workspace/Sources/CoreOSC/OSCMessage.swift /Users/admin/builder/spi-builder-workspace/Sources/CoreOSC/OSCMethod.swift /Users/admin/builder/spi-builder-workspace/Sources/CoreOSC/OSCPacket.swift (in target 'CoreOSC' from project 'CoreOSC')
SwiftCompile normal arm64_32 /Users/admin/builder/spi-builder-workspace/Sources/CoreOSC/OSCMessage.swift (in target 'CoreOSC' from project 'CoreOSC')
    cd /Users/admin/builder/spi-builder-workspace/.swiftpm/xcode

SwiftCompile normal arm64_32 /Users/admin/builder/spi-builder-workspace/Sources/CoreOSC/OSCMethod.swift (in target 'CoreOSC' from project 'CoreOSC')
    cd /Users/admin/builder/spi-builder-workspace/.swiftpm/xcode

SwiftCompile normal arm64_32 /Users/admin/builder/spi-builder-workspace/Sources/CoreOSC/OSCPacket.swift (in target 'CoreOSC' from project 'CoreOSC')
    cd /Users/admin/builder/spi-builder-workspace/.swiftpm/xcode

SwiftDriverJobDiscovery normal arm64_32 Compiling OSCRefractingAddress.swift, OSCStore.swift, OSCTimeTag.swift (in target 'CoreOSC' from project 'CoreOSC')
SwiftDriverJobDiscovery normal armv7k Compiling OSCBundle.swift, OSCFilterAddress.swift, OSCFilterAddressStore.swift (in target 'CoreOSC' from project 'CoreOSC')
SwiftCompile normal arm64 Compiling\ OSCRefractingAddress.swift,\ OSCStore.swift,\ OSCTimeTag.swift /Users/admin/builder/spi-builder-workspace/Sources/CoreOSC/OSCRefractingAddress.swift /Users/admin/builder/spi-builder-workspace/Sources/CoreOSC/OSCStore.swift /Users/admin/builder/spi-builder-workspace/Sources/CoreOSC/OSCTimeTag.swift (in target 'CoreOSC' from project 'CoreOSC')
SwiftCompile normal arm64 /Users/admin/builder/spi-builder-workspace/Sources/CoreOSC/OSCRefractingAddress.swift (in target 'CoreOSC' from project 'CoreOSC')
    cd /Users/admin/builder/spi-builder-workspace/.swiftpm/xcode

SwiftCompile normal arm64 /Users/admin/builder/spi-builder-workspace/Sources/CoreOSC/OSCStore.swift (in target 'CoreOSC' from project 'CoreOSC')
    cd /Users/admin/builder/spi-builder-workspace/.swiftpm/xcode

SwiftCompile normal arm64 /Users/admin/builder/spi-builder-workspace/Sources/CoreOSC/OSCTimeTag.swift (in target 'CoreOSC' from project 'CoreOSC')
    cd /Users/admin/builder/spi-builder-workspace/.swiftpm/xcode

SwiftDriverJobDiscovery normal arm64 Compiling OSCAddressPattern.swift, OSCAddressSpace.swift, OSCAddressStore.swift (in target 'CoreOSC' from project 'CoreOSC')
SwiftCompile normal arm64_32 Compiling\ OSCAnnotation.swift,\ OSCArgument.swift,\ OSCArgumentError.swift /Users/admin/builder/spi-builder-workspace/Sources/CoreOSC/OSCAnnotation.swift /Users/admin/builder/spi-builder-workspace/Sources/CoreOSC/OSCArgument.swift /Users/admin/builder/spi-builder-workspace/Sources/CoreOSC/OSCArgumentError.swift (in target 'CoreOSC' from project 'CoreOSC')
SwiftCompile normal arm64_32 /Users/admin/builder/spi-builder-workspace/Sources/CoreOSC/OSCAnnotation.swift (in target 'CoreOSC' from project 'CoreOSC')
    cd /Users/admin/builder/spi-builder-workspace/.swiftpm/xcode

SwiftCompile normal arm64_32 /Users/admin/builder/spi-builder-workspace/Sources/CoreOSC/OSCArgument.swift (in target 'CoreOSC' from project 'CoreOSC')
    cd /Users/admin/builder/spi-builder-workspace/.swiftpm/xcode

SwiftCompile normal arm64_32 /Users/admin/builder/spi-builder-workspace/Sources/CoreOSC/OSCArgumentError.swift (in target 'CoreOSC' from project 'CoreOSC')
    cd /Users/admin/builder/spi-builder-workspace/.swiftpm/xcode

SwiftDriverJobDiscovery normal arm64_32 Compiling resource_bundle_accessor.swift, CoreOSC.swift, Character.swift (in target 'CoreOSC' from project 'CoreOSC')
SwiftCompile normal arm64_32 Compiling\ OSCBundle.swift,\ OSCFilterAddress.swift,\ OSCFilterAddressStore.swift /Users/admin/builder/spi-builder-workspace/Sources/CoreOSC/OSCBundle.swift /Users/admin/builder/spi-builder-workspace/Sources/CoreOSC/OSCFilterAddress.swift /Users/admin/builder/spi-builder-workspace/Sources/CoreOSC/OSCFilterAddressStore.swift (in target 'CoreOSC' from project 'CoreOSC')
SwiftCompile normal arm64_32 /Users/admin/builder/spi-builder-workspace/Sources/CoreOSC/OSCBundle.swift (in target 'CoreOSC' from project 'CoreOSC')
    cd /Users/admin/builder/spi-builder-workspace/.swiftpm/xcode

SwiftCompile normal arm64_32 /Users/admin/builder/spi-builder-workspace/Sources/CoreOSC/OSCFilterAddress.swift (in target 'CoreOSC' from project 'CoreOSC')
    cd /Users/admin/builder/spi-builder-workspace/.swiftpm/xcode

SwiftCompile normal arm64_32 /Users/admin/builder/spi-builder-workspace/Sources/CoreOSC/OSCFilterAddressStore.swift (in target 'CoreOSC' from project 'CoreOSC')
    cd /Users/admin/builder/spi-builder-workspace/.swiftpm/xcode

SwiftDriverJobDiscovery normal armv7k Compiling OSCAddress.swift, OSCAddressError.swift, OSCAddressFilter.swift (in target 'CoreOSC' from project 'CoreOSC')
SwiftCompile normal armv7k Compiling\ OSCRefractingAddress.swift,\ OSCStore.swift,\ OSCTimeTag.swift /Users/admin/builder/spi-builder-workspace/Sources/CoreOSC/OSCRefractingAddress.swift /Users/admin/builder/spi-builder-workspace/Sources/CoreOSC/OSCStore.swift /Users/admin/builder/spi-builder-workspace/Sources/CoreOSC/OSCTimeTag.swift (in target 'CoreOSC' from project 'CoreOSC')
SwiftCompile normal armv7k /Users/admin/builder/spi-builder-workspace/Sources/CoreOSC/OSCRefractingAddress.swift (in target 'CoreOSC' from project 'CoreOSC')
    cd /Users/admin/builder/spi-builder-workspace/.swiftpm/xcode

SwiftCompile normal armv7k /Users/admin/builder/spi-builder-workspace/Sources/CoreOSC/OSCStore.swift (in target 'CoreOSC' from project 'CoreOSC')
    cd /Users/admin/builder/spi-builder-workspace/.swiftpm/xcode

SwiftCompile normal armv7k /Users/admin/builder/spi-builder-workspace/Sources/CoreOSC/OSCTimeTag.swift (in target 'CoreOSC' from project 'CoreOSC')
    cd /Users/admin/builder/spi-builder-workspace/.swiftpm/xcode

SwiftDriverJobDiscovery normal arm64_32 Compiling OSCAddress.swift, OSCAddressError.swift, OSCAddressFilter.swift (in target 'CoreOSC' from project 'CoreOSC')
SwiftCompile normal arm64 Compiling\ Numeric.swift,\ String.swift,\ UInt32.swift /Users/admin/builder/spi-builder-workspace/Sources/CoreOSC/Extensions/Numeric.swift /Users/admin/builder/spi-builder-workspace/Sources/CoreOSC/Extensions/String.swift /Users/admin/builder/spi-builder-workspace/Sources/CoreOSC/Extensions/UInt32.swift (in target 'CoreOSC' from project 'CoreOSC')
SwiftCompile normal arm64 /Users/admin/builder/spi-builder-workspace/Sources/CoreOSC/Extensions/Numeric.swift (in target 'CoreOSC' from project 'CoreOSC')
    cd /Users/admin/builder/spi-builder-workspace/.swiftpm/xcode

SwiftCompile normal arm64 /Users/admin/builder/spi-builder-workspace/Sources/CoreOSC/Extensions/String.swift (in target 'CoreOSC' from project 'CoreOSC')
    cd /Users/admin/builder/spi-builder-workspace/.swiftpm/xcode

SwiftCompile normal arm64 /Users/admin/builder/spi-builder-workspace/Sources/CoreOSC/Extensions/UInt32.swift (in target 'CoreOSC' from project 'CoreOSC')
    cd /Users/admin/builder/spi-builder-workspace/.swiftpm/xcode

SwiftDriverJobDiscovery normal arm64 Compiling OSCParser.swift, OSCParserError.swift, OSCPatternMatch.swift (in target 'CoreOSC' from project 'CoreOSC')
SwiftCompile normal arm64 Compiling\ OSCAddress.swift,\ OSCAddressError.swift,\ OSCAddressFilter.swift /Users/admin/builder/spi-builder-workspace/Sources/CoreOSC/OSCAddress.swift /Users/admin/builder/spi-builder-workspace/Sources/CoreOSC/OSCAddressError.swift /Users/admin/builder/spi-builder-workspace/Sources/CoreOSC/OSCAddressFilter.swift (in target 'CoreOSC' from project 'CoreOSC')
SwiftCompile normal arm64 /Users/admin/builder/spi-builder-workspace/Sources/CoreOSC/OSCAddress.swift (in target 'CoreOSC' from project 'CoreOSC')
    cd /Users/admin/builder/spi-builder-workspace/.swiftpm/xcode

SwiftCompile normal arm64 /Users/admin/builder/spi-builder-workspace/Sources/CoreOSC/OSCAddressError.swift (in target 'CoreOSC' from project 'CoreOSC')
    cd /Users/admin/builder/spi-builder-workspace/.swiftpm/xcode

SwiftCompile normal arm64 /Users/admin/builder/spi-builder-workspace/Sources/CoreOSC/OSCAddressFilter.swift (in target 'CoreOSC' from project 'CoreOSC')
    cd /Users/admin/builder/spi-builder-workspace/.swiftpm/xcode

SwiftDriverJobDiscovery normal armv7k Compiling OSCParser.swift, OSCParserError.swift, OSCPatternMatch.swift (in target 'CoreOSC' from project 'CoreOSC')
SwiftCompile normal arm64 Compiling\ OSCAnnotation.swift,\ OSCArgument.swift,\ OSCArgumentError.swift /Users/admin/builder/spi-builder-workspace/Sources/CoreOSC/OSCAnnotation.swift /Users/admin/builder/spi-builder-workspace/Sources/CoreOSC/OSCArgument.swift /Users/admin/builder/spi-builder-workspace/Sources/CoreOSC/OSCArgumentError.swift (in target 'CoreOSC' from project 'CoreOSC')
SwiftCompile normal arm64 /Users/admin/builder/spi-builder-workspace/Sources/CoreOSC/OSCAnnotation.swift (in target 'CoreOSC' from project 'CoreOSC')
    cd /Users/admin/builder/spi-builder-workspace/.swiftpm/xcode

SwiftCompile normal arm64 /Users/admin/builder/spi-builder-workspace/Sources/CoreOSC/OSCArgument.swift (in target 'CoreOSC' from project 'CoreOSC')
    cd /Users/admin/builder/spi-builder-workspace/.swiftpm/xcode

SwiftCompile normal arm64 /Users/admin/builder/spi-builder-workspace/Sources/CoreOSC/OSCArgumentError.swift (in target 'CoreOSC' from project 'CoreOSC')
    cd /Users/admin/builder/spi-builder-workspace/.swiftpm/xcode

SwiftDriverJobDiscovery normal armv7k Compiling OSCMessage.swift, OSCMethod.swift, OSCPacket.swift (in target 'CoreOSC' from project 'CoreOSC')
SwiftCompile normal arm64_32 Compiling\ OSCParser.swift,\ OSCParserError.swift,\ OSCPatternMatch.swift /Users/admin/builder/spi-builder-workspace/Sources/CoreOSC/OSCParser.swift /Users/admin/builder/spi-builder-workspace/Sources/CoreOSC/OSCParserError.swift /Users/admin/builder/spi-builder-workspace/Sources/CoreOSC/OSCPatternMatch.swift (in target 'CoreOSC' from project 'CoreOSC')
SwiftCompile normal arm64_32 /Users/admin/builder/spi-builder-workspace/Sources/CoreOSC/OSCParser.swift (in target 'CoreOSC' from project 'CoreOSC')
    cd /Users/admin/builder/spi-builder-workspace/.swiftpm/xcode

SwiftCompile normal arm64_32 /Users/admin/builder/spi-builder-workspace/Sources/CoreOSC/OSCParserError.swift (in target 'CoreOSC' from project 'CoreOSC')
    cd /Users/admin/builder/spi-builder-workspace/.swiftpm/xcode

SwiftCompile normal arm64_32 /Users/admin/builder/spi-builder-workspace/Sources/CoreOSC/OSCPatternMatch.swift (in target 'CoreOSC' from project 'CoreOSC')
    cd /Users/admin/builder/spi-builder-workspace/.swiftpm/xcode

SwiftDriverJobDiscovery normal arm64_32 Compiling OSCMessage.swift, OSCMethod.swift, OSCPacket.swift (in target 'CoreOSC' from project 'CoreOSC')
SwiftCompile normal armv7k Compiling\ OSCFilterMethod.swift,\ OSCInvocation.swift,\ OSCMatch.swift /Users/admin/builder/spi-builder-workspace/Sources/CoreOSC/OSCFilterMethod.swift /Users/admin/builder/spi-builder-workspace/Sources/CoreOSC/OSCInvocation.swift /Users/admin/builder/spi-builder-workspace/Sources/CoreOSC/OSCMatch.swift (in target 'CoreOSC' from project 'CoreOSC')
SwiftCompile normal armv7k /Users/admin/builder/spi-builder-workspace/Sources/CoreOSC/OSCFilterMethod.swift (in target 'CoreOSC' from project 'CoreOSC')
    cd /Users/admin/builder/spi-builder-workspace/.swiftpm/xcode

SwiftCompile normal armv7k /Users/admin/builder/spi-builder-workspace/Sources/CoreOSC/OSCInvocation.swift (in target 'CoreOSC' from project 'CoreOSC')
    cd /Users/admin/builder/spi-builder-workspace/.swiftpm/xcode

SwiftCompile normal armv7k /Users/admin/builder/spi-builder-workspace/Sources/CoreOSC/OSCMatch.swift (in target 'CoreOSC' from project 'CoreOSC')
    cd /Users/admin/builder/spi-builder-workspace/.swiftpm/xcode

SwiftDriverJobDiscovery normal arm64 Compiling OSCRefractingAddress.swift, OSCStore.swift, OSCTimeTag.swift (in target 'CoreOSC' from project 'CoreOSC')
SwiftCompile normal arm64 Compiling\ OSCMessage.swift,\ OSCMethod.swift,\ OSCPacket.swift /Users/admin/builder/spi-builder-workspace/Sources/CoreOSC/OSCMessage.swift /Users/admin/builder/spi-builder-workspace/Sources/CoreOSC/OSCMethod.swift /Users/admin/builder/spi-builder-workspace/Sources/CoreOSC/OSCPacket.swift (in target 'CoreOSC' from project 'CoreOSC')
SwiftCompile normal arm64 /Users/admin/builder/spi-builder-workspace/Sources/CoreOSC/OSCMessage.swift (in target 'CoreOSC' from project 'CoreOSC')
    cd /Users/admin/builder/spi-builder-workspace/.swiftpm/xcode

SwiftCompile normal arm64 /Users/admin/builder/spi-builder-workspace/Sources/CoreOSC/OSCMethod.swift (in target 'CoreOSC' from project 'CoreOSC')
    cd /Users/admin/builder/spi-builder-workspace/.swiftpm/xcode

SwiftCompile normal arm64 /Users/admin/builder/spi-builder-workspace/Sources/CoreOSC/OSCPacket.swift (in target 'CoreOSC' from project 'CoreOSC')
    cd /Users/admin/builder/spi-builder-workspace/.swiftpm/xcode

SwiftDriverJobDiscovery normal arm64 Compiling OSCFilterMethod.swift, OSCInvocation.swift, OSCMatch.swift (in target 'CoreOSC' from project 'CoreOSC')
SwiftCompile normal arm64_32 Compiling\ OSCFilterMethod.swift,\ OSCInvocation.swift,\ OSCMatch.swift /Users/admin/builder/spi-builder-workspace/Sources/CoreOSC/OSCFilterMethod.swift /Users/admin/builder/spi-builder-workspace/Sources/CoreOSC/OSCInvocation.swift /Users/admin/builder/spi-builder-workspace/Sources/CoreOSC/OSCMatch.swift (in target 'CoreOSC' from project 'CoreOSC')
SwiftCompile normal arm64_32 /Users/admin/builder/spi-builder-workspace/Sources/CoreOSC/OSCFilterMethod.swift (in target 'CoreOSC' from project 'CoreOSC')
    cd /Users/admin/builder/spi-builder-workspace/.swiftpm/xcode

SwiftCompile normal arm64_32 /Users/admin/builder/spi-builder-workspace/Sources/CoreOSC/OSCInvocation.swift (in target 'CoreOSC' from project 'CoreOSC')
    cd /Users/admin/builder/spi-builder-workspace/.swiftpm/xcode

SwiftCompile normal arm64_32 /Users/admin/builder/spi-builder-workspace/Sources/CoreOSC/OSCMatch.swift (in target 'CoreOSC' from project 'CoreOSC')
    cd /Users/admin/builder/spi-builder-workspace/.swiftpm/xcode

SwiftDriverJobDiscovery normal arm64 Compiling Numeric.swift, String.swift, UInt32.swift (in target 'CoreOSC' from project 'CoreOSC')
SwiftDriverJobDiscovery normal armv7k Compiling OSCAnnotation.swift, OSCArgument.swift, OSCArgumentError.swift (in target 'CoreOSC' from project 'CoreOSC')
SwiftDriver CoreOSCTests normal arm64 com.apple.xcode.tools.swift.compiler (in target 'CoreOSCTests' from project 'CoreOSC')
    cd /Users/admin/builder/spi-builder-workspace/.swiftpm/xcode
    builtin-SwiftDriver -- /Applications/Xcode-16.3.0.app/Contents/Developer/Toolchains/XcodeDefault.xctoolchain/usr/bin/swiftc -module-name CoreOSCTests -Onone -enforce-exclusivity\=checked @/Users/admin/builder/spi-builder-workspace/.derivedData/Build/Intermediates.noindex/CoreOSC.build/Debug-watchos/CoreOSCTests.build/Objects-normal/arm64/CoreOSCTests.SwiftFileList -DSWIFT_PACKAGE -DDEBUG -stats-output-dir .stats -plugin-path /Applications/Xcode-16.3.0.app/Contents/Developer/Toolchains/XcodeDefault.xctoolchain/usr/lib/swift/host/plugins/testing -enable-experimental-feature DebugDescriptionMacro -sdk /Applications/Xcode-16.3.0.app/Contents/Developer/Platforms/WatchOS.platform/Developer/SDKs/WatchOS11.4.sdk -target arm64-apple-watchos7.0 -g -module-cache-path /Users/admin/builder/spi-builder-workspace/.derivedData/ModuleCache.noindex -Xfrontend -serialize-debugging-options -enable-testing -index-store-path /Users/admin/builder/spi-builder-workspace/.derivedData/Index.noindex/DataStore -swift-version 6 -I /Users/admin/builder/spi-builder-workspace/.derivedData/Build/Products/Debug-watchos -I /Applications/Xcode-16.3.0.app/Contents/Developer/Platforms/WatchOS.platform/Developer/usr/lib -F /Users/admin/builder/spi-builder-workspace/.derivedData/Build/Products/Debug-watchos/PackageFrameworks -F /Users/admin/builder/spi-builder-workspace/.derivedData/Build/Products/Debug-watchos -F /Applications/Xcode-16.3.0.app/Contents/Developer/Platforms/WatchOS.platform/Developer/Library/Frameworks -F /Applications/Xcode-16.3.0.app/Contents/Developer/Platforms/WatchOS.platform/Developer/SDKs/WatchOS11.4.sdk/Developer/Library/Frameworks -emit-localized-strings -emit-localized-strings-path /Users/admin/builder/spi-builder-workspace/.derivedData/Build/Intermediates.noindex/CoreOSC.build/Debug-watchos/CoreOSCTests.build/Objects-normal/arm64 -c -j10 -enable-batch-mode -incremental -Xcc -ivfsstatcache -Xcc /Users/admin/builder/spi-builder-workspace/.derivedData/SDKStatCaches.noindex/watchos11.4-22T246-43efb940ff07ba2497b70ec94253f576.sdkstatcache -output-file-map /Users/admin/builder/spi-builder-workspace/.derivedData/Build/Intermediates.noindex/CoreOSC.build/Debug-watchos/CoreOSCTests.build/Objects-normal/arm64/CoreOSCTests-OutputFileMap.json -use-frontend-parseable-output -save-temps -no-color-diagnostics -serialize-diagnostics -emit-dependencies -emit-module -emit-module-path /Users/admin/builder/spi-builder-workspace/.derivedData/Build/Intermediates.noindex/CoreOSC.build/Debug-watchos/CoreOSCTests.build/Objects-normal/arm64/CoreOSCTests.swiftmodule -validate-clang-modules-once -clang-build-session-file /Users/admin/builder/spi-builder-workspace/.derivedData/ModuleCache.noindex/Session.modulevalidation -package-name spi_builder_workspace -emit-const-values -Xfrontend -const-gather-protocols-file -Xfrontend /Users/admin/builder/spi-builder-workspace/.derivedData/Build/Intermediates.noindex/CoreOSC.build/Debug-watchos/CoreOSCTests.build/Objects-normal/arm64/CoreOSCTests_const_extract_protocols.json -Xcc -I/Users/admin/builder/spi-builder-workspace/.derivedData/Build/Products/Debug-watchos/include -Xcc -I/Users/admin/builder/spi-builder-workspace/.derivedData/Build/Intermediates.noindex/CoreOSC.build/Debug-watchos/CoreOSCTests.build/DerivedSources-normal/arm64 -Xcc -I/Users/admin/builder/spi-builder-workspace/.derivedData/Build/Intermediates.noindex/CoreOSC.build/Debug-watchos/CoreOSCTests.build/DerivedSources/arm64 -Xcc -I/Users/admin/builder/spi-builder-workspace/.derivedData/Build/Intermediates.noindex/CoreOSC.build/Debug-watchos/CoreOSCTests.build/DerivedSources -Xcc -DSWIFT_PACKAGE -Xcc -DDEBUG\=1 -working-directory /Users/admin/builder/spi-builder-workspace/.swiftpm/xcode -experimental-emit-module-separately -disable-cmo
SwiftDriver CoreOSCTests normal armv7k com.apple.xcode.tools.swift.compiler (in target 'CoreOSCTests' from project 'CoreOSC')
    cd /Users/admin/builder/spi-builder-workspace/.swiftpm/xcode
    builtin-SwiftDriver -- /Applications/Xcode-16.3.0.app/Contents/Developer/Toolchains/XcodeDefault.xctoolchain/usr/bin/swiftc -module-name CoreOSCTests -Onone -enforce-exclusivity\=checked @/Users/admin/builder/spi-builder-workspace/.derivedData/Build/Intermediates.noindex/CoreOSC.build/Debug-watchos/CoreOSCTests.build/Objects-normal/armv7k/CoreOSCTests.SwiftFileList -DSWIFT_PACKAGE -DDEBUG -stats-output-dir .stats -plugin-path /Applications/Xcode-16.3.0.app/Contents/Developer/Toolchains/XcodeDefault.xctoolchain/usr/lib/swift/host/plugins/testing -enable-experimental-feature DebugDescriptionMacro -sdk /Applications/Xcode-16.3.0.app/Contents/Developer/Platforms/WatchOS.platform/Developer/SDKs/WatchOS11.4.sdk -target armv7k-apple-watchos7.0 -g -module-cache-path /Users/admin/builder/spi-builder-workspace/.derivedData/ModuleCache.noindex -Xfrontend -serialize-debugging-options -enable-testing -index-store-path /Users/admin/builder/spi-builder-workspace/.derivedData/Index.noindex/DataStore -swift-version 6 -I /Users/admin/builder/spi-builder-workspace/.derivedData/Build/Products/Debug-watchos -I /Applications/Xcode-16.3.0.app/Contents/Developer/Platforms/WatchOS.platform/Developer/usr/lib -F /Users/admin/builder/spi-builder-workspace/.derivedData/Build/Products/Debug-watchos/PackageFrameworks -F /Users/admin/builder/spi-builder-workspace/.derivedData/Build/Products/Debug-watchos -F /Applications/Xcode-16.3.0.app/Contents/Developer/Platforms/WatchOS.platform/Developer/Library/Frameworks -F /Applications/Xcode-16.3.0.app/Contents/Developer/Platforms/WatchOS.platform/Developer/SDKs/WatchOS11.4.sdk/Developer/Library/Frameworks -emit-localized-strings -emit-localized-strings-path /Users/admin/builder/spi-builder-workspace/.derivedData/Build/Intermediates.noindex/CoreOSC.build/Debug-watchos/CoreOSCTests.build/Objects-normal/armv7k -c -j10 -enable-batch-mode -incremental -Xcc -ivfsstatcache -Xcc /Users/admin/builder/spi-builder-workspace/.derivedData/SDKStatCaches.noindex/watchos11.4-22T246-43efb940ff07ba2497b70ec94253f576.sdkstatcache -output-file-map /Users/admin/builder/spi-builder-workspace/.derivedData/Build/Intermediates.noindex/CoreOSC.build/Debug-watchos/CoreOSCTests.build/Objects-normal/armv7k/CoreOSCTests-OutputFileMap.json -use-frontend-parseable-output -save-temps -no-color-diagnostics -serialize-diagnostics -emit-dependencies -emit-module -emit-module-path /Users/admin/builder/spi-builder-workspace/.derivedData/Build/Intermediates.noindex/CoreOSC.build/Debug-watchos/CoreOSCTests.build/Objects-normal/armv7k/CoreOSCTests.swiftmodule -validate-clang-modules-once -clang-build-session-file /Users/admin/builder/spi-builder-workspace/.derivedData/ModuleCache.noindex/Session.modulevalidation -package-name spi_builder_workspace -emit-const-values -Xfrontend -const-gather-protocols-file -Xfrontend /Users/admin/builder/spi-builder-workspace/.derivedData/Build/Intermediates.noindex/CoreOSC.build/Debug-watchos/CoreOSCTests.build/Objects-normal/armv7k/CoreOSCTests_const_extract_protocols.json -Xcc -I/Users/admin/builder/spi-builder-workspace/.derivedData/Build/Products/Debug-watchos/include -Xcc -I/Users/admin/builder/spi-builder-workspace/.derivedData/Build/Intermediates.noindex/CoreOSC.build/Debug-watchos/CoreOSCTests.build/DerivedSources-normal/armv7k -Xcc -I/Users/admin/builder/spi-builder-workspace/.derivedData/Build/Intermediates.noindex/CoreOSC.build/Debug-watchos/CoreOSCTests.build/DerivedSources/armv7k -Xcc -I/Users/admin/builder/spi-builder-workspace/.derivedData/Build/Intermediates.noindex/CoreOSC.build/Debug-watchos/CoreOSCTests.build/DerivedSources -Xcc -DSWIFT_PACKAGE -Xcc -DDEBUG\=1 -working-directory /Users/admin/builder/spi-builder-workspace/.swiftpm/xcode -experimental-emit-module-separately -disable-cmo
SwiftDriver CoreOSCTests normal arm64_32 com.apple.xcode.tools.swift.compiler (in target 'CoreOSCTests' from project 'CoreOSC')
    cd /Users/admin/builder/spi-builder-workspace/.swiftpm/xcode
    builtin-SwiftDriver -- /Applications/Xcode-16.3.0.app/Contents/Developer/Toolchains/XcodeDefault.xctoolchain/usr/bin/swiftc -module-name CoreOSCTests -Onone -enforce-exclusivity\=checked @/Users/admin/builder/spi-builder-workspace/.derivedData/Build/Intermediates.noindex/CoreOSC.build/Debug-watchos/CoreOSCTests.build/Objects-normal/arm64_32/CoreOSCTests.SwiftFileList -DSWIFT_PACKAGE -DDEBUG -stats-output-dir .stats -plugin-path /Applications/Xcode-16.3.0.app/Contents/Developer/Toolchains/XcodeDefault.xctoolchain/usr/lib/swift/host/plugins/testing -enable-experimental-feature DebugDescriptionMacro -sdk /Applications/Xcode-16.3.0.app/Contents/Developer/Platforms/WatchOS.platform/Developer/SDKs/WatchOS11.4.sdk -target arm64_32-apple-watchos7.0 -g -module-cache-path /Users/admin/builder/spi-builder-workspace/.derivedData/ModuleCache.noindex -Xfrontend -serialize-debugging-options -enable-testing -index-store-path /Users/admin/builder/spi-builder-workspace/.derivedData/Index.noindex/DataStore -swift-version 6 -I /Users/admin/builder/spi-builder-workspace/.derivedData/Build/Products/Debug-watchos -I /Applications/Xcode-16.3.0.app/Contents/Developer/Platforms/WatchOS.platform/Developer/usr/lib -F /Users/admin/builder/spi-builder-workspace/.derivedData/Build/Products/Debug-watchos/PackageFrameworks -F /Users/admin/builder/spi-builder-workspace/.derivedData/Build/Products/Debug-watchos -F /Applications/Xcode-16.3.0.app/Contents/Developer/Platforms/WatchOS.platform/Developer/Library/Frameworks -F /Applications/Xcode-16.3.0.app/Contents/Developer/Platforms/WatchOS.platform/Developer/SDKs/WatchOS11.4.sdk/Developer/Library/Frameworks -emit-localized-strings -emit-localized-strings-path /Users/admin/builder/spi-builder-workspace/.derivedData/Build/Intermediates.noindex/CoreOSC.build/Debug-watchos/CoreOSCTests.build/Objects-normal/arm64_32 -c -j10 -enable-batch-mode -incremental -Xcc -ivfsstatcache -Xcc /Users/admin/builder/spi-builder-workspace/.derivedData/SDKStatCaches.noindex/watchos11.4-22T246-43efb940ff07ba2497b70ec94253f576.sdkstatcache -output-file-map /Users/admin/builder/spi-builder-workspace/.derivedData/Build/Intermediates.noindex/CoreOSC.build/Debug-watchos/CoreOSCTests.build/Objects-normal/arm64_32/CoreOSCTests-OutputFileMap.json -use-frontend-parseable-output -save-temps -no-color-diagnostics -serialize-diagnostics -emit-dependencies -emit-module -emit-module-path /Users/admin/builder/spi-builder-workspace/.derivedData/Build/Intermediates.noindex/CoreOSC.build/Debug-watchos/CoreOSCTests.build/Objects-normal/arm64_32/CoreOSCTests.swiftmodule -validate-clang-modules-once -clang-build-session-file /Users/admin/builder/spi-builder-workspace/.derivedData/ModuleCache.noindex/Session.modulevalidation -package-name spi_builder_workspace -emit-const-values -Xfrontend -const-gather-protocols-file -Xfrontend /Users/admin/builder/spi-builder-workspace/.derivedData/Build/Intermediates.noindex/CoreOSC.build/Debug-watchos/CoreOSCTests.build/Objects-normal/arm64_32/CoreOSCTests_const_extract_protocols.json -Xcc -I/Users/admin/builder/spi-builder-workspace/.derivedData/Build/Products/Debug-watchos/include -Xcc -I/Users/admin/builder/spi-builder-workspace/.derivedData/Build/Intermediates.noindex/CoreOSC.build/Debug-watchos/CoreOSCTests.build/DerivedSources-normal/arm64_32 -Xcc -I/Users/admin/builder/spi-builder-workspace/.derivedData/Build/Intermediates.noindex/CoreOSC.build/Debug-watchos/CoreOSCTests.build/DerivedSources/arm64_32 -Xcc -I/Users/admin/builder/spi-builder-workspace/.derivedData/Build/Intermediates.noindex/CoreOSC.build/Debug-watchos/CoreOSCTests.build/DerivedSources -Xcc -DSWIFT_PACKAGE -Xcc -DDEBUG\=1 -working-directory /Users/admin/builder/spi-builder-workspace/.swiftpm/xcode -experimental-emit-module-separately -disable-cmo
SwiftEmitModule normal armv7k Emitting\ module\ for\ CoreOSCTests (in target 'CoreOSCTests' from project 'CoreOSC')
EmitSwiftModule normal armv7k (in target 'CoreOSCTests' from project 'CoreOSC')
    cd /Users/admin/builder/spi-builder-workspace/.swiftpm/xcode

SwiftEmitModule normal arm64 Emitting\ module\ for\ CoreOSCTests (in target 'CoreOSCTests' from project 'CoreOSC')
EmitSwiftModule normal arm64 (in target 'CoreOSCTests' from project 'CoreOSC')
    cd /Users/admin/builder/spi-builder-workspace/.swiftpm/xcode

SwiftDriverJobDiscovery normal arm64 Compiling OSCAddress.swift, OSCAddressError.swift, OSCAddressFilter.swift (in target 'CoreOSC' from project 'CoreOSC')
SwiftEmitModule normal arm64_32 Emitting\ module\ for\ CoreOSCTests (in target 'CoreOSCTests' from project 'CoreOSC')
EmitSwiftModule normal arm64_32 (in target 'CoreOSCTests' from project 'CoreOSC')
    cd /Users/admin/builder/spi-builder-workspace/.swiftpm/xcode

SwiftDriverJobDiscovery normal arm64_32 Compiling OSCParser.swift, OSCParserError.swift, OSCPatternMatch.swift (in target 'CoreOSC' from project 'CoreOSC')
SwiftCompile normal armv7k Compiling\ OSCFilterMethodTests.swift,\ OSCInvocationTests.swift /Users/admin/builder/spi-builder-workspace/Tests/CoreOSCTests/OSCFilterMethodTests.swift /Users/admin/builder/spi-builder-workspace/Tests/CoreOSCTests/OSCInvocationTests.swift (in target 'CoreOSCTests' from project 'CoreOSC')
SwiftCompile normal armv7k /Users/admin/builder/spi-builder-workspace/Tests/CoreOSCTests/OSCFilterMethodTests.swift (in target 'CoreOSCTests' from project 'CoreOSC')
    cd /Users/admin/builder/spi-builder-workspace/.swiftpm/xcode

SwiftCompile normal armv7k /Users/admin/builder/spi-builder-workspace/Tests/CoreOSCTests/OSCInvocationTests.swift (in target 'CoreOSCTests' from project 'CoreOSC')
    cd /Users/admin/builder/spi-builder-workspace/.swiftpm/xcode

SwiftDriverJobDiscovery normal armv7k Compiling OSCRefractingAddress.swift, OSCStore.swift, OSCTimeTag.swift (in target 'CoreOSC' from project 'CoreOSC')
SwiftCompile normal arm64 Compiling\ OSCFilterMethodTests.swift,\ OSCInvocationTests.swift /Users/admin/builder/spi-builder-workspace/Tests/CoreOSCTests/OSCFilterMethodTests.swift /Users/admin/builder/spi-builder-workspace/Tests/CoreOSCTests/OSCInvocationTests.swift (in target 'CoreOSCTests' from project 'CoreOSC')
SwiftCompile normal arm64 /Users/admin/builder/spi-builder-workspace/Tests/CoreOSCTests/OSCFilterMethodTests.swift (in target 'CoreOSCTests' from project 'CoreOSC')
    cd /Users/admin/builder/spi-builder-workspace/.swiftpm/xcode

SwiftCompile normal arm64 /Users/admin/builder/spi-builder-workspace/Tests/CoreOSCTests/OSCInvocationTests.swift (in target 'CoreOSCTests' from project 'CoreOSC')
    cd /Users/admin/builder/spi-builder-workspace/.swiftpm/xcode

SwiftDriverJobDiscovery normal arm64 Compiling OSCMessage.swift, OSCMethod.swift, OSCPacket.swift (in target 'CoreOSC' from project 'CoreOSC')
SwiftCompile normal armv7k Compiling\ OSCAddressSpaceTests.swift,\ OSCAddressStoreTests.swift,\ OSCAddressTests.swift /Users/admin/builder/spi-builder-workspace/Tests/CoreOSCTests/OSCAddressSpaceTests.swift /Users/admin/builder/spi-builder-workspace/Tests/CoreOSCTests/OSCAddressStoreTests.swift /Users/admin/builder/spi-builder-workspace/Tests/CoreOSCTests/OSCAddressTests.swift (in target 'CoreOSCTests' from project 'CoreOSC')
SwiftCompile normal armv7k /Users/admin/builder/spi-builder-workspace/Tests/CoreOSCTests/OSCAddressSpaceTests.swift (in target 'CoreOSCTests' from project 'CoreOSC')
    cd /Users/admin/builder/spi-builder-workspace/.swiftpm/xcode

SwiftCompile normal armv7k /Users/admin/builder/spi-builder-workspace/Tests/CoreOSCTests/OSCAddressStoreTests.swift (in target 'CoreOSCTests' from project 'CoreOSC')
    cd /Users/admin/builder/spi-builder-workspace/.swiftpm/xcode

SwiftCompile normal armv7k /Users/admin/builder/spi-builder-workspace/Tests/CoreOSCTests/OSCAddressTests.swift (in target 'CoreOSCTests' from project 'CoreOSC')
    cd /Users/admin/builder/spi-builder-workspace/.swiftpm/xcode

SwiftDriverJobDiscovery normal arm64_32 Compiling OSCBundle.swift, OSCFilterAddress.swift, OSCFilterAddressStore.swift (in target 'CoreOSC' from project 'CoreOSC')
SwiftCompile normal arm64 Compiling\ OSCRefractingAddressTests.swift,\ OSCValidationAndAPITests.swift /Users/admin/builder/spi-builder-workspace/Tests/CoreOSCTests/OSCRefractingAddressTests.swift /Users/admin/builder/spi-builder-workspace/Tests/CoreOSCTests/OSCValidationAndAPITests.swift (in target 'CoreOSCTests' from project 'CoreOSC')
SwiftCompile normal arm64 /Users/admin/builder/spi-builder-workspace/Tests/CoreOSCTests/OSCRefractingAddressTests.swift (in target 'CoreOSCTests' from project 'CoreOSC')
    cd /Users/admin/builder/spi-builder-workspace/.swiftpm/xcode

SwiftCompile normal arm64 /Users/admin/builder/spi-builder-workspace/Tests/CoreOSCTests/OSCValidationAndAPITests.swift (in target 'CoreOSCTests' from project 'CoreOSC')
    cd /Users/admin/builder/spi-builder-workspace/.swiftpm/xcode

SwiftDriverJobDiscovery normal arm64_32 Compiling OSCAnnotation.swift, OSCArgument.swift, OSCArgumentError.swift (in target 'CoreOSC' from project 'CoreOSC')
SwiftCompile normal armv7k Compiling\ OSCCodableTests.swift,\ OSCDispatchPolicyTests.swift /Users/admin/builder/spi-builder-workspace/Tests/CoreOSCTests/OSCCodableTests.swift /Users/admin/builder/spi-builder-workspace/Tests/CoreOSCTests/OSCDispatchPolicyTests.swift (in target 'CoreOSCTests' from project 'CoreOSC')
SwiftCompile normal armv7k /Users/admin/builder/spi-builder-workspace/Tests/CoreOSCTests/OSCCodableTests.swift (in target 'CoreOSCTests' from project 'CoreOSC')
    cd /Users/admin/builder/spi-builder-workspace/.swiftpm/xcode

SwiftCompile normal armv7k /Users/admin/builder/spi-builder-workspace/Tests/CoreOSCTests/OSCDispatchPolicyTests.swift (in target 'CoreOSCTests' from project 'CoreOSC')
    cd /Users/admin/builder/spi-builder-workspace/.swiftpm/xcode

SwiftDriverJobDiscovery normal armv7k Compiling OSCFilterMethod.swift, OSCInvocation.swift, OSCMatch.swift (in target 'CoreOSC' from project 'CoreOSC')
SwiftCompile normal arm64_32 Compiling\ CoreOSCTests.swift,\ OSCAddressFilterTests.swift,\ OSCAddressPatternTests.swift /Users/admin/builder/spi-builder-workspace/Tests/CoreOSCTests/CoreOSCTests.swift /Users/admin/builder/spi-builder-workspace/Tests/CoreOSCTests/OSCAddressFilterTests.swift /Users/admin/builder/spi-builder-workspace/Tests/CoreOSCTests/OSCAddressPatternTests.swift (in target 'CoreOSCTests' from project 'CoreOSC')
SwiftCompile normal arm64_32 /Users/admin/builder/spi-builder-workspace/Tests/CoreOSCTests/CoreOSCTests.swift (in target 'CoreOSCTests' from project 'CoreOSC')
    cd /Users/admin/builder/spi-builder-workspace/.swiftpm/xcode

SwiftCompile normal arm64_32 /Users/admin/builder/spi-builder-workspace/Tests/CoreOSCTests/OSCAddressFilterTests.swift (in target 'CoreOSCTests' from project 'CoreOSC')
    cd /Users/admin/builder/spi-builder-workspace/.swiftpm/xcode

SwiftCompile normal arm64_32 /Users/admin/builder/spi-builder-workspace/Tests/CoreOSCTests/OSCAddressPatternTests.swift (in target 'CoreOSCTests' from project 'CoreOSC')
    cd /Users/admin/builder/spi-builder-workspace/.swiftpm/xcode

SwiftDriverJobDiscovery normal arm64 Compiling OSCAnnotation.swift, OSCArgument.swift, OSCArgumentError.swift (in target 'CoreOSC' from project 'CoreOSC')
SwiftCompile normal arm64_32 Compiling\ OSCAddressSpaceTests.swift,\ OSCAddressStoreTests.swift,\ OSCAddressTests.swift /Users/admin/builder/spi-builder-workspace/Tests/CoreOSCTests/OSCAddressSpaceTests.swift /Users/admin/builder/spi-builder-workspace/Tests/CoreOSCTests/OSCAddressStoreTests.swift /Users/admin/builder/spi-builder-workspace/Tests/CoreOSCTests/OSCAddressTests.swift (in target 'CoreOSCTests' from project 'CoreOSC')
SwiftCompile normal arm64_32 /Users/admin/builder/spi-builder-workspace/Tests/CoreOSCTests/OSCAddressSpaceTests.swift (in target 'CoreOSCTests' from project 'CoreOSC')
    cd /Users/admin/builder/spi-builder-workspace/.swiftpm/xcode

SwiftCompile normal arm64_32 /Users/admin/builder/spi-builder-workspace/Tests/CoreOSCTests/OSCAddressStoreTests.swift (in target 'CoreOSCTests' from project 'CoreOSC')
    cd /Users/admin/builder/spi-builder-workspace/.swiftpm/xcode

SwiftCompile normal arm64_32 /Users/admin/builder/spi-builder-workspace/Tests/CoreOSCTests/OSCAddressTests.swift (in target 'CoreOSCTests' from project 'CoreOSC')
    cd /Users/admin/builder/spi-builder-workspace/.swiftpm/xcode

SwiftDriverJobDiscovery normal arm64_32 Compiling OSCFilterMethod.swift, OSCInvocation.swift, OSCMatch.swift (in target 'CoreOSC' from project 'CoreOSC')
SwiftCompile normal armv7k Compiling\ OSCRefractingAddressTests.swift,\ OSCValidationAndAPITests.swift /Users/admin/builder/spi-builder-workspace/Tests/CoreOSCTests/OSCRefractingAddressTests.swift /Users/admin/builder/spi-builder-workspace/Tests/CoreOSCTests/OSCValidationAndAPITests.swift (in target 'CoreOSCTests' from project 'CoreOSC')
SwiftCompile normal armv7k /Users/admin/builder/spi-builder-workspace/Tests/CoreOSCTests/OSCRefractingAddressTests.swift (in target 'CoreOSCTests' from project 'CoreOSC')
    cd /Users/admin/builder/spi-builder-workspace/.swiftpm/xcode

SwiftCompile normal armv7k /Users/admin/builder/spi-builder-workspace/Tests/CoreOSCTests/OSCValidationAndAPITests.swift (in target 'CoreOSCTests' from project 'CoreOSC')
    cd /Users/admin/builder/spi-builder-workspace/.swiftpm/xcode

SwiftDriverJobDiscovery normal armv7k Emitting module for CoreOSCTests (in target 'CoreOSCTests' from project 'CoreOSC')
SwiftDriver\ Compilation\ Requirements CoreOSCTests normal armv7k com.apple.xcode.tools.swift.compiler (in target 'CoreOSCTests' from project 'CoreOSC')
    cd /Users/admin/builder/spi-builder-workspace/.swiftpm/xcode
    builtin-Swift-Compilation-Requirements -- /Applications/Xcode-16.3.0.app/Contents/Developer/Toolchains/XcodeDefault.xctoolchain/usr/bin/swiftc -module-name CoreOSCTests -Onone -enforce-exclusivity\=checked @/Users/admin/builder/spi-builder-workspace/.derivedData/Build/Intermediates.noindex/CoreOSC.build/Debug-watchos/CoreOSCTests.build/Objects-normal/armv7k/CoreOSCTests.SwiftFileList -DSWIFT_PACKAGE -DDEBUG -stats-output-dir .stats -plugin-path /Applications/Xcode-16.3.0.app/Contents/Developer/Toolchains/XcodeDefault.xctoolchain/usr/lib/swift/host/plugins/testing -enable-experimental-feature DebugDescriptionMacro -sdk /Applications/Xcode-16.3.0.app/Contents/Developer/Platforms/WatchOS.platform/Developer/SDKs/WatchOS11.4.sdk -target armv7k-apple-watchos7.0 -g -module-cache-path /Users/admin/builder/spi-builder-workspace/.derivedData/ModuleCache.noindex -Xfrontend -serialize-debugging-options -enable-testing -index-store-path /Users/admin/builder/spi-builder-workspace/.derivedData/Index.noindex/DataStore -swift-version 6 -I /Users/admin/builder/spi-builder-workspace/.derivedData/Build/Products/Debug-watchos -I /Applications/Xcode-16.3.0.app/Contents/Developer/Platforms/WatchOS.platform/Developer/usr/lib -F /Users/admin/builder/spi-builder-workspace/.derivedData/Build/Products/Debug-watchos/PackageFrameworks -F /Users/admin/builder/spi-builder-workspace/.derivedData/Build/Products/Debug-watchos -F /Applications/Xcode-16.3.0.app/Contents/Developer/Platforms/WatchOS.platform/Developer/Library/Frameworks -F /Applications/Xcode-16.3.0.app/Contents/Developer/Platforms/WatchOS.platform/Developer/SDKs/WatchOS11.4.sdk/Developer/Library/Frameworks -emit-localized-strings -emit-localized-strings-path /Users/admin/builder/spi-builder-workspace/.derivedData/Build/Intermediates.noindex/CoreOSC.build/Debug-watchos/CoreOSCTests.build/Objects-normal/armv7k -c -j10 -enable-batch-mode -incremental -Xcc -ivfsstatcache -Xcc /Users/admin/builder/spi-builder-workspace/.derivedData/SDKStatCaches.noindex/watchos11.4-22T246-43efb940ff07ba2497b70ec94253f576.sdkstatcache -output-file-map /Users/admin/builder/spi-builder-workspace/.derivedData/Build/Intermediates.noindex/CoreOSC.build/Debug-watchos/CoreOSCTests.build/Objects-normal/armv7k/CoreOSCTests-OutputFileMap.json -use-frontend-parseable-output -save-temps -no-color-diagnostics -serialize-diagnostics -emit-dependencies -emit-module -emit-module-path /Users/admin/builder/spi-builder-workspace/.derivedData/Build/Intermediates.noindex/CoreOSC.build/Debug-watchos/CoreOSCTests.build/Objects-normal/armv7k/CoreOSCTests.swiftmodule -validate-clang-modules-once -clang-build-session-file /Users/admin/builder/spi-builder-workspace/.derivedData/ModuleCache.noindex/Session.modulevalidation -package-name spi_builder_workspace -emit-const-values -Xfrontend -const-gather-protocols-file -Xfrontend /Users/admin/builder/spi-builder-workspace/.derivedData/Build/Intermediates.noindex/CoreOSC.build/Debug-watchos/CoreOSCTests.build/Objects-normal/armv7k/CoreOSCTests_const_extract_protocols.json -Xcc -I/Users/admin/builder/spi-builder-workspace/.derivedData/Build/Products/Debug-watchos/include -Xcc -I/Users/admin/builder/spi-builder-workspace/.derivedData/Build/Intermediates.noindex/CoreOSC.build/Debug-watchos/CoreOSCTests.build/DerivedSources-normal/armv7k -Xcc -I/Users/admin/builder/spi-builder-workspace/.derivedData/Build/Intermediates.noindex/CoreOSC.build/Debug-watchos/CoreOSCTests.build/DerivedSources/armv7k -Xcc -I/Users/admin/builder/spi-builder-workspace/.derivedData/Build/Intermediates.noindex/CoreOSC.build/Debug-watchos/CoreOSCTests.build/DerivedSources -Xcc -DSWIFT_PACKAGE -Xcc -DDEBUG\=1 -working-directory /Users/admin/builder/spi-builder-workspace/.swiftpm/xcode -experimental-emit-module-separately -disable-cmo
SwiftDriverJobDiscovery normal arm64_32 Emitting module for CoreOSCTests (in target 'CoreOSCTests' from project 'CoreOSC')
SwiftDriver\ Compilation\ Requirements CoreOSCTests normal arm64_32 com.apple.xcode.tools.swift.compiler (in target 'CoreOSCTests' from project 'CoreOSC')
    cd /Users/admin/builder/spi-builder-workspace/.swiftpm/xcode
    builtin-Swift-Compilation-Requirements -- /Applications/Xcode-16.3.0.app/Contents/Developer/Toolchains/XcodeDefault.xctoolchain/usr/bin/swiftc -module-name CoreOSCTests -Onone -enforce-exclusivity\=checked @/Users/admin/builder/spi-builder-workspace/.derivedData/Build/Intermediates.noindex/CoreOSC.build/Debug-watchos/CoreOSCTests.build/Objects-normal/arm64_32/CoreOSCTests.SwiftFileList -DSWIFT_PACKAGE -DDEBUG -stats-output-dir .stats -plugin-path /Applications/Xcode-16.3.0.app/Contents/Developer/Toolchains/XcodeDefault.xctoolchain/usr/lib/swift/host/plugins/testing -enable-experimental-feature DebugDescriptionMacro -sdk /Applications/Xcode-16.3.0.app/Contents/Developer/Platforms/WatchOS.platform/Developer/SDKs/WatchOS11.4.sdk -target arm64_32-apple-watchos7.0 -g -module-cache-path /Users/admin/builder/spi-builder-workspace/.derivedData/ModuleCache.noindex -Xfrontend -serialize-debugging-options -enable-testing -index-store-path /Users/admin/builder/spi-builder-workspace/.derivedData/Index.noindex/DataStore -swift-version 6 -I /Users/admin/builder/spi-builder-workspace/.derivedData/Build/Products/Debug-watchos -I /Applications/Xcode-16.3.0.app/Contents/Developer/Platforms/WatchOS.platform/Developer/usr/lib -F /Users/admin/builder/spi-builder-workspace/.derivedData/Build/Products/Debug-watchos/PackageFrameworks -F /Users/admin/builder/spi-builder-workspace/.derivedData/Build/Products/Debug-watchos -F /Applications/Xcode-16.3.0.app/Contents/Developer/Platforms/WatchOS.platform/Developer/Library/Frameworks -F /Applications/Xcode-16.3.0.app/Contents/Developer/Platforms/WatchOS.platform/Developer/SDKs/WatchOS11.4.sdk/Developer/Library/Frameworks -emit-localized-strings -emit-localized-strings-path /Users/admin/builder/spi-builder-workspace/.derivedData/Build/Intermediates.noindex/CoreOSC.build/Debug-watchos/CoreOSCTests.build/Objects-normal/arm64_32 -c -j10 -enable-batch-mode -incremental -Xcc -ivfsstatcache -Xcc /Users/admin/builder/spi-builder-workspace/.derivedData/SDKStatCaches.noindex/watchos11.4-22T246-43efb940ff07ba2497b70ec94253f576.sdkstatcache -output-file-map /Users/admin/builder/spi-builder-workspace/.derivedData/Build/Intermediates.noindex/CoreOSC.build/Debug-watchos/CoreOSCTests.build/Objects-normal/arm64_32/CoreOSCTests-OutputFileMap.json -use-frontend-parseable-output -save-temps -no-color-diagnostics -serialize-diagnostics -emit-dependencies -emit-module -emit-module-path /Users/admin/builder/spi-builder-workspace/.derivedData/Build/Intermediates.noindex/CoreOSC.build/Debug-watchos/CoreOSCTests.build/Objects-normal/arm64_32/CoreOSCTests.swiftmodule -validate-clang-modules-once -clang-build-session-file /Users/admin/builder/spi-builder-workspace/.derivedData/ModuleCache.noindex/Session.modulevalidation -package-name spi_builder_workspace -emit-const-values -Xfrontend -const-gather-protocols-file -Xfrontend /Users/admin/builder/spi-builder-workspace/.derivedData/Build/Intermediates.noindex/CoreOSC.build/Debug-watchos/CoreOSCTests.build/Objects-normal/arm64_32/CoreOSCTests_const_extract_protocols.json -Xcc -I/Users/admin/builder/spi-builder-workspace/.derivedData/Build/Products/Debug-watchos/include -Xcc -I/Users/admin/builder/spi-builder-workspace/.derivedData/Build/Intermediates.noindex/CoreOSC.build/Debug-watchos/CoreOSCTests.build/DerivedSources-normal/arm64_32 -Xcc -I/Users/admin/builder/spi-builder-workspace/.derivedData/Build/Intermediates.noindex/CoreOSC.build/Debug-watchos/CoreOSCTests.build/DerivedSources/arm64_32 -Xcc -I/Users/admin/builder/spi-builder-workspace/.derivedData/Build/Intermediates.noindex/CoreOSC.build/Debug-watchos/CoreOSCTests.build/DerivedSources -Xcc -DSWIFT_PACKAGE -Xcc -DDEBUG\=1 -working-directory /Users/admin/builder/spi-builder-workspace/.swiftpm/xcode -experimental-emit-module-separately -disable-cmo
Copy /Users/admin/builder/spi-builder-workspace/.derivedData/Build/Products/Debug-watchos/CoreOSCTests.swiftmodule/armv7k-apple-watchos.swiftmodule /Users/admin/builder/spi-builder-workspace/.derivedData/Build/Intermediates.noindex/CoreOSC.build/Debug-watchos/CoreOSCTests.build/Objects-normal/armv7k/CoreOSCTests.swiftmodule (in target 'CoreOSCTests' from project 'CoreOSC')
    cd /Users/admin/builder/spi-builder-workspace
    builtin-copy -exclude .DS_Store -exclude CVS -exclude .svn -exclude .git -exclude .hg -resolve-src-symlinks -rename /Users/admin/builder/spi-builder-workspace/.derivedData/Build/Intermediates.noindex/CoreOSC.build/Debug-watchos/CoreOSCTests.build/Objects-normal/armv7k/CoreOSCTests.swiftmodule /Users/admin/builder/spi-builder-workspace/.derivedData/Build/Products/Debug-watchos/CoreOSCTests.swiftmodule/armv7k-apple-watchos.swiftmodule
Copy /Users/admin/builder/spi-builder-workspace/.derivedData/Build/Products/Debug-watchos/CoreOSCTests.swiftmodule/armv7k-apple-watchos.swiftdoc /Users/admin/builder/spi-builder-workspace/.derivedData/Build/Intermediates.noindex/CoreOSC.build/Debug-watchos/CoreOSCTests.build/Objects-normal/armv7k/CoreOSCTests.swiftdoc (in target 'CoreOSCTests' from project 'CoreOSC')
    cd /Users/admin/builder/spi-builder-workspace
    builtin-copy -exclude .DS_Store -exclude CVS -exclude .svn -exclude .git -exclude .hg -resolve-src-symlinks -rename /Users/admin/builder/spi-builder-workspace/.derivedData/Build/Intermediates.noindex/CoreOSC.build/Debug-watchos/CoreOSCTests.build/Objects-normal/armv7k/CoreOSCTests.swiftdoc /Users/admin/builder/spi-builder-workspace/.derivedData/Build/Products/Debug-watchos/CoreOSCTests.swiftmodule/armv7k-apple-watchos.swiftdoc
Copy /Users/admin/builder/spi-builder-workspace/.derivedData/Build/Products/Debug-watchos/CoreOSCTests.swiftmodule/armv7k-apple-watchos.abi.json /Users/admin/builder/spi-builder-workspace/.derivedData/Build/Intermediates.noindex/CoreOSC.build/Debug-watchos/CoreOSCTests.build/Objects-normal/armv7k/CoreOSCTests.abi.json (in target 'CoreOSCTests' from project 'CoreOSC')
    cd /Users/admin/builder/spi-builder-workspace
    builtin-copy -exclude .DS_Store -exclude CVS -exclude .svn -exclude .git -exclude .hg -resolve-src-symlinks -rename /Users/admin/builder/spi-builder-workspace/.derivedData/Build/Intermediates.noindex/CoreOSC.build/Debug-watchos/CoreOSCTests.build/Objects-normal/armv7k/CoreOSCTests.abi.json /Users/admin/builder/spi-builder-workspace/.derivedData/Build/Products/Debug-watchos/CoreOSCTests.swiftmodule/armv7k-apple-watchos.abi.json
Copy /Users/admin/builder/spi-builder-workspace/.derivedData/Build/Products/Debug-watchos/CoreOSCTests.swiftmodule/arm64_32-apple-watchos.swiftmodule /Users/admin/builder/spi-builder-workspace/.derivedData/Build/Intermediates.noindex/CoreOSC.build/Debug-watchos/CoreOSCTests.build/Objects-normal/arm64_32/CoreOSCTests.swiftmodule (in target 'CoreOSCTests' from project 'CoreOSC')
    cd /Users/admin/builder/spi-builder-workspace
    builtin-copy -exclude .DS_Store -exclude CVS -exclude .svn -exclude .git -exclude .hg -resolve-src-symlinks -rename /Users/admin/builder/spi-builder-workspace/.derivedData/Build/Intermediates.noindex/CoreOSC.build/Debug-watchos/CoreOSCTests.build/Objects-normal/arm64_32/CoreOSCTests.swiftmodule /Users/admin/builder/spi-builder-workspace/.derivedData/Build/Products/Debug-watchos/CoreOSCTests.swiftmodule/arm64_32-apple-watchos.swiftmodule
Copy /Users/admin/builder/spi-builder-workspace/.derivedData/Build/Products/Debug-watchos/CoreOSCTests.swiftmodule/arm64_32-apple-watchos.swiftdoc /Users/admin/builder/spi-builder-workspace/.derivedData/Build/Intermediates.noindex/CoreOSC.build/Debug-watchos/CoreOSCTests.build/Objects-normal/arm64_32/CoreOSCTests.swiftdoc (in target 'CoreOSCTests' from project 'CoreOSC')
    cd /Users/admin/builder/spi-builder-workspace
    builtin-copy -exclude .DS_Store -exclude CVS -exclude .svn -exclude .git -exclude .hg -resolve-src-symlinks -rename /Users/admin/builder/spi-builder-workspace/.derivedData/Build/Intermediates.noindex/CoreOSC.build/Debug-watchos/CoreOSCTests.build/Objects-normal/arm64_32/CoreOSCTests.swiftdoc /Users/admin/builder/spi-builder-workspace/.derivedData/Build/Products/Debug-watchos/CoreOSCTests.swiftmodule/arm64_32-apple-watchos.swiftdoc
Copy /Users/admin/builder/spi-builder-workspace/.derivedData/Build/Products/Debug-watchos/CoreOSCTests.swiftmodule/arm64_32-apple-watchos.abi.json /Users/admin/builder/spi-builder-workspace/.derivedData/Build/Intermediates.noindex/CoreOSC.build/Debug-watchos/CoreOSCTests.build/Objects-normal/arm64_32/CoreOSCTests.abi.json (in target 'CoreOSCTests' from project 'CoreOSC')
    cd /Users/admin/builder/spi-builder-workspace
    builtin-copy -exclude .DS_Store -exclude CVS -exclude .svn -exclude .git -exclude .hg -resolve-src-symlinks -rename /Users/admin/builder/spi-builder-workspace/.derivedData/Build/Intermediates.noindex/CoreOSC.build/Debug-watchos/CoreOSCTests.build/Objects-normal/arm64_32/CoreOSCTests.abi.json /Users/admin/builder/spi-builder-workspace/.derivedData/Build/Products/Debug-watchos/CoreOSCTests.swiftmodule/arm64_32-apple-watchos.abi.json
Copy /Users/admin/builder/spi-builder-workspace/.derivedData/Build/Products/Debug-watchos/CoreOSCTests.swiftmodule/Project/armv7k-apple-watchos.swiftsourceinfo /Users/admin/builder/spi-builder-workspace/.derivedData/Build/Intermediates.noindex/CoreOSC.build/Debug-watchos/CoreOSCTests.build/Objects-normal/armv7k/CoreOSCTests.swiftsourceinfo (in target 'CoreOSCTests' from project 'CoreOSC')
    cd /Users/admin/builder/spi-builder-workspace
    builtin-copy -exclude .DS_Store -exclude CVS -exclude .svn -exclude .git -exclude .hg -resolve-src-symlinks -rename /Users/admin/builder/spi-builder-workspace/.derivedData/Build/Intermediates.noindex/CoreOSC.build/Debug-watchos/CoreOSCTests.build/Objects-normal/armv7k/CoreOSCTests.swiftsourceinfo /Users/admin/builder/spi-builder-workspace/.derivedData/Build/Products/Debug-watchos/CoreOSCTests.swiftmodule/Project/armv7k-apple-watchos.swiftsourceinfo
Copy /Users/admin/builder/spi-builder-workspace/.derivedData/Build/Products/Debug-watchos/CoreOSCTests.swiftmodule/Project/arm64_32-apple-watchos.swiftsourceinfo /Users/admin/builder/spi-builder-workspace/.derivedData/Build/Intermediates.noindex/CoreOSC.build/Debug-watchos/CoreOSCTests.build/Objects-normal/arm64_32/CoreOSCTests.swiftsourceinfo (in target 'CoreOSCTests' from project 'CoreOSC')
    cd /Users/admin/builder/spi-builder-workspace
    builtin-copy -exclude .DS_Store -exclude CVS -exclude .svn -exclude .git -exclude .hg -resolve-src-symlinks -rename /Users/admin/builder/spi-builder-workspace/.derivedData/Build/Intermediates.noindex/CoreOSC.build/Debug-watchos/CoreOSCTests.build/Objects-normal/arm64_32/CoreOSCTests.swiftsourceinfo /Users/admin/builder/spi-builder-workspace/.derivedData/Build/Products/Debug-watchos/CoreOSCTests.swiftmodule/Project/arm64_32-apple-watchos.swiftsourceinfo
SwiftDriverJobDiscovery normal arm64 Emitting module for CoreOSCTests (in target 'CoreOSCTests' from project 'CoreOSC')
SwiftCompile normal arm64_32 Compiling\ OSCMessageTests.swift,\ OSCMethodTests.swift /Users/admin/builder/spi-builder-workspace/Tests/CoreOSCTests/OSCMessageTests.swift /Users/admin/builder/spi-builder-workspace/Tests/CoreOSCTests/OSCMethodTests.swift (in target 'CoreOSCTests' from project 'CoreOSC')
SwiftCompile normal arm64_32 /Users/admin/builder/spi-builder-workspace/Tests/CoreOSCTests/OSCMessageTests.swift (in target 'CoreOSCTests' from project 'CoreOSC')
    cd /Users/admin/builder/spi-builder-workspace/.swiftpm/xcode

SwiftCompile normal arm64_32 /Users/admin/builder/spi-builder-workspace/Tests/CoreOSCTests/OSCMethodTests.swift (in target 'CoreOSCTests' from project 'CoreOSC')
    cd /Users/admin/builder/spi-builder-workspace/.swiftpm/xcode

SwiftDriver\ Compilation\ Requirements CoreOSCTests normal arm64 com.apple.xcode.tools.swift.compiler (in target 'CoreOSCTests' from project 'CoreOSC')
    cd /Users/admin/builder/spi-builder-workspace/.swiftpm/xcode
    builtin-Swift-Compilation-Requirements -- /Applications/Xcode-16.3.0.app/Contents/Developer/Toolchains/XcodeDefault.xctoolchain/usr/bin/swiftc -module-name CoreOSCTests -Onone -enforce-exclusivity\=checked @/Users/admin/builder/spi-builder-workspace/.derivedData/Build/Intermediates.noindex/CoreOSC.build/Debug-watchos/CoreOSCTests.build/Objects-normal/arm64/CoreOSCTests.SwiftFileList -DSWIFT_PACKAGE -DDEBUG -stats-output-dir .stats -plugin-path /Applications/Xcode-16.3.0.app/Contents/Developer/Toolchains/XcodeDefault.xctoolchain/usr/lib/swift/host/plugins/testing -enable-experimental-feature DebugDescriptionMacro -sdk /Applications/Xcode-16.3.0.app/Contents/Developer/Platforms/WatchOS.platform/Developer/SDKs/WatchOS11.4.sdk -target arm64-apple-watchos7.0 -g -module-cache-path /Users/admin/builder/spi-builder-workspace/.derivedData/ModuleCache.noindex -Xfrontend -serialize-debugging-options -enable-testing -index-store-path /Users/admin/builder/spi-builder-workspace/.derivedData/Index.noindex/DataStore -swift-version 6 -I /Users/admin/builder/spi-builder-workspace/.derivedData/Build/Products/Debug-watchos -I /Applications/Xcode-16.3.0.app/Contents/Developer/Platforms/WatchOS.platform/Developer/usr/lib -F /Users/admin/builder/spi-builder-workspace/.derivedData/Build/Products/Debug-watchos/PackageFrameworks -F /Users/admin/builder/spi-builder-workspace/.derivedData/Build/Products/Debug-watchos -F /Applications/Xcode-16.3.0.app/Contents/Developer/Platforms/WatchOS.platform/Developer/Library/Frameworks -F /Applications/Xcode-16.3.0.app/Contents/Developer/Platforms/WatchOS.platform/Developer/SDKs/WatchOS11.4.sdk/Developer/Library/Frameworks -emit-localized-strings -emit-localized-strings-path /Users/admin/builder/spi-builder-workspace/.derivedData/Build/Intermediates.noindex/CoreOSC.build/Debug-watchos/CoreOSCTests.build/Objects-normal/arm64 -c -j10 -enable-batch-mode -incremental -Xcc -ivfsstatcache -Xcc /Users/admin/builder/spi-builder-workspace/.derivedData/SDKStatCaches.noindex/watchos11.4-22T246-43efb940ff07ba2497b70ec94253f576.sdkstatcache -output-file-map /Users/admin/builder/spi-builder-workspace/.derivedData/Build/Intermediates.noindex/CoreOSC.build/Debug-watchos/CoreOSCTests.build/Objects-normal/arm64/CoreOSCTests-OutputFileMap.json -use-frontend-parseable-output -save-temps -no-color-diagnostics -serialize-diagnostics -emit-dependencies -emit-module -emit-module-path /Users/admin/builder/spi-builder-workspace/.derivedData/Build/Intermediates.noindex/CoreOSC.build/Debug-watchos/CoreOSCTests.build/Objects-normal/arm64/CoreOSCTests.swiftmodule -validate-clang-modules-once -clang-build-session-file /Users/admin/builder/spi-builder-workspace/.derivedData/ModuleCache.noindex/Session.modulevalidation -package-name spi_builder_workspace -emit-const-values -Xfrontend -const-gather-protocols-file -Xfrontend /Users/admin/builder/spi-builder-workspace/.derivedData/Build/Intermediates.noindex/CoreOSC.build/Debug-watchos/CoreOSCTests.build/Objects-normal/arm64/CoreOSCTests_const_extract_protocols.json -Xcc -I/Users/admin/builder/spi-builder-workspace/.derivedData/Build/Products/Debug-watchos/include -Xcc -I/Users/admin/builder/spi-builder-workspace/.derivedData/Build/Intermediates.noindex/CoreOSC.build/Debug-watchos/CoreOSCTests.build/DerivedSources-normal/arm64 -Xcc -I/Users/admin/builder/spi-builder-workspace/.derivedData/Build/Intermediates.noindex/CoreOSC.build/Debug-watchos/CoreOSCTests.build/DerivedSources/arm64 -Xcc -I/Users/admin/builder/spi-builder-workspace/.derivedData/Build/Intermediates.noindex/CoreOSC.build/Debug-watchos/CoreOSCTests.build/DerivedSources -Xcc -DSWIFT_PACKAGE -Xcc -DDEBUG\=1 -working-directory /Users/admin/builder/spi-builder-workspace/.swiftpm/xcode -experimental-emit-module-separately -disable-cmo
SwiftCompile normal armv7k Compiling\ OSCMessageTests.swift,\ OSCMethodTests.swift /Users/admin/builder/spi-builder-workspace/Tests/CoreOSCTests/OSCMessageTests.swift /Users/admin/builder/spi-builder-workspace/Tests/CoreOSCTests/OSCMethodTests.swift (in target 'CoreOSCTests' from project 'CoreOSC')
SwiftCompile normal armv7k /Users/admin/builder/spi-builder-workspace/Tests/CoreOSCTests/OSCMessageTests.swift (in target 'CoreOSCTests' from project 'CoreOSC')
    cd /Users/admin/builder/spi-builder-workspace/.swiftpm/xcode

SwiftCompile normal armv7k /Users/admin/builder/spi-builder-workspace/Tests/CoreOSCTests/OSCMethodTests.swift (in target 'CoreOSCTests' from project 'CoreOSC')
    cd /Users/admin/builder/spi-builder-workspace/.swiftpm/xcode

Copy /Users/admin/builder/spi-builder-workspace/.derivedData/Build/Products/Debug-watchos/CoreOSCTests.swiftmodule/arm64-apple-watchos.swiftmodule /Users/admin/builder/spi-builder-workspace/.derivedData/Build/Intermediates.noindex/CoreOSC.build/Debug-watchos/CoreOSCTests.build/Objects-normal/arm64/CoreOSCTests.swiftmodule (in target 'CoreOSCTests' from project 'CoreOSC')
    cd /Users/admin/builder/spi-builder-workspace
    builtin-copy -exclude .DS_Store -exclude CVS -exclude .svn -exclude .git -exclude .hg -resolve-src-symlinks -rename /Users/admin/builder/spi-builder-workspace/.derivedData/Build/Intermediates.noindex/CoreOSC.build/Debug-watchos/CoreOSCTests.build/Objects-normal/arm64/CoreOSCTests.swiftmodule /Users/admin/builder/spi-builder-workspace/.derivedData/Build/Products/Debug-watchos/CoreOSCTests.swiftmodule/arm64-apple-watchos.swiftmodule
SwiftDriverJobDiscovery normal armv7k Compiling OSCRefractingAddressTests.swift, OSCValidationAndAPITests.swift (in target 'CoreOSCTests' from project 'CoreOSC')
Copy /Users/admin/builder/spi-builder-workspace/.derivedData/Build/Products/Debug-watchos/CoreOSCTests.swiftmodule/arm64-apple-watchos.swiftdoc /Users/admin/builder/spi-builder-workspace/.derivedData/Build/Intermediates.noindex/CoreOSC.build/Debug-watchos/CoreOSCTests.build/Objects-normal/arm64/CoreOSCTests.swiftdoc (in target 'CoreOSCTests' from project 'CoreOSC')
    cd /Users/admin/builder/spi-builder-workspace
    builtin-copy -exclude .DS_Store -exclude CVS -exclude .svn -exclude .git -exclude .hg -resolve-src-symlinks -rename /Users/admin/builder/spi-builder-workspace/.derivedData/Build/Intermediates.noindex/CoreOSC.build/Debug-watchos/CoreOSCTests.build/Objects-normal/arm64/CoreOSCTests.swiftdoc /Users/admin/builder/spi-builder-workspace/.derivedData/Build/Products/Debug-watchos/CoreOSCTests.swiftmodule/arm64-apple-watchos.swiftdoc
Copy /Users/admin/builder/spi-builder-workspace/.derivedData/Build/Products/Debug-watchos/CoreOSCTests.swiftmodule/arm64-apple-watchos.abi.json /Users/admin/builder/spi-builder-workspace/.derivedData/Build/Intermediates.noindex/CoreOSC.build/Debug-watchos/CoreOSCTests.build/Objects-normal/arm64/CoreOSCTests.abi.json (in target 'CoreOSCTests' from project 'CoreOSC')
    cd /Users/admin/builder/spi-builder-workspace
    builtin-copy -exclude .DS_Store -exclude CVS -exclude .svn -exclude .git -exclude .hg -resolve-src-symlinks -rename /Users/admin/builder/spi-builder-workspace/.derivedData/Build/Intermediates.noindex/CoreOSC.build/Debug-watchos/CoreOSCTests.build/Objects-normal/arm64/CoreOSCTests.abi.json /Users/admin/builder/spi-builder-workspace/.derivedData/Build/Products/Debug-watchos/CoreOSCTests.swiftmodule/arm64-apple-watchos.abi.json
Copy /Users/admin/builder/spi-builder-workspace/.derivedData/Build/Products/Debug-watchos/CoreOSCTests.swiftmodule/Project/arm64-apple-watchos.swiftsourceinfo /Users/admin/builder/spi-builder-workspace/.derivedData/Build/Intermediates.noindex/CoreOSC.build/Debug-watchos/CoreOSCTests.build/Objects-normal/arm64/CoreOSCTests.swiftsourceinfo (in target 'CoreOSCTests' from project 'CoreOSC')
    cd /Users/admin/builder/spi-builder-workspace
    builtin-copy -exclude .DS_Store -exclude CVS -exclude .svn -exclude .git -exclude .hg -resolve-src-symlinks -rename /Users/admin/builder/spi-builder-workspace/.derivedData/Build/Intermediates.noindex/CoreOSC.build/Debug-watchos/CoreOSCTests.build/Objects-normal/arm64/CoreOSCTests.swiftsourceinfo /Users/admin/builder/spi-builder-workspace/.derivedData/Build/Products/Debug-watchos/CoreOSCTests.swiftmodule/Project/arm64-apple-watchos.swiftsourceinfo
SwiftCompile normal armv7k Compiling\ OSCMatchRobustnessTests.swift,\ OSCMatchTests.swift /Users/admin/builder/spi-builder-workspace/Tests/CoreOSCTests/OSCMatchRobustnessTests.swift /Users/admin/builder/spi-builder-workspace/Tests/CoreOSCTests/OSCMatchTests.swift (in target 'CoreOSCTests' from project 'CoreOSC')
SwiftCompile normal armv7k /Users/admin/builder/spi-builder-workspace/Tests/CoreOSCTests/OSCMatchRobustnessTests.swift (in target 'CoreOSCTests' from project 'CoreOSC')
    cd /Users/admin/builder/spi-builder-workspace/.swiftpm/xcode

SwiftCompile normal armv7k /Users/admin/builder/spi-builder-workspace/Tests/CoreOSCTests/OSCMatchTests.swift (in target 'CoreOSCTests' from project 'CoreOSC')
    cd /Users/admin/builder/spi-builder-workspace/.swiftpm/xcode

SwiftCompile normal arm64_32 Compiling\ OSCAnnotationTests.swift,\ OSCArgumentEncodingTests.swift,\ OSCBundleTests.swift /Users/admin/builder/spi-builder-workspace/Tests/CoreOSCTests/OSCAnnotationTests.swift /Users/admin/builder/spi-builder-workspace/Tests/CoreOSCTests/OSCArgumentEncodingTests.swift /Users/admin/builder/spi-builder-workspace/Tests/CoreOSCTests/OSCBundleTests.swift (in target 'CoreOSCTests' from project 'CoreOSC')
SwiftCompile normal arm64_32 /Users/admin/builder/spi-builder-workspace/Tests/CoreOSCTests/OSCAnnotationTests.swift (in target 'CoreOSCTests' from project 'CoreOSC')
    cd /Users/admin/builder/spi-builder-workspace/.swiftpm/xcode

SwiftCompile normal arm64_32 /Users/admin/builder/spi-builder-workspace/Tests/CoreOSCTests/OSCArgumentEncodingTests.swift (in target 'CoreOSCTests' from project 'CoreOSC')
    cd /Users/admin/builder/spi-builder-workspace/.swiftpm/xcode

/Users/admin/builder/spi-builder-workspace/Tests/CoreOSCTests/OSCArgumentEncodingTests.swift:55:29: error: integer literal '5000000000' overflows when stored into 'Int'
            arguments: [Int(5_000_000_000)] as [any OSCArgumentProtocol]
                            ^
SwiftCompile normal arm64_32 /Users/admin/builder/spi-builder-workspace/Tests/CoreOSCTests/OSCBundleTests.swift (in target 'CoreOSCTests' from project 'CoreOSC')
    cd /Users/admin/builder/spi-builder-workspace/.swiftpm/xcode

Failed frontend command:
/Applications/Xcode-16.3.0.app/Contents/Developer/Toolchains/XcodeDefault.xctoolchain/usr/bin/swift-frontend -frontend -c /Users/admin/builder/spi-builder-workspace/Tests/CoreOSCTests/CoreOSCTests.swift /Users/admin/builder/spi-builder-workspace/Tests/CoreOSCTests/OSCAddressFilterTests.swift /Users/admin/builder/spi-builder-workspace/Tests/CoreOSCTests/OSCAddressPatternTests.swift /Users/admin/builder/spi-builder-workspace/Tests/CoreOSCTests/OSCAddressSpaceTests.swift /Users/admin/builder/spi-builder-workspace/Tests/CoreOSCTests/OSCAddressStoreTests.swift /Users/admin/builder/spi-builder-workspace/Tests/CoreOSCTests/OSCAddressTests.swift -primary-file /Users/admin/builder/spi-builder-workspace/Tests/CoreOSCTests/OSCAnnotationTests.swift -primary-file /Users/admin/builder/spi-builder-workspace/Tests/CoreOSCTests/OSCArgumentEncodingTests.swift -primary-file /Users/admin/builder/spi-builder-workspace/Tests/CoreOSCTests/OSCBundleTests.swift /Users/admin/builder/spi-builder-workspace/Tests/CoreOSCTests/OSCCodableTests.swift /Users/admin/builder/spi-builder-workspace/Tests/CoreOSCTests/OSCDispatchPolicyTests.swift /Users/admin/builder/spi-builder-workspace/Tests/CoreOSCTests/OSCFilterAddressStoreTests.swift /Users/admin/builder/spi-builder-workspace/Tests/CoreOSCTests/OSCFilterAddressTests.swift /Users/admin/builder/spi-builder-workspace/Tests/CoreOSCTests/OSCFilterMethodTests.swift /Users/admin/builder/spi-builder-workspace/Tests/CoreOSCTests/OSCInvocationTests.swift /Users/admin/builder/spi-builder-workspace/Tests/CoreOSCTests/OSCMatchRobustnessTests.swift /Users/admin/builder/spi-builder-workspace/Tests/CoreOSCTests/OSCMatchTests.swift /Users/admin/builder/spi-builder-workspace/Tests/CoreOSCTests/OSCMessageTests.swift /Users/admin/builder/spi-builder-workspace/Tests/CoreOSCTests/OSCMethodTests.swift /Users/admin/builder/spi-builder-workspace/Tests/CoreOSCTests/OSCPacketEncodingTests.swift /Users/admin/builder/spi-builder-workspace/Tests/CoreOSCTests/OSCParserRobustnessTests.swift /Users/admin/builder/spi-builder-workspace/Tests/CoreOSCTests/OSCRefractingAddressTests.swift /Users/admin/builder/spi-builder-workspace/Tests/CoreOSCTests/OSCValidationAndAPITests.swift -supplementary-output-file-map /Users/admin/builder/spi-builder-workspace/.derivedData/Build/Intermediates.noindex/CoreOSC.build/Debug-watchos/CoreOSCTests.build/Objects-normal/arm64_32/supplementaryOutputs-75 -emit-localized-strings -emit-localized-strings-path /Users/admin/builder/spi-builder-workspace/.derivedData/Build/Intermediates.noindex/CoreOSC.build/Debug-watchos/CoreOSCTests.build/Objects-normal/arm64_32 -target arm64_32-apple-watchos7.0 -enable-objc-interop -sdk /Applications/Xcode-16.3.0.app/Contents/Developer/Platforms/WatchOS.platform/Developer/SDKs/WatchOS11.4.sdk -I /Users/admin/builder/spi-builder-workspace/.derivedData/Build/Products/Debug-watchos -I /Applications/Xcode-16.3.0.app/Contents/Developer/Platforms/WatchOS.platform/Developer/usr/lib -F /Users/admin/builder/spi-builder-workspace/.derivedData/Build/Products/Debug-watchos/PackageFrameworks -F /Users/admin/builder/spi-builder-workspace/.derivedData/Build/Products/Debug-watchos -F /Applications/Xcode-16.3.0.app/Contents/Developer/Platforms/WatchOS.platform/Developer/Library/Frameworks -F /Applications/Xcode-16.3.0.app/Contents/Developer/Platforms/WatchOS.platform/Developer/SDKs/WatchOS11.4.sdk/Developer/Library/Frameworks -no-color-diagnostics -enable-testing -g -debug-info-format\=dwarf -dwarf-version\=4 -module-cache-path /Users/admin/builder/spi-builder-workspace/.derivedData/ModuleCache.noindex -swift-version 6 -enforce-exclusivity\=checked -stats-output-dir /Users/admin/builder/spi-builder-workspace/.swiftpm/xcode/.stats -Onone -D SWIFT_PACKAGE -D DEBUG -serialize-debugging-options -const-gather-protocols-file /Users/admin/builder/spi-builder-workspace/.derivedData/Build/Intermediates.noindex/CoreOSC.build/Debug-watchos/CoreOSCTests.build/Objects-normal/arm64_32/CoreOSCTests_const_extract_protocols.json -enable-experimental-feature DebugDescriptionMacro -empty-abi-descriptor -plugin-path /Applications/Xcode-16.3.0.app/Contents/Developer/Toolchains/XcodeDefault.xctoolchain/usr/lib/swift/host/plugins/testing -validate-clang-modules-once -clang-build-session-file /Users/admin/builder/spi-builder-workspace/.derivedData/ModuleCache.noindex/Session.modulevalidation -Xcc -working-directory -Xcc /Users/admin/builder/spi-builder-workspace/.swiftpm/xcode -resource-dir /Applications/Xcode-16.3.0.app/Contents/Developer/Toolchains/XcodeDefault.xctoolchain/usr/lib/swift -enable-anonymous-context-mangled-names -file-compilation-dir /Users/admin/builder/spi-builder-workspace/.swiftpm/xcode -Xcc -ivfsstatcache -Xcc /Users/admin/builder/spi-builder-workspace/.derivedData/SDKStatCaches.noindex/watchos11.4-22T246-43efb940ff07ba2497b70ec94253f576.sdkstatcache -Xcc -I/Users/admin/builder/spi-builder-workspace/.derivedData/Build/Products/Debug-watchos/include -Xcc -I/Users/admin/builder/spi-builder-workspace/.derivedData/Build/Intermediates.noindex/CoreOSC.build/Debug-watchos/CoreOSCTests.build/DerivedSources-normal/arm64_32 -Xcc -I/Users/admin/builder/spi-builder-workspace/.derivedData/Build/Intermediates.noindex/CoreOSC.build/Debug-watchos/CoreOSCTests.build/DerivedSources/arm64_32 -Xcc -I/Users/admin/builder/spi-builder-workspace/.derivedData/Build/Intermediates.noindex/CoreOSC.build/Debug-watchos/CoreOSCTests.build/DerivedSources -Xcc -DSWIFT_PACKAGE -Xcc -DDEBUG\=1 -module-name CoreOSCTests -package-name spi_builder_workspace -frontend-parseable-output -disable-clang-spi -target-sdk-version 11.4 -target-sdk-name watchos11.4 -external-plugin-path /Applications/Xcode-16.3.0.app/Contents/Developer/Platforms/WatchOS.platform/Developer/usr/lib/swift/host/plugins\#/Applications/Xcode-16.3.0.app/Contents/Developer/Platforms/WatchOS.platform/Developer/usr/bin/swift-plugin-server -external-plugin-path /Applications/Xcode-16.3.0.app/Contents/Developer/Platforms/WatchOS.platform/Developer/usr/local/lib/swift/host/plugins\#/Applications/Xcode-16.3.0.app/Contents/Developer/Platforms/WatchOS.platform/Developer/usr/bin/swift-plugin-server -in-process-plugin-server-path /Applications/Xcode-16.3.0.app/Contents/Developer/Toolchains/XcodeDefault.xctoolchain/usr/lib/swift/host/libSwiftInProcPluginServer.dylib -plugin-path /Applications/Xcode-16.3.0.app/Contents/Developer/Toolchains/XcodeDefault.xctoolchain/usr/lib/swift/host/plugins -plugin-path /Applications/Xcode-16.3.0.app/Contents/Developer/Toolchains/XcodeDefault.xctoolchain/usr/local/lib/swift/host/plugins -o /Users/admin/builder/spi-builder-workspace/.derivedData/Build/Intermediates.noindex/CoreOSC.build/Debug-watchos/CoreOSCTests.build/Objects-normal/arm64_32/OSCAnnotationTests.o -o /Users/admin/builder/spi-builder-workspace/.derivedData/Build/Intermediates.noindex/CoreOSC.build/Debug-watchos/CoreOSCTests.build/Objects-normal/arm64_32/OSCArgumentEncodingTests.o -o /Users/admin/builder/spi-builder-workspace/.derivedData/Build/Intermediates.noindex/CoreOSC.build/Debug-watchos/CoreOSCTests.build/Objects-normal/arm64_32/OSCBundleTests.o -index-unit-output-path /CoreOSC.build/Debug-watchos/CoreOSCTests.build/Objects-normal/arm64_32/OSCAnnotationTests.o -index-unit-output-path /CoreOSC.build/Debug-watchos/CoreOSCTests.build/Objects-normal/arm64_32/OSCArgumentEncodingTests.o -index-unit-output-path /CoreOSC.build/Debug-watchos/CoreOSCTests.build/Objects-normal/arm64_32/OSCBundleTests.o -index-store-path /Users/admin/builder/spi-builder-workspace/.derivedData/Index.noindex/DataStore -index-system-modules
SwiftCompile normal arm64 Compiling\ OSCCodableTests.swift,\ OSCDispatchPolicyTests.swift /Users/admin/builder/spi-builder-workspace/Tests/CoreOSCTests/OSCCodableTests.swift /Users/admin/builder/spi-builder-workspace/Tests/CoreOSCTests/OSCDispatchPolicyTests.swift (in target 'CoreOSCTests' from project 'CoreOSC')
SwiftCompile normal arm64 /Users/admin/builder/spi-builder-workspace/Tests/CoreOSCTests/OSCCodableTests.swift (in target 'CoreOSCTests' from project 'CoreOSC')
    cd /Users/admin/builder/spi-builder-workspace/.swiftpm/xcode

SwiftCompile normal arm64 /Users/admin/builder/spi-builder-workspace/Tests/CoreOSCTests/OSCDispatchPolicyTests.swift (in target 'CoreOSCTests' from project 'CoreOSC')
    cd /Users/admin/builder/spi-builder-workspace/.swiftpm/xcode

SwiftCompile normal armv7k Compiling\ OSCFilterAddressStoreTests.swift,\ OSCFilterAddressTests.swift /Users/admin/builder/spi-builder-workspace/Tests/CoreOSCTests/OSCFilterAddressStoreTests.swift /Users/admin/builder/spi-builder-workspace/Tests/CoreOSCTests/OSCFilterAddressTests.swift (in target 'CoreOSCTests' from project 'CoreOSC')
SwiftCompile normal armv7k /Users/admin/builder/spi-builder-workspace/Tests/CoreOSCTests/OSCFilterAddressStoreTests.swift (in target 'CoreOSCTests' from project 'CoreOSC')
    cd /Users/admin/builder/spi-builder-workspace/.swiftpm/xcode

SwiftCompile normal armv7k /Users/admin/builder/spi-builder-workspace/Tests/CoreOSCTests/OSCFilterAddressTests.swift (in target 'CoreOSCTests' from project 'CoreOSC')
    cd /Users/admin/builder/spi-builder-workspace/.swiftpm/xcode

SwiftDriverJobDiscovery normal armv7k Compiling OSCFilterMethodTests.swift, OSCInvocationTests.swift (in target 'CoreOSCTests' from project 'CoreOSC')
SwiftDriverJobDiscovery normal armv7k Compiling OSCAddressSpaceTests.swift, OSCAddressStoreTests.swift, OSCAddressTests.swift (in target 'CoreOSCTests' from project 'CoreOSC')
SwiftDriverJobDiscovery normal armv7k Compiling OSCCodableTests.swift, OSCDispatchPolicyTests.swift (in target 'CoreOSCTests' from project 'CoreOSC')
SwiftCompile normal arm64 Compiling\ OSCAnnotationTests.swift,\ OSCArgumentEncodingTests.swift,\ OSCBundleTests.swift /Users/admin/builder/spi-builder-workspace/Tests/CoreOSCTests/OSCAnnotationTests.swift /Users/admin/builder/spi-builder-workspace/Tests/CoreOSCTests/OSCArgumentEncodingTests.swift /Users/admin/builder/spi-builder-workspace/Tests/CoreOSCTests/OSCBundleTests.swift (in target 'CoreOSCTests' from project 'CoreOSC')
SwiftCompile normal arm64 /Users/admin/builder/spi-builder-workspace/Tests/CoreOSCTests/OSCAnnotationTests.swift (in target 'CoreOSCTests' from project 'CoreOSC')
    cd /Users/admin/builder/spi-builder-workspace/.swiftpm/xcode

SwiftCompile normal arm64 /Users/admin/builder/spi-builder-workspace/Tests/CoreOSCTests/OSCArgumentEncodingTests.swift (in target 'CoreOSCTests' from project 'CoreOSC')
    cd /Users/admin/builder/spi-builder-workspace/.swiftpm/xcode

SwiftCompile normal arm64 /Users/admin/builder/spi-builder-workspace/Tests/CoreOSCTests/OSCBundleTests.swift (in target 'CoreOSCTests' from project 'CoreOSC')
    cd /Users/admin/builder/spi-builder-workspace/.swiftpm/xcode

SwiftDriverJobDiscovery normal armv7k Compiling OSCMessageTests.swift, OSCMethodTests.swift (in target 'CoreOSCTests' from project 'CoreOSC')
SwiftCompile normal arm64_32 Compiling\ OSCCodableTests.swift,\ OSCDispatchPolicyTests.swift /Users/admin/builder/spi-builder-workspace/Tests/CoreOSCTests/OSCCodableTests.swift /Users/admin/builder/spi-builder-workspace/Tests/CoreOSCTests/OSCDispatchPolicyTests.swift (in target 'CoreOSCTests' from project 'CoreOSC')
SwiftCompile normal arm64_32 /Users/admin/builder/spi-builder-workspace/Tests/CoreOSCTests/OSCCodableTests.swift (in target 'CoreOSCTests' from project 'CoreOSC')
    cd /Users/admin/builder/spi-builder-workspace/.swiftpm/xcode

SwiftCompile normal arm64_32 /Users/admin/builder/spi-builder-workspace/Tests/CoreOSCTests/OSCDispatchPolicyTests.swift (in target 'CoreOSCTests' from project 'CoreOSC')
    cd /Users/admin/builder/spi-builder-workspace/.swiftpm/xcode

SwiftDriverJobDiscovery normal arm64 Compiling OSCRefractingAddressTests.swift, OSCValidationAndAPITests.swift (in target 'CoreOSCTests' from project 'CoreOSC')
SwiftCompile normal arm64 Compiling\ OSCMessageTests.swift,\ OSCMethodTests.swift /Users/admin/builder/spi-builder-workspace/Tests/CoreOSCTests/OSCMessageTests.swift /Users/admin/builder/spi-builder-workspace/Tests/CoreOSCTests/OSCMethodTests.swift (in target 'CoreOSCTests' from project 'CoreOSC')
SwiftCompile normal arm64 /Users/admin/builder/spi-builder-workspace/Tests/CoreOSCTests/OSCMessageTests.swift (in target 'CoreOSCTests' from project 'CoreOSC')
    cd /Users/admin/builder/spi-builder-workspace/.swiftpm/xcode

SwiftCompile normal arm64 /Users/admin/builder/spi-builder-workspace/Tests/CoreOSCTests/OSCMethodTests.swift (in target 'CoreOSCTests' from project 'CoreOSC')
    cd /Users/admin/builder/spi-builder-workspace/.swiftpm/xcode

SwiftDriverJobDiscovery normal arm64 Compiling OSCFilterMethodTests.swift, OSCInvocationTests.swift (in target 'CoreOSCTests' from project 'CoreOSC')
SwiftCompile normal armv7k Compiling\ OSCAnnotationTests.swift,\ OSCArgumentEncodingTests.swift,\ OSCBundleTests.swift /Users/admin/builder/spi-builder-workspace/Tests/CoreOSCTests/OSCAnnotationTests.swift /Users/admin/builder/spi-builder-workspace/Tests/CoreOSCTests/OSCArgumentEncodingTests.swift /Users/admin/builder/spi-builder-workspace/Tests/CoreOSCTests/OSCBundleTests.swift (in target 'CoreOSCTests' from project 'CoreOSC')
SwiftCompile normal armv7k /Users/admin/builder/spi-builder-workspace/Tests/CoreOSCTests/OSCAnnotationTests.swift (in target 'CoreOSCTests' from project 'CoreOSC')
    cd /Users/admin/builder/spi-builder-workspace/.swiftpm/xcode

SwiftCompile normal armv7k /Users/admin/builder/spi-builder-workspace/Tests/CoreOSCTests/OSCArgumentEncodingTests.swift (in target 'CoreOSCTests' from project 'CoreOSC')
    cd /Users/admin/builder/spi-builder-workspace/.swiftpm/xcode

SwiftCompile normal armv7k /Users/admin/builder/spi-builder-workspace/Tests/CoreOSCTests/OSCBundleTests.swift (in target 'CoreOSCTests' from project 'CoreOSC')
    cd /Users/admin/builder/spi-builder-workspace/.swiftpm/xcode

SwiftCompile normal arm64 Compiling\ OSCPacketEncodingTests.swift,\ OSCParserRobustnessTests.swift /Users/admin/builder/spi-builder-workspace/Tests/CoreOSCTests/OSCPacketEncodingTests.swift /Users/admin/builder/spi-builder-workspace/Tests/CoreOSCTests/OSCParserRobustnessTests.swift (in target 'CoreOSCTests' from project 'CoreOSC')
SwiftCompile normal arm64 /Users/admin/builder/spi-builder-workspace/Tests/CoreOSCTests/OSCPacketEncodingTests.swift (in target 'CoreOSCTests' from project 'CoreOSC')
    cd /Users/admin/builder/spi-builder-workspace/.swiftpm/xcode

SwiftCompile normal arm64 /Users/admin/builder/spi-builder-workspace/Tests/CoreOSCTests/OSCParserRobustnessTests.swift (in target 'CoreOSCTests' from project 'CoreOSC')
    cd /Users/admin/builder/spi-builder-workspace/.swiftpm/xcode

SwiftDriverJobDiscovery normal arm64_32 Compiling OSCAddressSpaceTests.swift, OSCAddressStoreTests.swift, OSCAddressTests.swift (in target 'CoreOSCTests' from project 'CoreOSC')
SwiftDriverJobDiscovery normal arm64_32 Compiling CoreOSCTests.swift, OSCAddressFilterTests.swift, OSCAddressPatternTests.swift (in target 'CoreOSCTests' from project 'CoreOSC')
SwiftCompile normal armv7k Compiling\ CoreOSCTests.swift,\ OSCAddressFilterTests.swift,\ OSCAddressPatternTests.swift /Users/admin/builder/spi-builder-workspace/Tests/CoreOSCTests/CoreOSCTests.swift /Users/admin/builder/spi-builder-workspace/Tests/CoreOSCTests/OSCAddressFilterTests.swift /Users/admin/builder/spi-builder-workspace/Tests/CoreOSCTests/OSCAddressPatternTests.swift (in target 'CoreOSCTests' from project 'CoreOSC')
SwiftCompile normal armv7k /Users/admin/builder/spi-builder-workspace/Tests/CoreOSCTests/CoreOSCTests.swift (in target 'CoreOSCTests' from project 'CoreOSC')
    cd /Users/admin/builder/spi-builder-workspace/.swiftpm/xcode

SwiftCompile normal armv7k /Users/admin/builder/spi-builder-workspace/Tests/CoreOSCTests/OSCAddressFilterTests.swift (in target 'CoreOSCTests' from project 'CoreOSC')
    cd /Users/admin/builder/spi-builder-workspace/.swiftpm/xcode

SwiftCompile normal armv7k /Users/admin/builder/spi-builder-workspace/Tests/CoreOSCTests/OSCAddressPatternTests.swift (in target 'CoreOSCTests' from project 'CoreOSC')
    cd /Users/admin/builder/spi-builder-workspace/.swiftpm/xcode

SwiftDriverJobDiscovery normal arm64_32 Compiling OSCMessageTests.swift, OSCMethodTests.swift (in target 'CoreOSCTests' from project 'CoreOSC')
SwiftCompile normal arm64 Compiling\ OSCFilterAddressStoreTests.swift,\ OSCFilterAddressTests.swift /Users/admin/builder/spi-builder-workspace/Tests/CoreOSCTests/OSCFilterAddressStoreTests.swift /Users/admin/builder/spi-builder-workspace/Tests/CoreOSCTests/OSCFilterAddressTests.swift (in target 'CoreOSCTests' from project 'CoreOSC')
SwiftCompile normal arm64 /Users/admin/builder/spi-builder-workspace/Tests/CoreOSCTests/OSCFilterAddressStoreTests.swift (in target 'CoreOSCTests' from project 'CoreOSC')
    cd /Users/admin/builder/spi-builder-workspace/.swiftpm/xcode

SwiftCompile normal arm64 /Users/admin/builder/spi-builder-workspace/Tests/CoreOSCTests/OSCFilterAddressTests.swift (in target 'CoreOSCTests' from project 'CoreOSC')
    cd /Users/admin/builder/spi-builder-workspace/.swiftpm/xcode

SwiftDriverJobDiscovery normal armv7k Compiling OSCFilterAddressStoreTests.swift, OSCFilterAddressTests.swift (in target 'CoreOSCTests' from project 'CoreOSC')
SwiftCompile normal arm64_32 Compiling\ OSCFilterMethodTests.swift,\ OSCInvocationTests.swift /Users/admin/builder/spi-builder-workspace/Tests/CoreOSCTests/OSCFilterMethodTests.swift /Users/admin/builder/spi-builder-workspace/Tests/CoreOSCTests/OSCInvocationTests.swift (in target 'CoreOSCTests' from project 'CoreOSC')
SwiftCompile normal arm64_32 /Users/admin/builder/spi-builder-workspace/Tests/CoreOSCTests/OSCFilterMethodTests.swift (in target 'CoreOSCTests' from project 'CoreOSC')
    cd /Users/admin/builder/spi-builder-workspace/.swiftpm/xcode

SwiftCompile normal arm64_32 /Users/admin/builder/spi-builder-workspace/Tests/CoreOSCTests/OSCInvocationTests.swift (in target 'CoreOSCTests' from project 'CoreOSC')
    cd /Users/admin/builder/spi-builder-workspace/.swiftpm/xcode

SwiftDriverJobDiscovery normal arm64 Compiling OSCCodableTests.swift, OSCDispatchPolicyTests.swift (in target 'CoreOSCTests' from project 'CoreOSC')
SwiftCompile normal arm64_32 Compiling\ OSCFilterAddressStoreTests.swift,\ OSCFilterAddressTests.swift /Users/admin/builder/spi-builder-workspace/Tests/CoreOSCTests/OSCFilterAddressStoreTests.swift /Users/admin/builder/spi-builder-workspace/Tests/CoreOSCTests/OSCFilterAddressTests.swift (in target 'CoreOSCTests' from project 'CoreOSC')
SwiftDriverJobDiscovery normal armv7k Compiling OSCMatchRobustnessTests.swift, OSCMatchTests.swift (in target 'CoreOSCTests' from project 'CoreOSC')
SwiftCompile normal arm64 Compiling\ OSCAddressSpaceTests.swift,\ OSCAddressStoreTests.swift,\ OSCAddressTests.swift /Users/admin/builder/spi-builder-workspace/Tests/CoreOSCTests/OSCAddressSpaceTests.swift /Users/admin/builder/spi-builder-workspace/Tests/CoreOSCTests/OSCAddressStoreTests.swift /Users/admin/builder/spi-builder-workspace/Tests/CoreOSCTests/OSCAddressTests.swift (in target 'CoreOSCTests' from project 'CoreOSC')
Command SwiftCompile failed with a nonzero exit code
** BUILD FAILED **
The following build commands failed:
	SwiftCompile normal arm64_32 /Users/admin/builder/spi-builder-workspace/Tests/CoreOSCTests/OSCArgumentEncodingTests.swift (in target 'CoreOSCTests' from project 'CoreOSC')
	SwiftCompile normal arm64_32 Compiling\ OSCAnnotationTests.swift,\ OSCArgumentEncodingTests.swift,\ OSCBundleTests.swift /Users/admin/builder/spi-builder-workspace/Tests/CoreOSCTests/OSCAnnotationTests.swift /Users/admin/builder/spi-builder-workspace/Tests/CoreOSCTests/OSCArgumentEncodingTests.swift /Users/admin/builder/spi-builder-workspace/Tests/CoreOSCTests/OSCBundleTests.swift (in target 'CoreOSCTests' from project 'CoreOSC')
	SwiftCompile normal arm64 Compiling\ OSCAddressSpaceTests.swift,\ OSCAddressStoreTests.swift,\ OSCAddressTests.swift /Users/admin/builder/spi-builder-workspace/Tests/CoreOSCTests/OSCAddressSpaceTests.swift /Users/admin/builder/spi-builder-workspace/Tests/CoreOSCTests/OSCAddressStoreTests.swift /Users/admin/builder/spi-builder-workspace/Tests/CoreOSCTests/OSCAddressTests.swift (in target 'CoreOSCTests' from project 'CoreOSC')
	Building workspace spi-builder-workspace with scheme CoreOSC
(4 failures)
Command line invocation:
    /Applications/Xcode-16.3.0.app/Contents/Developer/usr/bin/xcodebuild -IDEClonedSourcePackagesDirPathOverride=/Users/admin/builder/spi-builder-workspace/.dependencies -resolvePackageDependencies
Resolve Package Graph
Resolved source packages:
  CoreOSC: /Users/admin/builder/spi-builder-workspace
  SymbolKit: https://github.com/swiftlang/swift-docc-symbolkit @ 1.0.0
  SwiftDocCPlugin: https://github.com/swiftlang/swift-docc-plugin @ 1.5.0
resolved source packages: CoreOSC, SymbolKit, SwiftDocCPlugin
{
  "default_localization" : "en",
  "dependencies" : [
    {
      "identity" : "swift-docc-plugin",
      "requirement" : {
        "range" : [
          {
            "lower_bound" : "1.4.0",
            "upper_bound" : "2.0.0"
          }
        ]
      },
      "type" : "sourceControl",
      "url" : "https://github.com/swiftlang/swift-docc-plugin"
    }
  ],
  "manifest_display_name" : "CoreOSC",
  "name" : "CoreOSC",
  "path" : "/Users/admin/builder/spi-builder-workspace",
  "platforms" : [
    {
      "name" : "ios",
      "version" : "13.0"
    },
    {
      "name" : "macos",
      "version" : "10.15"
    },
    {
      "name" : "tvos",
      "version" : "13.0"
    },
    {
      "name" : "watchos",
      "version" : "6.0"
    }
  ],
  "products" : [
    {
      "name" : "CoreOSC",
      "targets" : [
        "CoreOSC"
      ],
      "type" : {
        "library" : [
          "automatic"
        ]
      }
    }
  ],
  "targets" : [
    {
      "c99name" : "CoreOSCTests",
      "module_type" : "SwiftTarget",
      "name" : "CoreOSCTests",
      "path" : "Tests/CoreOSCTests",
      "sources" : [
        "CoreOSCTests.swift",
        "OSCAddressFilterTests.swift",
        "OSCAddressPatternTests.swift",
        "OSCAddressSpaceTests.swift",
        "OSCAddressStoreTests.swift",
        "OSCAddressTests.swift",
        "OSCAnnotationTests.swift",
        "OSCArgumentEncodingTests.swift",
        "OSCBundleTests.swift",
        "OSCCodableTests.swift",
        "OSCDispatchPolicyTests.swift",
        "OSCFilterAddressStoreTests.swift",
        "OSCFilterAddressTests.swift",
        "OSCFilterMethodTests.swift",
        "OSCInvocationTests.swift",
        "OSCMatchRobustnessTests.swift",
        "OSCMatchTests.swift",
        "OSCMessageTests.swift",
        "OSCMethodTests.swift",
        "OSCPacketEncodingTests.swift",
        "OSCParserRobustnessTests.swift",
        "OSCRefractingAddressTests.swift",
        "OSCValidationAndAPITests.swift"
      ],
      "target_dependencies" : [
        "CoreOSC"
      ],
      "type" : "test"
    },
    {
      "c99name" : "CoreOSC",
      "module_type" : "SwiftTarget",
      "name" : "CoreOSC",
      "path" : "Sources/CoreOSC",
      "product_memberships" : [
        "CoreOSC"
      ],
      "resources" : [
        {
          "path" : "/Users/admin/builder/spi-builder-workspace/Sources/CoreOSC/LICENSE.md",
          "rule" : {
            "process" : {
            }
          }
        },
        {
          "path" : "/Users/admin/builder/spi-builder-workspace/Sources/CoreOSC/PrivacyInfo.xcprivacy",
          "rule" : {
            "copy" : {
            }
          }
        },
        {
          "path" : "/Users/admin/builder/spi-builder-workspace/Sources/CoreOSC/en.lproj/Localizable.strings",
          "rule" : {
            "process" : {
              "localization" : "en"
            }
          }
        }
      ],
      "sources" : [
        "CoreOSC.swift",
        "Extensions/Character.swift",
        "Extensions/Numeric.swift",
        "Extensions/String.swift",
        "Extensions/UInt32.swift",
        "OSCAddress.swift",
        "OSCAddressError.swift",
        "OSCAddressFilter.swift",
        "OSCAddressPattern.swift",
        "OSCAddressSpace.swift",
        "OSCAddressStore.swift",
        "OSCAnnotation.swift",
        "OSCArgument.swift",
        "OSCArgumentError.swift",
        "OSCBundle.swift",
        "OSCFilterAddress.swift",
        "OSCFilterAddressStore.swift",
        "OSCFilterMethod.swift",
        "OSCInvocation.swift",
        "OSCMatch.swift",
        "OSCMessage.swift",
        "OSCMethod.swift",
        "OSCPacket.swift",
        "OSCParser.swift",
        "OSCParserError.swift",
        "OSCPatternMatch.swift",
        "OSCRefractingAddress.swift",
        "OSCStore.swift",
        "OSCTimeTag.swift"
      ],
      "type" : "library"
    }
  ],
  "tools_version" : "6.0"
}
{
  "workspace" : {
    "name" : "spi-builder-workspace",
    "schemes" : [
      "CoreOSC"
    ]
  }
}
Running build ...
env DEVELOPER_DIR=/Applications/Xcode-16.3.0.app xcrun xcodebuild -IDEClonedSourcePackagesDirPathOverride=$PWD/.dependencies -skipMacroValidation -skipPackagePluginValidation -derivedDataPath $PWD/.derivedData build -scheme CoreOSC -destination generic/platform=watchOS
Command line invocation:
    /Applications/Xcode-16.3.0.app/Contents/Developer/usr/bin/xcodebuild -IDEClonedSourcePackagesDirPathOverride=/Users/admin/builder/spi-builder-workspace/.dependencies -skipMacroValidation -skipPackagePluginValidation -derivedDataPath /Users/admin/builder/spi-builder-workspace/.derivedData build -scheme CoreOSC -destination generic/platform=watchOS
Resolve Package Graph
Resolved source packages:
  CoreOSC: /Users/admin/builder/spi-builder-workspace
  SwiftDocCPlugin: https://github.com/swiftlang/swift-docc-plugin @ 1.5.0
  SymbolKit: https://github.com/swiftlang/swift-docc-symbolkit @ 1.0.0
ComputePackagePrebuildTargetDependencyGraph
Prepare packages
CreateBuildRequest
SendProjectDescription
CreateBuildOperation
ComputeTargetDependencyGraph
note: Building targets in dependency order
note: Target dependency graph (4 targets)
    Target 'CoreOSCTests' in project 'CoreOSC'
        ➜ Explicit dependency on target 'CoreOSC' in project 'CoreOSC'
    Target 'CoreOSC' in project 'CoreOSC'
        ➜ Explicit dependency on target 'CoreOSC' in project 'CoreOSC'
        ➜ Explicit dependency on target 'CoreOSC_CoreOSC' in project 'CoreOSC'
    Target 'CoreOSC' in project 'CoreOSC'
        ➜ Explicit dependency on target 'CoreOSC_CoreOSC' in project 'CoreOSC'
    Target 'CoreOSC_CoreOSC' in project 'CoreOSC' (no dependencies)
GatherProvisioningInputs
CreateBuildDescription
ExecuteExternalTool /Applications/Xcode-16.3.0.app/Contents/Developer/Toolchains/XcodeDefault.xctoolchain/usr/bin/clang -v -E -dM -isysroot /Applications/Xcode-16.3.0.app/Contents/Developer/Platforms/WatchOS.platform/Developer/SDKs/WatchOS11.4.sdk -x c -c /dev/null
ExecuteExternalTool /Applications/Xcode-16.3.0.app/Contents/Developer/Toolchains/XcodeDefault.xctoolchain/usr/bin/swiftc --version
ExecuteExternalTool /Applications/Xcode-16.3.0.app/Contents/Developer/Toolchains/XcodeDefault.xctoolchain/usr/bin/ld -version_details
ReadFileContents /Applications/Xcode-16.3.0.app/Contents/Developer/Toolchains/XcodeDefault.xctoolchain/usr/share/docc/features.json
Build description signature: e32dda78bfdcf5629987d6e7ed4040ca
Build description path: /Users/admin/builder/spi-builder-workspace/.derivedData/Build/Intermediates.noindex/XCBuildData/e32dda78bfdcf5629987d6e7ed4040ca.xcbuilddata
ClangStatCache /Applications/Xcode-16.3.0.app/Contents/Developer/Toolchains/XcodeDefault.xctoolchain/usr/bin/clang-stat-cache /Applications/Xcode-16.3.0.app/Contents/Developer/Platforms/WatchOS.platform/Developer/SDKs/WatchOS11.4.sdk /Users/admin/builder/spi-builder-workspace/.derivedData/SDKStatCaches.noindex/watchos11.4-22T246-43efb940ff07ba2497b70ec94253f576.sdkstatcache
    cd /Users/admin/builder/spi-builder-workspace/.swiftpm/xcode
    /Applications/Xcode-16.3.0.app/Contents/Developer/Toolchains/XcodeDefault.xctoolchain/usr/bin/clang-stat-cache /Applications/Xcode-16.3.0.app/Contents/Developer/Platforms/WatchOS.platform/Developer/SDKs/WatchOS11.4.sdk -o /Users/admin/builder/spi-builder-workspace/.derivedData/SDKStatCaches.noindex/watchos11.4-22T246-43efb940ff07ba2497b70ec94253f576.sdkstatcache
ProcessInfoPlistFile /Users/admin/builder/spi-builder-workspace/.derivedData/Build/Products/Debug-watchos/CoreOSC_CoreOSC.bundle/Info.plist /Users/admin/builder/spi-builder-workspace/.derivedData/Build/Intermediates.noindex/CoreOSC.build/Debug-watchos/CoreOSC_CoreOSC.build/empty-CoreOSC_CoreOSC.plist (in target 'CoreOSC_CoreOSC' from project 'CoreOSC')
    cd /Users/admin/builder/spi-builder-workspace
    builtin-infoPlistUtility /Users/admin/builder/spi-builder-workspace/.derivedData/Build/Intermediates.noindex/CoreOSC.build/Debug-watchos/CoreOSC_CoreOSC.build/empty-CoreOSC_CoreOSC.plist -producttype com.apple.product-type.bundle -expandbuildsettings -format binary -platform watchos -o /Users/admin/builder/spi-builder-workspace/.derivedData/Build/Products/Debug-watchos/CoreOSC_CoreOSC.bundle/Info.plist
SwiftDriver CoreOSC normal armv7k com.apple.xcode.tools.swift.compiler (in target 'CoreOSC' from project 'CoreOSC')
    cd /Users/admin/builder/spi-builder-workspace/.swiftpm/xcode
    builtin-SwiftDriver -- /Applications/Xcode-16.3.0.app/Contents/Developer/Toolchains/XcodeDefault.xctoolchain/usr/bin/swiftc -module-name CoreOSC -Onone -enforce-exclusivity\=checked @/Users/admin/builder/spi-builder-workspace/.derivedData/Build/Intermediates.noindex/CoreOSC.build/Debug-watchos/CoreOSC.build/Objects-normal/armv7k/CoreOSC.SwiftFileList -DSWIFT_PACKAGE -DDEBUG -DXcode -plugin-path /Applications/Xcode-16.3.0.app/Contents/Developer/Toolchains/XcodeDefault.xctoolchain/usr/lib/swift/host/plugins/testing -enable-experimental-feature DebugDescriptionMacro -sdk /Applications/Xcode-16.3.0.app/Contents/Developer/Platforms/WatchOS.platform/Developer/SDKs/WatchOS11.4.sdk -target armv7k-apple-watchos6.0 -g -module-cache-path /Users/admin/builder/spi-builder-workspace/.derivedData/ModuleCache.noindex -Xfrontend -serialize-debugging-options -enable-testing -index-store-path /Users/admin/builder/spi-builder-workspace/.derivedData/Index.noindex/DataStore -swift-version 6 -I /Users/admin/builder/spi-builder-workspace/.derivedData/Build/Products/Debug-watchos -I /Applications/Xcode-16.3.0.app/Contents/Developer/Platforms/WatchOS.platform/Developer/usr/lib -F /Users/admin/builder/spi-builder-workspace/.derivedData/Build/Products/Debug-watchos -F /Applications/Xcode-16.3.0.app/Contents/Developer/Platforms/WatchOS.platform/Developer/Library/Frameworks -F /Applications/Xcode-16.3.0.app/Contents/Developer/Platforms/WatchOS.platform/Developer/SDKs/WatchOS11.4.sdk/Developer/Library/Frameworks -emit-localized-strings -emit-localized-strings-path /Users/admin/builder/spi-builder-workspace/.derivedData/Build/Intermediates.noindex/CoreOSC.build/Debug-watchos/CoreOSC.build/Objects-normal/armv7k -c -j10 -enable-batch-mode -incremental -Xcc -ivfsstatcache -Xcc /Users/admin/builder/spi-builder-workspace/.derivedData/SDKStatCaches.noindex/watchos11.4-22T246-43efb940ff07ba2497b70ec94253f576.sdkstatcache -output-file-map /Users/admin/builder/spi-builder-workspace/.derivedData/Build/Intermediates.noindex/CoreOSC.build/Debug-watchos/CoreOSC.build/Objects-normal/armv7k/CoreOSC-OutputFileMap.json -use-frontend-parseable-output -save-temps -no-color-diagnostics -serialize-diagnostics -emit-dependencies -emit-module -emit-module-path /Users/admin/builder/spi-builder-workspace/.derivedData/Build/Intermediates.noindex/CoreOSC.build/Debug-watchos/CoreOSC.build/Objects-normal/armv7k/CoreOSC.swiftmodule -validate-clang-modules-once -clang-build-session-file /Users/admin/builder/spi-builder-workspace/.derivedData/ModuleCache.noindex/Session.modulevalidation -package-name spi_builder_workspace -Xcc -I/Users/admin/builder/spi-builder-workspace/.derivedData/Build/Intermediates.noindex/CoreOSC.build/Debug-watchos/CoreOSC.build/swift-overrides.hmap -emit-const-values -Xfrontend -const-gather-protocols-file -Xfrontend /Users/admin/builder/spi-builder-workspace/.derivedData/Build/Intermediates.noindex/CoreOSC.build/Debug-watchos/CoreOSC.build/Objects-normal/armv7k/CoreOSC_const_extract_protocols.json -Xcc -I/Users/admin/builder/spi-builder-workspace/.derivedData/Build/Products/Debug-watchos/include -Xcc -I/Users/admin/builder/spi-builder-workspace/.derivedData/Build/Intermediates.noindex/CoreOSC.build/Debug-watchos/CoreOSC.build/DerivedSources-normal/armv7k -Xcc -I/Users/admin/builder/spi-builder-workspace/.derivedData/Build/Intermediates.noindex/CoreOSC.build/Debug-watchos/CoreOSC.build/DerivedSources/armv7k -Xcc -I/Users/admin/builder/spi-builder-workspace/.derivedData/Build/Intermediates.noindex/CoreOSC.build/Debug-watchos/CoreOSC.build/DerivedSources -Xcc -DSWIFT_PACKAGE -Xcc -DDEBUG\=1 -emit-objc-header -emit-objc-header-path /Users/admin/builder/spi-builder-workspace/.derivedData/Build/Intermediates.noindex/CoreOSC.build/Debug-watchos/CoreOSC.build/Objects-normal/armv7k/CoreOSC-Swift.h -working-directory /Users/admin/builder/spi-builder-workspace/.swiftpm/xcode -experimental-emit-module-separately -disable-cmo
SwiftDriver CoreOSC normal arm64 com.apple.xcode.tools.swift.compiler (in target 'CoreOSC' from project 'CoreOSC')
    cd /Users/admin/builder/spi-builder-workspace/.swiftpm/xcode
    builtin-SwiftDriver -- /Applications/Xcode-16.3.0.app/Contents/Developer/Toolchains/XcodeDefault.xctoolchain/usr/bin/swiftc -module-name CoreOSC -Onone -enforce-exclusivity\=checked @/Users/admin/builder/spi-builder-workspace/.derivedData/Build/Intermediates.noindex/CoreOSC.build/Debug-watchos/CoreOSC.build/Objects-normal/arm64/CoreOSC.SwiftFileList -DSWIFT_PACKAGE -DDEBUG -DXcode -plugin-path /Applications/Xcode-16.3.0.app/Contents/Developer/Toolchains/XcodeDefault.xctoolchain/usr/lib/swift/host/plugins/testing -enable-experimental-feature DebugDescriptionMacro -sdk /Applications/Xcode-16.3.0.app/Contents/Developer/Platforms/WatchOS.platform/Developer/SDKs/WatchOS11.4.sdk -target arm64-apple-watchos6.0 -g -module-cache-path /Users/admin/builder/spi-builder-workspace/.derivedData/ModuleCache.noindex -Xfrontend -serialize-debugging-options -enable-testing -index-store-path /Users/admin/builder/spi-builder-workspace/.derivedData/Index.noindex/DataStore -swift-version 6 -I /Users/admin/builder/spi-builder-workspace/.derivedData/Build/Products/Debug-watchos -I /Applications/Xcode-16.3.0.app/Contents/Developer/Platforms/WatchOS.platform/Developer/usr/lib -F /Users/admin/builder/spi-builder-workspace/.derivedData/Build/Products/Debug-watchos -F /Applications/Xcode-16.3.0.app/Contents/Developer/Platforms/WatchOS.platform/Developer/Library/Frameworks -F /Applications/Xcode-16.3.0.app/Contents/Developer/Platforms/WatchOS.platform/Developer/SDKs/WatchOS11.4.sdk/Developer/Library/Frameworks -emit-localized-strings -emit-localized-strings-path /Users/admin/builder/spi-builder-workspace/.derivedData/Build/Intermediates.noindex/CoreOSC.build/Debug-watchos/CoreOSC.build/Objects-normal/arm64 -c -j10 -enable-batch-mode -incremental -Xcc -ivfsstatcache -Xcc /Users/admin/builder/spi-builder-workspace/.derivedData/SDKStatCaches.noindex/watchos11.4-22T246-43efb940ff07ba2497b70ec94253f576.sdkstatcache -output-file-map /Users/admin/builder/spi-builder-workspace/.derivedData/Build/Intermediates.noindex/CoreOSC.build/Debug-watchos/CoreOSC.build/Objects-normal/arm64/CoreOSC-OutputFileMap.json -use-frontend-parseable-output -save-temps -no-color-diagnostics -serialize-diagnostics -emit-dependencies -emit-module -emit-module-path /Users/admin/builder/spi-builder-workspace/.derivedData/Build/Intermediates.noindex/CoreOSC.build/Debug-watchos/CoreOSC.build/Objects-normal/arm64/CoreOSC.swiftmodule -validate-clang-modules-once -clang-build-session-file /Users/admin/builder/spi-builder-workspace/.derivedData/ModuleCache.noindex/Session.modulevalidation -package-name spi_builder_workspace -Xcc -I/Users/admin/builder/spi-builder-workspace/.derivedData/Build/Intermediates.noindex/CoreOSC.build/Debug-watchos/CoreOSC.build/swift-overrides.hmap -emit-const-values -Xfrontend -const-gather-protocols-file -Xfrontend /Users/admin/builder/spi-builder-workspace/.derivedData/Build/Intermediates.noindex/CoreOSC.build/Debug-watchos/CoreOSC.build/Objects-normal/arm64/CoreOSC_const_extract_protocols.json -Xcc -I/Users/admin/builder/spi-builder-workspace/.derivedData/Build/Products/Debug-watchos/include -Xcc -I/Users/admin/builder/spi-builder-workspace/.derivedData/Build/Intermediates.noindex/CoreOSC.build/Debug-watchos/CoreOSC.build/DerivedSources-normal/arm64 -Xcc -I/Users/admin/builder/spi-builder-workspace/.derivedData/Build/Intermediates.noindex/CoreOSC.build/Debug-watchos/CoreOSC.build/DerivedSources/arm64 -Xcc -I/Users/admin/builder/spi-builder-workspace/.derivedData/Build/Intermediates.noindex/CoreOSC.build/Debug-watchos/CoreOSC.build/DerivedSources -Xcc -DSWIFT_PACKAGE -Xcc -DDEBUG\=1 -emit-objc-header -emit-objc-header-path /Users/admin/builder/spi-builder-workspace/.derivedData/Build/Intermediates.noindex/CoreOSC.build/Debug-watchos/CoreOSC.build/Objects-normal/arm64/CoreOSC-Swift.h -working-directory /Users/admin/builder/spi-builder-workspace/.swiftpm/xcode -experimental-emit-module-separately -disable-cmo
SwiftDriver CoreOSC normal arm64_32 com.apple.xcode.tools.swift.compiler (in target 'CoreOSC' from project 'CoreOSC')
    cd /Users/admin/builder/spi-builder-workspace/.swiftpm/xcode
    builtin-SwiftDriver -- /Applications/Xcode-16.3.0.app/Contents/Developer/Toolchains/XcodeDefault.xctoolchain/usr/bin/swiftc -module-name CoreOSC -Onone -enforce-exclusivity\=checked @/Users/admin/builder/spi-builder-workspace/.derivedData/Build/Intermediates.noindex/CoreOSC.build/Debug-watchos/CoreOSC.build/Objects-normal/arm64_32/CoreOSC.SwiftFileList -DSWIFT_PACKAGE -DDEBUG -DXcode -plugin-path /Applications/Xcode-16.3.0.app/Contents/Developer/Toolchains/XcodeDefault.xctoolchain/usr/lib/swift/host/plugins/testing -enable-experimental-feature DebugDescriptionMacro -sdk /Applications/Xcode-16.3.0.app/Contents/Developer/Platforms/WatchOS.platform/Developer/SDKs/WatchOS11.4.sdk -target arm64_32-apple-watchos6.0 -g -module-cache-path /Users/admin/builder/spi-builder-workspace/.derivedData/ModuleCache.noindex -Xfrontend -serialize-debugging-options -enable-testing -index-store-path /Users/admin/builder/spi-builder-workspace/.derivedData/Index.noindex/DataStore -swift-version 6 -I /Users/admin/builder/spi-builder-workspace/.derivedData/Build/Products/Debug-watchos -I /Applications/Xcode-16.3.0.app/Contents/Developer/Platforms/WatchOS.platform/Developer/usr/lib -F /Users/admin/builder/spi-builder-workspace/.derivedData/Build/Products/Debug-watchos -F /Applications/Xcode-16.3.0.app/Contents/Developer/Platforms/WatchOS.platform/Developer/Library/Frameworks -F /Applications/Xcode-16.3.0.app/Contents/Developer/Platforms/WatchOS.platform/Developer/SDKs/WatchOS11.4.sdk/Developer/Library/Frameworks -emit-localized-strings -emit-localized-strings-path /Users/admin/builder/spi-builder-workspace/.derivedData/Build/Intermediates.noindex/CoreOSC.build/Debug-watchos/CoreOSC.build/Objects-normal/arm64_32 -c -j10 -enable-batch-mode -incremental -Xcc -ivfsstatcache -Xcc /Users/admin/builder/spi-builder-workspace/.derivedData/SDKStatCaches.noindex/watchos11.4-22T246-43efb940ff07ba2497b70ec94253f576.sdkstatcache -output-file-map /Users/admin/builder/spi-builder-workspace/.derivedData/Build/Intermediates.noindex/CoreOSC.build/Debug-watchos/CoreOSC.build/Objects-normal/arm64_32/CoreOSC-OutputFileMap.json -use-frontend-parseable-output -save-temps -no-color-diagnostics -serialize-diagnostics -emit-dependencies -emit-module -emit-module-path /Users/admin/builder/spi-builder-workspace/.derivedData/Build/Intermediates.noindex/CoreOSC.build/Debug-watchos/CoreOSC.build/Objects-normal/arm64_32/CoreOSC.swiftmodule -validate-clang-modules-once -clang-build-session-file /Users/admin/builder/spi-builder-workspace/.derivedData/ModuleCache.noindex/Session.modulevalidation -package-name spi_builder_workspace -Xcc -I/Users/admin/builder/spi-builder-workspace/.derivedData/Build/Intermediates.noindex/CoreOSC.build/Debug-watchos/CoreOSC.build/swift-overrides.hmap -emit-const-values -Xfrontend -const-gather-protocols-file -Xfrontend /Users/admin/builder/spi-builder-workspace/.derivedData/Build/Intermediates.noindex/CoreOSC.build/Debug-watchos/CoreOSC.build/Objects-normal/arm64_32/CoreOSC_const_extract_protocols.json -Xcc -I/Users/admin/builder/spi-builder-workspace/.derivedData/Build/Products/Debug-watchos/include -Xcc -I/Users/admin/builder/spi-builder-workspace/.derivedData/Build/Intermediates.noindex/CoreOSC.build/Debug-watchos/CoreOSC.build/DerivedSources-normal/arm64_32 -Xcc -I/Users/admin/builder/spi-builder-workspace/.derivedData/Build/Intermediates.noindex/CoreOSC.build/Debug-watchos/CoreOSC.build/DerivedSources/arm64_32 -Xcc -I/Users/admin/builder/spi-builder-workspace/.derivedData/Build/Intermediates.noindex/CoreOSC.build/Debug-watchos/CoreOSC.build/DerivedSources -Xcc -DSWIFT_PACKAGE -Xcc -DDEBUG\=1 -emit-objc-header -emit-objc-header-path /Users/admin/builder/spi-builder-workspace/.derivedData/Build/Intermediates.noindex/CoreOSC.build/Debug-watchos/CoreOSC.build/Objects-normal/arm64_32/CoreOSC-Swift.h -working-directory /Users/admin/builder/spi-builder-workspace/.swiftpm/xcode -experimental-emit-module-separately -disable-cmo
SwiftCompile normal arm64 Compiling\ OSCAddress.swift,\ OSCAddressError.swift,\ OSCAddressFilter.swift /Users/admin/builder/spi-builder-workspace/Sources/CoreOSC/OSCAddress.swift /Users/admin/builder/spi-builder-workspace/Sources/CoreOSC/OSCAddressError.swift /Users/admin/builder/spi-builder-workspace/Sources/CoreOSC/OSCAddressFilter.swift (in target 'CoreOSC' from project 'CoreOSC')
SwiftCompile normal arm64 /Users/admin/builder/spi-builder-workspace/Sources/CoreOSC/OSCAddress.swift (in target 'CoreOSC' from project 'CoreOSC')
    cd /Users/admin/builder/spi-builder-workspace/.swiftpm/xcode

SwiftCompile normal arm64 /Users/admin/builder/spi-builder-workspace/Sources/CoreOSC/OSCAddressError.swift (in target 'CoreOSC' from project 'CoreOSC')
    cd /Users/admin/builder/spi-builder-workspace/.swiftpm/xcode

SwiftCompile normal arm64 /Users/admin/builder/spi-builder-workspace/Sources/CoreOSC/OSCAddressFilter.swift (in target 'CoreOSC' from project 'CoreOSC')
    cd /Users/admin/builder/spi-builder-workspace/.swiftpm/xcode

SwiftEmitModule normal arm64 Emitting\ module\ for\ CoreOSC (in target 'CoreOSC' from project 'CoreOSC')
EmitSwiftModule normal arm64 (in target 'CoreOSC' from project 'CoreOSC')
    cd /Users/admin/builder/spi-builder-workspace/.swiftpm/xcode

SwiftCompile normal arm64 Compiling\ OSCMessage.swift,\ OSCMethod.swift,\ OSCPacket.swift /Users/admin/builder/spi-builder-workspace/Sources/CoreOSC/OSCMessage.swift /Users/admin/builder/spi-builder-workspace/Sources/CoreOSC/OSCMethod.swift /Users/admin/builder/spi-builder-workspace/Sources/CoreOSC/OSCPacket.swift (in target 'CoreOSC' from project 'CoreOSC')
SwiftCompile normal arm64 /Users/admin/builder/spi-builder-workspace/Sources/CoreOSC/OSCMessage.swift (in target 'CoreOSC' from project 'CoreOSC')
    cd /Users/admin/builder/spi-builder-workspace/.swiftpm/xcode

SwiftCompile normal arm64 /Users/admin/builder/spi-builder-workspace/Sources/CoreOSC/OSCMethod.swift (in target 'CoreOSC' from project 'CoreOSC')
    cd /Users/admin/builder/spi-builder-workspace/.swiftpm/xcode

SwiftCompile normal arm64 /Users/admin/builder/spi-builder-workspace/Sources/CoreOSC/OSCPacket.swift (in target 'CoreOSC' from project 'CoreOSC')
    cd /Users/admin/builder/spi-builder-workspace/.swiftpm/xcode

SwiftCompile normal arm64 Compiling\ OSCParser.swift,\ OSCParserError.swift,\ OSCPatternMatch.swift /Users/admin/builder/spi-builder-workspace/Sources/CoreOSC/OSCParser.swift /Users/admin/builder/spi-builder-workspace/Sources/CoreOSC/OSCParserError.swift /Users/admin/builder/spi-builder-workspace/Sources/CoreOSC/OSCPatternMatch.swift (in target 'CoreOSC' from project 'CoreOSC')
SwiftCompile normal arm64 /Users/admin/builder/spi-builder-workspace/Sources/CoreOSC/OSCParser.swift (in target 'CoreOSC' from project 'CoreOSC')
    cd /Users/admin/builder/spi-builder-workspace/.swiftpm/xcode

SwiftCompile normal arm64 /Users/admin/builder/spi-builder-workspace/Sources/CoreOSC/OSCParserError.swift (in target 'CoreOSC' from project 'CoreOSC')
    cd /Users/admin/builder/spi-builder-workspace/.swiftpm/xcode

SwiftCompile normal arm64 /Users/admin/builder/spi-builder-workspace/Sources/CoreOSC/OSCPatternMatch.swift (in target 'CoreOSC' from project 'CoreOSC')
    cd /Users/admin/builder/spi-builder-workspace/.swiftpm/xcode

SwiftCompile normal arm64 Compiling\ OSCAnnotation.swift,\ OSCArgument.swift,\ OSCArgumentError.swift /Users/admin/builder/spi-builder-workspace/Sources/CoreOSC/OSCAnnotation.swift /Users/admin/builder/spi-builder-workspace/Sources/CoreOSC/OSCArgument.swift /Users/admin/builder/spi-builder-workspace/Sources/CoreOSC/OSCArgumentError.swift (in target 'CoreOSC' from project 'CoreOSC')
SwiftCompile normal arm64 /Users/admin/builder/spi-builder-workspace/Sources/CoreOSC/OSCAnnotation.swift (in target 'CoreOSC' from project 'CoreOSC')
    cd /Users/admin/builder/spi-builder-workspace/.swiftpm/xcode

SwiftCompile normal arm64 /Users/admin/builder/spi-builder-workspace/Sources/CoreOSC/OSCArgument.swift (in target 'CoreOSC' from project 'CoreOSC')
    cd /Users/admin/builder/spi-builder-workspace/.swiftpm/xcode

SwiftCompile normal arm64 /Users/admin/builder/spi-builder-workspace/Sources/CoreOSC/OSCArgumentError.swift (in target 'CoreOSC' from project 'CoreOSC')
    cd /Users/admin/builder/spi-builder-workspace/.swiftpm/xcode

SwiftCompile normal arm64 Compiling\ resource_bundle_accessor.swift,\ CoreOSC.swift,\ Character.swift /Users/admin/builder/spi-builder-workspace/.derivedData/Build/Intermediates.noindex/CoreOSC.build/Debug-watchos/CoreOSC.build/DerivedSources/resource_bundle_accessor.swift /Users/admin/builder/spi-builder-workspace/Sources/CoreOSC/CoreOSC.swift /Users/admin/builder/spi-builder-workspace/Sources/CoreOSC/Extensions/Character.swift (in target 'CoreOSC' from project 'CoreOSC')
SwiftCompile normal arm64 /Users/admin/builder/spi-builder-workspace/.derivedData/Build/Intermediates.noindex/CoreOSC.build/Debug-watchos/CoreOSC.build/DerivedSources/resource_bundle_accessor.swift (in target 'CoreOSC' from project 'CoreOSC')
    cd /Users/admin/builder/spi-builder-workspace/.swiftpm/xcode

SwiftCompile normal arm64 /Users/admin/builder/spi-builder-workspace/Sources/CoreOSC/CoreOSC.swift (in target 'CoreOSC' from project 'CoreOSC')
    cd /Users/admin/builder/spi-builder-workspace/.swiftpm/xcode

SwiftCompile normal arm64 /Users/admin/builder/spi-builder-workspace/Sources/CoreOSC/Extensions/Character.swift (in target 'CoreOSC' from project 'CoreOSC')
    cd /Users/admin/builder/spi-builder-workspace/.swiftpm/xcode

SwiftCompile normal arm64 Compiling\ OSCAddressPattern.swift,\ OSCAddressSpace.swift,\ OSCAddressStore.swift /Users/admin/builder/spi-builder-workspace/Sources/CoreOSC/OSCAddressPattern.swift /Users/admin/builder/spi-builder-workspace/Sources/CoreOSC/OSCAddressSpace.swift /Users/admin/builder/spi-builder-workspace/Sources/CoreOSC/OSCAddressStore.swift (in target 'CoreOSC' from project 'CoreOSC')
SwiftCompile normal arm64 /Users/admin/builder/spi-builder-workspace/Sources/CoreOSC/OSCAddressPattern.swift (in target 'CoreOSC' from project 'CoreOSC')
    cd /Users/admin/builder/spi-builder-workspace/.swiftpm/xcode

SwiftCompile normal arm64 /Users/admin/builder/spi-builder-workspace/Sources/CoreOSC/OSCAddressSpace.swift (in target 'CoreOSC' from project 'CoreOSC')
    cd /Users/admin/builder/spi-builder-workspace/.swiftpm/xcode

SwiftCompile normal arm64 /Users/admin/builder/spi-builder-workspace/Sources/CoreOSC/OSCAddressStore.swift (in target 'CoreOSC' from project 'CoreOSC')
    cd /Users/admin/builder/spi-builder-workspace/.swiftpm/xcode

SwiftCompile normal arm64 Compiling\ OSCBundle.swift,\ OSCFilterAddress.swift,\ OSCFilterAddressStore.swift /Users/admin/builder/spi-builder-workspace/Sources/CoreOSC/OSCBundle.swift /Users/admin/builder/spi-builder-workspace/Sources/CoreOSC/OSCFilterAddress.swift /Users/admin/builder/spi-builder-workspace/Sources/CoreOSC/OSCFilterAddressStore.swift (in target 'CoreOSC' from project 'CoreOSC')
SwiftCompile normal arm64 /Users/admin/builder/spi-builder-workspace/Sources/CoreOSC/OSCBundle.swift (in target 'CoreOSC' from project 'CoreOSC')
    cd /Users/admin/builder/spi-builder-workspace/.swiftpm/xcode

SwiftCompile normal arm64 /Users/admin/builder/spi-builder-workspace/Sources/CoreOSC/OSCFilterAddress.swift (in target 'CoreOSC' from project 'CoreOSC')
    cd /Users/admin/builder/spi-builder-workspace/.swiftpm/xcode

SwiftCompile normal arm64 /Users/admin/builder/spi-builder-workspace/Sources/CoreOSC/OSCFilterAddressStore.swift (in target 'CoreOSC' from project 'CoreOSC')
    cd /Users/admin/builder/spi-builder-workspace/.swiftpm/xcode

SwiftCompile normal arm64 Compiling\ OSCRefractingAddress.swift,\ OSCStore.swift,\ OSCTimeTag.swift /Users/admin/builder/spi-builder-workspace/Sources/CoreOSC/OSCRefractingAddress.swift /Users/admin/builder/spi-builder-workspace/Sources/CoreOSC/OSCStore.swift /Users/admin/builder/spi-builder-workspace/Sources/CoreOSC/OSCTimeTag.swift (in target 'CoreOSC' from project 'CoreOSC')
SwiftCompile normal arm64 /Users/admin/builder/spi-builder-workspace/Sources/CoreOSC/OSCRefractingAddress.swift (in target 'CoreOSC' from project 'CoreOSC')
    cd /Users/admin/builder/spi-builder-workspace/.swiftpm/xcode

SwiftCompile normal arm64 /Users/admin/builder/spi-builder-workspace/Sources/CoreOSC/OSCStore.swift (in target 'CoreOSC' from project 'CoreOSC')
    cd /Users/admin/builder/spi-builder-workspace/.swiftpm/xcode

SwiftCompile normal arm64 /Users/admin/builder/spi-builder-workspace/Sources/CoreOSC/OSCTimeTag.swift (in target 'CoreOSC' from project 'CoreOSC')
    cd /Users/admin/builder/spi-builder-workspace/.swiftpm/xcode

SwiftCompile normal arm64 Compiling\ OSCFilterMethod.swift,\ OSCInvocation.swift,\ OSCMatch.swift /Users/admin/builder/spi-builder-workspace/Sources/CoreOSC/OSCFilterMethod.swift /Users/admin/builder/spi-builder-workspace/Sources/CoreOSC/OSCInvocation.swift /Users/admin/builder/spi-builder-workspace/Sources/CoreOSC/OSCMatch.swift (in target 'CoreOSC' from project 'CoreOSC')
SwiftCompile normal arm64 /Users/admin/builder/spi-builder-workspace/Sources/CoreOSC/OSCFilterMethod.swift (in target 'CoreOSC' from project 'CoreOSC')
    cd /Users/admin/builder/spi-builder-workspace/.swiftpm/xcode

SwiftCompile normal arm64 /Users/admin/builder/spi-builder-workspace/Sources/CoreOSC/OSCInvocation.swift (in target 'CoreOSC' from project 'CoreOSC')
    cd /Users/admin/builder/spi-builder-workspace/.swiftpm/xcode

SwiftCompile normal arm64 /Users/admin/builder/spi-builder-workspace/Sources/CoreOSC/OSCMatch.swift (in target 'CoreOSC' from project 'CoreOSC')
    cd /Users/admin/builder/spi-builder-workspace/.swiftpm/xcode

SwiftEmitModule normal arm64_32 Emitting\ module\ for\ CoreOSC (in target 'CoreOSC' from project 'CoreOSC')
EmitSwiftModule normal arm64_32 (in target 'CoreOSC' from project 'CoreOSC')
    cd /Users/admin/builder/spi-builder-workspace/.swiftpm/xcode

SwiftDriverJobDiscovery normal arm64 Compiling resource_bundle_accessor.swift, CoreOSC.swift, Character.swift (in target 'CoreOSC' from project 'CoreOSC')
SwiftEmitModule normal armv7k Emitting\ module\ for\ CoreOSC (in target 'CoreOSC' from project 'CoreOSC')
EmitSwiftModule normal armv7k (in target 'CoreOSC' from project 'CoreOSC')
    cd /Users/admin/builder/spi-builder-workspace/.swiftpm/xcode

SwiftDriverJobDiscovery normal arm64 Compiling OSCAddressPattern.swift, OSCAddressSpace.swift, OSCAddressStore.swift (in target 'CoreOSC' from project 'CoreOSC')
SwiftCompile normal armv7k Compiling\ OSCParser.swift,\ OSCParserError.swift,\ OSCPatternMatch.swift /Users/admin/builder/spi-builder-workspace/Sources/CoreOSC/OSCParser.swift /Users/admin/builder/spi-builder-workspace/Sources/CoreOSC/OSCParserError.swift /Users/admin/builder/spi-builder-workspace/Sources/CoreOSC/OSCPatternMatch.swift (in target 'CoreOSC' from project 'CoreOSC')
SwiftCompile normal armv7k /Users/admin/builder/spi-builder-workspace/Sources/CoreOSC/OSCParser.swift (in target 'CoreOSC' from project 'CoreOSC')
    cd /Users/admin/builder/spi-builder-workspace/.swiftpm/xcode

SwiftCompile normal armv7k /Users/admin/builder/spi-builder-workspace/Sources/CoreOSC/OSCParserError.swift (in target 'CoreOSC' from project 'CoreOSC')
    cd /Users/admin/builder/spi-builder-workspace/.swiftpm/xcode

SwiftCompile normal armv7k /Users/admin/builder/spi-builder-workspace/Sources/CoreOSC/OSCPatternMatch.swift (in target 'CoreOSC' from project 'CoreOSC')
    cd /Users/admin/builder/spi-builder-workspace/.swiftpm/xcode

SwiftDriverJobDiscovery normal arm64 Emitting module for CoreOSC (in target 'CoreOSC' from project 'CoreOSC')
SwiftDriver\ Compilation\ Requirements CoreOSC normal arm64 com.apple.xcode.tools.swift.compiler (in target 'CoreOSC' from project 'CoreOSC')
    cd /Users/admin/builder/spi-builder-workspace/.swiftpm/xcode
    builtin-Swift-Compilation-Requirements -- /Applications/Xcode-16.3.0.app/Contents/Developer/Toolchains/XcodeDefault.xctoolchain/usr/bin/swiftc -module-name CoreOSC -Onone -enforce-exclusivity\=checked @/Users/admin/builder/spi-builder-workspace/.derivedData/Build/Intermediates.noindex/CoreOSC.build/Debug-watchos/CoreOSC.build/Objects-normal/arm64/CoreOSC.SwiftFileList -DSWIFT_PACKAGE -DDEBUG -DXcode -plugin-path /Applications/Xcode-16.3.0.app/Contents/Developer/Toolchains/XcodeDefault.xctoolchain/usr/lib/swift/host/plugins/testing -enable-experimental-feature DebugDescriptionMacro -sdk /Applications/Xcode-16.3.0.app/Contents/Developer/Platforms/WatchOS.platform/Developer/SDKs/WatchOS11.4.sdk -target arm64-apple-watchos6.0 -g -module-cache-path /Users/admin/builder/spi-builder-workspace/.derivedData/ModuleCache.noindex -Xfrontend -serialize-debugging-options -enable-testing -index-store-path /Users/admin/builder/spi-builder-workspace/.derivedData/Index.noindex/DataStore -swift-version 6 -I /Users/admin/builder/spi-builder-workspace/.derivedData/Build/Products/Debug-watchos -I /Applications/Xcode-16.3.0.app/Contents/Developer/Platforms/WatchOS.platform/Developer/usr/lib -F /Users/admin/builder/spi-builder-workspace/.derivedData/Build/Products/Debug-watchos -F /Applications/Xcode-16.3.0.app/Contents/Developer/Platforms/WatchOS.platform/Developer/Library/Frameworks -F /Applications/Xcode-16.3.0.app/Contents/Developer/Platforms/WatchOS.platform/Developer/SDKs/WatchOS11.4.sdk/Developer/Library/Frameworks -emit-localized-strings -emit-localized-strings-path /Users/admin/builder/spi-builder-workspace/.derivedData/Build/Intermediates.noindex/CoreOSC.build/Debug-watchos/CoreOSC.build/Objects-normal/arm64 -c -j10 -enable-batch-mode -incremental -Xcc -ivfsstatcache -Xcc /Users/admin/builder/spi-builder-workspace/.derivedData/SDKStatCaches.noindex/watchos11.4-22T246-43efb940ff07ba2497b70ec94253f576.sdkstatcache -output-file-map /Users/admin/builder/spi-builder-workspace/.derivedData/Build/Intermediates.noindex/CoreOSC.build/Debug-watchos/CoreOSC.build/Objects-normal/arm64/CoreOSC-OutputFileMap.json -use-frontend-parseable-output -save-temps -no-color-diagnostics -serialize-diagnostics -emit-dependencies -emit-module -emit-module-path /Users/admin/builder/spi-builder-workspace/.derivedData/Build/Intermediates.noindex/CoreOSC.build/Debug-watchos/CoreOSC.build/Objects-normal/arm64/CoreOSC.swiftmodule -validate-clang-modules-once -clang-build-session-file /Users/admin/builder/spi-builder-workspace/.derivedData/ModuleCache.noindex/Session.modulevalidation -package-name spi_builder_workspace -Xcc -I/Users/admin/builder/spi-builder-workspace/.derivedData/Build/Intermediates.noindex/CoreOSC.build/Debug-watchos/CoreOSC.build/swift-overrides.hmap -emit-const-values -Xfrontend -const-gather-protocols-file -Xfrontend /Users/admin/builder/spi-builder-workspace/.derivedData/Build/Intermediates.noindex/CoreOSC.build/Debug-watchos/CoreOSC.build/Objects-normal/arm64/CoreOSC_const_extract_protocols.json -Xcc -I/Users/admin/builder/spi-builder-workspace/.derivedData/Build/Products/Debug-watchos/include -Xcc -I/Users/admin/builder/spi-builder-workspace/.derivedData/Build/Intermediates.noindex/CoreOSC.build/Debug-watchos/CoreOSC.build/DerivedSources-normal/arm64 -Xcc -I/Users/admin/builder/spi-builder-workspace/.derivedData/Build/Intermediates.noindex/CoreOSC.build/Debug-watchos/CoreOSC.build/DerivedSources/arm64 -Xcc -I/Users/admin/builder/spi-builder-workspace/.derivedData/Build/Intermediates.noindex/CoreOSC.build/Debug-watchos/CoreOSC.build/DerivedSources -Xcc -DSWIFT_PACKAGE -Xcc -DDEBUG\=1 -emit-objc-header -emit-objc-header-path /Users/admin/builder/spi-builder-workspace/.derivedData/Build/Intermediates.noindex/CoreOSC.build/Debug-watchos/CoreOSC.build/Objects-normal/arm64/CoreOSC-Swift.h -working-directory /Users/admin/builder/spi-builder-workspace/.swiftpm/xcode -experimental-emit-module-separately -disable-cmo
SwiftDriverJobDiscovery normal arm64 Compiling OSCAddress.swift, OSCAddressError.swift, OSCAddressFilter.swift (in target 'CoreOSC' from project 'CoreOSC')
SwiftCompile normal arm64_32 Compiling\ OSCFilterMethod.swift,\ OSCInvocation.swift,\ OSCMatch.swift /Users/admin/builder/spi-builder-workspace/Sources/CoreOSC/OSCFilterMethod.swift /Users/admin/builder/spi-builder-workspace/Sources/CoreOSC/OSCInvocation.swift /Users/admin/builder/spi-builder-workspace/Sources/CoreOSC/OSCMatch.swift (in target 'CoreOSC' from project 'CoreOSC')
SwiftCompile normal arm64_32 /Users/admin/builder/spi-builder-workspace/Sources/CoreOSC/OSCFilterMethod.swift (in target 'CoreOSC' from project 'CoreOSC')
    cd /Users/admin/builder/spi-builder-workspace/.swiftpm/xcode

SwiftCompile normal arm64_32 /Users/admin/builder/spi-builder-workspace/Sources/CoreOSC/OSCInvocation.swift (in target 'CoreOSC' from project 'CoreOSC')
    cd /Users/admin/builder/spi-builder-workspace/.swiftpm/xcode

SwiftCompile normal arm64_32 /Users/admin/builder/spi-builder-workspace/Sources/CoreOSC/OSCMatch.swift (in target 'CoreOSC' from project 'CoreOSC')
    cd /Users/admin/builder/spi-builder-workspace/.swiftpm/xcode

Copy /Users/admin/builder/spi-builder-workspace/.derivedData/Build/Products/Debug-watchos/CoreOSC.swiftmodule/arm64-apple-watchos.abi.json /Users/admin/builder/spi-builder-workspace/.derivedData/Build/Intermediates.noindex/CoreOSC.build/Debug-watchos/CoreOSC.build/Objects-normal/arm64/CoreOSC.abi.json (in target 'CoreOSC' from project 'CoreOSC')
    cd /Users/admin/builder/spi-builder-workspace
    builtin-copy -exclude .DS_Store -exclude CVS -exclude .svn -exclude .git -exclude .hg -resolve-src-symlinks -rename /Users/admin/builder/spi-builder-workspace/.derivedData/Build/Intermediates.noindex/CoreOSC.build/Debug-watchos/CoreOSC.build/Objects-normal/arm64/CoreOSC.abi.json /Users/admin/builder/spi-builder-workspace/.derivedData/Build/Products/Debug-watchos/CoreOSC.swiftmodule/arm64-apple-watchos.abi.json
SwiftDriverJobDiscovery normal arm64 Compiling OSCParser.swift, OSCParserError.swift, OSCPatternMatch.swift (in target 'CoreOSC' from project 'CoreOSC')
SwiftCompile normal armv7k Compiling\ OSCFilterMethod.swift,\ OSCInvocation.swift,\ OSCMatch.swift /Users/admin/builder/spi-builder-workspace/Sources/CoreOSC/OSCFilterMethod.swift /Users/admin/builder/spi-builder-workspace/Sources/CoreOSC/OSCInvocation.swift /Users/admin/builder/spi-builder-workspace/Sources/CoreOSC/OSCMatch.swift (in target 'CoreOSC' from project 'CoreOSC')
SwiftCompile normal armv7k /Users/admin/builder/spi-builder-workspace/Sources/CoreOSC/OSCFilterMethod.swift (in target 'CoreOSC' from project 'CoreOSC')
    cd /Users/admin/builder/spi-builder-workspace/.swiftpm/xcode

SwiftCompile normal armv7k /Users/admin/builder/spi-builder-workspace/Sources/CoreOSC/OSCInvocation.swift (in target 'CoreOSC' from project 'CoreOSC')
    cd /Users/admin/builder/spi-builder-workspace/.swiftpm/xcode

SwiftCompile normal armv7k /Users/admin/builder/spi-builder-workspace/Sources/CoreOSC/OSCMatch.swift (in target 'CoreOSC' from project 'CoreOSC')
    cd /Users/admin/builder/spi-builder-workspace/.swiftpm/xcode

SwiftCompile normal armv7k Compiling\ OSCAnnotation.swift,\ OSCArgument.swift,\ OSCArgumentError.swift /Users/admin/builder/spi-builder-workspace/Sources/CoreOSC/OSCAnnotation.swift /Users/admin/builder/spi-builder-workspace/Sources/CoreOSC/OSCArgument.swift /Users/admin/builder/spi-builder-workspace/Sources/CoreOSC/OSCArgumentError.swift (in target 'CoreOSC' from project 'CoreOSC')
SwiftCompile normal armv7k /Users/admin/builder/spi-builder-workspace/Sources/CoreOSC/OSCAnnotation.swift (in target 'CoreOSC' from project 'CoreOSC')
    cd /Users/admin/builder/spi-builder-workspace/.swiftpm/xcode

SwiftCompile normal armv7k /Users/admin/builder/spi-builder-workspace/Sources/CoreOSC/OSCArgument.swift (in target 'CoreOSC' from project 'CoreOSC')
    cd /Users/admin/builder/spi-builder-workspace/.swiftpm/xcode

SwiftCompile normal armv7k /Users/admin/builder/spi-builder-workspace/Sources/CoreOSC/OSCArgumentError.swift (in target 'CoreOSC' from project 'CoreOSC')
    cd /Users/admin/builder/spi-builder-workspace/.swiftpm/xcode

SwiftDriverJobDiscovery normal arm64 Compiling OSCMessage.swift, OSCMethod.swift, OSCPacket.swift (in target 'CoreOSC' from project 'CoreOSC')
SwiftCompile normal armv7k Compiling\ Numeric.swift,\ String.swift,\ UInt32.swift /Users/admin/builder/spi-builder-workspace/Sources/CoreOSC/Extensions/Numeric.swift /Users/admin/builder/spi-builder-workspace/Sources/CoreOSC/Extensions/String.swift /Users/admin/builder/spi-builder-workspace/Sources/CoreOSC/Extensions/UInt32.swift (in target 'CoreOSC' from project 'CoreOSC')
SwiftCompile normal armv7k /Users/admin/builder/spi-builder-workspace/Sources/CoreOSC/Extensions/Numeric.swift (in target 'CoreOSC' from project 'CoreOSC')
    cd /Users/admin/builder/spi-builder-workspace/.swiftpm/xcode

SwiftCompile normal armv7k /Users/admin/builder/spi-builder-workspace/Sources/CoreOSC/Extensions/String.swift (in target 'CoreOSC' from project 'CoreOSC')
    cd /Users/admin/builder/spi-builder-workspace/.swiftpm/xcode

SwiftCompile normal armv7k /Users/admin/builder/spi-builder-workspace/Sources/CoreOSC/Extensions/UInt32.swift (in target 'CoreOSC' from project 'CoreOSC')
    cd /Users/admin/builder/spi-builder-workspace/.swiftpm/xcode

SwiftDriverJobDiscovery normal arm64 Compiling OSCRefractingAddress.swift, OSCStore.swift, OSCTimeTag.swift (in target 'CoreOSC' from project 'CoreOSC')
SwiftCompile normal arm64_32 Compiling\ OSCBundle.swift,\ OSCFilterAddress.swift,\ OSCFilterAddressStore.swift /Users/admin/builder/spi-builder-workspace/Sources/CoreOSC/OSCBundle.swift /Users/admin/builder/spi-builder-workspace/Sources/CoreOSC/OSCFilterAddress.swift /Users/admin/builder/spi-builder-workspace/Sources/CoreOSC/OSCFilterAddressStore.swift (in target 'CoreOSC' from project 'CoreOSC')
SwiftCompile normal arm64_32 /Users/admin/builder/spi-builder-workspace/Sources/CoreOSC/OSCBundle.swift (in target 'CoreOSC' from project 'CoreOSC')
    cd /Users/admin/builder/spi-builder-workspace/.swiftpm/xcode

SwiftCompile normal arm64_32 /Users/admin/builder/spi-builder-workspace/Sources/CoreOSC/OSCFilterAddress.swift (in target 'CoreOSC' from project 'CoreOSC')
    cd /Users/admin/builder/spi-builder-workspace/.swiftpm/xcode

SwiftCompile normal arm64_32 /Users/admin/builder/spi-builder-workspace/Sources/CoreOSC/OSCFilterAddressStore.swift (in target 'CoreOSC' from project 'CoreOSC')
    cd /Users/admin/builder/spi-builder-workspace/.swiftpm/xcode

SwiftDriverJobDiscovery normal arm64 Compiling OSCFilterMethod.swift, OSCInvocation.swift, OSCMatch.swift (in target 'CoreOSC' from project 'CoreOSC')
SwiftCompile normal arm64_32 Compiling\ OSCAddressPattern.swift,\ OSCAddressSpace.swift,\ OSCAddressStore.swift /Users/admin/builder/spi-builder-workspace/Sources/CoreOSC/OSCAddressPattern.swift /Users/admin/builder/spi-builder-workspace/Sources/CoreOSC/OSCAddressSpace.swift /Users/admin/builder/spi-builder-workspace/Sources/CoreOSC/OSCAddressStore.swift (in target 'CoreOSC' from project 'CoreOSC')
SwiftCompile normal arm64_32 /Users/admin/builder/spi-builder-workspace/Sources/CoreOSC/OSCAddressPattern.swift (in target 'CoreOSC' from project 'CoreOSC')
    cd /Users/admin/builder/spi-builder-workspace/.swiftpm/xcode

SwiftCompile normal arm64_32 /Users/admin/builder/spi-builder-workspace/Sources/CoreOSC/OSCAddressSpace.swift (in target 'CoreOSC' from project 'CoreOSC')
    cd /Users/admin/builder/spi-builder-workspace/.swiftpm/xcode

SwiftCompile normal arm64_32 /Users/admin/builder/spi-builder-workspace/Sources/CoreOSC/OSCAddressStore.swift (in target 'CoreOSC' from project 'CoreOSC')
    cd /Users/admin/builder/spi-builder-workspace/.swiftpm/xcode

SwiftDriverJobDiscovery normal arm64 Compiling OSCBundle.swift, OSCFilterAddress.swift, OSCFilterAddressStore.swift (in target 'CoreOSC' from project 'CoreOSC')
SwiftCompile normal armv7k Compiling\ OSCAddressPattern.swift,\ OSCAddressSpace.swift,\ OSCAddressStore.swift /Users/admin/builder/spi-builder-workspace/Sources/CoreOSC/OSCAddressPattern.swift /Users/admin/builder/spi-builder-workspace/Sources/CoreOSC/OSCAddressSpace.swift /Users/admin/builder/spi-builder-workspace/Sources/CoreOSC/OSCAddressStore.swift (in target 'CoreOSC' from project 'CoreOSC')
SwiftCompile normal armv7k /Users/admin/builder/spi-builder-workspace/Sources/CoreOSC/OSCAddressPattern.swift (in target 'CoreOSC' from project 'CoreOSC')
    cd /Users/admin/builder/spi-builder-workspace/.swiftpm/xcode

SwiftCompile normal armv7k /Users/admin/builder/spi-builder-workspace/Sources/CoreOSC/OSCAddressSpace.swift (in target 'CoreOSC' from project 'CoreOSC')
    cd /Users/admin/builder/spi-builder-workspace/.swiftpm/xcode

SwiftCompile normal armv7k /Users/admin/builder/spi-builder-workspace/Sources/CoreOSC/OSCAddressStore.swift (in target 'CoreOSC' from project 'CoreOSC')
    cd /Users/admin/builder/spi-builder-workspace/.swiftpm/xcode

SwiftDriverJobDiscovery normal arm64 Compiling OSCAnnotation.swift, OSCArgument.swift, OSCArgumentError.swift (in target 'CoreOSC' from project 'CoreOSC')
SwiftCompile normal armv7k Compiling\ OSCBundle.swift,\ OSCFilterAddress.swift,\ OSCFilterAddressStore.swift /Users/admin/builder/spi-builder-workspace/Sources/CoreOSC/OSCBundle.swift /Users/admin/builder/spi-builder-workspace/Sources/CoreOSC/OSCFilterAddress.swift /Users/admin/builder/spi-builder-workspace/Sources/CoreOSC/OSCFilterAddressStore.swift (in target 'CoreOSC' from project 'CoreOSC')
SwiftCompile normal armv7k /Users/admin/builder/spi-builder-workspace/Sources/CoreOSC/OSCBundle.swift (in target 'CoreOSC' from project 'CoreOSC')
    cd /Users/admin/builder/spi-builder-workspace/.swiftpm/xcode

SwiftCompile normal armv7k /Users/admin/builder/spi-builder-workspace/Sources/CoreOSC/OSCFilterAddress.swift (in target 'CoreOSC' from project 'CoreOSC')
    cd /Users/admin/builder/spi-builder-workspace/.swiftpm/xcode

SwiftCompile normal armv7k /Users/admin/builder/spi-builder-workspace/Sources/CoreOSC/OSCFilterAddressStore.swift (in target 'CoreOSC' from project 'CoreOSC')
    cd /Users/admin/builder/spi-builder-workspace/.swiftpm/xcode

SwiftDriverJobDiscovery normal arm64_32 Emitting module for CoreOSC (in target 'CoreOSC' from project 'CoreOSC')
SwiftDriver\ Compilation\ Requirements CoreOSC normal arm64_32 com.apple.xcode.tools.swift.compiler (in target 'CoreOSC' from project 'CoreOSC')
    cd /Users/admin/builder/spi-builder-workspace/.swiftpm/xcode
    builtin-Swift-Compilation-Requirements -- /Applications/Xcode-16.3.0.app/Contents/Developer/Toolchains/XcodeDefault.xctoolchain/usr/bin/swiftc -module-name CoreOSC -Onone -enforce-exclusivity\=checked @/Users/admin/builder/spi-builder-workspace/.derivedData/Build/Intermediates.noindex/CoreOSC.build/Debug-watchos/CoreOSC.build/Objects-normal/arm64_32/CoreOSC.SwiftFileList -DSWIFT_PACKAGE -DDEBUG -DXcode -plugin-path /Applications/Xcode-16.3.0.app/Contents/Developer/Toolchains/XcodeDefault.xctoolchain/usr/lib/swift/host/plugins/testing -enable-experimental-feature DebugDescriptionMacro -sdk /Applications/Xcode-16.3.0.app/Contents/Developer/Platforms/WatchOS.platform/Developer/SDKs/WatchOS11.4.sdk -target arm64_32-apple-watchos6.0 -g -module-cache-path /Users/admin/builder/spi-builder-workspace/.derivedData/ModuleCache.noindex -Xfrontend -serialize-debugging-options -enable-testing -index-store-path /Users/admin/builder/spi-builder-workspace/.derivedData/Index.noindex/DataStore -swift-version 6 -I /Users/admin/builder/spi-builder-workspace/.derivedData/Build/Products/Debug-watchos -I /Applications/Xcode-16.3.0.app/Contents/Developer/Platforms/WatchOS.platform/Developer/usr/lib -F /Users/admin/builder/spi-builder-workspace/.derivedData/Build/Products/Debug-watchos -F /Applications/Xcode-16.3.0.app/Contents/Developer/Platforms/WatchOS.platform/Developer/Library/Frameworks -F /Applications/Xcode-16.3.0.app/Contents/Developer/Platforms/WatchOS.platform/Developer/SDKs/WatchOS11.4.sdk/Developer/Library/Frameworks -emit-localized-strings -emit-localized-strings-path /Users/admin/builder/spi-builder-workspace/.derivedData/Build/Intermediates.noindex/CoreOSC.build/Debug-watchos/CoreOSC.build/Objects-normal/arm64_32 -c -j10 -enable-batch-mode -incremental -Xcc -ivfsstatcache -Xcc /Users/admin/builder/spi-builder-workspace/.derivedData/SDKStatCaches.noindex/watchos11.4-22T246-43efb940ff07ba2497b70ec94253f576.sdkstatcache -output-file-map /Users/admin/builder/spi-builder-workspace/.derivedData/Build/Intermediates.noindex/CoreOSC.build/Debug-watchos/CoreOSC.build/Objects-normal/arm64_32/CoreOSC-OutputFileMap.json -use-frontend-parseable-output -save-temps -no-color-diagnostics -serialize-diagnostics -emit-dependencies -emit-module -emit-module-path /Users/admin/builder/spi-builder-workspace/.derivedData/Build/Intermediates.noindex/CoreOSC.build/Debug-watchos/CoreOSC.build/Objects-normal/arm64_32/CoreOSC.swiftmodule -validate-clang-modules-once -clang-build-session-file /Users/admin/builder/spi-builder-workspace/.derivedData/ModuleCache.noindex/Session.modulevalidation -package-name spi_builder_workspace -Xcc -I/Users/admin/builder/spi-builder-workspace/.derivedData/Build/Intermediates.noindex/CoreOSC.build/Debug-watchos/CoreOSC.build/swift-overrides.hmap -emit-const-values -Xfrontend -const-gather-protocols-file -Xfrontend /Users/admin/builder/spi-builder-workspace/.derivedData/Build/Intermediates.noindex/CoreOSC.build/Debug-watchos/CoreOSC.build/Objects-normal/arm64_32/CoreOSC_const_extract_protocols.json -Xcc -I/Users/admin/builder/spi-builder-workspace/.derivedData/Build/Products/Debug-watchos/include -Xcc -I/Users/admin/builder/spi-builder-workspace/.derivedData/Build/Intermediates.noindex/CoreOSC.build/Debug-watchos/CoreOSC.build/DerivedSources-normal/arm64_32 -Xcc -I/Users/admin/builder/spi-builder-workspace/.derivedData/Build/Intermediates.noindex/CoreOSC.build/Debug-watchos/CoreOSC.build/DerivedSources/arm64_32 -Xcc -I/Users/admin/builder/spi-builder-workspace/.derivedData/Build/Intermediates.noindex/CoreOSC.build/Debug-watchos/CoreOSC.build/DerivedSources -Xcc -DSWIFT_PACKAGE -Xcc -DDEBUG\=1 -emit-objc-header -emit-objc-header-path /Users/admin/builder/spi-builder-workspace/.derivedData/Build/Intermediates.noindex/CoreOSC.build/Debug-watchos/CoreOSC.build/Objects-normal/arm64_32/CoreOSC-Swift.h -working-directory /Users/admin/builder/spi-builder-workspace/.swiftpm/xcode -experimental-emit-module-separately -disable-cmo
SwiftDriverJobDiscovery normal armv7k Emitting module for CoreOSC (in target 'CoreOSC' from project 'CoreOSC')
SwiftCompile normal arm64_32 Compiling\ Numeric.swift,\ String.swift,\ UInt32.swift /Users/admin/builder/spi-builder-workspace/Sources/CoreOSC/Extensions/Numeric.swift /Users/admin/builder/spi-builder-workspace/Sources/CoreOSC/Extensions/String.swift /Users/admin/builder/spi-builder-workspace/Sources/CoreOSC/Extensions/UInt32.swift (in target 'CoreOSC' from project 'CoreOSC')
SwiftCompile normal arm64_32 /Users/admin/builder/spi-builder-workspace/Sources/CoreOSC/Extensions/Numeric.swift (in target 'CoreOSC' from project 'CoreOSC')
    cd /Users/admin/builder/spi-builder-workspace/.swiftpm/xcode

SwiftCompile normal arm64_32 /Users/admin/builder/spi-builder-workspace/Sources/CoreOSC/Extensions/String.swift (in target 'CoreOSC' from project 'CoreOSC')
    cd /Users/admin/builder/spi-builder-workspace/.swiftpm/xcode

SwiftCompile normal arm64_32 /Users/admin/builder/spi-builder-workspace/Sources/CoreOSC/Extensions/UInt32.swift (in target 'CoreOSC' from project 'CoreOSC')
    cd /Users/admin/builder/spi-builder-workspace/.swiftpm/xcode

SwiftDriver\ Compilation\ Requirements CoreOSC normal armv7k com.apple.xcode.tools.swift.compiler (in target 'CoreOSC' from project 'CoreOSC')
    cd /Users/admin/builder/spi-builder-workspace/.swiftpm/xcode
    builtin-Swift-Compilation-Requirements -- /Applications/Xcode-16.3.0.app/Contents/Developer/Toolchains/XcodeDefault.xctoolchain/usr/bin/swiftc -module-name CoreOSC -Onone -enforce-exclusivity\=checked @/Users/admin/builder/spi-builder-workspace/.derivedData/Build/Intermediates.noindex/CoreOSC.build/Debug-watchos/CoreOSC.build/Objects-normal/armv7k/CoreOSC.SwiftFileList -DSWIFT_PACKAGE -DDEBUG -DXcode -plugin-path /Applications/Xcode-16.3.0.app/Contents/Developer/Toolchains/XcodeDefault.xctoolchain/usr/lib/swift/host/plugins/testing -enable-experimental-feature DebugDescriptionMacro -sdk /Applications/Xcode-16.3.0.app/Contents/Developer/Platforms/WatchOS.platform/Developer/SDKs/WatchOS11.4.sdk -target armv7k-apple-watchos6.0 -g -module-cache-path /Users/admin/builder/spi-builder-workspace/.derivedData/ModuleCache.noindex -Xfrontend -serialize-debugging-options -enable-testing -index-store-path /Users/admin/builder/spi-builder-workspace/.derivedData/Index.noindex/DataStore -swift-version 6 -I /Users/admin/builder/spi-builder-workspace/.derivedData/Build/Products/Debug-watchos -I /Applications/Xcode-16.3.0.app/Contents/Developer/Platforms/WatchOS.platform/Developer/usr/lib -F /Users/admin/builder/spi-builder-workspace/.derivedData/Build/Products/Debug-watchos -F /Applications/Xcode-16.3.0.app/Contents/Developer/Platforms/WatchOS.platform/Developer/Library/Frameworks -F /Applications/Xcode-16.3.0.app/Contents/Developer/Platforms/WatchOS.platform/Developer/SDKs/WatchOS11.4.sdk/Developer/Library/Frameworks -emit-localized-strings -emit-localized-strings-path /Users/admin/builder/spi-builder-workspace/.derivedData/Build/Intermediates.noindex/CoreOSC.build/Debug-watchos/CoreOSC.build/Objects-normal/armv7k -c -j10 -enable-batch-mode -incremental -Xcc -ivfsstatcache -Xcc /Users/admin/builder/spi-builder-workspace/.derivedData/SDKStatCaches.noindex/watchos11.4-22T246-43efb940ff07ba2497b70ec94253f576.sdkstatcache -output-file-map /Users/admin/builder/spi-builder-workspace/.derivedData/Build/Intermediates.noindex/CoreOSC.build/Debug-watchos/CoreOSC.build/Objects-normal/armv7k/CoreOSC-OutputFileMap.json -use-frontend-parseable-output -save-temps -no-color-diagnostics -serialize-diagnostics -emit-dependencies -emit-module -emit-module-path /Users/admin/builder/spi-builder-workspace/.derivedData/Build/Intermediates.noindex/CoreOSC.build/Debug-watchos/CoreOSC.build/Objects-normal/armv7k/CoreOSC.swiftmodule -validate-clang-modules-once -clang-build-session-file /Users/admin/builder/spi-builder-workspace/.derivedData/ModuleCache.noindex/Session.modulevalidation -package-name spi_builder_workspace -Xcc -I/Users/admin/builder/spi-builder-workspace/.derivedData/Build/Intermediates.noindex/CoreOSC.build/Debug-watchos/CoreOSC.build/swift-overrides.hmap -emit-const-values -Xfrontend -const-gather-protocols-file -Xfrontend /Users/admin/builder/spi-builder-workspace/.derivedData/Build/Intermediates.noindex/CoreOSC.build/Debug-watchos/CoreOSC.build/Objects-normal/armv7k/CoreOSC_const_extract_protocols.json -Xcc -I/Users/admin/builder/spi-builder-workspace/.derivedData/Build/Products/Debug-watchos/include -Xcc -I/Users/admin/builder/spi-builder-workspace/.derivedData/Build/Intermediates.noindex/CoreOSC.build/Debug-watchos/CoreOSC.build/DerivedSources-normal/armv7k -Xcc -I/Users/admin/builder/spi-builder-workspace/.derivedData/Build/Intermediates.noindex/CoreOSC.build/Debug-watchos/CoreOSC.build/DerivedSources/armv7k -Xcc -I/Users/admin/builder/spi-builder-workspace/.derivedData/Build/Intermediates.noindex/CoreOSC.build/Debug-watchos/CoreOSC.build/DerivedSources -Xcc -DSWIFT_PACKAGE -Xcc -DDEBUG\=1 -emit-objc-header -emit-objc-header-path /Users/admin/builder/spi-builder-workspace/.derivedData/Build/Intermediates.noindex/CoreOSC.build/Debug-watchos/CoreOSC.build/Objects-normal/armv7k/CoreOSC-Swift.h -working-directory /Users/admin/builder/spi-builder-workspace/.swiftpm/xcode -experimental-emit-module-separately -disable-cmo
SwiftDriverJobDiscovery normal armv7k Compiling Numeric.swift, String.swift, UInt32.swift (in target 'CoreOSC' from project 'CoreOSC')
Copy /Users/admin/builder/spi-builder-workspace/.derivedData/Build/Products/Debug-watchos/CoreOSC.swiftmodule/arm64_32-apple-watchos.abi.json /Users/admin/builder/spi-builder-workspace/.derivedData/Build/Intermediates.noindex/CoreOSC.build/Debug-watchos/CoreOSC.build/Objects-normal/arm64_32/CoreOSC.abi.json (in target 'CoreOSC' from project 'CoreOSC')
    cd /Users/admin/builder/spi-builder-workspace
    builtin-copy -exclude .DS_Store -exclude CVS -exclude .svn -exclude .git -exclude .hg -resolve-src-symlinks -rename /Users/admin/builder/spi-builder-workspace/.derivedData/Build/Intermediates.noindex/CoreOSC.build/Debug-watchos/CoreOSC.build/Objects-normal/arm64_32/CoreOSC.abi.json /Users/admin/builder/spi-builder-workspace/.derivedData/Build/Products/Debug-watchos/CoreOSC.swiftmodule/arm64_32-apple-watchos.abi.json
Copy /Users/admin/builder/spi-builder-workspace/.derivedData/Build/Products/Debug-watchos/CoreOSC.swiftmodule/armv7k-apple-watchos.abi.json /Users/admin/builder/spi-builder-workspace/.derivedData/Build/Intermediates.noindex/CoreOSC.build/Debug-watchos/CoreOSC.build/Objects-normal/armv7k/CoreOSC.abi.json (in target 'CoreOSC' from project 'CoreOSC')
    cd /Users/admin/builder/spi-builder-workspace
    builtin-copy -exclude .DS_Store -exclude CVS -exclude .svn -exclude .git -exclude .hg -resolve-src-symlinks -rename /Users/admin/builder/spi-builder-workspace/.derivedData/Build/Intermediates.noindex/CoreOSC.build/Debug-watchos/CoreOSC.build/Objects-normal/armv7k/CoreOSC.abi.json /Users/admin/builder/spi-builder-workspace/.derivedData/Build/Products/Debug-watchos/CoreOSC.swiftmodule/armv7k-apple-watchos.abi.json
SwiftCompile normal armv7k Compiling\ resource_bundle_accessor.swift,\ CoreOSC.swift,\ Character.swift /Users/admin/builder/spi-builder-workspace/.derivedData/Build/Intermediates.noindex/CoreOSC.build/Debug-watchos/CoreOSC.build/DerivedSources/resource_bundle_accessor.swift /Users/admin/builder/spi-builder-workspace/Sources/CoreOSC/CoreOSC.swift /Users/admin/builder/spi-builder-workspace/Sources/CoreOSC/Extensions/Character.swift (in target 'CoreOSC' from project 'CoreOSC')
SwiftCompile normal armv7k /Users/admin/builder/spi-builder-workspace/.derivedData/Build/Intermediates.noindex/CoreOSC.build/Debug-watchos/CoreOSC.build/DerivedSources/resource_bundle_accessor.swift (in target 'CoreOSC' from project 'CoreOSC')
    cd /Users/admin/builder/spi-builder-workspace/.swiftpm/xcode

SwiftCompile normal armv7k /Users/admin/builder/spi-builder-workspace/Sources/CoreOSC/CoreOSC.swift (in target 'CoreOSC' from project 'CoreOSC')
    cd /Users/admin/builder/spi-builder-workspace/.swiftpm/xcode

SwiftCompile normal armv7k /Users/admin/builder/spi-builder-workspace/Sources/CoreOSC/Extensions/Character.swift (in target 'CoreOSC' from project 'CoreOSC')
    cd /Users/admin/builder/spi-builder-workspace/.swiftpm/xcode

SwiftCompile normal arm64_32 Compiling\ OSCAddress.swift,\ OSCAddressError.swift,\ OSCAddressFilter.swift /Users/admin/builder/spi-builder-workspace/Sources/CoreOSC/OSCAddress.swift /Users/admin/builder/spi-builder-workspace/Sources/CoreOSC/OSCAddressError.swift /Users/admin/builder/spi-builder-workspace/Sources/CoreOSC/OSCAddressFilter.swift (in target 'CoreOSC' from project 'CoreOSC')
SwiftCompile normal arm64_32 /Users/admin/builder/spi-builder-workspace/Sources/CoreOSC/OSCAddress.swift (in target 'CoreOSC' from project 'CoreOSC')
    cd /Users/admin/builder/spi-builder-workspace/.swiftpm/xcode

SwiftCompile normal arm64_32 /Users/admin/builder/spi-builder-workspace/Sources/CoreOSC/OSCAddressError.swift (in target 'CoreOSC' from project 'CoreOSC')
    cd /Users/admin/builder/spi-builder-workspace/.swiftpm/xcode

SwiftCompile normal arm64_32 /Users/admin/builder/spi-builder-workspace/Sources/CoreOSC/OSCAddressFilter.swift (in target 'CoreOSC' from project 'CoreOSC')
    cd /Users/admin/builder/spi-builder-workspace/.swiftpm/xcode

SwiftDriverJobDiscovery normal armv7k Compiling OSCParser.swift, OSCParserError.swift, OSCPatternMatch.swift (in target 'CoreOSC' from project 'CoreOSC')
SwiftDriver CoreOSCTests normal armv7k com.apple.xcode.tools.swift.compiler (in target 'CoreOSCTests' from project 'CoreOSC')
    cd /Users/admin/builder/spi-builder-workspace/.swiftpm/xcode
    builtin-SwiftDriver -- /Applications/Xcode-16.3.0.app/Contents/Developer/Toolchains/XcodeDefault.xctoolchain/usr/bin/swiftc -module-name CoreOSCTests -Onone -enforce-exclusivity\=checked @/Users/admin/builder/spi-builder-workspace/.derivedData/Build/Intermediates.noindex/CoreOSC.build/Debug-watchos/CoreOSCTests.build/Objects-normal/armv7k/CoreOSCTests.SwiftFileList -DSWIFT_PACKAGE -DDEBUG -DXcode -plugin-path /Applications/Xcode-16.3.0.app/Contents/Developer/Toolchains/XcodeDefault.xctoolchain/usr/lib/swift/host/plugins/testing -enable-experimental-feature DebugDescriptionMacro -sdk /Applications/Xcode-16.3.0.app/Contents/Developer/Platforms/WatchOS.platform/Developer/SDKs/WatchOS11.4.sdk -target armv7k-apple-watchos7.0 -g -module-cache-path /Users/admin/builder/spi-builder-workspace/.derivedData/ModuleCache.noindex -Xfrontend -serialize-debugging-options -enable-testing -index-store-path /Users/admin/builder/spi-builder-workspace/.derivedData/Index.noindex/DataStore -swift-version 6 -I /Users/admin/builder/spi-builder-workspace/.derivedData/Build/Products/Debug-watchos -I /Applications/Xcode-16.3.0.app/Contents/Developer/Platforms/WatchOS.platform/Developer/usr/lib -F /Users/admin/builder/spi-builder-workspace/.derivedData/Build/Products/Debug-watchos/PackageFrameworks -F /Users/admin/builder/spi-builder-workspace/.derivedData/Build/Products/Debug-watchos -F /Applications/Xcode-16.3.0.app/Contents/Developer/Platforms/WatchOS.platform/Developer/Library/Frameworks -F /Applications/Xcode-16.3.0.app/Contents/Developer/Platforms/WatchOS.platform/Developer/SDKs/WatchOS11.4.sdk/Developer/Library/Frameworks -emit-localized-strings -emit-localized-strings-path /Users/admin/builder/spi-builder-workspace/.derivedData/Build/Intermediates.noindex/CoreOSC.build/Debug-watchos/CoreOSCTests.build/Objects-normal/armv7k -c -j10 -enable-batch-mode -incremental -Xcc -ivfsstatcache -Xcc /Users/admin/builder/spi-builder-workspace/.derivedData/SDKStatCaches.noindex/watchos11.4-22T246-43efb940ff07ba2497b70ec94253f576.sdkstatcache -output-file-map /Users/admin/builder/spi-builder-workspace/.derivedData/Build/Intermediates.noindex/CoreOSC.build/Debug-watchos/CoreOSCTests.build/Objects-normal/armv7k/CoreOSCTests-OutputFileMap.json -use-frontend-parseable-output -save-temps -no-color-diagnostics -serialize-diagnostics -emit-dependencies -emit-module -emit-module-path /Users/admin/builder/spi-builder-workspace/.derivedData/Build/Intermediates.noindex/CoreOSC.build/Debug-watchos/CoreOSCTests.build/Objects-normal/armv7k/CoreOSCTests.swiftmodule -validate-clang-modules-once -clang-build-session-file /Users/admin/builder/spi-builder-workspace/.derivedData/ModuleCache.noindex/Session.modulevalidation -package-name spi_builder_workspace -emit-const-values -Xfrontend -const-gather-protocols-file -Xfrontend /Users/admin/builder/spi-builder-workspace/.derivedData/Build/Intermediates.noindex/CoreOSC.build/Debug-watchos/CoreOSCTests.build/Objects-normal/armv7k/CoreOSCTests_const_extract_protocols.json -Xcc -I/Users/admin/builder/spi-builder-workspace/.derivedData/Build/Products/Debug-watchos/include -Xcc -I/Users/admin/builder/spi-builder-workspace/.derivedData/Build/Intermediates.noindex/CoreOSC.build/Debug-watchos/CoreOSCTests.build/DerivedSources-normal/armv7k -Xcc -I/Users/admin/builder/spi-builder-workspace/.derivedData/Build/Intermediates.noindex/CoreOSC.build/Debug-watchos/CoreOSCTests.build/DerivedSources/armv7k -Xcc -I/Users/admin/builder/spi-builder-workspace/.derivedData/Build/Intermediates.noindex/CoreOSC.build/Debug-watchos/CoreOSCTests.build/DerivedSources -Xcc -DSWIFT_PACKAGE -Xcc -DDEBUG\=1 -working-directory /Users/admin/builder/spi-builder-workspace/.swiftpm/xcode -experimental-emit-module-separately -disable-cmo
SwiftDriverJobDiscovery normal arm64_32 Compiling OSCAddressPattern.swift, OSCAddressSpace.swift, OSCAddressStore.swift (in target 'CoreOSC' from project 'CoreOSC')
SwiftDriver CoreOSCTests normal arm64 com.apple.xcode.tools.swift.compiler (in target 'CoreOSCTests' from project 'CoreOSC')
    cd /Users/admin/builder/spi-builder-workspace/.swiftpm/xcode
    builtin-SwiftDriver -- /Applications/Xcode-16.3.0.app/Contents/Developer/Toolchains/XcodeDefault.xctoolchain/usr/bin/swiftc -module-name CoreOSCTests -Onone -enforce-exclusivity\=checked @/Users/admin/builder/spi-builder-workspace/.derivedData/Build/Intermediates.noindex/CoreOSC.build/Debug-watchos/CoreOSCTests.build/Objects-normal/arm64/CoreOSCTests.SwiftFileList -DSWIFT_PACKAGE -DDEBUG -DXcode -plugin-path /Applications/Xcode-16.3.0.app/Contents/Developer/Toolchains/XcodeDefault.xctoolchain/usr/lib/swift/host/plugins/testing -enable-experimental-feature DebugDescriptionMacro -sdk /Applications/Xcode-16.3.0.app/Contents/Developer/Platforms/WatchOS.platform/Developer/SDKs/WatchOS11.4.sdk -target arm64-apple-watchos7.0 -g -module-cache-path /Users/admin/builder/spi-builder-workspace/.derivedData/ModuleCache.noindex -Xfrontend -serialize-debugging-options -enable-testing -index-store-path /Users/admin/builder/spi-builder-workspace/.derivedData/Index.noindex/DataStore -swift-version 6 -I /Users/admin/builder/spi-builder-workspace/.derivedData/Build/Products/Debug-watchos -I /Applications/Xcode-16.3.0.app/Contents/Developer/Platforms/WatchOS.platform/Developer/usr/lib -F /Users/admin/builder/spi-builder-workspace/.derivedData/Build/Products/Debug-watchos/PackageFrameworks -F /Users/admin/builder/spi-builder-workspace/.derivedData/Build/Products/Debug-watchos -F /Applications/Xcode-16.3.0.app/Contents/Developer/Platforms/WatchOS.platform/Developer/Library/Frameworks -F /Applications/Xcode-16.3.0.app/Contents/Developer/Platforms/WatchOS.platform/Developer/SDKs/WatchOS11.4.sdk/Developer/Library/Frameworks -emit-localized-strings -emit-localized-strings-path /Users/admin/builder/spi-builder-workspace/.derivedData/Build/Intermediates.noindex/CoreOSC.build/Debug-watchos/CoreOSCTests.build/Objects-normal/arm64 -c -j10 -enable-batch-mode -incremental -Xcc -ivfsstatcache -Xcc /Users/admin/builder/spi-builder-workspace/.derivedData/SDKStatCaches.noindex/watchos11.4-22T246-43efb940ff07ba2497b70ec94253f576.sdkstatcache -output-file-map /Users/admin/builder/spi-builder-workspace/.derivedData/Build/Intermediates.noindex/CoreOSC.build/Debug-watchos/CoreOSCTests.build/Objects-normal/arm64/CoreOSCTests-OutputFileMap.json -use-frontend-parseable-output -save-temps -no-color-diagnostics -serialize-diagnostics -emit-dependencies -emit-module -emit-module-path /Users/admin/builder/spi-builder-workspace/.derivedData/Build/Intermediates.noindex/CoreOSC.build/Debug-watchos/CoreOSCTests.build/Objects-normal/arm64/CoreOSCTests.swiftmodule -validate-clang-modules-once -clang-build-session-file /Users/admin/builder/spi-builder-workspace/.derivedData/ModuleCache.noindex/Session.modulevalidation -package-name spi_builder_workspace -emit-const-values -Xfrontend -const-gather-protocols-file -Xfrontend /Users/admin/builder/spi-builder-workspace/.derivedData/Build/Intermediates.noindex/CoreOSC.build/Debug-watchos/CoreOSCTests.build/Objects-normal/arm64/CoreOSCTests_const_extract_protocols.json -Xcc -I/Users/admin/builder/spi-builder-workspace/.derivedData/Build/Products/Debug-watchos/include -Xcc -I/Users/admin/builder/spi-builder-workspace/.derivedData/Build/Intermediates.noindex/CoreOSC.build/Debug-watchos/CoreOSCTests.build/DerivedSources-normal/arm64 -Xcc -I/Users/admin/builder/spi-builder-workspace/.derivedData/Build/Intermediates.noindex/CoreOSC.build/Debug-watchos/CoreOSCTests.build/DerivedSources/arm64 -Xcc -I/Users/admin/builder/spi-builder-workspace/.derivedData/Build/Intermediates.noindex/CoreOSC.build/Debug-watchos/CoreOSCTests.build/DerivedSources -Xcc -DSWIFT_PACKAGE -Xcc -DDEBUG\=1 -working-directory /Users/admin/builder/spi-builder-workspace/.swiftpm/xcode -experimental-emit-module-separately -disable-cmo
SwiftDriver CoreOSCTests normal arm64_32 com.apple.xcode.tools.swift.compiler (in target 'CoreOSCTests' from project 'CoreOSC')
    cd /Users/admin/builder/spi-builder-workspace/.swiftpm/xcode
    builtin-SwiftDriver -- /Applications/Xcode-16.3.0.app/Contents/Developer/Toolchains/XcodeDefault.xctoolchain/usr/bin/swiftc -module-name CoreOSCTests -Onone -enforce-exclusivity\=checked @/Users/admin/builder/spi-builder-workspace/.derivedData/Build/Intermediates.noindex/CoreOSC.build/Debug-watchos/CoreOSCTests.build/Objects-normal/arm64_32/CoreOSCTests.SwiftFileList -DSWIFT_PACKAGE -DDEBUG -DXcode -plugin-path /Applications/Xcode-16.3.0.app/Contents/Developer/Toolchains/XcodeDefault.xctoolchain/usr/lib/swift/host/plugins/testing -enable-experimental-feature DebugDescriptionMacro -sdk /Applications/Xcode-16.3.0.app/Contents/Developer/Platforms/WatchOS.platform/Developer/SDKs/WatchOS11.4.sdk -target arm64_32-apple-watchos7.0 -g -module-cache-path /Users/admin/builder/spi-builder-workspace/.derivedData/ModuleCache.noindex -Xfrontend -serialize-debugging-options -enable-testing -index-store-path /Users/admin/builder/spi-builder-workspace/.derivedData/Index.noindex/DataStore -swift-version 6 -I /Users/admin/builder/spi-builder-workspace/.derivedData/Build/Products/Debug-watchos -I /Applications/Xcode-16.3.0.app/Contents/Developer/Platforms/WatchOS.platform/Developer/usr/lib -F /Users/admin/builder/spi-builder-workspace/.derivedData/Build/Products/Debug-watchos/PackageFrameworks -F /Users/admin/builder/spi-builder-workspace/.derivedData/Build/Products/Debug-watchos -F /Applications/Xcode-16.3.0.app/Contents/Developer/Platforms/WatchOS.platform/Developer/Library/Frameworks -F /Applications/Xcode-16.3.0.app/Contents/Developer/Platforms/WatchOS.platform/Developer/SDKs/WatchOS11.4.sdk/Developer/Library/Frameworks -emit-localized-strings -emit-localized-strings-path /Users/admin/builder/spi-builder-workspace/.derivedData/Build/Intermediates.noindex/CoreOSC.build/Debug-watchos/CoreOSCTests.build/Objects-normal/arm64_32 -c -j10 -enable-batch-mode -incremental -Xcc -ivfsstatcache -Xcc /Users/admin/builder/spi-builder-workspace/.derivedData/SDKStatCaches.noindex/watchos11.4-22T246-43efb940ff07ba2497b70ec94253f576.sdkstatcache -output-file-map /Users/admin/builder/spi-builder-workspace/.derivedData/Build/Intermediates.noindex/CoreOSC.build/Debug-watchos/CoreOSCTests.build/Objects-normal/arm64_32/CoreOSCTests-OutputFileMap.json -use-frontend-parseable-output -save-temps -no-color-diagnostics -serialize-diagnostics -emit-dependencies -emit-module -emit-module-path /Users/admin/builder/spi-builder-workspace/.derivedData/Build/Intermediates.noindex/CoreOSC.build/Debug-watchos/CoreOSCTests.build/Objects-normal/arm64_32/CoreOSCTests.swiftmodule -validate-clang-modules-once -clang-build-session-file /Users/admin/builder/spi-builder-workspace/.derivedData/ModuleCache.noindex/Session.modulevalidation -package-name spi_builder_workspace -emit-const-values -Xfrontend -const-gather-protocols-file -Xfrontend /Users/admin/builder/spi-builder-workspace/.derivedData/Build/Intermediates.noindex/CoreOSC.build/Debug-watchos/CoreOSCTests.build/Objects-normal/arm64_32/CoreOSCTests_const_extract_protocols.json -Xcc -I/Users/admin/builder/spi-builder-workspace/.derivedData/Build/Products/Debug-watchos/include -Xcc -I/Users/admin/builder/spi-builder-workspace/.derivedData/Build/Intermediates.noindex/CoreOSC.build/Debug-watchos/CoreOSCTests.build/DerivedSources-normal/arm64_32 -Xcc -I/Users/admin/builder/spi-builder-workspace/.derivedData/Build/Intermediates.noindex/CoreOSC.build/Debug-watchos/CoreOSCTests.build/DerivedSources/arm64_32 -Xcc -I/Users/admin/builder/spi-builder-workspace/.derivedData/Build/Intermediates.noindex/CoreOSC.build/Debug-watchos/CoreOSCTests.build/DerivedSources -Xcc -DSWIFT_PACKAGE -Xcc -DDEBUG\=1 -working-directory /Users/admin/builder/spi-builder-workspace/.swiftpm/xcode -experimental-emit-module-separately -disable-cmo
SwiftEmitModule normal armv7k Emitting\ module\ for\ CoreOSCTests (in target 'CoreOSCTests' from project 'CoreOSC')
EmitSwiftModule normal armv7k (in target 'CoreOSCTests' from project 'CoreOSC')
    cd /Users/admin/builder/spi-builder-workspace/.swiftpm/xcode

SwiftEmitModule normal arm64 Emitting\ module\ for\ CoreOSCTests (in target 'CoreOSCTests' from project 'CoreOSC')
EmitSwiftModule normal arm64 (in target 'CoreOSCTests' from project 'CoreOSC')
    cd /Users/admin/builder/spi-builder-workspace/.swiftpm/xcode

SwiftDriverJobDiscovery normal arm64_32 Compiling OSCFilterMethod.swift, OSCInvocation.swift, OSCMatch.swift (in target 'CoreOSC' from project 'CoreOSC')
SwiftEmitModule normal arm64_32 Emitting\ module\ for\ CoreOSCTests (in target 'CoreOSCTests' from project 'CoreOSC')
EmitSwiftModule normal arm64_32 (in target 'CoreOSCTests' from project 'CoreOSC')
    cd /Users/admin/builder/spi-builder-workspace/.swiftpm/xcode

SwiftDriverJobDiscovery normal armv7k Compiling OSCAddressPattern.swift, OSCAddressSpace.swift, OSCAddressStore.swift (in target 'CoreOSC' from project 'CoreOSC')
SwiftCompile normal arm64 Compiling\ OSCCodableTests.swift,\ OSCDispatchPolicyTests.swift /Users/admin/builder/spi-builder-workspace/Tests/CoreOSCTests/OSCCodableTests.swift /Users/admin/builder/spi-builder-workspace/Tests/CoreOSCTests/OSCDispatchPolicyTests.swift (in target 'CoreOSCTests' from project 'CoreOSC')
SwiftCompile normal arm64 /Users/admin/builder/spi-builder-workspace/Tests/CoreOSCTests/OSCCodableTests.swift (in target 'CoreOSCTests' from project 'CoreOSC')
    cd /Users/admin/builder/spi-builder-workspace/.swiftpm/xcode

SwiftCompile normal arm64 /Users/admin/builder/spi-builder-workspace/Tests/CoreOSCTests/OSCDispatchPolicyTests.swift (in target 'CoreOSCTests' from project 'CoreOSC')
    cd /Users/admin/builder/spi-builder-workspace/.swiftpm/xcode

SwiftDriverJobDiscovery normal armv7k Compiling OSCFilterMethod.swift, OSCInvocation.swift, OSCMatch.swift (in target 'CoreOSC' from project 'CoreOSC')
SwiftCompile normal arm64_32 Compiling\ OSCFilterAddressStoreTests.swift,\ OSCFilterAddressTests.swift /Users/admin/builder/spi-builder-workspace/Tests/CoreOSCTests/OSCFilterAddressStoreTests.swift /Users/admin/builder/spi-builder-workspace/Tests/CoreOSCTests/OSCFilterAddressTests.swift (in target 'CoreOSCTests' from project 'CoreOSC')
SwiftCompile normal arm64_32 /Users/admin/builder/spi-builder-workspace/Tests/CoreOSCTests/OSCFilterAddressStoreTests.swift (in target 'CoreOSCTests' from project 'CoreOSC')
    cd /Users/admin/builder/spi-builder-workspace/.swiftpm/xcode

SwiftCompile normal arm64_32 /Users/admin/builder/spi-builder-workspace/Tests/CoreOSCTests/OSCFilterAddressTests.swift (in target 'CoreOSCTests' from project 'CoreOSC')
    cd /Users/admin/builder/spi-builder-workspace/.swiftpm/xcode

SwiftDriverJobDiscovery normal arm64_32 Compiling Numeric.swift, String.swift, UInt32.swift (in target 'CoreOSC' from project 'CoreOSC')
SwiftCompile normal armv7k Compiling\ OSCMessageTests.swift,\ OSCMethodTests.swift /Users/admin/builder/spi-builder-workspace/Tests/CoreOSCTests/OSCMessageTests.swift /Users/admin/builder/spi-builder-workspace/Tests/CoreOSCTests/OSCMethodTests.swift (in target 'CoreOSCTests' from project 'CoreOSC')
SwiftCompile normal armv7k /Users/admin/builder/spi-builder-workspace/Tests/CoreOSCTests/OSCMessageTests.swift (in target 'CoreOSCTests' from project 'CoreOSC')
    cd /Users/admin/builder/spi-builder-workspace/.swiftpm/xcode

SwiftCompile normal armv7k /Users/admin/builder/spi-builder-workspace/Tests/CoreOSCTests/OSCMethodTests.swift (in target 'CoreOSCTests' from project 'CoreOSC')
    cd /Users/admin/builder/spi-builder-workspace/.swiftpm/xcode

SwiftDriverJobDiscovery normal armv7k Compiling resource_bundle_accessor.swift, CoreOSC.swift, Character.swift (in target 'CoreOSC' from project 'CoreOSC')
SwiftCompile normal arm64_32 Compiling\ OSCAnnotationTests.swift,\ OSCArgumentEncodingTests.swift,\ OSCBundleTests.swift /Users/admin/builder/spi-builder-workspace/Tests/CoreOSCTests/OSCAnnotationTests.swift /Users/admin/builder/spi-builder-workspace/Tests/CoreOSCTests/OSCArgumentEncodingTests.swift /Users/admin/builder/spi-builder-workspace/Tests/CoreOSCTests/OSCBundleTests.swift (in target 'CoreOSCTests' from project 'CoreOSC')
SwiftCompile normal arm64_32 /Users/admin/builder/spi-builder-workspace/Tests/CoreOSCTests/OSCAnnotationTests.swift (in target 'CoreOSCTests' from project 'CoreOSC')
    cd /Users/admin/builder/spi-builder-workspace/.swiftpm/xcode

SwiftCompile normal arm64_32 /Users/admin/builder/spi-builder-workspace/Tests/CoreOSCTests/OSCArgumentEncodingTests.swift (in target 'CoreOSCTests' from project 'CoreOSC')
    cd /Users/admin/builder/spi-builder-workspace/.swiftpm/xcode

/Users/admin/builder/spi-builder-workspace/Tests/CoreOSCTests/OSCArgumentEncodingTests.swift:55:29: error: integer literal '5000000000' overflows when stored into 'Int'
            arguments: [Int(5_000_000_000)] as [any OSCArgumentProtocol]
                            ^
SwiftCompile normal arm64_32 /Users/admin/builder/spi-builder-workspace/Tests/CoreOSCTests/OSCBundleTests.swift (in target 'CoreOSCTests' from project 'CoreOSC')
    cd /Users/admin/builder/spi-builder-workspace/.swiftpm/xcode

Failed frontend command:
/Applications/Xcode-16.3.0.app/Contents/Developer/Toolchains/XcodeDefault.xctoolchain/usr/bin/swift-frontend -frontend -c /Users/admin/builder/spi-builder-workspace/Tests/CoreOSCTests/CoreOSCTests.swift /Users/admin/builder/spi-builder-workspace/Tests/CoreOSCTests/OSCAddressFilterTests.swift /Users/admin/builder/spi-builder-workspace/Tests/CoreOSCTests/OSCAddressPatternTests.swift /Users/admin/builder/spi-builder-workspace/Tests/CoreOSCTests/OSCAddressSpaceTests.swift /Users/admin/builder/spi-builder-workspace/Tests/CoreOSCTests/OSCAddressStoreTests.swift /Users/admin/builder/spi-builder-workspace/Tests/CoreOSCTests/OSCAddressTests.swift -primary-file /Users/admin/builder/spi-builder-workspace/Tests/CoreOSCTests/OSCAnnotationTests.swift -primary-file /Users/admin/builder/spi-builder-workspace/Tests/CoreOSCTests/OSCArgumentEncodingTests.swift -primary-file /Users/admin/builder/spi-builder-workspace/Tests/CoreOSCTests/OSCBundleTests.swift /Users/admin/builder/spi-builder-workspace/Tests/CoreOSCTests/OSCCodableTests.swift /Users/admin/builder/spi-builder-workspace/Tests/CoreOSCTests/OSCDispatchPolicyTests.swift /Users/admin/builder/spi-builder-workspace/Tests/CoreOSCTests/OSCFilterAddressStoreTests.swift /Users/admin/builder/spi-builder-workspace/Tests/CoreOSCTests/OSCFilterAddressTests.swift /Users/admin/builder/spi-builder-workspace/Tests/CoreOSCTests/OSCFilterMethodTests.swift /Users/admin/builder/spi-builder-workspace/Tests/CoreOSCTests/OSCInvocationTests.swift /Users/admin/builder/spi-builder-workspace/Tests/CoreOSCTests/OSCMatchRobustnessTests.swift /Users/admin/builder/spi-builder-workspace/Tests/CoreOSCTests/OSCMatchTests.swift /Users/admin/builder/spi-builder-workspace/Tests/CoreOSCTests/OSCMessageTests.swift /Users/admin/builder/spi-builder-workspace/Tests/CoreOSCTests/OSCMethodTests.swift /Users/admin/builder/spi-builder-workspace/Tests/CoreOSCTests/OSCPacketEncodingTests.swift /Users/admin/builder/spi-builder-workspace/Tests/CoreOSCTests/OSCParserRobustnessTests.swift /Users/admin/builder/spi-builder-workspace/Tests/CoreOSCTests/OSCRefractingAddressTests.swift /Users/admin/builder/spi-builder-workspace/Tests/CoreOSCTests/OSCValidationAndAPITests.swift -supplementary-output-file-map /Users/admin/builder/spi-builder-workspace/.derivedData/Build/Intermediates.noindex/CoreOSC.build/Debug-watchos/CoreOSCTests.build/Objects-normal/arm64_32/supplementaryOutputs-75 -emit-localized-strings -emit-localized-strings-path /Users/admin/builder/spi-builder-workspace/.derivedData/Build/Intermediates.noindex/CoreOSC.build/Debug-watchos/CoreOSCTests.build/Objects-normal/arm64_32 -target arm64_32-apple-watchos7.0 -enable-objc-interop -sdk /Applications/Xcode-16.3.0.app/Contents/Developer/Platforms/WatchOS.platform/Developer/SDKs/WatchOS11.4.sdk -I /Users/admin/builder/spi-builder-workspace/.derivedData/Build/Products/Debug-watchos -I /Applications/Xcode-16.3.0.app/Contents/Developer/Platforms/WatchOS.platform/Developer/usr/lib -F /Users/admin/builder/spi-builder-workspace/.derivedData/Build/Products/Debug-watchos/PackageFrameworks -F /Users/admin/builder/spi-builder-workspace/.derivedData/Build/Products/Debug-watchos -F /Applications/Xcode-16.3.0.app/Contents/Developer/Platforms/WatchOS.platform/Developer/Library/Frameworks -F /Applications/Xcode-16.3.0.app/Contents/Developer/Platforms/WatchOS.platform/Developer/SDKs/WatchOS11.4.sdk/Developer/Library/Frameworks -no-color-diagnostics -enable-testing -g -debug-info-format\=dwarf -dwarf-version\=4 -module-cache-path /Users/admin/builder/spi-builder-workspace/.derivedData/ModuleCache.noindex -swift-version 6 -enforce-exclusivity\=checked -Onone -D SWIFT_PACKAGE -D DEBUG -D Xcode -serialize-debugging-options -const-gather-protocols-file /Users/admin/builder/spi-builder-workspace/.derivedData/Build/Intermediates.noindex/CoreOSC.build/Debug-watchos/CoreOSCTests.build/Objects-normal/arm64_32/CoreOSCTests_const_extract_protocols.json -enable-experimental-feature DebugDescriptionMacro -empty-abi-descriptor -plugin-path /Applications/Xcode-16.3.0.app/Contents/Developer/Toolchains/XcodeDefault.xctoolchain/usr/lib/swift/host/plugins/testing -validate-clang-modules-once -clang-build-session-file /Users/admin/builder/spi-builder-workspace/.derivedData/ModuleCache.noindex/Session.modulevalidation -Xcc -working-directory -Xcc /Users/admin/builder/spi-builder-workspace/.swiftpm/xcode -resource-dir /Applications/Xcode-16.3.0.app/Contents/Developer/Toolchains/XcodeDefault.xctoolchain/usr/lib/swift -enable-anonymous-context-mangled-names -file-compilation-dir /Users/admin/builder/spi-builder-workspace/.swiftpm/xcode -Xcc -ivfsstatcache -Xcc /Users/admin/builder/spi-builder-workspace/.derivedData/SDKStatCaches.noindex/watchos11.4-22T246-43efb940ff07ba2497b70ec94253f576.sdkstatcache -Xcc -I/Users/admin/builder/spi-builder-workspace/.derivedData/Build/Products/Debug-watchos/include -Xcc -I/Users/admin/builder/spi-builder-workspace/.derivedData/Build/Intermediates.noindex/CoreOSC.build/Debug-watchos/CoreOSCTests.build/DerivedSources-normal/arm64_32 -Xcc -I/Users/admin/builder/spi-builder-workspace/.derivedData/Build/Intermediates.noindex/CoreOSC.build/Debug-watchos/CoreOSCTests.build/DerivedSources/arm64_32 -Xcc -I/Users/admin/builder/spi-builder-workspace/.derivedData/Build/Intermediates.noindex/CoreOSC.build/Debug-watchos/CoreOSCTests.build/DerivedSources -Xcc -DSWIFT_PACKAGE -Xcc -DDEBUG\=1 -module-name CoreOSCTests -package-name spi_builder_workspace -frontend-parseable-output -disable-clang-spi -target-sdk-version 11.4 -target-sdk-name watchos11.4 -external-plugin-path /Applications/Xcode-16.3.0.app/Contents/Developer/Platforms/WatchOS.platform/Developer/usr/lib/swift/host/plugins\#/Applications/Xcode-16.3.0.app/Contents/Developer/Platforms/WatchOS.platform/Developer/usr/bin/swift-plugin-server -external-plugin-path /Applications/Xcode-16.3.0.app/Contents/Developer/Platforms/WatchOS.platform/Developer/usr/local/lib/swift/host/plugins\#/Applications/Xcode-16.3.0.app/Contents/Developer/Platforms/WatchOS.platform/Developer/usr/bin/swift-plugin-server -in-process-plugin-server-path /Applications/Xcode-16.3.0.app/Contents/Developer/Toolchains/XcodeDefault.xctoolchain/usr/lib/swift/host/libSwiftInProcPluginServer.dylib -plugin-path /Applications/Xcode-16.3.0.app/Contents/Developer/Toolchains/XcodeDefault.xctoolchain/usr/lib/swift/host/plugins -plugin-path /Applications/Xcode-16.3.0.app/Contents/Developer/Toolchains/XcodeDefault.xctoolchain/usr/local/lib/swift/host/plugins -o /Users/admin/builder/spi-builder-workspace/.derivedData/Build/Intermediates.noindex/CoreOSC.build/Debug-watchos/CoreOSCTests.build/Objects-normal/arm64_32/OSCAnnotationTests.o -o /Users/admin/builder/spi-builder-workspace/.derivedData/Build/Intermediates.noindex/CoreOSC.build/Debug-watchos/CoreOSCTests.build/Objects-normal/arm64_32/OSCArgumentEncodingTests.o -o /Users/admin/builder/spi-builder-workspace/.derivedData/Build/Intermediates.noindex/CoreOSC.build/Debug-watchos/CoreOSCTests.build/Objects-normal/arm64_32/OSCBundleTests.o -index-unit-output-path /CoreOSC.build/Debug-watchos/CoreOSCTests.build/Objects-normal/arm64_32/OSCAnnotationTests.o -index-unit-output-path /CoreOSC.build/Debug-watchos/CoreOSCTests.build/Objects-normal/arm64_32/OSCArgumentEncodingTests.o -index-unit-output-path /CoreOSC.build/Debug-watchos/CoreOSCTests.build/Objects-normal/arm64_32/OSCBundleTests.o -index-store-path /Users/admin/builder/spi-builder-workspace/.derivedData/Index.noindex/DataStore -index-system-modules
SwiftDriverJobDiscovery normal arm64_32 Compiling OSCBundle.swift, OSCFilterAddress.swift, OSCFilterAddressStore.swift (in target 'CoreOSC' from project 'CoreOSC')
SwiftCompile normal arm64 Compiling\ CoreOSCTests.swift,\ OSCAddressFilterTests.swift,\ OSCAddressPatternTests.swift /Users/admin/builder/spi-builder-workspace/Tests/CoreOSCTests/CoreOSCTests.swift /Users/admin/builder/spi-builder-workspace/Tests/CoreOSCTests/OSCAddressFilterTests.swift /Users/admin/builder/spi-builder-workspace/Tests/CoreOSCTests/OSCAddressPatternTests.swift (in target 'CoreOSCTests' from project 'CoreOSC')
SwiftCompile normal arm64 /Users/admin/builder/spi-builder-workspace/Tests/CoreOSCTests/CoreOSCTests.swift (in target 'CoreOSCTests' from project 'CoreOSC')
    cd /Users/admin/builder/spi-builder-workspace/.swiftpm/xcode

SwiftCompile normal arm64 /Users/admin/builder/spi-builder-workspace/Tests/CoreOSCTests/OSCAddressFilterTests.swift (in target 'CoreOSCTests' from project 'CoreOSC')
    cd /Users/admin/builder/spi-builder-workspace/.swiftpm/xcode

SwiftCompile normal arm64 /Users/admin/builder/spi-builder-workspace/Tests/CoreOSCTests/OSCAddressPatternTests.swift (in target 'CoreOSCTests' from project 'CoreOSC')
    cd /Users/admin/builder/spi-builder-workspace/.swiftpm/xcode

SwiftDriverJobDiscovery normal armv7k Compiling OSCAnnotation.swift, OSCArgument.swift, OSCArgumentError.swift (in target 'CoreOSC' from project 'CoreOSC')
SwiftCompile normal armv7k Compiling\ OSCFilterMethodTests.swift,\ OSCInvocationTests.swift /Users/admin/builder/spi-builder-workspace/Tests/CoreOSCTests/OSCFilterMethodTests.swift /Users/admin/builder/spi-builder-workspace/Tests/CoreOSCTests/OSCInvocationTests.swift (in target 'CoreOSCTests' from project 'CoreOSC')
SwiftCompile normal armv7k /Users/admin/builder/spi-builder-workspace/Tests/CoreOSCTests/OSCFilterMethodTests.swift (in target 'CoreOSCTests' from project 'CoreOSC')
    cd /Users/admin/builder/spi-builder-workspace/.swiftpm/xcode

SwiftCompile normal armv7k /Users/admin/builder/spi-builder-workspace/Tests/CoreOSCTests/OSCInvocationTests.swift (in target 'CoreOSCTests' from project 'CoreOSC')
    cd /Users/admin/builder/spi-builder-workspace/.swiftpm/xcode

SwiftDriverJobDiscovery normal armv7k Compiling OSCBundle.swift, OSCFilterAddress.swift, OSCFilterAddressStore.swift (in target 'CoreOSC' from project 'CoreOSC')
SwiftCompile normal arm64 Compiling\ OSCMessageTests.swift,\ OSCMethodTests.swift /Users/admin/builder/spi-builder-workspace/Tests/CoreOSCTests/OSCMessageTests.swift /Users/admin/builder/spi-builder-workspace/Tests/CoreOSCTests/OSCMethodTests.swift (in target 'CoreOSCTests' from project 'CoreOSC')
SwiftCompile normal arm64 /Users/admin/builder/spi-builder-workspace/Tests/CoreOSCTests/OSCMessageTests.swift (in target 'CoreOSCTests' from project 'CoreOSC')
    cd /Users/admin/builder/spi-builder-workspace/.swiftpm/xcode

SwiftCompile normal arm64 /Users/admin/builder/spi-builder-workspace/Tests/CoreOSCTests/OSCMethodTests.swift (in target 'CoreOSCTests' from project 'CoreOSC')
    cd /Users/admin/builder/spi-builder-workspace/.swiftpm/xcode

SwiftDriverJobDiscovery normal armv7k Emitting module for CoreOSCTests (in target 'CoreOSCTests' from project 'CoreOSC')
SwiftDriver\ Compilation\ Requirements CoreOSCTests normal armv7k com.apple.xcode.tools.swift.compiler (in target 'CoreOSCTests' from project 'CoreOSC')
    cd /Users/admin/builder/spi-builder-workspace/.swiftpm/xcode
    builtin-Swift-Compilation-Requirements -- /Applications/Xcode-16.3.0.app/Contents/Developer/Toolchains/XcodeDefault.xctoolchain/usr/bin/swiftc -module-name CoreOSCTests -Onone -enforce-exclusivity\=checked @/Users/admin/builder/spi-builder-workspace/.derivedData/Build/Intermediates.noindex/CoreOSC.build/Debug-watchos/CoreOSCTests.build/Objects-normal/armv7k/CoreOSCTests.SwiftFileList -DSWIFT_PACKAGE -DDEBUG -DXcode -plugin-path /Applications/Xcode-16.3.0.app/Contents/Developer/Toolchains/XcodeDefault.xctoolchain/usr/lib/swift/host/plugins/testing -enable-experimental-feature DebugDescriptionMacro -sdk /Applications/Xcode-16.3.0.app/Contents/Developer/Platforms/WatchOS.platform/Developer/SDKs/WatchOS11.4.sdk -target armv7k-apple-watchos7.0 -g -module-cache-path /Users/admin/builder/spi-builder-workspace/.derivedData/ModuleCache.noindex -Xfrontend -serialize-debugging-options -enable-testing -index-store-path /Users/admin/builder/spi-builder-workspace/.derivedData/Index.noindex/DataStore -swift-version 6 -I /Users/admin/builder/spi-builder-workspace/.derivedData/Build/Products/Debug-watchos -I /Applications/Xcode-16.3.0.app/Contents/Developer/Platforms/WatchOS.platform/Developer/usr/lib -F /Users/admin/builder/spi-builder-workspace/.derivedData/Build/Products/Debug-watchos/PackageFrameworks -F /Users/admin/builder/spi-builder-workspace/.derivedData/Build/Products/Debug-watchos -F /Applications/Xcode-16.3.0.app/Contents/Developer/Platforms/WatchOS.platform/Developer/Library/Frameworks -F /Applications/Xcode-16.3.0.app/Contents/Developer/Platforms/WatchOS.platform/Developer/SDKs/WatchOS11.4.sdk/Developer/Library/Frameworks -emit-localized-strings -emit-localized-strings-path /Users/admin/builder/spi-builder-workspace/.derivedData/Build/Intermediates.noindex/CoreOSC.build/Debug-watchos/CoreOSCTests.build/Objects-normal/armv7k -c -j10 -enable-batch-mode -incremental -Xcc -ivfsstatcache -Xcc /Users/admin/builder/spi-builder-workspace/.derivedData/SDKStatCaches.noindex/watchos11.4-22T246-43efb940ff07ba2497b70ec94253f576.sdkstatcache -output-file-map /Users/admin/builder/spi-builder-workspace/.derivedData/Build/Intermediates.noindex/CoreOSC.build/Debug-watchos/CoreOSCTests.build/Objects-normal/armv7k/CoreOSCTests-OutputFileMap.json -use-frontend-parseable-output -save-temps -no-color-diagnostics -serialize-diagnostics -emit-dependencies -emit-module -emit-module-path /Users/admin/builder/spi-builder-workspace/.derivedData/Build/Intermediates.noindex/CoreOSC.build/Debug-watchos/CoreOSCTests.build/Objects-normal/armv7k/CoreOSCTests.swiftmodule -validate-clang-modules-once -clang-build-session-file /Users/admin/builder/spi-builder-workspace/.derivedData/ModuleCache.noindex/Session.modulevalidation -package-name spi_builder_workspace -emit-const-values -Xfrontend -const-gather-protocols-file -Xfrontend /Users/admin/builder/spi-builder-workspace/.derivedData/Build/Intermediates.noindex/CoreOSC.build/Debug-watchos/CoreOSCTests.build/Objects-normal/armv7k/CoreOSCTests_const_extract_protocols.json -Xcc -I/Users/admin/builder/spi-builder-workspace/.derivedData/Build/Products/Debug-watchos/include -Xcc -I/Users/admin/builder/spi-builder-workspace/.derivedData/Build/Intermediates.noindex/CoreOSC.build/Debug-watchos/CoreOSCTests.build/DerivedSources-normal/armv7k -Xcc -I/Users/admin/builder/spi-builder-workspace/.derivedData/Build/Intermediates.noindex/CoreOSC.build/Debug-watchos/CoreOSCTests.build/DerivedSources/armv7k -Xcc -I/Users/admin/builder/spi-builder-workspace/.derivedData/Build/Intermediates.noindex/CoreOSC.build/Debug-watchos/CoreOSCTests.build/DerivedSources -Xcc -DSWIFT_PACKAGE -Xcc -DDEBUG\=1 -working-directory /Users/admin/builder/spi-builder-workspace/.swiftpm/xcode -experimental-emit-module-separately -disable-cmo
SwiftDriverJobDiscovery normal arm64 Emitting module for CoreOSCTests (in target 'CoreOSCTests' from project 'CoreOSC')
SwiftCompile normal armv7k Compiling\ OSCRefractingAddressTests.swift,\ OSCValidationAndAPITests.swift /Users/admin/builder/spi-builder-workspace/Tests/CoreOSCTests/OSCRefractingAddressTests.swift /Users/admin/builder/spi-builder-workspace/Tests/CoreOSCTests/OSCValidationAndAPITests.swift (in target 'CoreOSCTests' from project 'CoreOSC')
SwiftCompile normal armv7k /Users/admin/builder/spi-builder-workspace/Tests/CoreOSCTests/OSCRefractingAddressTests.swift (in target 'CoreOSCTests' from project 'CoreOSC')
    cd /Users/admin/builder/spi-builder-workspace/.swiftpm/xcode

SwiftCompile normal armv7k /Users/admin/builder/spi-builder-workspace/Tests/CoreOSCTests/OSCValidationAndAPITests.swift (in target 'CoreOSCTests' from project 'CoreOSC')
    cd /Users/admin/builder/spi-builder-workspace/.swiftpm/xcode

SwiftDriver\ Compilation\ Requirements CoreOSCTests normal arm64 com.apple.xcode.tools.swift.compiler (in target 'CoreOSCTests' from project 'CoreOSC')
    cd /Users/admin/builder/spi-builder-workspace/.swiftpm/xcode
    builtin-Swift-Compilation-Requirements -- /Applications/Xcode-16.3.0.app/Contents/Developer/Toolchains/XcodeDefault.xctoolchain/usr/bin/swiftc -module-name CoreOSCTests -Onone -enforce-exclusivity\=checked @/Users/admin/builder/spi-builder-workspace/.derivedData/Build/Intermediates.noindex/CoreOSC.build/Debug-watchos/CoreOSCTests.build/Objects-normal/arm64/CoreOSCTests.SwiftFileList -DSWIFT_PACKAGE -DDEBUG -DXcode -plugin-path /Applications/Xcode-16.3.0.app/Contents/Developer/Toolchains/XcodeDefault.xctoolchain/usr/lib/swift/host/plugins/testing -enable-experimental-feature DebugDescriptionMacro -sdk /Applications/Xcode-16.3.0.app/Contents/Developer/Platforms/WatchOS.platform/Developer/SDKs/WatchOS11.4.sdk -target arm64-apple-watchos7.0 -g -module-cache-path /Users/admin/builder/spi-builder-workspace/.derivedData/ModuleCache.noindex -Xfrontend -serialize-debugging-options -enable-testing -index-store-path /Users/admin/builder/spi-builder-workspace/.derivedData/Index.noindex/DataStore -swift-version 6 -I /Users/admin/builder/spi-builder-workspace/.derivedData/Build/Products/Debug-watchos -I /Applications/Xcode-16.3.0.app/Contents/Developer/Platforms/WatchOS.platform/Developer/usr/lib -F /Users/admin/builder/spi-builder-workspace/.derivedData/Build/Products/Debug-watchos/PackageFrameworks -F /Users/admin/builder/spi-builder-workspace/.derivedData/Build/Products/Debug-watchos -F /Applications/Xcode-16.3.0.app/Contents/Developer/Platforms/WatchOS.platform/Developer/Library/Frameworks -F /Applications/Xcode-16.3.0.app/Contents/Developer/Platforms/WatchOS.platform/Developer/SDKs/WatchOS11.4.sdk/Developer/Library/Frameworks -emit-localized-strings -emit-localized-strings-path /Users/admin/builder/spi-builder-workspace/.derivedData/Build/Intermediates.noindex/CoreOSC.build/Debug-watchos/CoreOSCTests.build/Objects-normal/arm64 -c -j10 -enable-batch-mode -incremental -Xcc -ivfsstatcache -Xcc /Users/admin/builder/spi-builder-workspace/.derivedData/SDKStatCaches.noindex/watchos11.4-22T246-43efb940ff07ba2497b70ec94253f576.sdkstatcache -output-file-map /Users/admin/builder/spi-builder-workspace/.derivedData/Build/Intermediates.noindex/CoreOSC.build/Debug-watchos/CoreOSCTests.build/Objects-normal/arm64/CoreOSCTests-OutputFileMap.json -use-frontend-parseable-output -save-temps -no-color-diagnostics -serialize-diagnostics -emit-dependencies -emit-module -emit-module-path /Users/admin/builder/spi-builder-workspace/.derivedData/Build/Intermediates.noindex/CoreOSC.build/Debug-watchos/CoreOSCTests.build/Objects-normal/arm64/CoreOSCTests.swiftmodule -validate-clang-modules-once -clang-build-session-file /Users/admin/builder/spi-builder-workspace/.derivedData/ModuleCache.noindex/Session.modulevalidation -package-name spi_builder_workspace -emit-const-values -Xfrontend -const-gather-protocols-file -Xfrontend /Users/admin/builder/spi-builder-workspace/.derivedData/Build/Intermediates.noindex/CoreOSC.build/Debug-watchos/CoreOSCTests.build/Objects-normal/arm64/CoreOSCTests_const_extract_protocols.json -Xcc -I/Users/admin/builder/spi-builder-workspace/.derivedData/Build/Products/Debug-watchos/include -Xcc -I/Users/admin/builder/spi-builder-workspace/.derivedData/Build/Intermediates.noindex/CoreOSC.build/Debug-watchos/CoreOSCTests.build/DerivedSources-normal/arm64 -Xcc -I/Users/admin/builder/spi-builder-workspace/.derivedData/Build/Intermediates.noindex/CoreOSC.build/Debug-watchos/CoreOSCTests.build/DerivedSources/arm64 -Xcc -I/Users/admin/builder/spi-builder-workspace/.derivedData/Build/Intermediates.noindex/CoreOSC.build/Debug-watchos/CoreOSCTests.build/DerivedSources -Xcc -DSWIFT_PACKAGE -Xcc -DDEBUG\=1 -working-directory /Users/admin/builder/spi-builder-workspace/.swiftpm/xcode -experimental-emit-module-separately -disable-cmo
SwiftDriverJobDiscovery normal arm64_32 Compiling OSCAddress.swift, OSCAddressError.swift, OSCAddressFilter.swift (in target 'CoreOSC' from project 'CoreOSC')
Copy /Users/admin/builder/spi-builder-workspace/.derivedData/Build/Products/Debug-watchos/CoreOSCTests.swiftmodule/armv7k-apple-watchos.abi.json /Users/admin/builder/spi-builder-workspace/.derivedData/Build/Intermediates.noindex/CoreOSC.build/Debug-watchos/CoreOSCTests.build/Objects-normal/armv7k/CoreOSCTests.abi.json (in target 'CoreOSCTests' from project 'CoreOSC')
    cd /Users/admin/builder/spi-builder-workspace
    builtin-copy -exclude .DS_Store -exclude CVS -exclude .svn -exclude .git -exclude .hg -resolve-src-symlinks -rename /Users/admin/builder/spi-builder-workspace/.derivedData/Build/Intermediates.noindex/CoreOSC.build/Debug-watchos/CoreOSCTests.build/Objects-normal/armv7k/CoreOSCTests.abi.json /Users/admin/builder/spi-builder-workspace/.derivedData/Build/Products/Debug-watchos/CoreOSCTests.swiftmodule/armv7k-apple-watchos.abi.json
Copy /Users/admin/builder/spi-builder-workspace/.derivedData/Build/Products/Debug-watchos/CoreOSCTests.swiftmodule/arm64-apple-watchos.abi.json /Users/admin/builder/spi-builder-workspace/.derivedData/Build/Intermediates.noindex/CoreOSC.build/Debug-watchos/CoreOSCTests.build/Objects-normal/arm64/CoreOSCTests.abi.json (in target 'CoreOSCTests' from project 'CoreOSC')
    cd /Users/admin/builder/spi-builder-workspace
    builtin-copy -exclude .DS_Store -exclude CVS -exclude .svn -exclude .git -exclude .hg -resolve-src-symlinks -rename /Users/admin/builder/spi-builder-workspace/.derivedData/Build/Intermediates.noindex/CoreOSC.build/Debug-watchos/CoreOSCTests.build/Objects-normal/arm64/CoreOSCTests.abi.json /Users/admin/builder/spi-builder-workspace/.derivedData/Build/Products/Debug-watchos/CoreOSCTests.swiftmodule/arm64-apple-watchos.abi.json
SwiftCompile normal arm64 Compiling\ OSCPacketEncodingTests.swift,\ OSCParserRobustnessTests.swift /Users/admin/builder/spi-builder-workspace/Tests/CoreOSCTests/OSCPacketEncodingTests.swift /Users/admin/builder/spi-builder-workspace/Tests/CoreOSCTests/OSCParserRobustnessTests.swift (in target 'CoreOSCTests' from project 'CoreOSC')
SwiftCompile normal arm64 /Users/admin/builder/spi-builder-workspace/Tests/CoreOSCTests/OSCPacketEncodingTests.swift (in target 'CoreOSCTests' from project 'CoreOSC')
    cd /Users/admin/builder/spi-builder-workspace/.swiftpm/xcode

SwiftCompile normal arm64 /Users/admin/builder/spi-builder-workspace/Tests/CoreOSCTests/OSCParserRobustnessTests.swift (in target 'CoreOSCTests' from project 'CoreOSC')
    cd /Users/admin/builder/spi-builder-workspace/.swiftpm/xcode

SwiftCompile normal armv7k Compiling\ OSCCodableTests.swift,\ OSCDispatchPolicyTests.swift /Users/admin/builder/spi-builder-workspace/Tests/CoreOSCTests/OSCCodableTests.swift /Users/admin/builder/spi-builder-workspace/Tests/CoreOSCTests/OSCDispatchPolicyTests.swift (in target 'CoreOSCTests' from project 'CoreOSC')
SwiftCompile normal armv7k /Users/admin/builder/spi-builder-workspace/Tests/CoreOSCTests/OSCCodableTests.swift (in target 'CoreOSCTests' from project 'CoreOSC')
    cd /Users/admin/builder/spi-builder-workspace/.swiftpm/xcode

SwiftCompile normal armv7k /Users/admin/builder/spi-builder-workspace/Tests/CoreOSCTests/OSCDispatchPolicyTests.swift (in target 'CoreOSCTests' from project 'CoreOSC')
    cd /Users/admin/builder/spi-builder-workspace/.swiftpm/xcode

SwiftDriverJobDiscovery normal arm64_32 Emitting module for CoreOSCTests (in target 'CoreOSCTests' from project 'CoreOSC')
SwiftDriver\ Compilation\ Requirements CoreOSCTests normal arm64_32 com.apple.xcode.tools.swift.compiler (in target 'CoreOSCTests' from project 'CoreOSC')
    cd /Users/admin/builder/spi-builder-workspace/.swiftpm/xcode
    builtin-Swift-Compilation-Requirements -- /Applications/Xcode-16.3.0.app/Contents/Developer/Toolchains/XcodeDefault.xctoolchain/usr/bin/swiftc -module-name CoreOSCTests -Onone -enforce-exclusivity\=checked @/Users/admin/builder/spi-builder-workspace/.derivedData/Build/Intermediates.noindex/CoreOSC.build/Debug-watchos/CoreOSCTests.build/Objects-normal/arm64_32/CoreOSCTests.SwiftFileList -DSWIFT_PACKAGE -DDEBUG -DXcode -plugin-path /Applications/Xcode-16.3.0.app/Contents/Developer/Toolchains/XcodeDefault.xctoolchain/usr/lib/swift/host/plugins/testing -enable-experimental-feature DebugDescriptionMacro -sdk /Applications/Xcode-16.3.0.app/Contents/Developer/Platforms/WatchOS.platform/Developer/SDKs/WatchOS11.4.sdk -target arm64_32-apple-watchos7.0 -g -module-cache-path /Users/admin/builder/spi-builder-workspace/.derivedData/ModuleCache.noindex -Xfrontend -serialize-debugging-options -enable-testing -index-store-path /Users/admin/builder/spi-builder-workspace/.derivedData/Index.noindex/DataStore -swift-version 6 -I /Users/admin/builder/spi-builder-workspace/.derivedData/Build/Products/Debug-watchos -I /Applications/Xcode-16.3.0.app/Contents/Developer/Platforms/WatchOS.platform/Developer/usr/lib -F /Users/admin/builder/spi-builder-workspace/.derivedData/Build/Products/Debug-watchos/PackageFrameworks -F /Users/admin/builder/spi-builder-workspace/.derivedData/Build/Products/Debug-watchos -F /Applications/Xcode-16.3.0.app/Contents/Developer/Platforms/WatchOS.platform/Developer/Library/Frameworks -F /Applications/Xcode-16.3.0.app/Contents/Developer/Platforms/WatchOS.platform/Developer/SDKs/WatchOS11.4.sdk/Developer/Library/Frameworks -emit-localized-strings -emit-localized-strings-path /Users/admin/builder/spi-builder-workspace/.derivedData/Build/Intermediates.noindex/CoreOSC.build/Debug-watchos/CoreOSCTests.build/Objects-normal/arm64_32 -c -j10 -enable-batch-mode -incremental -Xcc -ivfsstatcache -Xcc /Users/admin/builder/spi-builder-workspace/.derivedData/SDKStatCaches.noindex/watchos11.4-22T246-43efb940ff07ba2497b70ec94253f576.sdkstatcache -output-file-map /Users/admin/builder/spi-builder-workspace/.derivedData/Build/Intermediates.noindex/CoreOSC.build/Debug-watchos/CoreOSCTests.build/Objects-normal/arm64_32/CoreOSCTests-OutputFileMap.json -use-frontend-parseable-output -save-temps -no-color-diagnostics -serialize-diagnostics -emit-dependencies -emit-module -emit-module-path /Users/admin/builder/spi-builder-workspace/.derivedData/Build/Intermediates.noindex/CoreOSC.build/Debug-watchos/CoreOSCTests.build/Objects-normal/arm64_32/CoreOSCTests.swiftmodule -validate-clang-modules-once -clang-build-session-file /Users/admin/builder/spi-builder-workspace/.derivedData/ModuleCache.noindex/Session.modulevalidation -package-name spi_builder_workspace -emit-const-values -Xfrontend -const-gather-protocols-file -Xfrontend /Users/admin/builder/spi-builder-workspace/.derivedData/Build/Intermediates.noindex/CoreOSC.build/Debug-watchos/CoreOSCTests.build/Objects-normal/arm64_32/CoreOSCTests_const_extract_protocols.json -Xcc -I/Users/admin/builder/spi-builder-workspace/.derivedData/Build/Products/Debug-watchos/include -Xcc -I/Users/admin/builder/spi-builder-workspace/.derivedData/Build/Intermediates.noindex/CoreOSC.build/Debug-watchos/CoreOSCTests.build/DerivedSources-normal/arm64_32 -Xcc -I/Users/admin/builder/spi-builder-workspace/.derivedData/Build/Intermediates.noindex/CoreOSC.build/Debug-watchos/CoreOSCTests.build/DerivedSources/arm64_32 -Xcc -I/Users/admin/builder/spi-builder-workspace/.derivedData/Build/Intermediates.noindex/CoreOSC.build/Debug-watchos/CoreOSCTests.build/DerivedSources -Xcc -DSWIFT_PACKAGE -Xcc -DDEBUG\=1 -working-directory /Users/admin/builder/spi-builder-workspace/.swiftpm/xcode -experimental-emit-module-separately -disable-cmo
SwiftDriverJobDiscovery normal arm64 Compiling OSCCodableTests.swift, OSCDispatchPolicyTests.swift (in target 'CoreOSCTests' from project 'CoreOSC')
SwiftCompile normal armv7k Compiling\ OSCFilterAddressStoreTests.swift,\ OSCFilterAddressTests.swift /Users/admin/builder/spi-builder-workspace/Tests/CoreOSCTests/OSCFilterAddressStoreTests.swift /Users/admin/builder/spi-builder-workspace/Tests/CoreOSCTests/OSCFilterAddressTests.swift (in target 'CoreOSCTests' from project 'CoreOSC')
SwiftCompile normal armv7k /Users/admin/builder/spi-builder-workspace/Tests/CoreOSCTests/OSCFilterAddressStoreTests.swift (in target 'CoreOSCTests' from project 'CoreOSC')
    cd /Users/admin/builder/spi-builder-workspace/.swiftpm/xcode

SwiftCompile normal armv7k /Users/admin/builder/spi-builder-workspace/Tests/CoreOSCTests/OSCFilterAddressTests.swift (in target 'CoreOSCTests' from project 'CoreOSC')
    cd /Users/admin/builder/spi-builder-workspace/.swiftpm/xcode

Copy /Users/admin/builder/spi-builder-workspace/.derivedData/Build/Products/Debug-watchos/CoreOSCTests.swiftmodule/arm64_32-apple-watchos.abi.json /Users/admin/builder/spi-builder-workspace/.derivedData/Build/Intermediates.noindex/CoreOSC.build/Debug-watchos/CoreOSCTests.build/Objects-normal/arm64_32/CoreOSCTests.abi.json (in target 'CoreOSCTests' from project 'CoreOSC')
    cd /Users/admin/builder/spi-builder-workspace
    builtin-copy -exclude .DS_Store -exclude CVS -exclude .svn -exclude .git -exclude .hg -resolve-src-symlinks -rename /Users/admin/builder/spi-builder-workspace/.derivedData/Build/Intermediates.noindex/CoreOSC.build/Debug-watchos/CoreOSCTests.build/Objects-normal/arm64_32/CoreOSCTests.abi.json /Users/admin/builder/spi-builder-workspace/.derivedData/Build/Products/Debug-watchos/CoreOSCTests.swiftmodule/arm64_32-apple-watchos.abi.json
SwiftDriverJobDiscovery normal arm64_32 Compiling OSCFilterAddressStoreTests.swift, OSCFilterAddressTests.swift (in target 'CoreOSCTests' from project 'CoreOSC')
SwiftCompile normal arm64_32 Compiling\ OSCCodableTests.swift,\ OSCDispatchPolicyTests.swift /Users/admin/builder/spi-builder-workspace/Tests/CoreOSCTests/OSCCodableTests.swift /Users/admin/builder/spi-builder-workspace/Tests/CoreOSCTests/OSCDispatchPolicyTests.swift (in target 'CoreOSCTests' from project 'CoreOSC')
SwiftCompile normal arm64_32 /Users/admin/builder/spi-builder-workspace/Tests/CoreOSCTests/OSCCodableTests.swift (in target 'CoreOSCTests' from project 'CoreOSC')
    cd /Users/admin/builder/spi-builder-workspace/.swiftpm/xcode

SwiftCompile normal arm64_32 /Users/admin/builder/spi-builder-workspace/Tests/CoreOSCTests/OSCDispatchPolicyTests.swift (in target 'CoreOSCTests' from project 'CoreOSC')
    cd /Users/admin/builder/spi-builder-workspace/.swiftpm/xcode

SwiftCompile normal armv7k Compiling\ OSCMatchRobustnessTests.swift,\ OSCMatchTests.swift /Users/admin/builder/spi-builder-workspace/Tests/CoreOSCTests/OSCMatchRobustnessTests.swift /Users/admin/builder/spi-builder-workspace/Tests/CoreOSCTests/OSCMatchTests.swift (in target 'CoreOSCTests' from project 'CoreOSC')
SwiftDriverJobDiscovery normal armv7k Compiling OSCMessageTests.swift, OSCMethodTests.swift (in target 'CoreOSCTests' from project 'CoreOSC')
SwiftCompile normal armv7k Compiling\ OSCAnnotationTests.swift,\ OSCArgumentEncodingTests.swift,\ OSCBundleTests.swift /Users/admin/builder/spi-builder-workspace/Tests/CoreOSCTests/OSCAnnotationTests.swift /Users/admin/builder/spi-builder-workspace/Tests/CoreOSCTests/OSCArgumentEncodingTests.swift /Users/admin/builder/spi-builder-workspace/Tests/CoreOSCTests/OSCBundleTests.swift (in target 'CoreOSCTests' from project 'CoreOSC')
Command SwiftCompile failed with a nonzero exit code
** BUILD FAILED **
The following build commands failed:
	SwiftCompile normal arm64_32 /Users/admin/builder/spi-builder-workspace/Tests/CoreOSCTests/OSCArgumentEncodingTests.swift (in target 'CoreOSCTests' from project 'CoreOSC')
	SwiftCompile normal arm64_32 Compiling\ OSCAnnotationTests.swift,\ OSCArgumentEncodingTests.swift,\ OSCBundleTests.swift /Users/admin/builder/spi-builder-workspace/Tests/CoreOSCTests/OSCAnnotationTests.swift /Users/admin/builder/spi-builder-workspace/Tests/CoreOSCTests/OSCArgumentEncodingTests.swift /Users/admin/builder/spi-builder-workspace/Tests/CoreOSCTests/OSCBundleTests.swift (in target 'CoreOSCTests' from project 'CoreOSC')
	SwiftCompile normal armv7k Compiling\ OSCAnnotationTests.swift,\ OSCArgumentEncodingTests.swift,\ OSCBundleTests.swift /Users/admin/builder/spi-builder-workspace/Tests/CoreOSCTests/OSCAnnotationTests.swift /Users/admin/builder/spi-builder-workspace/Tests/CoreOSCTests/OSCArgumentEncodingTests.swift /Users/admin/builder/spi-builder-workspace/Tests/CoreOSCTests/OSCBundleTests.swift (in target 'CoreOSCTests' from project 'CoreOSC')
	Building workspace spi-builder-workspace with scheme CoreOSC
(4 failures)
BUILD FAILURE 6.1 watchOS