Build Information
Failed to build JomloCollectionView, reference main (b3662c), with Swift 6.1 for watchOS using Xcode 16.3 on 29 Jun 2026 10:16:09 UTC.
Build Command
env DEVELOPER_DIR=/Applications/Xcode-16.3.0.app xcrun xcodebuild -IDEClonedSourcePackagesDirPathOverride=$PWD/.dependencies -skipMacroValidation -skipPackagePluginValidation -derivedDataPath $PWD/.derivedData build -scheme JomloCollectionView -destination generic/platform=watchOSBuild Log
========================================
RunAll
========================================
Builder version: undefined version: run 'make version' to update
Interrupt handler set up.
========================================
Checkout
========================================
Clone URL: https://github.com/ondeinference/JomloCollectionView.git
Reference: main
Initialized empty Git repository in /Users/admin/builder/spi-builder-workspace/.git/
From https://github.com/ondeinference/JomloCollectionView
* branch main -> FETCH_HEAD
* [new branch] main -> origin/main
HEAD is now at b3662c7 Fix CI example simulator destinations
Cloned https://github.com/ondeinference/JomloCollectionView.git
Revision (git rev-parse @):
b3662c776dc92aa48bdac2886ac3cfe924a8ffaf
SUCCESS checkout https://github.com/ondeinference/JomloCollectionView.git at main
========================================
Build
========================================
Selected platform: watchOS
Swift version: 6.1
Building package at path: $PWD
https://github.com/ondeinference/JomloCollectionView.git
https://github.com/ondeinference/JomloCollectionView.git
{
"dependencies" : [
],
"manifest_display_name" : "JomloCollectionView",
"name" : "JomloCollectionView",
"path" : "/Users/admin/builder/spi-builder-workspace",
"platforms" : [
{
"name" : "ios",
"version" : "17.0"
},
{
"name" : "tvos",
"version" : "17.0"
}
],
"products" : [
{
"name" : "JomloCollectionView",
"targets" : [
"JomloCollectionView"
],
"type" : {
"library" : [
"automatic"
]
}
}
],
"targets" : [
{
"c99name" : "JomloCollectionViewTests",
"module_type" : "SwiftTarget",
"name" : "JomloCollectionViewTests",
"path" : "Tests/JomloCollectionViewTests",
"sources" : [
"JomloCollectionViewTests.swift"
],
"target_dependencies" : [
"JomloCollectionView"
],
"type" : "test"
},
{
"c99name" : "JomloCollectionView",
"module_type" : "SwiftTarget",
"name" : "JomloCollectionView",
"path" : "Sources/JomloCollectionView",
"product_memberships" : [
"JomloCollectionView"
],
"sources" : [
"Animation/JomloAnimator.swift",
"Helpers/JomloSectionHeaderView.swift",
"Helpers/UICollectionView+JomloRegistration.swift",
"JomloCollectionView.swift",
"Layout/JomloLayoutFactory.swift",
"Section/JomloItem.swift",
"Section/JomloSection.swift",
"Section/JomloSelfConfiguringCell.swift",
"ViewController/JomloCollectionViewController.swift"
],
"type" : "library"
}
],
"tools_version" : "6.0"
}
Command line invocation:
/Applications/Xcode-16.3.0.app/Contents/Developer/usr/bin/xcodebuild -IDEClonedSourcePackagesDirPathOverride=/Users/admin/builder/spi-builder-workspace/.dependencies -resolvePackageDependencies
Resolve Package Graph
Resolve Package Graph
Resolved source packages:
JomloCollectionView: /Users/admin/builder/spi-builder-workspace
resolved source packages: JomloCollectionView
{
"dependencies" : [
],
"manifest_display_name" : "JomloCollectionView",
"name" : "JomloCollectionView",
"path" : "/Users/admin/builder/spi-builder-workspace",
"platforms" : [
{
"name" : "ios",
"version" : "17.0"
},
{
"name" : "tvos",
"version" : "17.0"
}
],
"products" : [
{
"name" : "JomloCollectionView",
"targets" : [
"JomloCollectionView"
],
"type" : {
"library" : [
"automatic"
]
}
}
],
"targets" : [
{
"c99name" : "JomloCollectionViewTests",
"module_type" : "SwiftTarget",
"name" : "JomloCollectionViewTests",
"path" : "Tests/JomloCollectionViewTests",
"sources" : [
"JomloCollectionViewTests.swift"
],
"target_dependencies" : [
"JomloCollectionView"
],
"type" : "test"
},
{
"c99name" : "JomloCollectionView",
"module_type" : "SwiftTarget",
"name" : "JomloCollectionView",
"path" : "Sources/JomloCollectionView",
"product_memberships" : [
"JomloCollectionView"
],
"sources" : [
"Animation/JomloAnimator.swift",
"Helpers/JomloSectionHeaderView.swift",
"Helpers/UICollectionView+JomloRegistration.swift",
"JomloCollectionView.swift",
"Layout/JomloLayoutFactory.swift",
"Section/JomloItem.swift",
"Section/JomloSection.swift",
"Section/JomloSelfConfiguringCell.swift",
"ViewController/JomloCollectionViewController.swift"
],
"type" : "library"
}
],
"tools_version" : "6.0"
}
{
"workspace" : {
"name" : "spi-builder-workspace",
"schemes" : [
"JomloCollectionView"
]
}
}
Running build ...
env DEVELOPER_DIR=/Applications/Xcode-16.3.0.app xcrun xcodebuild -IDEClonedSourcePackagesDirPathOverride=$PWD/.dependencies -skipMacroValidation -skipPackagePluginValidation -derivedDataPath $PWD/.derivedData build -scheme JomloCollectionView -destination generic/platform=watchOS OTHER_SWIFT_FLAGS=-stats-output-dir .stats
Command line invocation:
/Applications/Xcode-16.3.0.app/Contents/Developer/usr/bin/xcodebuild -IDEClonedSourcePackagesDirPathOverride=/Users/admin/builder/spi-builder-workspace/.dependencies -skipMacroValidation -skipPackagePluginValidation -derivedDataPath /Users/admin/builder/spi-builder-workspace/.derivedData build -scheme JomloCollectionView -destination generic/platform=watchOS "OTHER_SWIFT_FLAGS=-stats-output-dir .stats"
Build settings from command line:
OTHER_SWIFT_FLAGS = -stats-output-dir .stats
Resolve Package Graph
Resolved source packages:
JomloCollectionView: /Users/admin/builder/spi-builder-workspace
ComputePackagePrebuildTargetDependencyGraph
Prepare packages
CreateBuildRequest
SendProjectDescription
CreateBuildOperation
ComputeTargetDependencyGraph
note: Building targets in dependency order
note: Target dependency graph (2 targets)
Target 'JomloCollectionView' in project 'JomloCollectionView'
➜ Explicit dependency on target 'JomloCollectionView' in project 'JomloCollectionView'
Target 'JomloCollectionView' in project 'JomloCollectionView' (no dependencies)
GatherProvisioningInputs
CreateBuildDescription
ExecuteExternalTool /Applications/Xcode-16.3.0.app/Contents/Developer/Toolchains/XcodeDefault.xctoolchain/usr/bin/clang -v -E -dM -isysroot /Applications/Xcode-16.3.0.app/Contents/Developer/Platforms/WatchOS.platform/Developer/SDKs/WatchOS11.4.sdk -x c -c /dev/null
ExecuteExternalTool /Applications/Xcode-16.3.0.app/Contents/Developer/Toolchains/XcodeDefault.xctoolchain/usr/bin/swiftc --version
ExecuteExternalTool /Applications/Xcode-16.3.0.app/Contents/Developer/Toolchains/XcodeDefault.xctoolchain/usr/bin/ld -version_details
Build description signature: 97a2516d72d773cc4edc96b285479546
Build description path: /Users/admin/builder/spi-builder-workspace/.derivedData/Build/Intermediates.noindex/XCBuildData/97a2516d72d773cc4edc96b285479546.xcbuilddata
CreateBuildDirectory /Users/admin/builder/spi-builder-workspace/.derivedData/Build/Intermediates.noindex
cd /Users/admin/builder/spi-builder-workspace/.swiftpm/xcode
builtin-create-build-directory /Users/admin/builder/spi-builder-workspace/.derivedData/Build/Intermediates.noindex
CreateBuildDirectory /Users/admin/builder/spi-builder-workspace/.derivedData/Build/Products
cd /Users/admin/builder/spi-builder-workspace/.swiftpm/xcode
builtin-create-build-directory /Users/admin/builder/spi-builder-workspace/.derivedData/Build/Products
ClangStatCache /Applications/Xcode-16.3.0.app/Contents/Developer/Toolchains/XcodeDefault.xctoolchain/usr/bin/clang-stat-cache /Applications/Xcode-16.3.0.app/Contents/Developer/Platforms/WatchOS.platform/Developer/SDKs/WatchOS11.4.sdk /Users/admin/builder/spi-builder-workspace/.derivedData/SDKStatCaches.noindex/watchos11.4-22T246-43efb940ff07ba2497b70ec94253f576.sdkstatcache
cd /Users/admin/builder/spi-builder-workspace/.swiftpm/xcode
/Applications/Xcode-16.3.0.app/Contents/Developer/Toolchains/XcodeDefault.xctoolchain/usr/bin/clang-stat-cache /Applications/Xcode-16.3.0.app/Contents/Developer/Platforms/WatchOS.platform/Developer/SDKs/WatchOS11.4.sdk -o /Users/admin/builder/spi-builder-workspace/.derivedData/SDKStatCaches.noindex/watchos11.4-22T246-43efb940ff07ba2497b70ec94253f576.sdkstatcache
CreateBuildDirectory /Users/admin/builder/spi-builder-workspace/.derivedData/Build/Intermediates.noindex/EagerLinkingTBDs/Debug-watchos
cd /Users/admin/builder/spi-builder-workspace/.swiftpm/xcode
builtin-create-build-directory /Users/admin/builder/spi-builder-workspace/.derivedData/Build/Intermediates.noindex/EagerLinkingTBDs/Debug-watchos
CreateBuildDirectory /Users/admin/builder/spi-builder-workspace/.derivedData/Build/Products/Debug-watchos
cd /Users/admin/builder/spi-builder-workspace/.swiftpm/xcode
builtin-create-build-directory /Users/admin/builder/spi-builder-workspace/.derivedData/Build/Products/Debug-watchos
CreateBuildDirectory /Users/admin/builder/spi-builder-workspace/.derivedData/Build/Products/Debug-watchos/PackageFrameworks
cd /Users/admin/builder/spi-builder-workspace/.swiftpm/xcode
builtin-create-build-directory /Users/admin/builder/spi-builder-workspace/.derivedData/Build/Products/Debug-watchos/PackageFrameworks
WriteAuxiliaryFile /Users/admin/builder/spi-builder-workspace/.derivedData/Build/Intermediates.noindex/JomloCollectionView.build/Debug-watchos/JomloCollectionView.build/JomloCollectionView.modulemap (in target 'JomloCollectionView' from project 'JomloCollectionView')
cd /Users/admin/builder/spi-builder-workspace
write-file /Users/admin/builder/spi-builder-workspace/.derivedData/Build/Intermediates.noindex/JomloCollectionView.build/Debug-watchos/JomloCollectionView.build/JomloCollectionView.modulemap
WriteAuxiliaryFile /Users/admin/builder/spi-builder-workspace/.derivedData/Build/Intermediates.noindex/JomloCollectionView.build/Debug-watchos/JomloCollectionView.build/Objects-normal/arm64_32/JomloCollectionView.SwiftFileList (in target 'JomloCollectionView' from project 'JomloCollectionView')
cd /Users/admin/builder/spi-builder-workspace
write-file /Users/admin/builder/spi-builder-workspace/.derivedData/Build/Intermediates.noindex/JomloCollectionView.build/Debug-watchos/JomloCollectionView.build/Objects-normal/arm64_32/JomloCollectionView.SwiftFileList
WriteAuxiliaryFile /Users/admin/builder/spi-builder-workspace/.derivedData/Build/Intermediates.noindex/JomloCollectionView.build/Debug-watchos/JomloCollectionView.build/Objects-normal/arm64_32/JomloCollectionView.LinkFileList (in target 'JomloCollectionView' from project 'JomloCollectionView')
cd /Users/admin/builder/spi-builder-workspace
write-file /Users/admin/builder/spi-builder-workspace/.derivedData/Build/Intermediates.noindex/JomloCollectionView.build/Debug-watchos/JomloCollectionView.build/Objects-normal/arm64_32/JomloCollectionView.LinkFileList
WriteAuxiliaryFile /Users/admin/builder/spi-builder-workspace/.derivedData/Build/Intermediates.noindex/JomloCollectionView.build/Debug-watchos/JomloCollectionView.build/Objects-normal/arm64_32/JomloCollectionView_const_extract_protocols.json (in target 'JomloCollectionView' from project 'JomloCollectionView')
cd /Users/admin/builder/spi-builder-workspace
write-file /Users/admin/builder/spi-builder-workspace/.derivedData/Build/Intermediates.noindex/JomloCollectionView.build/Debug-watchos/JomloCollectionView.build/Objects-normal/arm64_32/JomloCollectionView_const_extract_protocols.json
WriteAuxiliaryFile /Users/admin/builder/spi-builder-workspace/.derivedData/Build/Intermediates.noindex/JomloCollectionView.build/Debug-watchos/JomloCollectionView.build/Objects-normal/arm64_32/JomloCollectionView-OutputFileMap.json (in target 'JomloCollectionView' from project 'JomloCollectionView')
cd /Users/admin/builder/spi-builder-workspace
write-file /Users/admin/builder/spi-builder-workspace/.derivedData/Build/Intermediates.noindex/JomloCollectionView.build/Debug-watchos/JomloCollectionView.build/Objects-normal/arm64_32/JomloCollectionView-OutputFileMap.json
WriteAuxiliaryFile /Users/admin/builder/spi-builder-workspace/.derivedData/Build/Intermediates.noindex/JomloCollectionView.build/Debug-watchos/JomloCollectionView.build/Objects-normal/arm64_32/JomloCollectionView.SwiftConstValuesFileList (in target 'JomloCollectionView' from project 'JomloCollectionView')
cd /Users/admin/builder/spi-builder-workspace
write-file /Users/admin/builder/spi-builder-workspace/.derivedData/Build/Intermediates.noindex/JomloCollectionView.build/Debug-watchos/JomloCollectionView.build/Objects-normal/arm64_32/JomloCollectionView.SwiftConstValuesFileList
WriteAuxiliaryFile /Users/admin/builder/spi-builder-workspace/.derivedData/Build/Intermediates.noindex/JomloCollectionView.build/Debug-watchos/JomloCollectionView.build/Objects-normal/arm64/JomloCollectionView-OutputFileMap.json (in target 'JomloCollectionView' from project 'JomloCollectionView')
cd /Users/admin/builder/spi-builder-workspace
write-file /Users/admin/builder/spi-builder-workspace/.derivedData/Build/Intermediates.noindex/JomloCollectionView.build/Debug-watchos/JomloCollectionView.build/Objects-normal/arm64/JomloCollectionView-OutputFileMap.json
WriteAuxiliaryFile /Users/admin/builder/spi-builder-workspace/.derivedData/Build/Intermediates.noindex/JomloCollectionView.build/Debug-watchos/JomloCollectionView.build/Objects-normal/arm64/JomloCollectionView.SwiftFileList (in target 'JomloCollectionView' from project 'JomloCollectionView')
cd /Users/admin/builder/spi-builder-workspace
write-file /Users/admin/builder/spi-builder-workspace/.derivedData/Build/Intermediates.noindex/JomloCollectionView.build/Debug-watchos/JomloCollectionView.build/Objects-normal/arm64/JomloCollectionView.SwiftFileList
WriteAuxiliaryFile /Users/admin/builder/spi-builder-workspace/.derivedData/Build/Intermediates.noindex/JomloCollectionView.build/Debug-watchos/JomloCollectionView.build/Objects-normal/arm64/JomloCollectionView_const_extract_protocols.json (in target 'JomloCollectionView' from project 'JomloCollectionView')
cd /Users/admin/builder/spi-builder-workspace
write-file /Users/admin/builder/spi-builder-workspace/.derivedData/Build/Intermediates.noindex/JomloCollectionView.build/Debug-watchos/JomloCollectionView.build/Objects-normal/arm64/JomloCollectionView_const_extract_protocols.json
WriteAuxiliaryFile /Users/admin/builder/spi-builder-workspace/.derivedData/Build/Intermediates.noindex/JomloCollectionView.build/Debug-watchos/JomloCollectionView.build/Objects-normal/arm64/JomloCollectionView.SwiftConstValuesFileList (in target 'JomloCollectionView' from project 'JomloCollectionView')
cd /Users/admin/builder/spi-builder-workspace
write-file /Users/admin/builder/spi-builder-workspace/.derivedData/Build/Intermediates.noindex/JomloCollectionView.build/Debug-watchos/JomloCollectionView.build/Objects-normal/arm64/JomloCollectionView.SwiftConstValuesFileList
WriteAuxiliaryFile /Users/admin/builder/spi-builder-workspace/.derivedData/Build/Intermediates.noindex/JomloCollectionView.build/Debug-watchos/JomloCollectionView.build/Objects-normal/arm64/JomloCollectionView.LinkFileList (in target 'JomloCollectionView' from project 'JomloCollectionView')
cd /Users/admin/builder/spi-builder-workspace
write-file /Users/admin/builder/spi-builder-workspace/.derivedData/Build/Intermediates.noindex/JomloCollectionView.build/Debug-watchos/JomloCollectionView.build/Objects-normal/arm64/JomloCollectionView.LinkFileList
WriteAuxiliaryFile /Users/admin/builder/spi-builder-workspace/.derivedData/Build/Intermediates.noindex/JomloCollectionView.build/Debug-watchos/JomloCollectionView.build/JomloCollectionView.DependencyStaticMetadataFileList (in target 'JomloCollectionView' from project 'JomloCollectionView')
cd /Users/admin/builder/spi-builder-workspace
write-file /Users/admin/builder/spi-builder-workspace/.derivedData/Build/Intermediates.noindex/JomloCollectionView.build/Debug-watchos/JomloCollectionView.build/JomloCollectionView.DependencyStaticMetadataFileList
WriteAuxiliaryFile /Users/admin/builder/spi-builder-workspace/.derivedData/Build/Intermediates.noindex/JomloCollectionView.build/Debug-watchos/JomloCollectionView.build/JomloCollectionView.DependencyMetadataFileList (in target 'JomloCollectionView' from project 'JomloCollectionView')
cd /Users/admin/builder/spi-builder-workspace
write-file /Users/admin/builder/spi-builder-workspace/.derivedData/Build/Intermediates.noindex/JomloCollectionView.build/Debug-watchos/JomloCollectionView.build/JomloCollectionView.DependencyMetadataFileList
Copy /Users/admin/builder/spi-builder-workspace/.derivedData/Build/Intermediates.noindex/GeneratedModuleMaps-watchos/JomloCollectionView.modulemap /Users/admin/builder/spi-builder-workspace/.derivedData/Build/Intermediates.noindex/JomloCollectionView.build/Debug-watchos/JomloCollectionView.build/JomloCollectionView.modulemap (in target 'JomloCollectionView' from project 'JomloCollectionView')
cd /Users/admin/builder/spi-builder-workspace
builtin-copy -exclude .DS_Store -exclude CVS -exclude .svn -exclude .git -exclude .hg -resolve-src-symlinks /Users/admin/builder/spi-builder-workspace/.derivedData/Build/Intermediates.noindex/JomloCollectionView.build/Debug-watchos/JomloCollectionView.build/JomloCollectionView.modulemap /Users/admin/builder/spi-builder-workspace/.derivedData/Build/Intermediates.noindex/GeneratedModuleMaps-watchos
SwiftDriver JomloCollectionView normal arm64_32 com.apple.xcode.tools.swift.compiler (in target 'JomloCollectionView' from project 'JomloCollectionView')
cd /Users/admin/builder/spi-builder-workspace/.swiftpm/xcode
builtin-SwiftDriver -- /Applications/Xcode-16.3.0.app/Contents/Developer/Toolchains/XcodeDefault.xctoolchain/usr/bin/swiftc -module-name JomloCollectionView -Onone -enforce-exclusivity\=checked @/Users/admin/builder/spi-builder-workspace/.derivedData/Build/Intermediates.noindex/JomloCollectionView.build/Debug-watchos/JomloCollectionView.build/Objects-normal/arm64_32/JomloCollectionView.SwiftFileList -DSWIFT_PACKAGE -DDEBUG -stats-output-dir .stats -plugin-path /Applications/Xcode-16.3.0.app/Contents/Developer/Toolchains/XcodeDefault.xctoolchain/usr/lib/swift/host/plugins/testing -enable-experimental-feature DebugDescriptionMacro -sdk /Applications/Xcode-16.3.0.app/Contents/Developer/Platforms/WatchOS.platform/Developer/SDKs/WatchOS11.4.sdk -target arm64_32-apple-watchos10.0 -g -module-cache-path /Users/admin/builder/spi-builder-workspace/.derivedData/ModuleCache.noindex -Xfrontend -serialize-debugging-options -profile-coverage-mapping -profile-generate -enable-testing -index-store-path /Users/admin/builder/spi-builder-workspace/.derivedData/Index.noindex/DataStore -swift-version 6 -I /Users/admin/builder/spi-builder-workspace/.derivedData/Build/Products/Debug-watchos -I /Applications/Xcode-16.3.0.app/Contents/Developer/Platforms/WatchOS.platform/Developer/usr/lib -F /Users/admin/builder/spi-builder-workspace/.derivedData/Build/Products/Debug-watchos -F /Applications/Xcode-16.3.0.app/Contents/Developer/Platforms/WatchOS.platform/Developer/Library/Frameworks -F /Applications/Xcode-16.3.0.app/Contents/Developer/Platforms/WatchOS.platform/Developer/SDKs/WatchOS11.4.sdk/Developer/Library/Frameworks -c -j10 -enable-batch-mode -incremental -Xcc -ivfsstatcache -Xcc /Users/admin/builder/spi-builder-workspace/.derivedData/SDKStatCaches.noindex/watchos11.4-22T246-43efb940ff07ba2497b70ec94253f576.sdkstatcache -output-file-map /Users/admin/builder/spi-builder-workspace/.derivedData/Build/Intermediates.noindex/JomloCollectionView.build/Debug-watchos/JomloCollectionView.build/Objects-normal/arm64_32/JomloCollectionView-OutputFileMap.json -use-frontend-parseable-output -save-temps -no-color-diagnostics -serialize-diagnostics -emit-dependencies -emit-module -emit-module-path /Users/admin/builder/spi-builder-workspace/.derivedData/Build/Intermediates.noindex/JomloCollectionView.build/Debug-watchos/JomloCollectionView.build/Objects-normal/arm64_32/JomloCollectionView.swiftmodule -validate-clang-modules-once -clang-build-session-file /Users/admin/builder/spi-builder-workspace/.derivedData/ModuleCache.noindex/Session.modulevalidation -package-name spi_builder_workspace -Xcc -I/Users/admin/builder/spi-builder-workspace/.derivedData/Build/Intermediates.noindex/JomloCollectionView.build/Debug-watchos/JomloCollectionView.build/swift-overrides.hmap -emit-const-values -Xfrontend -const-gather-protocols-file -Xfrontend /Users/admin/builder/spi-builder-workspace/.derivedData/Build/Intermediates.noindex/JomloCollectionView.build/Debug-watchos/JomloCollectionView.build/Objects-normal/arm64_32/JomloCollectionView_const_extract_protocols.json -Xcc -I/Users/admin/builder/spi-builder-workspace/.derivedData/Build/Products/Debug-watchos/include -Xcc -I/Users/admin/builder/spi-builder-workspace/.derivedData/Build/Intermediates.noindex/JomloCollectionView.build/Debug-watchos/JomloCollectionView.build/DerivedSources-normal/arm64_32 -Xcc -I/Users/admin/builder/spi-builder-workspace/.derivedData/Build/Intermediates.noindex/JomloCollectionView.build/Debug-watchos/JomloCollectionView.build/DerivedSources/arm64_32 -Xcc -I/Users/admin/builder/spi-builder-workspace/.derivedData/Build/Intermediates.noindex/JomloCollectionView.build/Debug-watchos/JomloCollectionView.build/DerivedSources -Xcc -DSWIFT_PACKAGE -Xcc -DDEBUG\=1 -emit-objc-header -emit-objc-header-path /Users/admin/builder/spi-builder-workspace/.derivedData/Build/Intermediates.noindex/JomloCollectionView.build/Debug-watchos/JomloCollectionView.build/Objects-normal/arm64_32/JomloCollectionView-Swift.h -working-directory /Users/admin/builder/spi-builder-workspace/.swiftpm/xcode -experimental-emit-module-separately -disable-cmo
SwiftDriver JomloCollectionView normal arm64 com.apple.xcode.tools.swift.compiler (in target 'JomloCollectionView' from project 'JomloCollectionView')
cd /Users/admin/builder/spi-builder-workspace/.swiftpm/xcode
builtin-SwiftDriver -- /Applications/Xcode-16.3.0.app/Contents/Developer/Toolchains/XcodeDefault.xctoolchain/usr/bin/swiftc -module-name JomloCollectionView -Onone -enforce-exclusivity\=checked @/Users/admin/builder/spi-builder-workspace/.derivedData/Build/Intermediates.noindex/JomloCollectionView.build/Debug-watchos/JomloCollectionView.build/Objects-normal/arm64/JomloCollectionView.SwiftFileList -DSWIFT_PACKAGE -DDEBUG -stats-output-dir .stats -plugin-path /Applications/Xcode-16.3.0.app/Contents/Developer/Toolchains/XcodeDefault.xctoolchain/usr/lib/swift/host/plugins/testing -enable-experimental-feature DebugDescriptionMacro -sdk /Applications/Xcode-16.3.0.app/Contents/Developer/Platforms/WatchOS.platform/Developer/SDKs/WatchOS11.4.sdk -target arm64-apple-watchos10.0 -g -module-cache-path /Users/admin/builder/spi-builder-workspace/.derivedData/ModuleCache.noindex -Xfrontend -serialize-debugging-options -profile-coverage-mapping -profile-generate -enable-testing -index-store-path /Users/admin/builder/spi-builder-workspace/.derivedData/Index.noindex/DataStore -swift-version 6 -I /Users/admin/builder/spi-builder-workspace/.derivedData/Build/Products/Debug-watchos -I /Applications/Xcode-16.3.0.app/Contents/Developer/Platforms/WatchOS.platform/Developer/usr/lib -F /Users/admin/builder/spi-builder-workspace/.derivedData/Build/Products/Debug-watchos -F /Applications/Xcode-16.3.0.app/Contents/Developer/Platforms/WatchOS.platform/Developer/Library/Frameworks -F /Applications/Xcode-16.3.0.app/Contents/Developer/Platforms/WatchOS.platform/Developer/SDKs/WatchOS11.4.sdk/Developer/Library/Frameworks -c -j10 -enable-batch-mode -incremental -Xcc -ivfsstatcache -Xcc /Users/admin/builder/spi-builder-workspace/.derivedData/SDKStatCaches.noindex/watchos11.4-22T246-43efb940ff07ba2497b70ec94253f576.sdkstatcache -output-file-map /Users/admin/builder/spi-builder-workspace/.derivedData/Build/Intermediates.noindex/JomloCollectionView.build/Debug-watchos/JomloCollectionView.build/Objects-normal/arm64/JomloCollectionView-OutputFileMap.json -use-frontend-parseable-output -save-temps -no-color-diagnostics -serialize-diagnostics -emit-dependencies -emit-module -emit-module-path /Users/admin/builder/spi-builder-workspace/.derivedData/Build/Intermediates.noindex/JomloCollectionView.build/Debug-watchos/JomloCollectionView.build/Objects-normal/arm64/JomloCollectionView.swiftmodule -validate-clang-modules-once -clang-build-session-file /Users/admin/builder/spi-builder-workspace/.derivedData/ModuleCache.noindex/Session.modulevalidation -package-name spi_builder_workspace -Xcc -I/Users/admin/builder/spi-builder-workspace/.derivedData/Build/Intermediates.noindex/JomloCollectionView.build/Debug-watchos/JomloCollectionView.build/swift-overrides.hmap -emit-const-values -Xfrontend -const-gather-protocols-file -Xfrontend /Users/admin/builder/spi-builder-workspace/.derivedData/Build/Intermediates.noindex/JomloCollectionView.build/Debug-watchos/JomloCollectionView.build/Objects-normal/arm64/JomloCollectionView_const_extract_protocols.json -Xcc -I/Users/admin/builder/spi-builder-workspace/.derivedData/Build/Products/Debug-watchos/include -Xcc -I/Users/admin/builder/spi-builder-workspace/.derivedData/Build/Intermediates.noindex/JomloCollectionView.build/Debug-watchos/JomloCollectionView.build/DerivedSources-normal/arm64 -Xcc -I/Users/admin/builder/spi-builder-workspace/.derivedData/Build/Intermediates.noindex/JomloCollectionView.build/Debug-watchos/JomloCollectionView.build/DerivedSources/arm64 -Xcc -I/Users/admin/builder/spi-builder-workspace/.derivedData/Build/Intermediates.noindex/JomloCollectionView.build/Debug-watchos/JomloCollectionView.build/DerivedSources -Xcc -DSWIFT_PACKAGE -Xcc -DDEBUG\=1 -emit-objc-header -emit-objc-header-path /Users/admin/builder/spi-builder-workspace/.derivedData/Build/Intermediates.noindex/JomloCollectionView.build/Debug-watchos/JomloCollectionView.build/Objects-normal/arm64/JomloCollectionView-Swift.h -working-directory /Users/admin/builder/spi-builder-workspace/.swiftpm/xcode -experimental-emit-module-separately -disable-cmo
SwiftEmitModule normal arm64_32 Emitting\ module\ for\ JomloCollectionView (in target 'JomloCollectionView' from project 'JomloCollectionView')
EmitSwiftModule normal arm64_32 (in target 'JomloCollectionView' from project 'JomloCollectionView')
cd /Users/admin/builder/spi-builder-workspace/.swiftpm/xcode
/Users/admin/builder/spi-builder-workspace/Sources/JomloCollectionView/Animation/JomloAnimator.swift:24:75: error: cannot find type 'UICollectionView' in scope
public typealias Animation = @MainActor @Sendable (UIView, IndexPath, UICollectionView) -> Void
^~~~~~~~~~~~~~~~
/Users/admin/builder/spi-builder-workspace/Sources/JomloCollectionView/Animation/JomloAnimator.swift:32:28: error: @escaping attribute only applies to function types
public init(animation: @escaping Animation) {
^~~~~~~~~~
/Users/admin/builder/spi-builder-workspace/Sources/JomloCollectionView/Animation/JomloAnimator.swift:39:83: error: cannot find type 'UICollectionView' in scope
public func animate(view: UIView, at indexPath: IndexPath, in collectionView: UICollectionView)
^~~~~~~~~~~~~~~~
/Users/admin/builder/spi-builder-workspace/Sources/JomloCollectionView/Animation/JomloAnimator.swift:39:31: error: 'UIView' is unavailable: This Objective-C class has only been forward-declared; import its owning module to use it
public func animate(view: UIView, at indexPath: IndexPath, in collectionView: UICollectionView)
^~~~~~
UIKit.UIView:2:14: note: 'UIView' has been explicitly marked unavailable here
public class UIView {
^
/Users/admin/builder/spi-builder-workspace/Sources/JomloCollectionView/Helpers/JomloSectionHeaderView.swift:28:28: error: cannot find type 'UILabel' in scope
public let titleLabel: UILabel = {
^~~~~~~
/Users/admin/builder/spi-builder-workspace/Sources/JomloCollectionView/Helpers/JomloSectionHeaderView.swift:37:30: error: cannot find type 'UIButton' in scope
public let actionButton: UIButton = {
^~~~~~~~
/Users/admin/builder/spi-builder-workspace/Sources/JomloCollectionView/Helpers/JomloSectionHeaderView.swift:48:21: error: initializer does not override a designated initializer from its superclass
public override init(frame: CGRect) {
~~~~~~~~ ^
/Users/admin/builder/spi-builder-workspace/Sources/JomloCollectionView/Helpers/JomloSectionHeaderView.swift:22:36: error: cannot find type 'UICollectionReusableView' in scope
open class JomloSectionHeaderView: UICollectionReusableView {
^~~~~~~~~~~~~~~~~~~~~~~~
/Users/admin/builder/spi-builder-workspace/Sources/JomloCollectionView/Helpers/UICollectionView+JomloRegistration.swift:11:11: error: cannot find type 'UICollectionView' in scope
extension UICollectionView {
^~~~~~~~~~~~~~~~
/Users/admin/builder/spi-builder-workspace/Sources/JomloCollectionView/Layout/JomloLayoutFactory.swift:31:10: error: cannot find type 'NSCollectionLayoutSection' in scope
) -> NSCollectionLayoutSection {
^~~~~~~~~~~~~~~~~~~~~~~~~
/Users/admin/builder/spi-builder-workspace/Sources/JomloCollectionView/Layout/JomloLayoutFactory.swift:28:17: error: cannot find type 'NSCollectionLayoutDimension' in scope
height: NSCollectionLayoutDimension = .fractionalWidth(0.56),
^~~~~~~~~~~~~~~~~~~~~~~~~~~
/Users/admin/builder/spi-builder-workspace/Sources/JomloCollectionView/Layout/JomloLayoutFactory.swift:71:10: error: cannot find type 'NSCollectionLayoutSection' in scope
) -> NSCollectionLayoutSection {
^~~~~~~~~~~~~~~~~~~~~~~~~
/Users/admin/builder/spi-builder-workspace/Sources/JomloCollectionView/Layout/JomloLayoutFactory.swift:64:20: error: cannot find type 'NSCollectionLayoutDimension' in scope
itemWidth: NSCollectionLayoutDimension = .absolute(140),
^~~~~~~~~~~~~~~~~~~~~~~~~~~
/Users/admin/builder/spi-builder-workspace/Sources/JomloCollectionView/Layout/JomloLayoutFactory.swift:65:21: error: cannot find type 'NSCollectionLayoutDimension' in scope
itemHeight: NSCollectionLayoutDimension = .absolute(200),
^~~~~~~~~~~~~~~~~~~~~~~~~~~
/Users/admin/builder/spi-builder-workspace/Sources/JomloCollectionView/Layout/JomloLayoutFactory.swift:69:25: error: cannot find type 'UICollectionLayoutSectionOrthogonalScrollingBehavior' in scope
scrollBehavior: UICollectionLayoutSectionOrthogonalScrollingBehavior = .continuous,
^~~~~~~~~~~~~~~~~~~~~~~~~~~~~~~~~~~~~~~~~~~~~~~~~~~~
/Users/admin/builder/spi-builder-workspace/Sources/JomloCollectionView/Layout/JomloLayoutFactory.swift:70:23: error: cannot find type 'NSCollectionLayoutDimension' in scope
headerHeight: NSCollectionLayoutDimension? = .estimated(44)
^~~~~~~~~~~~~~~~~~~~~~~~~~~
/Users/admin/builder/spi-builder-workspace/Sources/JomloCollectionView/Layout/JomloLayoutFactory.swift:123:10: error: cannot find type 'NSCollectionLayoutSection' in scope
) -> NSCollectionLayoutSection {
^~~~~~~~~~~~~~~~~~~~~~~~~
/Users/admin/builder/spi-builder-workspace/Sources/JomloCollectionView/Layout/JomloLayoutFactory.swift:118:21: error: cannot find type 'NSCollectionLayoutDimension' in scope
itemHeight: NSCollectionLayoutDimension = .fractionalWidth(0.5),
^~~~~~~~~~~~~~~~~~~~~~~~~~~
/Users/admin/builder/spi-builder-workspace/Sources/JomloCollectionView/Layout/JomloLayoutFactory.swift:122:23: error: cannot find type 'NSCollectionLayoutDimension' in scope
headerHeight: NSCollectionLayoutDimension? = .estimated(44)
^~~~~~~~~~~~~~~~~~~~~~~~~~~
/Users/admin/builder/spi-builder-workspace/Sources/JomloCollectionView/Layout/JomloLayoutFactory.swift:177:10: error: cannot find type 'NSCollectionLayoutSection' in scope
) -> NSCollectionLayoutSection {
^~~~~~~~~~~~~~~~~~~~~~~~~
/Users/admin/builder/spi-builder-workspace/Sources/JomloCollectionView/Layout/JomloLayoutFactory.swift:172:20: error: cannot find type 'NSCollectionLayoutDimension' in scope
rowHeight: NSCollectionLayoutDimension = .estimated(60),
^~~~~~~~~~~~~~~~~~~~~~~~~~~
/Users/admin/builder/spi-builder-workspace/Sources/JomloCollectionView/Layout/JomloLayoutFactory.swift:176:23: error: cannot find type 'NSCollectionLayoutDimension' in scope
headerHeight: NSCollectionLayoutDimension? = .estimated(44)
^~~~~~~~~~~~~~~~~~~~~~~~~~~
/Users/admin/builder/spi-builder-workspace/Sources/JomloCollectionView/Layout/JomloLayoutFactory.swift:222:10: error: cannot find type 'NSCollectionLayoutSection' in scope
) -> NSCollectionLayoutSection {
^~~~~~~~~~~~~~~~~~~~~~~~~
/Users/admin/builder/spi-builder-workspace/Sources/JomloCollectionView/Layout/JomloLayoutFactory.swift:219:17: error: cannot find type 'NSCollectionLayoutDimension' in scope
height: NSCollectionLayoutDimension = .absolute(120),
^~~~~~~~~~~~~~~~~~~~~~~~~~~
/Users/admin/builder/spi-builder-workspace/Sources/JomloCollectionView/Section/JomloSection.swift:54:10: error: cannot find type 'NSCollectionLayoutSection' in scope
) -> NSCollectionLayoutSection
^~~~~~~~~~~~~~~~~~~~~~~~~
/Users/admin/builder/spi-builder-workspace/Sources/JomloCollectionView/Section/JomloSection.swift:52:22: error: cannot find type 'NSCollectionLayoutEnvironment' in scope
environment: NSCollectionLayoutEnvironment,
^~~~~~~~~~~~~~~~~~~~~~~~~~~~~
/Users/admin/builder/spi-builder-workspace/Sources/JomloCollectionView/Section/JomloSection.swift:67:10: error: cannot find type 'UICollectionViewCell' in scope
) -> UICollectionViewCell
^~~~~~~~~~~~~~~~~~~~
/Users/admin/builder/spi-builder-workspace/Sources/JomloCollectionView/Section/JomloSection.swift:65:28: error: cannot find type 'UICollectionView' in scope
in collectionView: UICollectionView,
^~~~~~~~~~~~~~~~
/Users/admin/builder/spi-builder-workspace/Sources/JomloCollectionView/Section/JomloSection.swift:87:10: error: cannot find type 'UICollectionReusableView' in scope
) -> UICollectionReusableView?
^~~~~~~~~~~~~~~~~~~~~~~~
/Users/admin/builder/spi-builder-workspace/Sources/JomloCollectionView/Section/JomloSection.swift:85:28: error: cannot find type 'UICollectionView' in scope
in collectionView: UICollectionView,
^~~~~~~~~~~~~~~~
/Users/admin/builder/spi-builder-workspace/Sources/JomloCollectionView/Section/JomloSection.swift:110:10: error: cannot find type 'UICollectionReusableView' in scope
) -> UICollectionReusableView? {
^~~~~~~~~~~~~~~~~~~~~~~~
/Users/admin/builder/spi-builder-workspace/Sources/JomloCollectionView/Section/JomloSection.swift:108:28: error: cannot find type 'UICollectionView' in scope
in collectionView: UICollectionView,
^~~~~~~~~~~~~~~~
/Users/admin/builder/spi-builder-workspace/Sources/JomloCollectionView/Section/JomloSelfConfiguringCell.swift:16:43: error: cannot find type 'UICollectionViewCell' in scope
public protocol JomloSelfConfiguringCell: UICollectionViewCell {
^~~~~~~~~~~~~~~~~~~~
/Users/admin/builder/spi-builder-workspace/Sources/JomloCollectionView/ViewController/JomloCollectionViewController.swift:33:50: error: cannot find type 'UICollectionView' in scope
public private(set) lazy var collectionView: UICollectionView = {
^~~~~~~~~~~~~~~~
/Users/admin/builder/spi-builder-workspace/Sources/JomloCollectionView/ViewController/JomloCollectionViewController.swift:53:29: error: cannot find type 'UICollectionViewDiffableDataSource' in scope
private var dataSource: UICollectionViewDiffableDataSource<JomloSectionID, AnyJomloItem>!
^~~~~~~~~~~~~~~~~~~~~~~~~~~~~~~~~~
/Users/admin/builder/spi-builder-workspace/Sources/JomloCollectionView/ViewController/JomloCollectionViewController.swift:72:24: error: method does not override any method from its superclass
open override func viewDidLoad() {
~~~~~~~~ ^
/Users/admin/builder/spi-builder-workspace/Sources/JomloCollectionView/ViewController/JomloCollectionViewController.swift:131:34: error: cannot find type 'UICollectionViewCompositionalLayout' in scope
private func makeLayout() -> UICollectionViewCompositionalLayout {
^~~~~~~~~~~~~~~~~~~~~~~~~~~~~~~~~~~
/Users/admin/builder/spi-builder-workspace/Sources/JomloCollectionView/ViewController/JomloCollectionViewController.swift:143:53: error: cannot find type 'NSCollectionLayoutSection' in scope
private static func makeEmptyLayoutSection() -> NSCollectionLayoutSection {
^~~~~~~~~~~~~~~~~~~~~~~~~
/Users/admin/builder/spi-builder-workspace/Sources/JomloCollectionView/ViewController/JomloCollectionViewController.swift:28:43: error: cannot find type 'UIViewController' in scope
open class JomloCollectionViewController: UIViewController {
^~~~~~~~~~~~~~~~
/Users/admin/builder/spi-builder-workspace/Sources/JomloCollectionView/ViewController/JomloCollectionViewController.swift:205:42: error: cannot find type 'UICollectionViewDelegate' in scope
extension JomloCollectionViewController: UICollectionViewDelegate {
^~~~~~~~~~~~~~~~~~~~~~~~
/Users/admin/builder/spi-builder-workspace/Sources/JomloCollectionView/ViewController/JomloCollectionViewController.swift:208:27: error: cannot find type 'UICollectionView' in scope
_ collectionView: UICollectionView,
^~~~~~~~~~~~~~~~
/Users/admin/builder/spi-builder-workspace/Sources/JomloCollectionView/ViewController/JomloCollectionViewController.swift:207:5: warning: non-'@objc' instance method in extensions cannot be overridden; use 'public' instead
open func collectionView(
^~~~
public
/Users/admin/builder/spi-builder-workspace/Sources/JomloCollectionView/ViewController/JomloCollectionViewController.swift:219:27: error: cannot find type 'UICollectionView' in scope
_ collectionView: UICollectionView,
^~~~~~~~~~~~~~~~
/Users/admin/builder/spi-builder-workspace/Sources/JomloCollectionView/ViewController/JomloCollectionViewController.swift:220:27: error: cannot find type 'UICollectionViewCell' in scope
willDisplay cell: UICollectionViewCell,
^~~~~~~~~~~~~~~~~~~~
/Users/admin/builder/spi-builder-workspace/Sources/JomloCollectionView/ViewController/JomloCollectionViewController.swift:218:5: warning: non-'@objc' instance method in extensions cannot be overridden; use 'public' instead
open func collectionView(
^~~~
public
/Users/admin/builder/spi-builder-workspace/Sources/JomloCollectionView/ViewController/JomloCollectionViewController.swift:237:27: error: cannot find type 'UICollectionView' in scope
_ collectionView: UICollectionView,
^~~~~~~~~~~~~~~~
/Users/admin/builder/spi-builder-workspace/Sources/JomloCollectionView/ViewController/JomloCollectionViewController.swift:238:32: error: cannot find type 'UICollectionViewCell' in scope
didEndDisplaying cell: UICollectionViewCell,
^~~~~~~~~~~~~~~~~~~~
/Users/admin/builder/spi-builder-workspace/Sources/JomloCollectionView/ViewController/JomloCollectionViewController.swift:236:5: warning: non-'@objc' instance method in extensions cannot be overridden; use 'public' instead
open func collectionView(
^~~~
public
Failed frontend command:
/Applications/Xcode-16.3.0.app/Contents/Developer/Toolchains/XcodeDefault.xctoolchain/usr/bin/swift-frontend -frontend -emit-module -experimental-skip-non-inlinable-function-bodies-without-types /Users/admin/builder/spi-builder-workspace/Sources/JomloCollectionView/Animation/JomloAnimator.swift /Users/admin/builder/spi-builder-workspace/Sources/JomloCollectionView/Helpers/JomloSectionHeaderView.swift /Users/admin/builder/spi-builder-workspace/Sources/JomloCollectionView/Helpers/UICollectionView+JomloRegistration.swift /Users/admin/builder/spi-builder-workspace/Sources/JomloCollectionView/JomloCollectionView.swift /Users/admin/builder/spi-builder-workspace/Sources/JomloCollectionView/Layout/JomloLayoutFactory.swift /Users/admin/builder/spi-builder-workspace/Sources/JomloCollectionView/Section/JomloItem.swift /Users/admin/builder/spi-builder-workspace/Sources/JomloCollectionView/Section/JomloSection.swift /Users/admin/builder/spi-builder-workspace/Sources/JomloCollectionView/Section/JomloSelfConfiguringCell.swift /Users/admin/builder/spi-builder-workspace/Sources/JomloCollectionView/ViewController/JomloCollectionViewController.swift -target arm64_32-apple-watchos10.0 -enable-objc-interop -sdk /Applications/Xcode-16.3.0.app/Contents/Developer/Platforms/WatchOS.platform/Developer/SDKs/WatchOS11.4.sdk -I /Users/admin/builder/spi-builder-workspace/.derivedData/Build/Products/Debug-watchos -I /Applications/Xcode-16.3.0.app/Contents/Developer/Platforms/WatchOS.platform/Developer/usr/lib -F /Users/admin/builder/spi-builder-workspace/.derivedData/Build/Products/Debug-watchos -F /Applications/Xcode-16.3.0.app/Contents/Developer/Platforms/WatchOS.platform/Developer/Library/Frameworks -F /Applications/Xcode-16.3.0.app/Contents/Developer/Platforms/WatchOS.platform/Developer/SDKs/WatchOS11.4.sdk/Developer/Library/Frameworks -no-color-diagnostics -enable-testing -g -debug-info-format\=dwarf -dwarf-version\=4 -module-cache-path /Users/admin/builder/spi-builder-workspace/.derivedData/ModuleCache.noindex -profile-generate -profile-coverage-mapping -swift-version 6 -enforce-exclusivity\=checked -stats-output-dir /Users/admin/builder/spi-builder-workspace/.swiftpm/xcode/.stats -Onone -D SWIFT_PACKAGE -D DEBUG -serialize-debugging-options -const-gather-protocols-file /Users/admin/builder/spi-builder-workspace/.derivedData/Build/Intermediates.noindex/JomloCollectionView.build/Debug-watchos/JomloCollectionView.build/Objects-normal/arm64_32/JomloCollectionView_const_extract_protocols.json -enable-experimental-feature DebugDescriptionMacro -empty-abi-descriptor -plugin-path /Applications/Xcode-16.3.0.app/Contents/Developer/Toolchains/XcodeDefault.xctoolchain/usr/lib/swift/host/plugins/testing -validate-clang-modules-once -clang-build-session-file /Users/admin/builder/spi-builder-workspace/.derivedData/ModuleCache.noindex/Session.modulevalidation -Xcc -working-directory -Xcc /Users/admin/builder/spi-builder-workspace/.swiftpm/xcode -resource-dir /Applications/Xcode-16.3.0.app/Contents/Developer/Toolchains/XcodeDefault.xctoolchain/usr/lib/swift -enable-anonymous-context-mangled-names -file-compilation-dir /Users/admin/builder/spi-builder-workspace/.swiftpm/xcode -Xcc -ivfsstatcache -Xcc /Users/admin/builder/spi-builder-workspace/.derivedData/SDKStatCaches.noindex/watchos11.4-22T246-43efb940ff07ba2497b70ec94253f576.sdkstatcache -Xcc -I/Users/admin/builder/spi-builder-workspace/.derivedData/Build/Intermediates.noindex/JomloCollectionView.build/Debug-watchos/JomloCollectionView.build/swift-overrides.hmap -Xcc -I/Users/admin/builder/spi-builder-workspace/.derivedData/Build/Products/Debug-watchos/include -Xcc -I/Users/admin/builder/spi-builder-workspace/.derivedData/Build/Intermediates.noindex/JomloCollectionView.build/Debug-watchos/JomloCollectionView.build/DerivedSources-normal/arm64_32 -Xcc -I/Users/admin/builder/spi-builder-workspace/.derivedData/Build/Intermediates.noindex/JomloCollectionView.build/Debug-watchos/JomloCollectionView.build/DerivedSources/arm64_32 -Xcc -I/Users/admin/builder/spi-builder-workspace/.derivedData/Build/Intermediates.noindex/JomloCollectionView.build/Debug-watchos/JomloCollectionView.build/DerivedSources -Xcc -DSWIFT_PACKAGE -Xcc -DDEBUG\=1 -module-name JomloCollectionView -package-name spi_builder_workspace -frontend-parseable-output -disable-clang-spi -target-sdk-version 11.4 -target-sdk-name watchos11.4 -external-plugin-path /Applications/Xcode-16.3.0.app/Contents/Developer/Platforms/WatchOS.platform/Developer/usr/lib/swift/host/plugins\#/Applications/Xcode-16.3.0.app/Contents/Developer/Platforms/WatchOS.platform/Developer/usr/bin/swift-plugin-server -external-plugin-path /Applications/Xcode-16.3.0.app/Contents/Developer/Platforms/WatchOS.platform/Developer/usr/local/lib/swift/host/plugins\#/Applications/Xcode-16.3.0.app/Contents/Developer/Platforms/WatchOS.platform/Developer/usr/bin/swift-plugin-server -in-process-plugin-server-path /Applications/Xcode-16.3.0.app/Contents/Developer/Toolchains/XcodeDefault.xctoolchain/usr/lib/swift/host/libSwiftInProcPluginServer.dylib -plugin-path /Applications/Xcode-16.3.0.app/Contents/Developer/Toolchains/XcodeDefault.xctoolchain/usr/lib/swift/host/plugins -plugin-path /Applications/Xcode-16.3.0.app/Contents/Developer/Toolchains/XcodeDefault.xctoolchain/usr/local/lib/swift/host/plugins -emit-module-doc-path /Users/admin/builder/spi-builder-workspace/.derivedData/Build/Intermediates.noindex/JomloCollectionView.build/Debug-watchos/JomloCollectionView.build/Objects-normal/arm64_32/JomloCollectionView.swiftdoc -emit-module-source-info-path /Users/admin/builder/spi-builder-workspace/.derivedData/Build/Intermediates.noindex/JomloCollectionView.build/Debug-watchos/JomloCollectionView.build/Objects-normal/arm64_32/JomloCollectionView.swiftsourceinfo -emit-objc-header-path /Users/admin/builder/spi-builder-workspace/.derivedData/Build/Intermediates.noindex/JomloCollectionView.build/Debug-watchos/JomloCollectionView.build/Objects-normal/arm64_32/JomloCollectionView-Swift.h -serialize-diagnostics-path /Users/admin/builder/spi-builder-workspace/.derivedData/Build/Intermediates.noindex/JomloCollectionView.build/Debug-watchos/JomloCollectionView.build/Objects-normal/arm64_32/JomloCollectionView-master-emit-module.dia -emit-dependencies-path /Users/admin/builder/spi-builder-workspace/.derivedData/Build/Intermediates.noindex/JomloCollectionView.build/Debug-watchos/JomloCollectionView.build/Objects-normal/arm64_32/JomloCollectionView-master-emit-module.d -o /Users/admin/builder/spi-builder-workspace/.derivedData/Build/Intermediates.noindex/JomloCollectionView.build/Debug-watchos/JomloCollectionView.build/Objects-normal/arm64_32/JomloCollectionView.swiftmodule -emit-abi-descriptor-path /Users/admin/builder/spi-builder-workspace/.derivedData/Build/Intermediates.noindex/JomloCollectionView.build/Debug-watchos/JomloCollectionView.build/Objects-normal/arm64_32/JomloCollectionView.abi.json
SwiftCompile normal arm64_32 Compiling\ JomloCollectionView.swift /Users/admin/builder/spi-builder-workspace/Sources/JomloCollectionView/JomloCollectionView.swift (in target 'JomloCollectionView' from project 'JomloCollectionView')
SwiftCompile normal arm64_32 /Users/admin/builder/spi-builder-workspace/Sources/JomloCollectionView/JomloCollectionView.swift (in target 'JomloCollectionView' from project 'JomloCollectionView')
cd /Users/admin/builder/spi-builder-workspace/.swiftpm/xcode
SwiftCompile normal arm64_32 Compiling\ UICollectionView+JomloRegistration.swift /Users/admin/builder/spi-builder-workspace/Sources/JomloCollectionView/Helpers/UICollectionView+JomloRegistration.swift (in target 'JomloCollectionView' from project 'JomloCollectionView')
SwiftCompile normal arm64_32 /Users/admin/builder/spi-builder-workspace/Sources/JomloCollectionView/Helpers/UICollectionView+JomloRegistration.swift (in target 'JomloCollectionView' from project 'JomloCollectionView')
cd /Users/admin/builder/spi-builder-workspace/.swiftpm/xcode
SwiftCompile normal arm64_32 Compiling\ JomloItem.swift /Users/admin/builder/spi-builder-workspace/Sources/JomloCollectionView/Section/JomloItem.swift (in target 'JomloCollectionView' from project 'JomloCollectionView')
SwiftCompile normal arm64_32 /Users/admin/builder/spi-builder-workspace/Sources/JomloCollectionView/Section/JomloItem.swift (in target 'JomloCollectionView' from project 'JomloCollectionView')
cd /Users/admin/builder/spi-builder-workspace/.swiftpm/xcode
SwiftCompile normal arm64_32 Compiling\ JomloSection.swift /Users/admin/builder/spi-builder-workspace/Sources/JomloCollectionView/Section/JomloSection.swift (in target 'JomloCollectionView' from project 'JomloCollectionView')
SwiftCompile normal arm64_32 /Users/admin/builder/spi-builder-workspace/Sources/JomloCollectionView/Section/JomloSection.swift (in target 'JomloCollectionView' from project 'JomloCollectionView')
cd /Users/admin/builder/spi-builder-workspace/.swiftpm/xcode
SwiftCompile normal arm64_32 Compiling\ JomloSelfConfiguringCell.swift /Users/admin/builder/spi-builder-workspace/Sources/JomloCollectionView/Section/JomloSelfConfiguringCell.swift (in target 'JomloCollectionView' from project 'JomloCollectionView')
SwiftCompile normal arm64_32 /Users/admin/builder/spi-builder-workspace/Sources/JomloCollectionView/Section/JomloSelfConfiguringCell.swift (in target 'JomloCollectionView' from project 'JomloCollectionView')
cd /Users/admin/builder/spi-builder-workspace/.swiftpm/xcode
SwiftCompile normal arm64_32 Compiling\ JomloCollectionViewController.swift /Users/admin/builder/spi-builder-workspace/Sources/JomloCollectionView/ViewController/JomloCollectionViewController.swift (in target 'JomloCollectionView' from project 'JomloCollectionView')
SwiftCompile normal arm64_32 /Users/admin/builder/spi-builder-workspace/Sources/JomloCollectionView/ViewController/JomloCollectionViewController.swift (in target 'JomloCollectionView' from project 'JomloCollectionView')
cd /Users/admin/builder/spi-builder-workspace/.swiftpm/xcode
SwiftCompile normal arm64_32 Compiling\ JomloSectionHeaderView.swift /Users/admin/builder/spi-builder-workspace/Sources/JomloCollectionView/Helpers/JomloSectionHeaderView.swift (in target 'JomloCollectionView' from project 'JomloCollectionView')
SwiftCompile normal arm64_32 /Users/admin/builder/spi-builder-workspace/Sources/JomloCollectionView/Helpers/JomloSectionHeaderView.swift (in target 'JomloCollectionView' from project 'JomloCollectionView')
cd /Users/admin/builder/spi-builder-workspace/.swiftpm/xcode
SwiftEmitModule normal arm64 Emitting\ module\ for\ JomloCollectionView (in target 'JomloCollectionView' from project 'JomloCollectionView')
Failed frontend command:
/Applications/Xcode-16.3.0.app/Contents/Developer/Toolchains/XcodeDefault.xctoolchain/usr/bin/swift-frontend -frontend -emit-module -experimental-skip-non-inlinable-function-bodies-without-types /Users/admin/builder/spi-builder-workspace/Sources/JomloCollectionView/Animation/JomloAnimator.swift /Users/admin/builder/spi-builder-workspace/Sources/JomloCollectionView/Helpers/JomloSectionHeaderView.swift /Users/admin/builder/spi-builder-workspace/Sources/JomloCollectionView/Helpers/UICollectionView+JomloRegistration.swift /Users/admin/builder/spi-builder-workspace/Sources/JomloCollectionView/JomloCollectionView.swift /Users/admin/builder/spi-builder-workspace/Sources/JomloCollectionView/Layout/JomloLayoutFactory.swift /Users/admin/builder/spi-builder-workspace/Sources/JomloCollectionView/Section/JomloItem.swift /Users/admin/builder/spi-builder-workspace/Sources/JomloCollectionView/Section/JomloSection.swift /Users/admin/builder/spi-builder-workspace/Sources/JomloCollectionView/Section/JomloSelfConfiguringCell.swift /Users/admin/builder/spi-builder-workspace/Sources/JomloCollectionView/ViewController/JomloCollectionViewController.swift -target arm64-apple-watchos10.0 -Xllvm -aarch64-use-tbi -enable-objc-interop -stack-check -sdk /Applications/Xcode-16.3.0.app/Contents/Developer/Platforms/WatchOS.platform/Developer/SDKs/WatchOS11.4.sdk -I /Users/admin/builder/spi-builder-workspace/.derivedData/Build/Products/Debug-watchos -I /Applications/Xcode-16.3.0.app/Contents/Developer/Platforms/WatchOS.platform/Developer/usr/lib -F /Users/admin/builder/spi-builder-workspace/.derivedData/Build/Products/Debug-watchos -F /Applications/Xcode-16.3.0.app/Contents/Developer/Platforms/WatchOS.platform/Developer/Library/Frameworks -F /Applications/Xcode-16.3.0.app/Contents/Developer/Platforms/WatchOS.platform/Developer/SDKs/WatchOS11.4.sdk/Developer/Library/Frameworks -no-color-diagnostics -enable-testing -g -debug-info-format\=dwarf -dwarf-version\=4 -module-cache-path /Users/admin/builder/spi-builder-workspace/.derivedData/ModuleCache.noindex -profile-generate -profile-coverage-mapping -swift-version 6 -enforce-exclusivity\=checked -stats-output-dir /Users/admin/builder/spi-builder-workspace/.swiftpm/xcode/.stats -Onone -D SWIFT_PACKAGE -D DEBUG -serialize-debugging-options -const-gather-protocols-file /Users/admin/builder/spi-builder-workspace/.derivedData/Build/Intermediates.noindex/JomloCollectionView.build/Debug-watchos/JomloCollectionView.build/Objects-normal/arm64/JomloCollectionView_const_extract_protocols.json -enable-experimental-feature DebugDescriptionMacro -empty-abi-descriptor -plugin-path /Applications/Xcode-16.3.0.app/Contents/Developer/Toolchains/XcodeDefault.xctoolchain/usr/lib/swift/host/plugins/testing -validate-clang-modules-once -clang-build-session-file /Users/admin/builder/spi-builder-workspace/.derivedData/ModuleCache.noindex/Session.modulevalidation -Xcc -working-directory -Xcc /Users/admin/builder/spi-builder-workspace/.swiftpm/xcode -resource-dir /Applications/Xcode-16.3.0.app/Contents/Developer/Toolchains/XcodeDefault.xctoolchain/usr/lib/swift -enable-anonymous-context-mangled-names -file-compilation-dir /Users/admin/builder/spi-builder-workspace/.swiftpm/xcode -Xcc -ivfsstatcache -Xcc /Users/admin/builder/spi-builder-workspace/.derivedData/SDKStatCaches.noindex/watchos11.4-22T246-43efb940ff07ba2497b70ec94253f576.sdkstatcache -Xcc -I/Users/admin/builder/spi-builder-workspace/.derivedData/Build/Intermediates.noindex/JomloCollectionView.build/Debug-watchos/JomloCollectionView.build/swift-overrides.hmap -Xcc -I/Users/admin/builder/spi-builder-workspace/.derivedData/Build/Products/Debug-watchos/include -Xcc -I/Users/admin/builder/spi-builder-workspace/.derivedData/Build/Intermediates.noindex/JomloCollectionView.build/Debug-watchos/JomloCollectionView.build/DerivedSources-normal/arm64 -Xcc -I/Users/admin/builder/spi-builder-workspace/.derivedData/Build/Intermediates.noindex/JomloCollectionView.build/Debug-watchos/JomloCollectionView.build/DerivedSources/arm64 -Xcc -I/Users/admin/builder/spi-builder-workspace/.derivedData/Build/Intermediates.noindex/JomloCollectionView.build/Debug-watchos/JomloCollectionView.build/DerivedSources -Xcc -DSWIFT_PACKAGE -Xcc -DDEBUG\=1 -module-name JomloCollectionView -package-name spi_builder_workspace -frontend-parseable-output -disable-clang-spi -target-sdk-version 11.4 -target-sdk-name watchos11.4 -external-plugin-path /Applications/Xcode-16.3.0.app/Contents/Developer/Platforms/WatchOS.platform/Developer/usr/lib/swift/host/plugins\#/Applications/Xcode-16.3.0.app/Contents/Developer/Platforms/WatchOS.platform/Developer/usr/bin/swift-plugin-server -external-plugin-path /Applications/Xcode-16.3.0.app/Contents/Developer/Platforms/WatchOS.platform/Developer/usr/local/lib/swift/host/plugins\#/Applications/Xcode-16.3.0.app/Contents/Developer/Platforms/WatchOS.platform/Developer/usr/bin/swift-plugin-server -in-process-plugin-server-path /Applications/Xcode-16.3.0.app/Contents/Developer/Toolchains/XcodeDefault.xctoolchain/usr/lib/swift/host/libSwiftInProcPluginServer.dylib -plugin-path /Applications/Xcode-16.3.0.app/Contents/Developer/Toolchains/XcodeDefault.xctoolchain/usr/lib/swift/host/plugins -plugin-path /Applications/Xcode-16.3.0.app/Contents/Developer/Toolchains/XcodeDefault.xctoolchain/usr/local/lib/swift/host/plugins -emit-module-doc-path /Users/admin/builder/spi-builder-workspace/.derivedData/Build/Intermediates.noindex/JomloCollectionView.build/Debug-watchos/JomloCollectionView.build/Objects-normal/arm64/JomloCollectionView.swiftdoc -emit-module-source-info-path /Users/admin/builder/spi-builder-workspace/.derivedData/Build/Intermediates.noindex/JomloCollectionView.build/Debug-watchos/JomloCollectionView.build/Objects-normal/arm64/JomloCollectionView.swiftsourceinfo -emit-objc-header-path /Users/admin/builder/spi-builder-workspace/.derivedData/Build/Intermediates.noindex/JomloCollectionView.build/Debug-watchos/JomloCollectionView.build/Objects-normal/arm64/JomloCollectionView-Swift.h -serialize-diagnostics-path /Users/admin/builder/spi-builder-workspace/.derivedData/Build/Intermediates.noindex/JomloCollectionView.build/Debug-watchos/JomloCollectionView.build/Objects-normal/arm64/JomloCollectionView-master-emit-module.dia -emit-dependencies-path /Users/admin/builder/spi-builder-workspace/.derivedData/Build/Intermediates.noindex/JomloCollectionView.build/Debug-watchos/JomloCollectionView.build/Objects-normal/arm64/JomloCollectionView-master-emit-module.d -o /Users/admin/builder/spi-builder-workspace/.derivedData/Build/Intermediates.noindex/JomloCollectionView.build/Debug-watchos/JomloCollectionView.build/Objects-normal/arm64/JomloCollectionView.swiftmodule -emit-abi-descriptor-path /Users/admin/builder/spi-builder-workspace/.derivedData/Build/Intermediates.noindex/JomloCollectionView.build/Debug-watchos/JomloCollectionView.build/Objects-normal/arm64/JomloCollectionView.abi.json
EmitSwiftModule normal arm64 (in target 'JomloCollectionView' from project 'JomloCollectionView')
cd /Users/admin/builder/spi-builder-workspace/.swiftpm/xcode
/Users/admin/builder/spi-builder-workspace/Sources/JomloCollectionView/Animation/JomloAnimator.swift:24:75: error: cannot find type 'UICollectionView' in scope
public typealias Animation = @MainActor @Sendable (UIView, IndexPath, UICollectionView) -> Void
^~~~~~~~~~~~~~~~
/Users/admin/builder/spi-builder-workspace/Sources/JomloCollectionView/Animation/JomloAnimator.swift:32:28: error: @escaping attribute only applies to function types
public init(animation: @escaping Animation) {
^~~~~~~~~~
/Users/admin/builder/spi-builder-workspace/Sources/JomloCollectionView/Animation/JomloAnimator.swift:39:83: error: cannot find type 'UICollectionView' in scope
public func animate(view: UIView, at indexPath: IndexPath, in collectionView: UICollectionView)
^~~~~~~~~~~~~~~~
/Users/admin/builder/spi-builder-workspace/Sources/JomloCollectionView/Animation/JomloAnimator.swift:39:31: error: 'UIView' is unavailable: This Objective-C class has only been forward-declared; import its owning module to use it
public func animate(view: UIView, at indexPath: IndexPath, in collectionView: UICollectionView)
^~~~~~
UIKit.UIView:2:14: note: 'UIView' has been explicitly marked unavailable here
public class UIView {
^
/Users/admin/builder/spi-builder-workspace/Sources/JomloCollectionView/Helpers/JomloSectionHeaderView.swift:28:28: error: cannot find type 'UILabel' in scope
public let titleLabel: UILabel = {
^~~~~~~
/Users/admin/builder/spi-builder-workspace/Sources/JomloCollectionView/Helpers/JomloSectionHeaderView.swift:37:30: error: cannot find type 'UIButton' in scope
public let actionButton: UIButton = {
^~~~~~~~
/Users/admin/builder/spi-builder-workspace/Sources/JomloCollectionView/Helpers/JomloSectionHeaderView.swift:48:21: error: initializer does not override a designated initializer from its superclass
public override init(frame: CGRect) {
~~~~~~~~ ^
/Users/admin/builder/spi-builder-workspace/Sources/JomloCollectionView/Helpers/JomloSectionHeaderView.swift:22:36: error: cannot find type 'UICollectionReusableView' in scope
open class JomloSectionHeaderView: UICollectionReusableView {
^~~~~~~~~~~~~~~~~~~~~~~~
/Users/admin/builder/spi-builder-workspace/Sources/JomloCollectionView/Helpers/UICollectionView+JomloRegistration.swift:11:11: error: cannot find type 'UICollectionView' in scope
extension UICollectionView {
^~~~~~~~~~~~~~~~
/Users/admin/builder/spi-builder-workspace/Sources/JomloCollectionView/Layout/JomloLayoutFactory.swift:31:10: error: cannot find type 'NSCollectionLayoutSection' in scope
) -> NSCollectionLayoutSection {
^~~~~~~~~~~~~~~~~~~~~~~~~
/Users/admin/builder/spi-builder-workspace/Sources/JomloCollectionView/Layout/JomloLayoutFactory.swift:28:17: error: cannot find type 'NSCollectionLayoutDimension' in scope
height: NSCollectionLayoutDimension = .fractionalWidth(0.56),
^~~~~~~~~~~~~~~~~~~~~~~~~~~
/Users/admin/builder/spi-builder-workspace/Sources/JomloCollectionView/Layout/JomloLayoutFactory.swift:71:10: error: cannot find type 'NSCollectionLayoutSection' in scope
) -> NSCollectionLayoutSection {
^~~~~~~~~~~~~~~~~~~~~~~~~
/Users/admin/builder/spi-builder-workspace/Sources/JomloCollectionView/Layout/JomloLayoutFactory.swift:64:20: error: cannot find type 'NSCollectionLayoutDimension' in scope
itemWidth: NSCollectionLayoutDimension = .absolute(140),
^~~~~~~~~~~~~~~~~~~~~~~~~~~
/Users/admin/builder/spi-builder-workspace/Sources/JomloCollectionView/Layout/JomloLayoutFactory.swift:65:21: error: cannot find type 'NSCollectionLayoutDimension' in scope
itemHeight: NSCollectionLayoutDimension = .absolute(200),
^~~~~~~~~~~~~~~~~~~~~~~~~~~
/Users/admin/builder/spi-builder-workspace/Sources/JomloCollectionView/Layout/JomloLayoutFactory.swift:69:25: error: cannot find type 'UICollectionLayoutSectionOrthogonalScrollingBehavior' in scope
scrollBehavior: UICollectionLayoutSectionOrthogonalScrollingBehavior = .continuous,
^~~~~~~~~~~~~~~~~~~~~~~~~~~~~~~~~~~~~~~~~~~~~~~~~~~~
/Users/admin/builder/spi-builder-workspace/Sources/JomloCollectionView/Layout/JomloLayoutFactory.swift:70:23: error: cannot find type 'NSCollectionLayoutDimension' in scope
headerHeight: NSCollectionLayoutDimension? = .estimated(44)
^~~~~~~~~~~~~~~~~~~~~~~~~~~
/Users/admin/builder/spi-builder-workspace/Sources/JomloCollectionView/Layout/JomloLayoutFactory.swift:123:10: error: cannot find type 'NSCollectionLayoutSection' in scope
) -> NSCollectionLayoutSection {
^~~~~~~~~~~~~~~~~~~~~~~~~
/Users/admin/builder/spi-builder-workspace/Sources/JomloCollectionView/Layout/JomloLayoutFactory.swift:118:21: error: cannot find type 'NSCollectionLayoutDimension' in scope
itemHeight: NSCollectionLayoutDimension = .fractionalWidth(0.5),
^~~~~~~~~~~~~~~~~~~~~~~~~~~
/Users/admin/builder/spi-builder-workspace/Sources/JomloCollectionView/Layout/JomloLayoutFactory.swift:122:23: error: cannot find type 'NSCollectionLayoutDimension' in scope
headerHeight: NSCollectionLayoutDimension? = .estimated(44)
^~~~~~~~~~~~~~~~~~~~~~~~~~~
/Users/admin/builder/spi-builder-workspace/Sources/JomloCollectionView/Layout/JomloLayoutFactory.swift:177:10: error: cannot find type 'NSCollectionLayoutSection' in scope
) -> NSCollectionLayoutSection {
^~~~~~~~~~~~~~~~~~~~~~~~~
/Users/admin/builder/spi-builder-workspace/Sources/JomloCollectionView/Layout/JomloLayoutFactory.swift:172:20: error: cannot find type 'NSCollectionLayoutDimension' in scope
rowHeight: NSCollectionLayoutDimension = .estimated(60),
^~~~~~~~~~~~~~~~~~~~~~~~~~~
/Users/admin/builder/spi-builder-workspace/Sources/JomloCollectionView/Layout/JomloLayoutFactory.swift:176:23: error: cannot find type 'NSCollectionLayoutDimension' in scope
headerHeight: NSCollectionLayoutDimension? = .estimated(44)
^~~~~~~~~~~~~~~~~~~~~~~~~~~
/Users/admin/builder/spi-builder-workspace/Sources/JomloCollectionView/Layout/JomloLayoutFactory.swift:222:10: error: cannot find type 'NSCollectionLayoutSection' in scope
) -> NSCollectionLayoutSection {
^~~~~~~~~~~~~~~~~~~~~~~~~
/Users/admin/builder/spi-builder-workspace/Sources/JomloCollectionView/Layout/JomloLayoutFactory.swift:219:17: error: cannot find type 'NSCollectionLayoutDimension' in scope
height: NSCollectionLayoutDimension = .absolute(120),
^~~~~~~~~~~~~~~~~~~~~~~~~~~
/Users/admin/builder/spi-builder-workspace/Sources/JomloCollectionView/Section/JomloSection.swift:54:10: error: cannot find type 'NSCollectionLayoutSection' in scope
) -> NSCollectionLayoutSection
^~~~~~~~~~~~~~~~~~~~~~~~~
/Users/admin/builder/spi-builder-workspace/Sources/JomloCollectionView/Section/JomloSection.swift:52:22: error: cannot find type 'NSCollectionLayoutEnvironment' in scope
environment: NSCollectionLayoutEnvironment,
^~~~~~~~~~~~~~~~~~~~~~~~~~~~~
/Users/admin/builder/spi-builder-workspace/Sources/JomloCollectionView/Section/JomloSection.swift:67:10: error: cannot find type 'UICollectionViewCell' in scope
) -> UICollectionViewCell
^~~~~~~~~~~~~~~~~~~~
/Users/admin/builder/spi-builder-workspace/Sources/JomloCollectionView/Section/JomloSection.swift:65:28: error: cannot find type 'UICollectionView' in scope
in collectionView: UICollectionView,
^~~~~~~~~~~~~~~~
/Users/admin/builder/spi-builder-workspace/Sources/JomloCollectionView/Section/JomloSection.swift:87:10: error: cannot find type 'UICollectionReusableView' in scope
) -> UICollectionReusableView?
^~~~~~~~~~~~~~~~~~~~~~~~
/Users/admin/builder/spi-builder-workspace/Sources/JomloCollectionView/Section/JomloSection.swift:85:28: error: cannot find type 'UICollectionView' in scope
in collectionView: UICollectionView,
^~~~~~~~~~~~~~~~
/Users/admin/builder/spi-builder-workspace/Sources/JomloCollectionView/Section/JomloSection.swift:110:10: error: cannot find type 'UICollectionReusableView' in scope
) -> UICollectionReusableView? {
^~~~~~~~~~~~~~~~~~~~~~~~
/Users/admin/builder/spi-builder-workspace/Sources/JomloCollectionView/Section/JomloSection.swift:108:28: error: cannot find type 'UICollectionView' in scope
in collectionView: UICollectionView,
^~~~~~~~~~~~~~~~
/Users/admin/builder/spi-builder-workspace/Sources/JomloCollectionView/Section/JomloSelfConfiguringCell.swift:16:43: error: cannot find type 'UICollectionViewCell' in scope
public protocol JomloSelfConfiguringCell: UICollectionViewCell {
^~~~~~~~~~~~~~~~~~~~
/Users/admin/builder/spi-builder-workspace/Sources/JomloCollectionView/ViewController/JomloCollectionViewController.swift:33:50: error: cannot find type 'UICollectionView' in scope
public private(set) lazy var collectionView: UICollectionView = {
^~~~~~~~~~~~~~~~
/Users/admin/builder/spi-builder-workspace/Sources/JomloCollectionView/ViewController/JomloCollectionViewController.swift:53:29: error: cannot find type 'UICollectionViewDiffableDataSource' in scope
private var dataSource: UICollectionViewDiffableDataSource<JomloSectionID, AnyJomloItem>!
^~~~~~~~~~~~~~~~~~~~~~~~~~~~~~~~~~
/Users/admin/builder/spi-builder-workspace/Sources/JomloCollectionView/ViewController/JomloCollectionViewController.swift:72:24: error: method does not override any method from its superclass
open override func viewDidLoad() {
~~~~~~~~ ^
/Users/admin/builder/spi-builder-workspace/Sources/JomloCollectionView/ViewController/JomloCollectionViewController.swift:131:34: error: cannot find type 'UICollectionViewCompositionalLayout' in scope
private func makeLayout() -> UICollectionViewCompositionalLayout {
^~~~~~~~~~~~~~~~~~~~~~~~~~~~~~~~~~~
/Users/admin/builder/spi-builder-workspace/Sources/JomloCollectionView/ViewController/JomloCollectionViewController.swift:143:53: error: cannot find type 'NSCollectionLayoutSection' in scope
private static func makeEmptyLayoutSection() -> NSCollectionLayoutSection {
^~~~~~~~~~~~~~~~~~~~~~~~~
/Users/admin/builder/spi-builder-workspace/Sources/JomloCollectionView/ViewController/JomloCollectionViewController.swift:28:43: error: cannot find type 'UIViewController' in scope
open class JomloCollectionViewController: UIViewController {
^~~~~~~~~~~~~~~~
/Users/admin/builder/spi-builder-workspace/Sources/JomloCollectionView/ViewController/JomloCollectionViewController.swift:205:42: error: cannot find type 'UICollectionViewDelegate' in scope
extension JomloCollectionViewController: UICollectionViewDelegate {
^~~~~~~~~~~~~~~~~~~~~~~~
/Users/admin/builder/spi-builder-workspace/Sources/JomloCollectionView/ViewController/JomloCollectionViewController.swift:208:27: error: cannot find type 'UICollectionView' in scope
_ collectionView: UICollectionView,
^~~~~~~~~~~~~~~~
/Users/admin/builder/spi-builder-workspace/Sources/JomloCollectionView/ViewController/JomloCollectionViewController.swift:207:5: warning: non-'@objc' instance method in extensions cannot be overridden; use 'public' instead
open func collectionView(
^~~~
public
/Users/admin/builder/spi-builder-workspace/Sources/JomloCollectionView/ViewController/JomloCollectionViewController.swift:219:27: error: cannot find type 'UICollectionView' in scope
_ collectionView: UICollectionView,
^~~~~~~~~~~~~~~~
/Users/admin/builder/spi-builder-workspace/Sources/JomloCollectionView/ViewController/JomloCollectionViewController.swift:220:27: error: cannot find type 'UICollectionViewCell' in scope
willDisplay cell: UICollectionViewCell,
^~~~~~~~~~~~~~~~~~~~
/Users/admin/builder/spi-builder-workspace/Sources/JomloCollectionView/ViewController/JomloCollectionViewController.swift:218:5: warning: non-'@objc' instance method in extensions cannot be overridden; use 'public' instead
open func collectionView(
^~~~
public
/Users/admin/builder/spi-builder-workspace/Sources/JomloCollectionView/ViewController/JomloCollectionViewController.swift:237:27: error: cannot find type 'UICollectionView' in scope
_ collectionView: UICollectionView,
^~~~~~~~~~~~~~~~
/Users/admin/builder/spi-builder-workspace/Sources/JomloCollectionView/ViewController/JomloCollectionViewController.swift:238:32: error: cannot find type 'UICollectionViewCell' in scope
didEndDisplaying cell: UICollectionViewCell,
^~~~~~~~~~~~~~~~~~~~
/Users/admin/builder/spi-builder-workspace/Sources/JomloCollectionView/ViewController/JomloCollectionViewController.swift:236:5: warning: non-'@objc' instance method in extensions cannot be overridden; use 'public' instead
open func collectionView(
^~~~
public
SwiftCompile normal arm64 Compiling\ JomloSectionHeaderView.swift /Users/admin/builder/spi-builder-workspace/Sources/JomloCollectionView/Helpers/JomloSectionHeaderView.swift (in target 'JomloCollectionView' from project 'JomloCollectionView')
SwiftCompile normal arm64 /Users/admin/builder/spi-builder-workspace/Sources/JomloCollectionView/Helpers/JomloSectionHeaderView.swift (in target 'JomloCollectionView' from project 'JomloCollectionView')
cd /Users/admin/builder/spi-builder-workspace/.swiftpm/xcode
SwiftCompile normal arm64 Compiling\ JomloLayoutFactory.swift /Users/admin/builder/spi-builder-workspace/Sources/JomloCollectionView/Layout/JomloLayoutFactory.swift (in target 'JomloCollectionView' from project 'JomloCollectionView')
Command SwiftCompile failed with a nonzero exit code
** BUILD FAILED **
The following build commands failed:
EmitSwiftModule normal arm64_32 (in target 'JomloCollectionView' from project 'JomloCollectionView')
SwiftEmitModule normal arm64_32 Emitting\ module\ for\ JomloCollectionView (in target 'JomloCollectionView' from project 'JomloCollectionView')
SwiftEmitModule normal arm64 Emitting\ module\ for\ JomloCollectionView (in target 'JomloCollectionView' from project 'JomloCollectionView')
EmitSwiftModule normal arm64 (in target 'JomloCollectionView' from project 'JomloCollectionView')
SwiftCompile normal arm64 Compiling\ JomloLayoutFactory.swift /Users/admin/builder/spi-builder-workspace/Sources/JomloCollectionView/Layout/JomloLayoutFactory.swift (in target 'JomloCollectionView' from project 'JomloCollectionView')
Building workspace spi-builder-workspace with scheme JomloCollectionView
(6 failures)
Command line invocation:
/Applications/Xcode-16.3.0.app/Contents/Developer/usr/bin/xcodebuild -IDEClonedSourcePackagesDirPathOverride=/Users/admin/builder/spi-builder-workspace/.dependencies -resolvePackageDependencies
Resolve Package Graph
Resolved source packages:
JomloCollectionView: /Users/admin/builder/spi-builder-workspace
resolved source packages: JomloCollectionView
{
"dependencies" : [
],
"manifest_display_name" : "JomloCollectionView",
"name" : "JomloCollectionView",
"path" : "/Users/admin/builder/spi-builder-workspace",
"platforms" : [
{
"name" : "ios",
"version" : "17.0"
},
{
"name" : "tvos",
"version" : "17.0"
}
],
"products" : [
{
"name" : "JomloCollectionView",
"targets" : [
"JomloCollectionView"
],
"type" : {
"library" : [
"automatic"
]
}
}
],
"targets" : [
{
"c99name" : "JomloCollectionViewTests",
"module_type" : "SwiftTarget",
"name" : "JomloCollectionViewTests",
"path" : "Tests/JomloCollectionViewTests",
"sources" : [
"JomloCollectionViewTests.swift"
],
"target_dependencies" : [
"JomloCollectionView"
],
"type" : "test"
},
{
"c99name" : "JomloCollectionView",
"module_type" : "SwiftTarget",
"name" : "JomloCollectionView",
"path" : "Sources/JomloCollectionView",
"product_memberships" : [
"JomloCollectionView"
],
"sources" : [
"Animation/JomloAnimator.swift",
"Helpers/JomloSectionHeaderView.swift",
"Helpers/UICollectionView+JomloRegistration.swift",
"JomloCollectionView.swift",
"Layout/JomloLayoutFactory.swift",
"Section/JomloItem.swift",
"Section/JomloSection.swift",
"Section/JomloSelfConfiguringCell.swift",
"ViewController/JomloCollectionViewController.swift"
],
"type" : "library"
}
],
"tools_version" : "6.0"
}
{
"workspace" : {
"name" : "spi-builder-workspace",
"schemes" : [
"JomloCollectionView"
]
}
}
Running build ...
env DEVELOPER_DIR=/Applications/Xcode-16.3.0.app xcrun xcodebuild -IDEClonedSourcePackagesDirPathOverride=$PWD/.dependencies -skipMacroValidation -skipPackagePluginValidation -derivedDataPath $PWD/.derivedData build -scheme JomloCollectionView -destination generic/platform=watchOS
Command line invocation:
/Applications/Xcode-16.3.0.app/Contents/Developer/usr/bin/xcodebuild -IDEClonedSourcePackagesDirPathOverride=/Users/admin/builder/spi-builder-workspace/.dependencies -skipMacroValidation -skipPackagePluginValidation -derivedDataPath /Users/admin/builder/spi-builder-workspace/.derivedData build -scheme JomloCollectionView -destination generic/platform=watchOS
Resolve Package Graph
Resolved source packages:
JomloCollectionView: /Users/admin/builder/spi-builder-workspace
ComputePackagePrebuildTargetDependencyGraph
Prepare packages
CreateBuildRequest
SendProjectDescription
CreateBuildOperation
ComputeTargetDependencyGraph
note: Building targets in dependency order
note: Target dependency graph (2 targets)
Target 'JomloCollectionView' in project 'JomloCollectionView'
➜ Explicit dependency on target 'JomloCollectionView' in project 'JomloCollectionView'
Target 'JomloCollectionView' in project 'JomloCollectionView' (no dependencies)
GatherProvisioningInputs
CreateBuildDescription
ExecuteExternalTool /Applications/Xcode-16.3.0.app/Contents/Developer/Toolchains/XcodeDefault.xctoolchain/usr/bin/clang -v -E -dM -isysroot /Applications/Xcode-16.3.0.app/Contents/Developer/Platforms/WatchOS.platform/Developer/SDKs/WatchOS11.4.sdk -x c -c /dev/null
ExecuteExternalTool /Applications/Xcode-16.3.0.app/Contents/Developer/Toolchains/XcodeDefault.xctoolchain/usr/bin/swiftc --version
ExecuteExternalTool /Applications/Xcode-16.3.0.app/Contents/Developer/Toolchains/XcodeDefault.xctoolchain/usr/bin/ld -version_details
Build description signature: dd81900335cbdb409a590de704f2c3ed
Build description path: /Users/admin/builder/spi-builder-workspace/.derivedData/Build/Intermediates.noindex/XCBuildData/dd81900335cbdb409a590de704f2c3ed.xcbuilddata
ClangStatCache /Applications/Xcode-16.3.0.app/Contents/Developer/Toolchains/XcodeDefault.xctoolchain/usr/bin/clang-stat-cache /Applications/Xcode-16.3.0.app/Contents/Developer/Platforms/WatchOS.platform/Developer/SDKs/WatchOS11.4.sdk /Users/admin/builder/spi-builder-workspace/.derivedData/SDKStatCaches.noindex/watchos11.4-22T246-43efb940ff07ba2497b70ec94253f576.sdkstatcache
cd /Users/admin/builder/spi-builder-workspace/.swiftpm/xcode
/Applications/Xcode-16.3.0.app/Contents/Developer/Toolchains/XcodeDefault.xctoolchain/usr/bin/clang-stat-cache /Applications/Xcode-16.3.0.app/Contents/Developer/Platforms/WatchOS.platform/Developer/SDKs/WatchOS11.4.sdk -o /Users/admin/builder/spi-builder-workspace/.derivedData/SDKStatCaches.noindex/watchos11.4-22T246-43efb940ff07ba2497b70ec94253f576.sdkstatcache
SwiftDriver JomloCollectionView normal arm64_32 com.apple.xcode.tools.swift.compiler (in target 'JomloCollectionView' from project 'JomloCollectionView')
cd /Users/admin/builder/spi-builder-workspace/.swiftpm/xcode
builtin-SwiftDriver -- /Applications/Xcode-16.3.0.app/Contents/Developer/Toolchains/XcodeDefault.xctoolchain/usr/bin/swiftc -module-name JomloCollectionView -Onone -enforce-exclusivity\=checked @/Users/admin/builder/spi-builder-workspace/.derivedData/Build/Intermediates.noindex/JomloCollectionView.build/Debug-watchos/JomloCollectionView.build/Objects-normal/arm64_32/JomloCollectionView.SwiftFileList -DSWIFT_PACKAGE -DDEBUG -DXcode -plugin-path /Applications/Xcode-16.3.0.app/Contents/Developer/Toolchains/XcodeDefault.xctoolchain/usr/lib/swift/host/plugins/testing -enable-experimental-feature DebugDescriptionMacro -sdk /Applications/Xcode-16.3.0.app/Contents/Developer/Platforms/WatchOS.platform/Developer/SDKs/WatchOS11.4.sdk -target arm64_32-apple-watchos10.0 -g -module-cache-path /Users/admin/builder/spi-builder-workspace/.derivedData/ModuleCache.noindex -Xfrontend -serialize-debugging-options -profile-coverage-mapping -profile-generate -enable-testing -index-store-path /Users/admin/builder/spi-builder-workspace/.derivedData/Index.noindex/DataStore -swift-version 6 -I /Users/admin/builder/spi-builder-workspace/.derivedData/Build/Products/Debug-watchos -I /Applications/Xcode-16.3.0.app/Contents/Developer/Platforms/WatchOS.platform/Developer/usr/lib -F /Users/admin/builder/spi-builder-workspace/.derivedData/Build/Products/Debug-watchos -F /Applications/Xcode-16.3.0.app/Contents/Developer/Platforms/WatchOS.platform/Developer/Library/Frameworks -F /Applications/Xcode-16.3.0.app/Contents/Developer/Platforms/WatchOS.platform/Developer/SDKs/WatchOS11.4.sdk/Developer/Library/Frameworks -c -j10 -enable-batch-mode -incremental -Xcc -ivfsstatcache -Xcc /Users/admin/builder/spi-builder-workspace/.derivedData/SDKStatCaches.noindex/watchos11.4-22T246-43efb940ff07ba2497b70ec94253f576.sdkstatcache -output-file-map /Users/admin/builder/spi-builder-workspace/.derivedData/Build/Intermediates.noindex/JomloCollectionView.build/Debug-watchos/JomloCollectionView.build/Objects-normal/arm64_32/JomloCollectionView-OutputFileMap.json -use-frontend-parseable-output -save-temps -no-color-diagnostics -serialize-diagnostics -emit-dependencies -emit-module -emit-module-path /Users/admin/builder/spi-builder-workspace/.derivedData/Build/Intermediates.noindex/JomloCollectionView.build/Debug-watchos/JomloCollectionView.build/Objects-normal/arm64_32/JomloCollectionView.swiftmodule -validate-clang-modules-once -clang-build-session-file /Users/admin/builder/spi-builder-workspace/.derivedData/ModuleCache.noindex/Session.modulevalidation -package-name spi_builder_workspace -Xcc -I/Users/admin/builder/spi-builder-workspace/.derivedData/Build/Intermediates.noindex/JomloCollectionView.build/Debug-watchos/JomloCollectionView.build/swift-overrides.hmap -emit-const-values -Xfrontend -const-gather-protocols-file -Xfrontend /Users/admin/builder/spi-builder-workspace/.derivedData/Build/Intermediates.noindex/JomloCollectionView.build/Debug-watchos/JomloCollectionView.build/Objects-normal/arm64_32/JomloCollectionView_const_extract_protocols.json -Xcc -I/Users/admin/builder/spi-builder-workspace/.derivedData/Build/Products/Debug-watchos/include -Xcc -I/Users/admin/builder/spi-builder-workspace/.derivedData/Build/Intermediates.noindex/JomloCollectionView.build/Debug-watchos/JomloCollectionView.build/DerivedSources-normal/arm64_32 -Xcc -I/Users/admin/builder/spi-builder-workspace/.derivedData/Build/Intermediates.noindex/JomloCollectionView.build/Debug-watchos/JomloCollectionView.build/DerivedSources/arm64_32 -Xcc -I/Users/admin/builder/spi-builder-workspace/.derivedData/Build/Intermediates.noindex/JomloCollectionView.build/Debug-watchos/JomloCollectionView.build/DerivedSources -Xcc -DSWIFT_PACKAGE -Xcc -DDEBUG\=1 -emit-objc-header -emit-objc-header-path /Users/admin/builder/spi-builder-workspace/.derivedData/Build/Intermediates.noindex/JomloCollectionView.build/Debug-watchos/JomloCollectionView.build/Objects-normal/arm64_32/JomloCollectionView-Swift.h -working-directory /Users/admin/builder/spi-builder-workspace/.swiftpm/xcode -experimental-emit-module-separately -disable-cmo
SwiftDriver JomloCollectionView normal arm64 com.apple.xcode.tools.swift.compiler (in target 'JomloCollectionView' from project 'JomloCollectionView')
cd /Users/admin/builder/spi-builder-workspace/.swiftpm/xcode
builtin-SwiftDriver -- /Applications/Xcode-16.3.0.app/Contents/Developer/Toolchains/XcodeDefault.xctoolchain/usr/bin/swiftc -module-name JomloCollectionView -Onone -enforce-exclusivity\=checked @/Users/admin/builder/spi-builder-workspace/.derivedData/Build/Intermediates.noindex/JomloCollectionView.build/Debug-watchos/JomloCollectionView.build/Objects-normal/arm64/JomloCollectionView.SwiftFileList -DSWIFT_PACKAGE -DDEBUG -DXcode -plugin-path /Applications/Xcode-16.3.0.app/Contents/Developer/Toolchains/XcodeDefault.xctoolchain/usr/lib/swift/host/plugins/testing -enable-experimental-feature DebugDescriptionMacro -sdk /Applications/Xcode-16.3.0.app/Contents/Developer/Platforms/WatchOS.platform/Developer/SDKs/WatchOS11.4.sdk -target arm64-apple-watchos10.0 -g -module-cache-path /Users/admin/builder/spi-builder-workspace/.derivedData/ModuleCache.noindex -Xfrontend -serialize-debugging-options -profile-coverage-mapping -profile-generate -enable-testing -index-store-path /Users/admin/builder/spi-builder-workspace/.derivedData/Index.noindex/DataStore -swift-version 6 -I /Users/admin/builder/spi-builder-workspace/.derivedData/Build/Products/Debug-watchos -I /Applications/Xcode-16.3.0.app/Contents/Developer/Platforms/WatchOS.platform/Developer/usr/lib -F /Users/admin/builder/spi-builder-workspace/.derivedData/Build/Products/Debug-watchos -F /Applications/Xcode-16.3.0.app/Contents/Developer/Platforms/WatchOS.platform/Developer/Library/Frameworks -F /Applications/Xcode-16.3.0.app/Contents/Developer/Platforms/WatchOS.platform/Developer/SDKs/WatchOS11.4.sdk/Developer/Library/Frameworks -c -j10 -enable-batch-mode -incremental -Xcc -ivfsstatcache -Xcc /Users/admin/builder/spi-builder-workspace/.derivedData/SDKStatCaches.noindex/watchos11.4-22T246-43efb940ff07ba2497b70ec94253f576.sdkstatcache -output-file-map /Users/admin/builder/spi-builder-workspace/.derivedData/Build/Intermediates.noindex/JomloCollectionView.build/Debug-watchos/JomloCollectionView.build/Objects-normal/arm64/JomloCollectionView-OutputFileMap.json -use-frontend-parseable-output -save-temps -no-color-diagnostics -serialize-diagnostics -emit-dependencies -emit-module -emit-module-path /Users/admin/builder/spi-builder-workspace/.derivedData/Build/Intermediates.noindex/JomloCollectionView.build/Debug-watchos/JomloCollectionView.build/Objects-normal/arm64/JomloCollectionView.swiftmodule -validate-clang-modules-once -clang-build-session-file /Users/admin/builder/spi-builder-workspace/.derivedData/ModuleCache.noindex/Session.modulevalidation -package-name spi_builder_workspace -Xcc -I/Users/admin/builder/spi-builder-workspace/.derivedData/Build/Intermediates.noindex/JomloCollectionView.build/Debug-watchos/JomloCollectionView.build/swift-overrides.hmap -emit-const-values -Xfrontend -const-gather-protocols-file -Xfrontend /Users/admin/builder/spi-builder-workspace/.derivedData/Build/Intermediates.noindex/JomloCollectionView.build/Debug-watchos/JomloCollectionView.build/Objects-normal/arm64/JomloCollectionView_const_extract_protocols.json -Xcc -I/Users/admin/builder/spi-builder-workspace/.derivedData/Build/Products/Debug-watchos/include -Xcc -I/Users/admin/builder/spi-builder-workspace/.derivedData/Build/Intermediates.noindex/JomloCollectionView.build/Debug-watchos/JomloCollectionView.build/DerivedSources-normal/arm64 -Xcc -I/Users/admin/builder/spi-builder-workspace/.derivedData/Build/Intermediates.noindex/JomloCollectionView.build/Debug-watchos/JomloCollectionView.build/DerivedSources/arm64 -Xcc -I/Users/admin/builder/spi-builder-workspace/.derivedData/Build/Intermediates.noindex/JomloCollectionView.build/Debug-watchos/JomloCollectionView.build/DerivedSources -Xcc -DSWIFT_PACKAGE -Xcc -DDEBUG\=1 -emit-objc-header -emit-objc-header-path /Users/admin/builder/spi-builder-workspace/.derivedData/Build/Intermediates.noindex/JomloCollectionView.build/Debug-watchos/JomloCollectionView.build/Objects-normal/arm64/JomloCollectionView-Swift.h -working-directory /Users/admin/builder/spi-builder-workspace/.swiftpm/xcode -experimental-emit-module-separately -disable-cmo
SwiftEmitModule normal arm64_32 Emitting\ module\ for\ JomloCollectionView (in target 'JomloCollectionView' from project 'JomloCollectionView')
EmitSwiftModule normal arm64_32 (in target 'JomloCollectionView' from project 'JomloCollectionView')
cd /Users/admin/builder/spi-builder-workspace/.swiftpm/xcode
/Users/admin/builder/spi-builder-workspace/Sources/JomloCollectionView/Animation/JomloAnimator.swift:24:75: error: cannot find type 'UICollectionView' in scope
public typealias Animation = @MainActor @Sendable (UIView, IndexPath, UICollectionView) -> Void
^~~~~~~~~~~~~~~~
/Users/admin/builder/spi-builder-workspace/Sources/JomloCollectionView/Animation/JomloAnimator.swift:32:28: error: @escaping attribute only applies to function types
public init(animation: @escaping Animation) {
^~~~~~~~~~
/Users/admin/builder/spi-builder-workspace/Sources/JomloCollectionView/Animation/JomloAnimator.swift:39:83: error: cannot find type 'UICollectionView' in scope
public func animate(view: UIView, at indexPath: IndexPath, in collectionView: UICollectionView)
^~~~~~~~~~~~~~~~
/Users/admin/builder/spi-builder-workspace/Sources/JomloCollectionView/Animation/JomloAnimator.swift:39:31: error: 'UIView' is unavailable: This Objective-C class has only been forward-declared; import its owning module to use it
public func animate(view: UIView, at indexPath: IndexPath, in collectionView: UICollectionView)
^~~~~~
UIKit.UIView:2:14: note: 'UIView' has been explicitly marked unavailable here
public class UIView {
^
/Users/admin/builder/spi-builder-workspace/Sources/JomloCollectionView/Helpers/JomloSectionHeaderView.swift:28:28: error: cannot find type 'UILabel' in scope
public let titleLabel: UILabel = {
^~~~~~~
/Users/admin/builder/spi-builder-workspace/Sources/JomloCollectionView/Helpers/JomloSectionHeaderView.swift:37:30: error: cannot find type 'UIButton' in scope
public let actionButton: UIButton = {
^~~~~~~~
/Users/admin/builder/spi-builder-workspace/Sources/JomloCollectionView/Helpers/JomloSectionHeaderView.swift:48:21: error: initializer does not override a designated initializer from its superclass
public override init(frame: CGRect) {
~~~~~~~~ ^
/Users/admin/builder/spi-builder-workspace/Sources/JomloCollectionView/Helpers/JomloSectionHeaderView.swift:22:36: error: cannot find type 'UICollectionReusableView' in scope
open class JomloSectionHeaderView: UICollectionReusableView {
^~~~~~~~~~~~~~~~~~~~~~~~
/Users/admin/builder/spi-builder-workspace/Sources/JomloCollectionView/Helpers/UICollectionView+JomloRegistration.swift:11:11: error: cannot find type 'UICollectionView' in scope
extension UICollectionView {
^~~~~~~~~~~~~~~~
/Users/admin/builder/spi-builder-workspace/Sources/JomloCollectionView/Layout/JomloLayoutFactory.swift:31:10: error: cannot find type 'NSCollectionLayoutSection' in scope
) -> NSCollectionLayoutSection {
^~~~~~~~~~~~~~~~~~~~~~~~~
/Users/admin/builder/spi-builder-workspace/Sources/JomloCollectionView/Layout/JomloLayoutFactory.swift:28:17: error: cannot find type 'NSCollectionLayoutDimension' in scope
height: NSCollectionLayoutDimension = .fractionalWidth(0.56),
^~~~~~~~~~~~~~~~~~~~~~~~~~~
/Users/admin/builder/spi-builder-workspace/Sources/JomloCollectionView/Layout/JomloLayoutFactory.swift:71:10: error: cannot find type 'NSCollectionLayoutSection' in scope
) -> NSCollectionLayoutSection {
^~~~~~~~~~~~~~~~~~~~~~~~~
/Users/admin/builder/spi-builder-workspace/Sources/JomloCollectionView/Layout/JomloLayoutFactory.swift:64:20: error: cannot find type 'NSCollectionLayoutDimension' in scope
itemWidth: NSCollectionLayoutDimension = .absolute(140),
^~~~~~~~~~~~~~~~~~~~~~~~~~~
/Users/admin/builder/spi-builder-workspace/Sources/JomloCollectionView/Layout/JomloLayoutFactory.swift:65:21: error: cannot find type 'NSCollectionLayoutDimension' in scope
itemHeight: NSCollectionLayoutDimension = .absolute(200),
^~~~~~~~~~~~~~~~~~~~~~~~~~~
/Users/admin/builder/spi-builder-workspace/Sources/JomloCollectionView/Layout/JomloLayoutFactory.swift:69:25: error: cannot find type 'UICollectionLayoutSectionOrthogonalScrollingBehavior' in scope
scrollBehavior: UICollectionLayoutSectionOrthogonalScrollingBehavior = .continuous,
^~~~~~~~~~~~~~~~~~~~~~~~~~~~~~~~~~~~~~~~~~~~~~~~~~~~
/Users/admin/builder/spi-builder-workspace/Sources/JomloCollectionView/Layout/JomloLayoutFactory.swift:70:23: error: cannot find type 'NSCollectionLayoutDimension' in scope
headerHeight: NSCollectionLayoutDimension? = .estimated(44)
^~~~~~~~~~~~~~~~~~~~~~~~~~~
/Users/admin/builder/spi-builder-workspace/Sources/JomloCollectionView/Layout/JomloLayoutFactory.swift:123:10: error: cannot find type 'NSCollectionLayoutSection' in scope
) -> NSCollectionLayoutSection {
^~~~~~~~~~~~~~~~~~~~~~~~~
/Users/admin/builder/spi-builder-workspace/Sources/JomloCollectionView/Layout/JomloLayoutFactory.swift:118:21: error: cannot find type 'NSCollectionLayoutDimension' in scope
itemHeight: NSCollectionLayoutDimension = .fractionalWidth(0.5),
^~~~~~~~~~~~~~~~~~~~~~~~~~~
/Users/admin/builder/spi-builder-workspace/Sources/JomloCollectionView/Layout/JomloLayoutFactory.swift:122:23: error: cannot find type 'NSCollectionLayoutDimension' in scope
headerHeight: NSCollectionLayoutDimension? = .estimated(44)
^~~~~~~~~~~~~~~~~~~~~~~~~~~
/Users/admin/builder/spi-builder-workspace/Sources/JomloCollectionView/Layout/JomloLayoutFactory.swift:177:10: error: cannot find type 'NSCollectionLayoutSection' in scope
) -> NSCollectionLayoutSection {
^~~~~~~~~~~~~~~~~~~~~~~~~
/Users/admin/builder/spi-builder-workspace/Sources/JomloCollectionView/Layout/JomloLayoutFactory.swift:172:20: error: cannot find type 'NSCollectionLayoutDimension' in scope
rowHeight: NSCollectionLayoutDimension = .estimated(60),
^~~~~~~~~~~~~~~~~~~~~~~~~~~
/Users/admin/builder/spi-builder-workspace/Sources/JomloCollectionView/Layout/JomloLayoutFactory.swift:176:23: error: cannot find type 'NSCollectionLayoutDimension' in scope
headerHeight: NSCollectionLayoutDimension? = .estimated(44)
^~~~~~~~~~~~~~~~~~~~~~~~~~~
/Users/admin/builder/spi-builder-workspace/Sources/JomloCollectionView/Layout/JomloLayoutFactory.swift:222:10: error: cannot find type 'NSCollectionLayoutSection' in scope
) -> NSCollectionLayoutSection {
^~~~~~~~~~~~~~~~~~~~~~~~~
/Users/admin/builder/spi-builder-workspace/Sources/JomloCollectionView/Layout/JomloLayoutFactory.swift:219:17: error: cannot find type 'NSCollectionLayoutDimension' in scope
height: NSCollectionLayoutDimension = .absolute(120),
^~~~~~~~~~~~~~~~~~~~~~~~~~~
/Users/admin/builder/spi-builder-workspace/Sources/JomloCollectionView/Section/JomloSection.swift:54:10: error: cannot find type 'NSCollectionLayoutSection' in scope
) -> NSCollectionLayoutSection
^~~~~~~~~~~~~~~~~~~~~~~~~
/Users/admin/builder/spi-builder-workspace/Sources/JomloCollectionView/Section/JomloSection.swift:52:22: error: cannot find type 'NSCollectionLayoutEnvironment' in scope
environment: NSCollectionLayoutEnvironment,
^~~~~~~~~~~~~~~~~~~~~~~~~~~~~
/Users/admin/builder/spi-builder-workspace/Sources/JomloCollectionView/Section/JomloSection.swift:67:10: error: cannot find type 'UICollectionViewCell' in scope
) -> UICollectionViewCell
^~~~~~~~~~~~~~~~~~~~
/Users/admin/builder/spi-builder-workspace/Sources/JomloCollectionView/Section/JomloSection.swift:65:28: error: cannot find type 'UICollectionView' in scope
in collectionView: UICollectionView,
^~~~~~~~~~~~~~~~
/Users/admin/builder/spi-builder-workspace/Sources/JomloCollectionView/Section/JomloSection.swift:87:10: error: cannot find type 'UICollectionReusableView' in scope
) -> UICollectionReusableView?
^~~~~~~~~~~~~~~~~~~~~~~~
/Users/admin/builder/spi-builder-workspace/Sources/JomloCollectionView/Section/JomloSection.swift:85:28: error: cannot find type 'UICollectionView' in scope
in collectionView: UICollectionView,
^~~~~~~~~~~~~~~~
/Users/admin/builder/spi-builder-workspace/Sources/JomloCollectionView/Section/JomloSection.swift:110:10: error: cannot find type 'UICollectionReusableView' in scope
) -> UICollectionReusableView? {
^~~~~~~~~~~~~~~~~~~~~~~~
/Users/admin/builder/spi-builder-workspace/Sources/JomloCollectionView/Section/JomloSection.swift:108:28: error: cannot find type 'UICollectionView' in scope
in collectionView: UICollectionView,
^~~~~~~~~~~~~~~~
/Users/admin/builder/spi-builder-workspace/Sources/JomloCollectionView/Section/JomloSelfConfiguringCell.swift:16:43: error: cannot find type 'UICollectionViewCell' in scope
public protocol JomloSelfConfiguringCell: UICollectionViewCell {
^~~~~~~~~~~~~~~~~~~~
/Users/admin/builder/spi-builder-workspace/Sources/JomloCollectionView/ViewController/JomloCollectionViewController.swift:33:50: error: cannot find type 'UICollectionView' in scope
public private(set) lazy var collectionView: UICollectionView = {
^~~~~~~~~~~~~~~~
/Users/admin/builder/spi-builder-workspace/Sources/JomloCollectionView/ViewController/JomloCollectionViewController.swift:53:29: error: cannot find type 'UICollectionViewDiffableDataSource' in scope
private var dataSource: UICollectionViewDiffableDataSource<JomloSectionID, AnyJomloItem>!
^~~~~~~~~~~~~~~~~~~~~~~~~~~~~~~~~~
/Users/admin/builder/spi-builder-workspace/Sources/JomloCollectionView/ViewController/JomloCollectionViewController.swift:72:24: error: method does not override any method from its superclass
open override func viewDidLoad() {
~~~~~~~~ ^
/Users/admin/builder/spi-builder-workspace/Sources/JomloCollectionView/ViewController/JomloCollectionViewController.swift:131:34: error: cannot find type 'UICollectionViewCompositionalLayout' in scope
private func makeLayout() -> UICollectionViewCompositionalLayout {
^~~~~~~~~~~~~~~~~~~~~~~~~~~~~~~~~~~
/Users/admin/builder/spi-builder-workspace/Sources/JomloCollectionView/ViewController/JomloCollectionViewController.swift:143:53: error: cannot find type 'NSCollectionLayoutSection' in scope
private static func makeEmptyLayoutSection() -> NSCollectionLayoutSection {
^~~~~~~~~~~~~~~~~~~~~~~~~
/Users/admin/builder/spi-builder-workspace/Sources/JomloCollectionView/ViewController/JomloCollectionViewController.swift:28:43: error: cannot find type 'UIViewController' in scope
open class JomloCollectionViewController: UIViewController {
^~~~~~~~~~~~~~~~
/Users/admin/builder/spi-builder-workspace/Sources/JomloCollectionView/ViewController/JomloCollectionViewController.swift:205:42: error: cannot find type 'UICollectionViewDelegate' in scope
extension JomloCollectionViewController: UICollectionViewDelegate {
^~~~~~~~~~~~~~~~~~~~~~~~
/Users/admin/builder/spi-builder-workspace/Sources/JomloCollectionView/ViewController/JomloCollectionViewController.swift:208:27: error: cannot find type 'UICollectionView' in scope
_ collectionView: UICollectionView,
^~~~~~~~~~~~~~~~
/Users/admin/builder/spi-builder-workspace/Sources/JomloCollectionView/ViewController/JomloCollectionViewController.swift:207:5: warning: non-'@objc' instance method in extensions cannot be overridden; use 'public' instead
open func collectionView(
^~~~
public
/Users/admin/builder/spi-builder-workspace/Sources/JomloCollectionView/ViewController/JomloCollectionViewController.swift:219:27: error: cannot find type 'UICollectionView' in scope
_ collectionView: UICollectionView,
^~~~~~~~~~~~~~~~
/Users/admin/builder/spi-builder-workspace/Sources/JomloCollectionView/ViewController/JomloCollectionViewController.swift:220:27: error: cannot find type 'UICollectionViewCell' in scope
willDisplay cell: UICollectionViewCell,
^~~~~~~~~~~~~~~~~~~~
/Users/admin/builder/spi-builder-workspace/Sources/JomloCollectionView/ViewController/JomloCollectionViewController.swift:218:5: warning: non-'@objc' instance method in extensions cannot be overridden; use 'public' instead
open func collectionView(
^~~~
public
/Users/admin/builder/spi-builder-workspace/Sources/JomloCollectionView/ViewController/JomloCollectionViewController.swift:237:27: error: cannot find type 'UICollectionView' in scope
_ collectionView: UICollectionView,
^~~~~~~~~~~~~~~~
/Users/admin/builder/spi-builder-workspace/Sources/JomloCollectionView/ViewController/JomloCollectionViewController.swift:238:32: error: cannot find type 'UICollectionViewCell' in scope
didEndDisplaying cell: UICollectionViewCell,
^~~~~~~~~~~~~~~~~~~~
/Users/admin/builder/spi-builder-workspace/Sources/JomloCollectionView/ViewController/JomloCollectionViewController.swift:236:5: warning: non-'@objc' instance method in extensions cannot be overridden; use 'public' instead
open func collectionView(
^~~~
public
Failed frontend command:
/Applications/Xcode-16.3.0.app/Contents/Developer/Toolchains/XcodeDefault.xctoolchain/usr/bin/swift-frontend -frontend -emit-module -experimental-skip-non-inlinable-function-bodies-without-types /Users/admin/builder/spi-builder-workspace/Sources/JomloCollectionView/Animation/JomloAnimator.swift /Users/admin/builder/spi-builder-workspace/Sources/JomloCollectionView/Helpers/JomloSectionHeaderView.swift /Users/admin/builder/spi-builder-workspace/Sources/JomloCollectionView/Helpers/UICollectionView+JomloRegistration.swift /Users/admin/builder/spi-builder-workspace/Sources/JomloCollectionView/JomloCollectionView.swift /Users/admin/builder/spi-builder-workspace/Sources/JomloCollectionView/Layout/JomloLayoutFactory.swift /Users/admin/builder/spi-builder-workspace/Sources/JomloCollectionView/Section/JomloItem.swift /Users/admin/builder/spi-builder-workspace/Sources/JomloCollectionView/Section/JomloSection.swift /Users/admin/builder/spi-builder-workspace/Sources/JomloCollectionView/Section/JomloSelfConfiguringCell.swift /Users/admin/builder/spi-builder-workspace/Sources/JomloCollectionView/ViewController/JomloCollectionViewController.swift -target arm64_32-apple-watchos10.0 -enable-objc-interop -sdk /Applications/Xcode-16.3.0.app/Contents/Developer/Platforms/WatchOS.platform/Developer/SDKs/WatchOS11.4.sdk -I /Users/admin/builder/spi-builder-workspace/.derivedData/Build/Products/Debug-watchos -I /Applications/Xcode-16.3.0.app/Contents/Developer/Platforms/WatchOS.platform/Developer/usr/lib -F /Users/admin/builder/spi-builder-workspace/.derivedData/Build/Products/Debug-watchos -F /Applications/Xcode-16.3.0.app/Contents/Developer/Platforms/WatchOS.platform/Developer/Library/Frameworks -F /Applications/Xcode-16.3.0.app/Contents/Developer/Platforms/WatchOS.platform/Developer/SDKs/WatchOS11.4.sdk/Developer/Library/Frameworks -no-color-diagnostics -enable-testing -g -debug-info-format\=dwarf -dwarf-version\=4 -module-cache-path /Users/admin/builder/spi-builder-workspace/.derivedData/ModuleCache.noindex -profile-generate -profile-coverage-mapping -swift-version 6 -enforce-exclusivity\=checked -Onone -D SWIFT_PACKAGE -D DEBUG -D Xcode -serialize-debugging-options -const-gather-protocols-file /Users/admin/builder/spi-builder-workspace/.derivedData/Build/Intermediates.noindex/JomloCollectionView.build/Debug-watchos/JomloCollectionView.build/Objects-normal/arm64_32/JomloCollectionView_const_extract_protocols.json -enable-experimental-feature DebugDescriptionMacro -empty-abi-descriptor -plugin-path /Applications/Xcode-16.3.0.app/Contents/Developer/Toolchains/XcodeDefault.xctoolchain/usr/lib/swift/host/plugins/testing -validate-clang-modules-once -clang-build-session-file /Users/admin/builder/spi-builder-workspace/.derivedData/ModuleCache.noindex/Session.modulevalidation -Xcc -working-directory -Xcc /Users/admin/builder/spi-builder-workspace/.swiftpm/xcode -resource-dir /Applications/Xcode-16.3.0.app/Contents/Developer/Toolchains/XcodeDefault.xctoolchain/usr/lib/swift -enable-anonymous-context-mangled-names -file-compilation-dir /Users/admin/builder/spi-builder-workspace/.swiftpm/xcode -Xcc -ivfsstatcache -Xcc /Users/admin/builder/spi-builder-workspace/.derivedData/SDKStatCaches.noindex/watchos11.4-22T246-43efb940ff07ba2497b70ec94253f576.sdkstatcache -Xcc -I/Users/admin/builder/spi-builder-workspace/.derivedData/Build/Intermediates.noindex/JomloCollectionView.build/Debug-watchos/JomloCollectionView.build/swift-overrides.hmap -Xcc -I/Users/admin/builder/spi-builder-workspace/.derivedData/Build/Products/Debug-watchos/include -Xcc -I/Users/admin/builder/spi-builder-workspace/.derivedData/Build/Intermediates.noindex/JomloCollectionView.build/Debug-watchos/JomloCollectionView.build/DerivedSources-normal/arm64_32 -Xcc -I/Users/admin/builder/spi-builder-workspace/.derivedData/Build/Intermediates.noindex/JomloCollectionView.build/Debug-watchos/JomloCollectionView.build/DerivedSources/arm64_32 -Xcc -I/Users/admin/builder/spi-builder-workspace/.derivedData/Build/Intermediates.noindex/JomloCollectionView.build/Debug-watchos/JomloCollectionView.build/DerivedSources -Xcc -DSWIFT_PACKAGE -Xcc -DDEBUG\=1 -module-name JomloCollectionView -package-name spi_builder_workspace -frontend-parseable-output -disable-clang-spi -target-sdk-version 11.4 -target-sdk-name watchos11.4 -external-plugin-path /Applications/Xcode-16.3.0.app/Contents/Developer/Platforms/WatchOS.platform/Developer/usr/lib/swift/host/plugins\#/Applications/Xcode-16.3.0.app/Contents/Developer/Platforms/WatchOS.platform/Developer/usr/bin/swift-plugin-server -external-plugin-path /Applications/Xcode-16.3.0.app/Contents/Developer/Platforms/WatchOS.platform/Developer/usr/local/lib/swift/host/plugins\#/Applications/Xcode-16.3.0.app/Contents/Developer/Platforms/WatchOS.platform/Developer/usr/bin/swift-plugin-server -in-process-plugin-server-path /Applications/Xcode-16.3.0.app/Contents/Developer/Toolchains/XcodeDefault.xctoolchain/usr/lib/swift/host/libSwiftInProcPluginServer.dylib -plugin-path /Applications/Xcode-16.3.0.app/Contents/Developer/Toolchains/XcodeDefault.xctoolchain/usr/lib/swift/host/plugins -plugin-path /Applications/Xcode-16.3.0.app/Contents/Developer/Toolchains/XcodeDefault.xctoolchain/usr/local/lib/swift/host/plugins -emit-module-doc-path /Users/admin/builder/spi-builder-workspace/.derivedData/Build/Intermediates.noindex/JomloCollectionView.build/Debug-watchos/JomloCollectionView.build/Objects-normal/arm64_32/JomloCollectionView.swiftdoc -emit-module-source-info-path /Users/admin/builder/spi-builder-workspace/.derivedData/Build/Intermediates.noindex/JomloCollectionView.build/Debug-watchos/JomloCollectionView.build/Objects-normal/arm64_32/JomloCollectionView.swiftsourceinfo -emit-objc-header-path /Users/admin/builder/spi-builder-workspace/.derivedData/Build/Intermediates.noindex/JomloCollectionView.build/Debug-watchos/JomloCollectionView.build/Objects-normal/arm64_32/JomloCollectionView-Swift.h -serialize-diagnostics-path /Users/admin/builder/spi-builder-workspace/.derivedData/Build/Intermediates.noindex/JomloCollectionView.build/Debug-watchos/JomloCollectionView.build/Objects-normal/arm64_32/JomloCollectionView-master-emit-module.dia -emit-dependencies-path /Users/admin/builder/spi-builder-workspace/.derivedData/Build/Intermediates.noindex/JomloCollectionView.build/Debug-watchos/JomloCollectionView.build/Objects-normal/arm64_32/JomloCollectionView-master-emit-module.d -o /Users/admin/builder/spi-builder-workspace/.derivedData/Build/Intermediates.noindex/JomloCollectionView.build/Debug-watchos/JomloCollectionView.build/Objects-normal/arm64_32/JomloCollectionView.swiftmodule -emit-abi-descriptor-path /Users/admin/builder/spi-builder-workspace/.derivedData/Build/Intermediates.noindex/JomloCollectionView.build/Debug-watchos/JomloCollectionView.build/Objects-normal/arm64_32/JomloCollectionView.abi.json
SwiftCompile normal arm64_32 Compiling\ UICollectionView+JomloRegistration.swift /Users/admin/builder/spi-builder-workspace/Sources/JomloCollectionView/Helpers/UICollectionView+JomloRegistration.swift (in target 'JomloCollectionView' from project 'JomloCollectionView')
SwiftCompile normal arm64_32 /Users/admin/builder/spi-builder-workspace/Sources/JomloCollectionView/Helpers/UICollectionView+JomloRegistration.swift (in target 'JomloCollectionView' from project 'JomloCollectionView')
cd /Users/admin/builder/spi-builder-workspace/.swiftpm/xcode
SwiftCompile normal arm64_32 Compiling\ JomloSectionHeaderView.swift /Users/admin/builder/spi-builder-workspace/Sources/JomloCollectionView/Helpers/JomloSectionHeaderView.swift (in target 'JomloCollectionView' from project 'JomloCollectionView')
SwiftCompile normal arm64_32 /Users/admin/builder/spi-builder-workspace/Sources/JomloCollectionView/Helpers/JomloSectionHeaderView.swift (in target 'JomloCollectionView' from project 'JomloCollectionView')
cd /Users/admin/builder/spi-builder-workspace/.swiftpm/xcode
SwiftCompile normal arm64_32 Compiling\ JomloSection.swift /Users/admin/builder/spi-builder-workspace/Sources/JomloCollectionView/Section/JomloSection.swift (in target 'JomloCollectionView' from project 'JomloCollectionView')
SwiftCompile normal arm64_32 /Users/admin/builder/spi-builder-workspace/Sources/JomloCollectionView/Section/JomloSection.swift (in target 'JomloCollectionView' from project 'JomloCollectionView')
cd /Users/admin/builder/spi-builder-workspace/.swiftpm/xcode
SwiftCompile normal arm64_32 Compiling\ JomloCollectionView.swift /Users/admin/builder/spi-builder-workspace/Sources/JomloCollectionView/JomloCollectionView.swift (in target 'JomloCollectionView' from project 'JomloCollectionView')
SwiftCompile normal arm64_32 /Users/admin/builder/spi-builder-workspace/Sources/JomloCollectionView/JomloCollectionView.swift (in target 'JomloCollectionView' from project 'JomloCollectionView')
cd /Users/admin/builder/spi-builder-workspace/.swiftpm/xcode
SwiftCompile normal arm64_32 Compiling\ JomloAnimator.swift /Users/admin/builder/spi-builder-workspace/Sources/JomloCollectionView/Animation/JomloAnimator.swift (in target 'JomloCollectionView' from project 'JomloCollectionView')
SwiftCompile normal arm64_32 /Users/admin/builder/spi-builder-workspace/Sources/JomloCollectionView/Animation/JomloAnimator.swift (in target 'JomloCollectionView' from project 'JomloCollectionView')
cd /Users/admin/builder/spi-builder-workspace/.swiftpm/xcode
SwiftCompile normal arm64_32 Compiling\ JomloLayoutFactory.swift /Users/admin/builder/spi-builder-workspace/Sources/JomloCollectionView/Layout/JomloLayoutFactory.swift (in target 'JomloCollectionView' from project 'JomloCollectionView')
SwiftCompile normal arm64_32 /Users/admin/builder/spi-builder-workspace/Sources/JomloCollectionView/Layout/JomloLayoutFactory.swift (in target 'JomloCollectionView' from project 'JomloCollectionView')
cd /Users/admin/builder/spi-builder-workspace/.swiftpm/xcode
SwiftCompile normal arm64_32 Compiling\ JomloSelfConfiguringCell.swift /Users/admin/builder/spi-builder-workspace/Sources/JomloCollectionView/Section/JomloSelfConfiguringCell.swift (in target 'JomloCollectionView' from project 'JomloCollectionView')
SwiftCompile normal arm64_32 /Users/admin/builder/spi-builder-workspace/Sources/JomloCollectionView/Section/JomloSelfConfiguringCell.swift (in target 'JomloCollectionView' from project 'JomloCollectionView')
cd /Users/admin/builder/spi-builder-workspace/.swiftpm/xcode
SwiftCompile normal arm64_32 Compiling\ JomloItem.swift /Users/admin/builder/spi-builder-workspace/Sources/JomloCollectionView/Section/JomloItem.swift (in target 'JomloCollectionView' from project 'JomloCollectionView')
SwiftCompile normal arm64_32 /Users/admin/builder/spi-builder-workspace/Sources/JomloCollectionView/Section/JomloItem.swift (in target 'JomloCollectionView' from project 'JomloCollectionView')
cd /Users/admin/builder/spi-builder-workspace/.swiftpm/xcode
SwiftEmitModule normal arm64 Emitting\ module\ for\ JomloCollectionView (in target 'JomloCollectionView' from project 'JomloCollectionView')
EmitSwiftModule normal arm64 (in target 'JomloCollectionView' from project 'JomloCollectionView')
cd /Users/admin/builder/spi-builder-workspace/.swiftpm/xcode
SwiftCompile normal arm64 Compiling\ JomloSelfConfiguringCell.swift /Users/admin/builder/spi-builder-workspace/Sources/JomloCollectionView/Section/JomloSelfConfiguringCell.swift (in target 'JomloCollectionView' from project 'JomloCollectionView')
Command SwiftCompile failed with a nonzero exit code
** BUILD FAILED **
The following build commands failed:
EmitSwiftModule normal arm64_32 (in target 'JomloCollectionView' from project 'JomloCollectionView')
SwiftEmitModule normal arm64_32 Emitting\ module\ for\ JomloCollectionView (in target 'JomloCollectionView' from project 'JomloCollectionView')
SwiftCompile normal arm64 Compiling\ JomloSelfConfiguringCell.swift /Users/admin/builder/spi-builder-workspace/Sources/JomloCollectionView/Section/JomloSelfConfiguringCell.swift (in target 'JomloCollectionView' from project 'JomloCollectionView')
Building workspace spi-builder-workspace with scheme JomloCollectionView
(4 failures)
BUILD FAILURE 6.1 watchOS