The Swift Package Index logo.Swift Package Index

Build Information

Failed to build XCTHealthKit, reference 1.2.7 (34ad0f), with Swift 6.4 for watchOS using Xcode 27.0 on 24 Sep 2026 22:29:37 UTC.

Build Command

env DEVELOPER_DIR=/Applications/Xcode-27.0.0-Release.Candidate.app xcrun xcodebuild -IDEClonedSourcePackagesDirPathOverride=$PWD/.dependencies -skipMacroValidation -skipPackagePluginValidation -derivedDataPath $PWD/.derivedData build -scheme XCTHealthKit -destination generic/platform=watchOS

Build Log

SwiftExplicitDependencyGeneratePcm arm64 /Users/admin/builder/spi-builder-workspace/.derivedData/SDKExplicitPrecompiledModules/_Builtin_inttypes-86YTNV5YADPJXFMJ82N3R4GWQ.pcm
SwiftExplicitDependencyGeneratePcm arm64_32 /Users/admin/builder/spi-builder-workspace/.derivedData/SDKExplicitPrecompiledModules/_Builtin_inttypes-BPZJ68HW1IMYWSHROAZ0IMUJP.pcm
SwiftExplicitDependencyGeneratePcm arm64 /Users/admin/builder/spi-builder-workspace/.derivedData/SDKExplicitPrecompiledModules/Darwin-CSB8C43KELVSFIQVR0803IZPN.pcm
SwiftExplicitDependencyGeneratePcm arm64_32 /Users/admin/builder/spi-builder-workspace/.derivedData/SDKExplicitPrecompiledModules/Darwin-10D35ZJWCWG7LJAF579U7I5V7.pcm
SwiftExplicitDependencyGeneratePcm arm64 /Users/admin/builder/spi-builder-workspace/.derivedData/SDKExplicitPrecompiledModules/simd-2C11HKTI5TJB05T724EWNFZXD.pcm
SwiftExplicitDependencyGeneratePcm arm64_32 /Users/admin/builder/spi-builder-workspace/.derivedData/SDKExplicitPrecompiledModules/simd-1W6O8NR1QUSWJGAN44DNNWVHX.pcm
SwiftExplicitDependencyGeneratePcm arm64 /Users/admin/builder/spi-builder-workspace/.derivedData/SDKExplicitPrecompiledModules/ObjectiveC-22CZPC4WYQC9G8T393WT2KKLW.pcm
SwiftExplicitDependencyGeneratePcm arm64 /Users/admin/builder/spi-builder-workspace/.derivedData/SDKExplicitPrecompiledModules/MachO-4RYXFVY68ZDEUZYFMVL57WEKU.pcm
SwiftExplicitDependencyGeneratePcm arm64_32 /Users/admin/builder/spi-builder-workspace/.derivedData/SDKExplicitPrecompiledModules/ObjectiveC-71AGZNHLBMR2QK817EJNUN54E.pcm
SwiftExplicitDependencyGeneratePcm arm64_32 /Users/admin/builder/spi-builder-workspace/.derivedData/SDKExplicitPrecompiledModules/MachO-F47JQRYVH1SLPOQSJD8RK9MSX.pcm
SwiftExplicitDependencyGeneratePcm arm64 /Users/admin/builder/spi-builder-workspace/.derivedData/SDKExplicitPrecompiledModules/os_object-6KYGGZ4DPVZ3BBAZ6QICZN8LI.pcm
SwiftExplicitDependencyGeneratePcm arm64_32 /Users/admin/builder/spi-builder-workspace/.derivedData/SDKExplicitPrecompiledModules/os_object-CTXVQBCWDOH6JHUXIFDUOWFRL.pcm
SwiftExplicitDependencyGeneratePcm arm64 /Users/admin/builder/spi-builder-workspace/.derivedData/SDKExplicitPrecompiledModules/os_workgroup-AHE7ULDQBKER38CYPIKDTZF4M.pcm
SwiftExplicitDependencyGeneratePcm arm64_32 /Users/admin/builder/spi-builder-workspace/.derivedData/SDKExplicitPrecompiledModules/os_workgroup-9L9R05BT5LTFRZ2NM68BZTVV2.pcm
SwiftExplicitDependencyGeneratePcm arm64 /Users/admin/builder/spi-builder-workspace/.derivedData/SDKExplicitPrecompiledModules/Spatial-EZKKX4XFW72RZCTOIG80Z93AP.pcm
SwiftExplicitDependencyGeneratePcm arm64 /Users/admin/builder/spi-builder-workspace/.derivedData/SDKExplicitPrecompiledModules/Dispatch-39VR0G01IUJ09PQKMFGOHXZ4L.pcm
SwiftExplicitDependencyGeneratePcm arm64_32 /Users/admin/builder/spi-builder-workspace/.derivedData/SDKExplicitPrecompiledModules/Dispatch-CGIMI9KQKHNRQHR2IECIPRG14.pcm
SwiftExplicitDependencyGeneratePcm arm64_32 /Users/admin/builder/spi-builder-workspace/.derivedData/SDKExplicitPrecompiledModules/Spatial-4XS0QRL16224ZE9KE9TMKASKT.pcm
SwiftExplicitDependencyGeneratePcm arm64 /Users/admin/builder/spi-builder-workspace/.derivedData/SDKExplicitPrecompiledModules/CoreFoundation-59XKO8YNRGGYNC5U5LK8B4EM.pcm
SwiftExplicitDependencyGeneratePcm arm64 /Users/admin/builder/spi-builder-workspace/.derivedData/SDKExplicitPrecompiledModules/XPC-650JAZBTM6I0OMHYO6CKM0CWJ.pcm
SwiftExplicitDependencyGeneratePcm arm64_32 /Users/admin/builder/spi-builder-workspace/.derivedData/SDKExplicitPrecompiledModules/XPC-7SLKI45KYLKXH9QET2WYS3UZ4.pcm
SwiftExplicitDependencyGeneratePcm arm64_32 /Users/admin/builder/spi-builder-workspace/.derivedData/SDKExplicitPrecompiledModules/CoreFoundation-76B9WJP9MDYT33HZQVSNNZQZD.pcm
SwiftExplicitDependencyGeneratePcm arm64 /Users/admin/builder/spi-builder-workspace/.derivedData/SDKExplicitPrecompiledModules/os-6BCTB8I5DCBBKFJ0Y0G4WQDDJ.pcm
SwiftExplicitDependencyGeneratePcm arm64_32 /Users/admin/builder/spi-builder-workspace/.derivedData/SDKExplicitPrecompiledModules/os-D9NWGT7PQGY2OD43XMA2KGLJK.pcm
SwiftExplicitDependencyGeneratePcm arm64 /Users/admin/builder/spi-builder-workspace/.derivedData/SDKExplicitPrecompiledModules/CoreGraphics-5488DA9QVJJ7QOFXPYOYIYFUX.pcm
SwiftExplicitDependencyGeneratePcm arm64 /Users/admin/builder/spi-builder-workspace/.derivedData/SDKExplicitPrecompiledModules/Security-69WNGEAVQP55EDBQHP3BLE8QU.pcm
SwiftExplicitDependencyGeneratePcm arm64_32 /Users/admin/builder/spi-builder-workspace/.derivedData/SDKExplicitPrecompiledModules/Security-1W411BS4UH2UNMNII2341429S.pcm
SwiftExplicitDependencyGeneratePcm arm64_32 /Users/admin/builder/spi-builder-workspace/.derivedData/SDKExplicitPrecompiledModules/CoreGraphics-A4WOQTM8SYZAQP223LI6RRPEK.pcm
SwiftExplicitDependencyGeneratePcm arm64 /Users/admin/builder/spi-builder-workspace/.derivedData/SDKExplicitPrecompiledModules/Foundation-B3IXODHI7VO4VRX2RWRXLVJZT.pcm
SwiftExplicitDependencyGeneratePcm arm64 /Users/admin/builder/spi-builder-workspace/.derivedData/SDKExplicitPrecompiledModules/CoreText-BEC0M2J7FJN53VXNFDZDKL9U2.pcm
SwiftExplicitDependencyGeneratePcm arm64 /Users/admin/builder/spi-builder-workspace/.derivedData/SDKExplicitPrecompiledModules/CoreVideo-2YRZ292TS6QDW2V2V92NZMPWM.pcm
SwiftExplicitDependencyGeneratePcm arm64_32 /Users/admin/builder/spi-builder-workspace/.derivedData/SDKExplicitPrecompiledModules/Foundation-AIQ30TCDC2B0LBUU6FPQZ0HWI.pcm
SwiftExplicitDependencyGeneratePcm arm64_32 /Users/admin/builder/spi-builder-workspace/.derivedData/SDKExplicitPrecompiledModules/CoreText-34U50N378SZT64826L0B62MN6.pcm
SwiftExplicitDependencyGeneratePcm arm64_32 /Users/admin/builder/spi-builder-workspace/.derivedData/SDKExplicitPrecompiledModules/CoreVideo-BX0NALWCB2F1YOTF0NZGV9FWU.pcm
SwiftExplicitDependencyGeneratePcm arm64 /Users/admin/builder/spi-builder-workspace/.derivedData/SDKExplicitPrecompiledModules/_LocationEssentials-C3HYVW8P89QAUDLD9VRHUF48Q.pcm
SwiftExplicitDependencyGeneratePcm arm64 /Users/admin/builder/spi-builder-workspace/.derivedData/SDKExplicitPrecompiledModules/UIUtilities-AR3EDJH6PMDGNUXQGV2JND65S.pcm
SwiftExplicitDependencyGeneratePcm arm64 /Users/admin/builder/spi-builder-workspace/.derivedData/SDKExplicitPrecompiledModules/UniformTypeIdentifiers-47SS6PHE8KOUZX5UOQUNKH397.pcm
SwiftExplicitDependencyGeneratePcm arm64 /Users/admin/builder/spi-builder-workspace/.derivedData/SDKExplicitPrecompiledModules/Accessibility-DB0V1GY4JDAXG2CZ5MW826DDE.pcm
SwiftExplicitDependencyGeneratePcm arm64 /Users/admin/builder/spi-builder-workspace/.derivedData/SDKExplicitPrecompiledModules/DataDetection-8RQ09UCIV0XSYRF8TQQD54MWN.pcm
SwiftExplicitDependencyGeneratePcm arm64 /Users/admin/builder/spi-builder-workspace/.derivedData/SDKExplicitPrecompiledModules/QuartzCore-BRDP6VIMJ6A6HG4W4NYXZ8BI3.pcm
SwiftExplicitDependencyGeneratePcm arm64 /Users/admin/builder/spi-builder-workspace/.derivedData/SDKExplicitPrecompiledModules/Symbols-B8SNL2YULCKW9SYIL0T5QLMV.pcm
SwiftExplicitDependencyGeneratePcm arm64 /Users/admin/builder/spi-builder-workspace/.derivedData/SDKExplicitPrecompiledModules/OSLog-ESJZZ70KT229YQNKF5CWYQVLA.pcm
SwiftExplicitDependencyGeneratePcm arm64 /Users/admin/builder/spi-builder-workspace/.derivedData/SDKExplicitPrecompiledModules/CoreTransferable-EULYJN53RZTIP2D6F171CT1YZ.pcm
SwiftExplicitDependencyGeneratePcm arm64 /Users/admin/builder/spi-builder-workspace/.derivedData/SDKExplicitPrecompiledModules/UserNotifications-7VIERZPAA371031RT8VBKFYKJ.pcm
SwiftExplicitDependencyGeneratePcm arm64_32 /Users/admin/builder/spi-builder-workspace/.derivedData/SDKExplicitPrecompiledModules/_LocationEssentials-1XWTF8V96VX3IAHKJO7PJZDU0.pcm
SwiftExplicitDependencyGeneratePcm arm64_32 /Users/admin/builder/spi-builder-workspace/.derivedData/SDKExplicitPrecompiledModules/UIUtilities-ABH83C7CSGMIJAARTF384TV0L.pcm
SwiftExplicitDependencyGeneratePcm arm64_32 /Users/admin/builder/spi-builder-workspace/.derivedData/SDKExplicitPrecompiledModules/QuartzCore-72UYR37X0O2APTD1XMSJ20X5X.pcm
SwiftExplicitDependencyGeneratePcm arm64_32 /Users/admin/builder/spi-builder-workspace/.derivedData/SDKExplicitPrecompiledModules/UniformTypeIdentifiers-EH256724QTCKT0XATY095QHVP.pcm
SwiftExplicitDependencyGeneratePcm arm64_32 /Users/admin/builder/spi-builder-workspace/.derivedData/SDKExplicitPrecompiledModules/DataDetection-8EDL8T61430CB5CU94L1E3L0C.pcm
SwiftExplicitDependencyGeneratePcm arm64_32 /Users/admin/builder/spi-builder-workspace/.derivedData/SDKExplicitPrecompiledModules/UserNotifications-F5AOMF9V2Y10QV8U00QNX8B7Q.pcm
SwiftExplicitDependencyGeneratePcm arm64_32 /Users/admin/builder/spi-builder-workspace/.derivedData/SDKExplicitPrecompiledModules/CoreTransferable-DSXZOKFM7XQLZ0FRNNKFDWZT0.pcm
SwiftExplicitDependencyGeneratePcm arm64 /Users/admin/builder/spi-builder-workspace/.derivedData/SDKExplicitPrecompiledModules/HealthKit-852728XBQ9NVXORMJ0TNO7HYT.pcm
SwiftExplicitDependencyGeneratePcm arm64_32 /Users/admin/builder/spi-builder-workspace/.derivedData/SDKExplicitPrecompiledModules/Symbols-DP67QJL9W7VSYP70ZVEBE3KRT.pcm
SwiftExplicitDependencyGeneratePcm arm64_32 /Users/admin/builder/spi-builder-workspace/.derivedData/SDKExplicitPrecompiledModules/OSLog-DXCLJ0K1EEBRV5MFYJOV1HIUX.pcm
SwiftExplicitDependencyGeneratePcm arm64 /Users/admin/builder/spi-builder-workspace/.derivedData/SDKExplicitPrecompiledModules/SwiftUICore-D4BOUT6VJWDXKNATG8P2F95W3.pcm
SwiftExplicitDependencyGeneratePcm arm64_32 /Users/admin/builder/spi-builder-workspace/.derivedData/SDKExplicitPrecompiledModules/Accessibility-BBXP8Z81UOB3UBBTO3GG9FEEO.pcm
SwiftExplicitDependencyGeneratePcm arm64_32 /Users/admin/builder/spi-builder-workspace/.derivedData/SDKExplicitPrecompiledModules/CoreLocation-4AZRAZ8X3W0CS36SZ1GS4LT05.pcm
SwiftExplicitDependencyGeneratePcm arm64 /Users/admin/builder/spi-builder-workspace/.derivedData/SDKExplicitPrecompiledModules/CoreLocation-B0A9Z3B1UDU8OLBQROLWD03N3.pcm
SwiftExplicitDependencyGeneratePcm arm64_32 /Users/admin/builder/spi-builder-workspace/.derivedData/SDKExplicitPrecompiledModules/HealthKit-39CAPF2NQGCRCOC1GLPQKO5ZR.pcm
SwiftExplicitDependencyGeneratePcm arm64_32 /Users/admin/builder/spi-builder-workspace/.derivedData/SDKExplicitPrecompiledModules/SwiftUICore-TURER010MQ2QH6SN4BGDJJKP.pcm
SwiftExplicitDependencyGeneratePcm arm64_32 /Users/admin/builder/spi-builder-workspace/.derivedData/SDKExplicitPrecompiledModules/CoreMotion-E9C6K7MOTJF3RC93DULCZ130U.pcm
SwiftExplicitDependencyGeneratePcm arm64 /Users/admin/builder/spi-builder-workspace/.derivedData/SDKExplicitPrecompiledModules/CoreMotion-70RNUQRT1QM2F8WR42WPP4KQV.pcm
SwiftExplicitDependencyGeneratePcm arm64_32 /Users/admin/builder/spi-builder-workspace/.derivedData/SDKExplicitPrecompiledModules/UIKit-BGAQE5HOOTG6M9C46O1HHPCDR.pcm
SwiftExplicitDependencyGeneratePcm arm64 /Users/admin/builder/spi-builder-workspace/.derivedData/SDKExplicitPrecompiledModules/UIKit-2XWL6VFNA7WRWSTXI42YLU909.pcm
SwiftExplicitDependencyGeneratePcm arm64_32 /Users/admin/builder/spi-builder-workspace/.derivedData/Build/Intermediates.noindex/SwiftExplicitPrecompiledModules/XCUIAutomation-Z7SN55NB9ZOYV3LWCNMTGGW6.pcm
SwiftExplicitDependencyGeneratePcm arm64 /Users/admin/builder/spi-builder-workspace/.derivedData/Build/Intermediates.noindex/SwiftExplicitPrecompiledModules/XCUIAutomation-69Q6PI8WUDMO1Y7SHD04JMIEC.pcm
SwiftExplicitDependencyGeneratePcm arm64_32 /Users/admin/builder/spi-builder-workspace/.derivedData/Build/Intermediates.noindex/SwiftExplicitPrecompiledModules/XCTest-36M3R6WFEBMP678IAR3ENUMMM.pcm
SwiftExplicitDependencyCompileModuleFromInterface arm64_32 /Users/admin/builder/spi-builder-workspace/.derivedData/Build/Intermediates.noindex/SwiftExplicitPrecompiledModules/XCUIAutomation-1Z222UB6YQLTV.swiftmodule
SwiftExplicitDependencyGeneratePcm arm64 /Users/admin/builder/spi-builder-workspace/.derivedData/Build/Intermediates.noindex/SwiftExplicitPrecompiledModules/XCTest-B0XN9RBECL3T0HBZJ9SXBPU3R.pcm
SwiftExplicitDependencyCompileModuleFromInterface arm64 /Users/admin/builder/spi-builder-workspace/.derivedData/Build/Intermediates.noindex/SwiftExplicitPrecompiledModules/XCUIAutomation-3PQB341DBMV4O.swiftmodule
SwiftExplicitDependencyCompileModuleFromInterface arm64_32 /Users/admin/builder/spi-builder-workspace/.derivedData/Build/Intermediates.noindex/SwiftExplicitPrecompiledModules/XCTest-1SNBWFEGNAYYD.swiftmodule
SwiftExplicitDependencyCompileModuleFromInterface arm64 /Users/admin/builder/spi-builder-workspace/.derivedData/Build/Intermediates.noindex/SwiftExplicitPrecompiledModules/XCTest-MUHEOAP4Y0HH.swiftmodule
SwiftEmitModule normal arm64 Emitting\ module\ for\ XCTHealthKit (in target 'XCTHealthKit' from project 'XCTHealthKit')
SwiftCompile normal arm64 (in target 'XCTHealthKit' from project 'XCTHealthKit')
    cd /Users/admin/builder/spi-builder-workspace/.swiftpm/xcode

SwiftCompile normal arm64 Compiling\ XCTest+HealthKit.swift /Users/admin/builder/spi-builder-workspace/Sources/XCTHealthKit/XCTest+HealthKit.swift (in target 'XCTHealthKit' from project 'XCTHealthKit')
SwiftCompile normal arm64 /Users/admin/builder/spi-builder-workspace/Sources/XCTHealthKit/XCTest+HealthKit.swift (in target 'XCTHealthKit' from project 'XCTHealthKit')
    cd /Users/admin/builder/spi-builder-workspace/.swiftpm/xcode
    builtin-SwiftPerFileCompile XCTest+HealthKit.swift
SwiftCompile normal arm64 Compiling\ XCTest+HealthRecord.swift /Users/admin/builder/spi-builder-workspace/Sources/XCTHealthKit/XCTest+HealthRecord.swift (in target 'XCTHealthKit' from project 'XCTHealthKit')
/Users/admin/builder/spi-builder-workspace/Sources/XCTHealthKit/XCTest+HealthRecord.swift:61:66: error: 'clinicalNoteRecord' is only available in watchOS 9.4 or newer
 28 | /// The `clinicalType` property returns the matching `HKClinicalType` if available on the current iOS version.
 29 | /// The `description` property matches the display name shown in the HealthKit authorization sheet.
 30 | public enum HealthRecordType: CaseIterable {
    |             `- note: add '@available' attribute to enclosing enum
 31 |     case allergyRecord
 32 |     case clinicalNoteRecord
    :
 53 |     }
 54 |
 55 |     public var clinicalType: HKClinicalType? {
    |                `- note: add '@available' attribute to enclosing property
 56 |         switch self {
 57 |         case .allergyRecord:
    :
 59 |         case .clinicalNoteRecord:
 60 |             if #available(iOS 16.4, *) {
 61 |                 return HKObjectType.clinicalType(forIdentifier: .clinicalNoteRecord)
    |                                                                  |- error: 'clinicalNoteRecord' is only available in watchOS 9.4 or newer
    |                                                                  `- note: add 'if #available' version check
 62 |             } else {
 63 |                 return nil
Failed frontend command:
/Applications/Xcode-27.0.0-Release.Candidate.app/Contents/Developer/Toolchains/XcodeDefault.xctoolchain/usr/bin/swift-frontend -frontend -c /Users/admin/builder/spi-builder-workspace/Sources/XCTHealthKit/HealthAppCategory.swift /Users/admin/builder/spi-builder-workspace/Sources/XCTHealthKit/HealthAppSampleType.swift /Users/admin/builder/spi-builder-workspace/Sources/XCTHealthKit/XCTHealthKit.swift /Users/admin/builder/spi-builder-workspace/Sources/XCTHealthKit/XCTHealthKitAddSampleInput.swift /Users/admin/builder/spi-builder-workspace/Sources/XCTHealthKit/XCTest+AddSamples.swift /Users/admin/builder/spi-builder-workspace/Sources/XCTHealthKit/XCTest+CharacteristicEntry.swift /Users/admin/builder/spi-builder-workspace/Sources/XCTHealthKit/XCTest+HealthApp.swift /Users/admin/builder/spi-builder-workspace/Sources/XCTHealthKit/XCTest+HealthKit.swift -primary-file /Users/admin/builder/spi-builder-workspace/Sources/XCTHealthKit/XCTest+HealthRecord.swift -emit-dependencies-path /Users/admin/builder/spi-builder-workspace/.derivedData/Build/Intermediates.noindex/XCTHealthKit.build/Debug-watchos/XCTHealthKit-t.build/Objects-normal/arm64/XCTest+HealthRecord.d -emit-const-values-path /Users/admin/builder/spi-builder-workspace/.derivedData/Build/Intermediates.noindex/XCTHealthKit.build/Debug-watchos/XCTHealthKit-t.build/Objects-normal/arm64/XCTest+HealthRecord.swiftconstvalues -emit-reference-dependencies-path /Users/admin/builder/spi-builder-workspace/.derivedData/Build/Intermediates.noindex/XCTHealthKit.build/Debug-watchos/XCTHealthKit-t.build/Objects-normal/arm64/XCTest+HealthRecord.swiftdeps -serialize-diagnostics-path /Users/admin/builder/spi-builder-workspace/.derivedData/Build/Intermediates.noindex/XCTHealthKit.build/Debug-watchos/XCTHealthKit-t.build/Objects-normal/arm64/XCTest+HealthRecord.dia -target arm64-apple-watchos9.0 -disable-cross-import-overlay-search -load-resolved-plugin /Applications/Xcode-27.0.0-Release.Candidate.app/Contents/Developer/Platforms/WatchOS.platform/Developer/usr/lib/swift/host/plugins/libFoundationMacros.dylib\#/Applications/Xcode-27.0.0-Release.Candidate.app/Contents/Developer/Platforms/WatchOS.platform/Developer/usr/bin/swift-plugin-server\#FoundationMacros -load-resolved-plugin /Applications/Xcode-27.0.0-Release.Candidate.app/Contents/Developer/Platforms/WatchOS.platform/Developer/usr/lib/swift/host/plugins/libObservationMacros.dylib\#/Applications/Xcode-27.0.0-Release.Candidate.app/Contents/Developer/Platforms/WatchOS.platform/Developer/usr/bin/swift-plugin-server\#ObservationMacros -load-resolved-plugin /Applications/Xcode-27.0.0-Release.Candidate.app/Contents/Developer/Platforms/WatchOS.platform/Developer/usr/lib/swift/host/plugins/libSwiftMacros.dylib\#/Applications/Xcode-27.0.0-Release.Candidate.app/Contents/Developer/Platforms/WatchOS.platform/Developer/usr/bin/swift-plugin-server\#SwiftMacros -load-resolved-plugin /Applications/Xcode-27.0.0-Release.Candidate.app/Contents/Developer/Platforms/WatchOS.platform/Developer/usr/lib/swift/host/plugins/libSwiftUIMacros.dylib\#/Applications/Xcode-27.0.0-Release.Candidate.app/Contents/Developer/Platforms/WatchOS.platform/Developer/usr/bin/swift-plugin-server\#SwiftUIMacros -disable-implicit-swift-modules -Xcc -fno-implicit-modules -Xcc -fno-implicit-module-maps -explicit-swift-module-map-file /Users/admin/builder/spi-builder-workspace/.derivedData/Build/Intermediates.noindex/XCTHealthKit.build/Debug-watchos/XCTHealthKit-t.build/Objects-normal/arm64/XCTHealthKit-dependencies-1.json -Xllvm -aarch64-use-tbi -enable-objc-interop -stack-check -sdk /Applications/Xcode-27.0.0-Release.Candidate.app/Contents/Developer/Platforms/WatchOS.platform/Developer/SDKs/WatchOS27.0.sdk -I /Users/admin/builder/spi-builder-workspace/.derivedData/Build/Products/Debug-watchos -Isystem /Applications/Xcode-27.0.0-Release.Candidate.app/Contents/Developer/Platforms/WatchOS.platform/Developer/usr/lib -F /Users/admin/builder/spi-builder-workspace/.derivedData/Build/Products/Debug-watchos -F /Applications/Xcode-27.0.0-Release.Candidate.app/Contents/Developer/Platforms/WatchOS.platform/Developer/Library/Frameworks -F /Applications/Xcode-27.0.0-Release.Candidate.app/Contents/Developer/Platforms/WatchOS.platform/Developer/SDKs/WatchOS27.0.sdk/Developer/Library/Frameworks -module-cache-path /Users/admin/builder/spi-builder-workspace/.derivedData/Build/Intermediates.noindex/SwiftExplicitPrecompiledModules -no-color-diagnostics -Xcc -fno-color-diagnostics -enable-testing -g -debug-info-format\=dwarf -dwarf-version\=4 -profile-generate -profile-coverage-mapping -swift-version 6 -Onone -D SWIFT_PACKAGE -D DEBUG -D SWIFT_MODULE_RESOURCE_BUNDLE_UNAVAILABLE -D Xcode -serialize-debugging-options -enable-experimental-feature DebugDescriptionMacro -empty-abi-descriptor -validate-clang-modules-once -clang-build-session-file /Users/admin/builder/spi-builder-workspace/.derivedData/ModuleCache.noindex/Session.modulevalidation -Xcc -working-directory -Xcc /Users/admin/builder/spi-builder-workspace/.swiftpm/xcode -enable-anonymous-context-mangled-names -file-compilation-dir /Users/admin/builder/spi-builder-workspace/.swiftpm/xcode -Xcc -D_LIBCPP_HARDENING_MODE\=_LIBCPP_HARDENING_MODE_DEBUG -Xcc -ivfsstatcache -Xcc /Users/admin/builder/spi-builder-workspace/.derivedData/SDKStatCaches.noindex/watchos27.0-24R360-e829b21a6f8c9b70876ba0858053c04477534ef55a1706bf4c1112bbb242f0a2.sdkstatcache -Xcc -fmodules-prune-interval\=86400 -Xcc -fmodules-prune-after\=345600 -Xcc -I/Users/admin/builder/spi-builder-workspace/.derivedData/Build/Products/Debug-watchos/include -Xcc -I/Users/admin/builder/spi-builder-workspace/.derivedData/Build/Intermediates.noindex/XCTHealthKit.build/Debug-watchos/XCTHealthKit-t.build/DerivedSources-normal/arm64 -Xcc -I/Users/admin/builder/spi-builder-workspace/.derivedData/Build/Intermediates.noindex/XCTHealthKit.build/Debug-watchos/XCTHealthKit-t.build/DerivedSources/arm64 -Xcc -I/Users/admin/builder/spi-builder-workspace/.derivedData/Build/Intermediates.noindex/XCTHealthKit.build/Debug-watchos/XCTHealthKit-t.build/DerivedSources -Xcc -DSWIFT_PACKAGE -Xcc -DDEBUG\=1 -no-auto-bridging-header-chaining -module-name XCTHealthKit -package-name spi_builder_workspace -const-gather-protocols-file /Users/admin/builder/spi-builder-workspace/.derivedData/Build/Intermediates.noindex/XCTHealthKit.build/Debug-watchos/XCTHealthKit-t.build/Objects-normal/arm64/XCTHealthKit_const_extract_protocols.json -disable-clang-spi -clang-target arm64-apple-watchos27.0 -target-sdk-version 27.0 -target-sdk-name watchos27.0 -in-process-plugin-server-path /Applications/Xcode-27.0.0-Release.Candidate.app/Contents/Developer/Toolchains/XcodeDefault.xctoolchain/usr/lib/swift/host/libSwiftInProcPluginServer.dylib -parse-as-library -o /Users/admin/builder/spi-builder-workspace/.derivedData/Build/Intermediates.noindex/XCTHealthKit.build/Debug-watchos/XCTHealthKit-t.build/Objects-normal/arm64/XCTest+HealthRecord.o -debug-module-path /Users/admin/builder/spi-builder-workspace/.derivedData/Build/Intermediates.noindex/XCTHealthKit.build/Debug-watchos/XCTHealthKit-t.build/Objects-normal/arm64/XCTHealthKit.swiftmodule -index-unit-output-path /XCTHealthKit.build/Debug-watchos/XCTHealthKit-t.build/Objects-normal/arm64/XCTest+HealthRecord.o -index-store-path /Users/admin/builder/spi-builder-workspace/.derivedData/Index.noindex/DataStore -index-system-modules
SwiftCompile normal arm64 /Users/admin/builder/spi-builder-workspace/Sources/XCTHealthKit/XCTest+HealthRecord.swift (in target 'XCTHealthKit' from project 'XCTHealthKit')
    cd /Users/admin/builder/spi-builder-workspace/.swiftpm/xcode
    builtin-SwiftPerFileCompile XCTest+HealthRecord.swift
SwiftCompile normal arm64 Compiling\ XCTHealthKitAddSampleInput.swift /Users/admin/builder/spi-builder-workspace/Sources/XCTHealthKit/XCTHealthKitAddSampleInput.swift (in target 'XCTHealthKit' from project 'XCTHealthKit')
/Users/admin/builder/spi-builder-workspace/Sources/XCTHealthKit/XCTHealthKitAddSampleInput.swift:182:29: error: incorrect argument label in call (have 'toPickerWheelValue:', expected 'toNormalizedSliderPosition:')
180 |             let yearWheel = app.pickerWheels[String(currentMonthAndYearSelection.year)]
181 |             XCTAssertTrue(yearWheel.waitForExistence(timeout: 1))
182 |             yearWheel.adjust(toPickerWheelValue: String(year))
    |                             `- error: incorrect argument label in call (have 'toPickerWheelValue:', expected 'toNormalizedSliderPosition:')
183 |             let monthWheel = app.pickerWheels[String(currentMonthAndYearSelection.month.name)]
184 |             XCTAssertTrue(monthWheel.waitForExistence(timeout: 1))
/Users/admin/builder/spi-builder-workspace/Sources/XCTHealthKit/XCTHealthKitAddSampleInput.swift:182:50: error: cannot convert value of type 'String' to expected argument type 'CGFloat'
180 |             let yearWheel = app.pickerWheels[String(currentMonthAndYearSelection.year)]
181 |             XCTAssertTrue(yearWheel.waitForExistence(timeout: 1))
182 |             yearWheel.adjust(toPickerWheelValue: String(year))
    |                                                  `- error: cannot convert value of type 'String' to expected argument type 'CGFloat'
183 |             let monthWheel = app.pickerWheels[String(currentMonthAndYearSelection.month.name)]
184 |             XCTAssertTrue(monthWheel.waitForExistence(timeout: 1))
/Users/admin/builder/spi-builder-workspace/Sources/XCTHealthKit/XCTHealthKitAddSampleInput.swift:185:30: error: incorrect argument label in call (have 'toPickerWheelValue:', expected 'toNormalizedSliderPosition:')
183 |             let monthWheel = app.pickerWheels[String(currentMonthAndYearSelection.month.name)]
184 |             XCTAssertTrue(monthWheel.waitForExistence(timeout: 1))
185 |             monthWheel.adjust(toPickerWheelValue: String(XCUIElement.monthName(for: month)))
    |                              `- error: incorrect argument label in call (have 'toPickerWheelValue:', expected 'toNormalizedSliderPosition:')
186 |             app.buttons["DatePicker.Hide"].tap()
187 |         } else {
/Users/admin/builder/spi-builder-workspace/Sources/XCTHealthKit/XCTHealthKitAddSampleInput.swift:185:51: error: cannot convert value of type 'String' to expected argument type 'CGFloat'
183 |             let monthWheel = app.pickerWheels[String(currentMonthAndYearSelection.month.name)]
184 |             XCTAssertTrue(monthWheel.waitForExistence(timeout: 1))
185 |             monthWheel.adjust(toPickerWheelValue: String(XCUIElement.monthName(for: month)))
    |                                                   `- error: cannot convert value of type 'String' to expected argument type 'CGFloat'
186 |             app.buttons["DatePicker.Hide"].tap()
187 |         } else {
/Users/admin/builder/spi-builder-workspace/Sources/XCTHealthKit/XCTHealthKitAddSampleInput.swift:192:33: error: incorrect argument label in call (have 'toPickerWheelValue:', expected 'toNormalizedSliderPosition:')
190 |                 let yearWheel = app.pickerWheels[String(currentMonthAndYearSelection.year)]
191 |                 XCTAssertTrue(yearWheel.waitForExistence(timeout: 1))
192 |                 yearWheel.adjust(toPickerWheelValue: String(year))
    |                                 `- error: incorrect argument label in call (have 'toPickerWheelValue:', expected 'toNormalizedSliderPosition:')
193 |                 app.buttons["DatePicker.Hide"].tap()
194 |             }
/Users/admin/builder/spi-builder-workspace/Sources/XCTHealthKit/XCTHealthKitAddSampleInput.swift:192:54: error: cannot convert value of type 'String' to expected argument type 'CGFloat'
190 |                 let yearWheel = app.pickerWheels[String(currentMonthAndYearSelection.year)]
191 |                 XCTAssertTrue(yearWheel.waitForExistence(timeout: 1))
192 |                 yearWheel.adjust(toPickerWheelValue: String(year))
    |                                                      `- error: cannot convert value of type 'String' to expected argument type 'CGFloat'
193 |                 app.buttons["DatePicker.Hide"].tap()
194 |             }
/Users/admin/builder/spi-builder-workspace/Sources/XCTHealthKit/XCTHealthKitAddSampleInput.swift:199:34: error: incorrect argument label in call (have 'toPickerWheelValue:', expected 'toNormalizedSliderPosition:')
197 |                 let monthWheel = app.pickerWheels[String(currentMonthAndYearSelection.month.name)]
198 |                 XCTAssertTrue(monthWheel.waitForExistence(timeout: 1))
199 |                 monthWheel.adjust(toPickerWheelValue: Self.monthName(for: month))
    |                                  `- error: incorrect argument label in call (have 'toPickerWheelValue:', expected 'toNormalizedSliderPosition:')
200 |                 app.buttons["DatePicker.Hide"].tap()
201 |             }
/Users/admin/builder/spi-builder-workspace/Sources/XCTHealthKit/XCTHealthKitAddSampleInput.swift:199:60: error: cannot convert value of type 'String' to expected argument type 'CGFloat'
197 |                 let monthWheel = app.pickerWheels[String(currentMonthAndYearSelection.month.name)]
198 |                 XCTAssertTrue(monthWheel.waitForExistence(timeout: 1))
199 |                 monthWheel.adjust(toPickerWheelValue: Self.monthName(for: month))
    |                                                            `- error: cannot convert value of type 'String' to expected argument type 'CGFloat'
200 |                 app.buttons["DatePicker.Hide"].tap()
201 |             }
/Users/admin/builder/spi-builder-workspace/Sources/XCTHealthKit/XCTHealthKitAddSampleInput.swift:228:39: error: incorrect argument label in call (have 'toPickerWheelValue:', expected 'toNormalizedSliderPosition:')
226 |             if pickerWheels.count == 2 {
227 |                 // 24 hour clock
228 |                 pickerWheels[0].adjust(toPickerWheelValue: String(format: "%02lld", hour))
    |                                       `- error: incorrect argument label in call (have 'toPickerWheelValue:', expected 'toNormalizedSliderPosition:')
229 |             } else {
230 |                 // 12 hour clock
/Users/admin/builder/spi-builder-workspace/Sources/XCTHealthKit/XCTHealthKitAddSampleInput.swift:228:60: error: cannot convert value of type 'String' to expected argument type 'CGFloat'
226 |             if pickerWheels.count == 2 {
227 |                 // 24 hour clock
228 |                 pickerWheels[0].adjust(toPickerWheelValue: String(format: "%02lld", hour))
    |                                                            `- error: cannot convert value of type 'String' to expected argument type 'CGFloat'
229 |             } else {
230 |                 // 12 hour clock
/Users/admin/builder/spi-builder-workspace/Sources/XCTHealthKit/XCTHealthKitAddSampleInput.swift:232:39: error: incorrect argument label in call (have 'toPickerWheelValue:', expected 'toNormalizedSliderPosition:')
230 |                 // 12 hour clock
231 |                 XCTAssertEqual(pickerWheels.count, 3)
232 |                 pickerWheels[0].adjust(toPickerWheelValue: String(hour > 12 ? hour - 12 : hour))
    |                                       `- error: incorrect argument label in call (have 'toPickerWheelValue:', expected 'toNormalizedSliderPosition:')
233 |                 let shouldLowercase = try XCTUnwrap((pickerWheels[2].value as? String)?.first).isLowercase
234 |                 pickerWheels[2].adjust(toPickerWheelValue: (hour > 12 ? "PM" : "AM").lowercased(shouldLowercase))
/Users/admin/builder/spi-builder-workspace/Sources/XCTHealthKit/XCTHealthKitAddSampleInput.swift:232:60: error: cannot convert value of type 'String' to expected argument type 'CGFloat'
230 |                 // 12 hour clock
231 |                 XCTAssertEqual(pickerWheels.count, 3)
232 |                 pickerWheels[0].adjust(toPickerWheelValue: String(hour > 12 ? hour - 12 : hour))
    |                                                            `- error: cannot convert value of type 'String' to expected argument type 'CGFloat'
233 |                 let shouldLowercase = try XCTUnwrap((pickerWheels[2].value as? String)?.first).isLowercase
234 |                 pickerWheels[2].adjust(toPickerWheelValue: (hour > 12 ? "PM" : "AM").lowercased(shouldLowercase))
/Users/admin/builder/spi-builder-workspace/Sources/XCTHealthKit/XCTHealthKitAddSampleInput.swift:234:39: error: incorrect argument label in call (have 'toPickerWheelValue:', expected 'toNormalizedSliderPosition:')
232 |                 pickerWheels[0].adjust(toPickerWheelValue: String(hour > 12 ? hour - 12 : hour))
233 |                 let shouldLowercase = try XCTUnwrap((pickerWheels[2].value as? String)?.first).isLowercase
234 |                 pickerWheels[2].adjust(toPickerWheelValue: (hour > 12 ? "PM" : "AM").lowercased(shouldLowercase))
    |                                       `- error: incorrect argument label in call (have 'toPickerWheelValue:', expected 'toNormalizedSliderPosition:')
235 |             }
236 |         }
/Users/admin/builder/spi-builder-workspace/Sources/XCTHealthKit/XCTHealthKitAddSampleInput.swift:234:86: error: cannot convert value of type 'String' to expected argument type 'CGFloat'
232 |                 pickerWheels[0].adjust(toPickerWheelValue: String(hour > 12 ? hour - 12 : hour))
233 |                 let shouldLowercase = try XCTUnwrap((pickerWheels[2].value as? String)?.first).isLowercase
234 |                 pickerWheels[2].adjust(toPickerWheelValue: (hour > 12 ? "PM" : "AM").lowercased(shouldLowercase))
    |                                                                                      `- error: cannot convert value of type 'String' to expected argument type 'CGFloat'
235 |             }
236 |         }
/Users/admin/builder/spi-builder-workspace/Sources/XCTHealthKit/XCTHealthKitAddSampleInput.swift:238:35: error: incorrect argument label in call (have 'toPickerWheelValue:', expected 'toNormalizedSliderPosition:')
236 |         }
237 |         if let minute = components.minute {
238 |             pickerWheels[1].adjust(toPickerWheelValue: String(format: "%02lld", minute))
    |                                   `- error: incorrect argument label in call (have 'toPickerWheelValue:', expected 'toNormalizedSliderPosition:')
239 |         }
240 |         self.buttons["dismiss popup"].tap() // dismiss the time picker
/Users/admin/builder/spi-builder-workspace/Sources/XCTHealthKit/XCTHealthKitAddSampleInput.swift:238:56: error: cannot convert value of type 'String' to expected argument type 'CGFloat'
236 |         }
237 |         if let minute = components.minute {
238 |             pickerWheels[1].adjust(toPickerWheelValue: String(format: "%02lld", minute))
    |                                                        `- error: cannot convert value of type 'String' to expected argument type 'CGFloat'
239 |         }
240 |         self.buttons["dismiss popup"].tap() // dismiss the time picker
Failed frontend command:
/Applications/Xcode-27.0.0-Release.Candidate.app/Contents/Developer/Toolchains/XcodeDefault.xctoolchain/usr/bin/swift-frontend -frontend -c /Users/admin/builder/spi-builder-workspace/Sources/XCTHealthKit/HealthAppCategory.swift /Users/admin/builder/spi-builder-workspace/Sources/XCTHealthKit/HealthAppSampleType.swift /Users/admin/builder/spi-builder-workspace/Sources/XCTHealthKit/XCTHealthKit.swift -primary-file /Users/admin/builder/spi-builder-workspace/Sources/XCTHealthKit/XCTHealthKitAddSampleInput.swift /Users/admin/builder/spi-builder-workspace/Sources/XCTHealthKit/XCTest+AddSamples.swift /Users/admin/builder/spi-builder-workspace/Sources/XCTHealthKit/XCTest+CharacteristicEntry.swift /Users/admin/builder/spi-builder-workspace/Sources/XCTHealthKit/XCTest+HealthApp.swift /Users/admin/builder/spi-builder-workspace/Sources/XCTHealthKit/XCTest+HealthKit.swift /Users/admin/builder/spi-builder-workspace/Sources/XCTHealthKit/XCTest+HealthRecord.swift -emit-dependencies-path /Users/admin/builder/spi-builder-workspace/.derivedData/Build/Intermediates.noindex/XCTHealthKit.build/Debug-watchos/XCTHealthKit-t.build/Objects-normal/arm64/XCTHealthKitAddSampleInput.d -emit-const-values-path /Users/admin/builder/spi-builder-workspace/.derivedData/Build/Intermediates.noindex/XCTHealthKit.build/Debug-watchos/XCTHealthKit-t.build/Objects-normal/arm64/XCTHealthKitAddSampleInput.swiftconstvalues -emit-reference-dependencies-path /Users/admin/builder/spi-builder-workspace/.derivedData/Build/Intermediates.noindex/XCTHealthKit.build/Debug-watchos/XCTHealthKit-t.build/Objects-normal/arm64/XCTHealthKitAddSampleInput.swiftdeps -serialize-diagnostics-path /Users/admin/builder/spi-builder-workspace/.derivedData/Build/Intermediates.noindex/XCTHealthKit.build/Debug-watchos/XCTHealthKit-t.build/Objects-normal/arm64/XCTHealthKitAddSampleInput.dia -target arm64-apple-watchos9.0 -disable-cross-import-overlay-search -load-resolved-plugin /Applications/Xcode-27.0.0-Release.Candidate.app/Contents/Developer/Platforms/WatchOS.platform/Developer/usr/lib/swift/host/plugins/libFoundationMacros.dylib\#/Applications/Xcode-27.0.0-Release.Candidate.app/Contents/Developer/Platforms/WatchOS.platform/Developer/usr/bin/swift-plugin-server\#FoundationMacros -load-resolved-plugin /Applications/Xcode-27.0.0-Release.Candidate.app/Contents/Developer/Platforms/WatchOS.platform/Developer/usr/lib/swift/host/plugins/libObservationMacros.dylib\#/Applications/Xcode-27.0.0-Release.Candidate.app/Contents/Developer/Platforms/WatchOS.platform/Developer/usr/bin/swift-plugin-server\#ObservationMacros -load-resolved-plugin /Applications/Xcode-27.0.0-Release.Candidate.app/Contents/Developer/Platforms/WatchOS.platform/Developer/usr/lib/swift/host/plugins/libSwiftMacros.dylib\#/Applications/Xcode-27.0.0-Release.Candidate.app/Contents/Developer/Platforms/WatchOS.platform/Developer/usr/bin/swift-plugin-server\#SwiftMacros -load-resolved-plugin /Applications/Xcode-27.0.0-Release.Candidate.app/Contents/Developer/Platforms/WatchOS.platform/Developer/usr/lib/swift/host/plugins/libSwiftUIMacros.dylib\#/Applications/Xcode-27.0.0-Release.Candidate.app/Contents/Developer/Platforms/WatchOS.platform/Developer/usr/bin/swift-plugin-server\#SwiftUIMacros -disable-implicit-swift-modules -Xcc -fno-implicit-modules -Xcc -fno-implicit-module-maps -explicit-swift-module-map-file /Users/admin/builder/spi-builder-workspace/.derivedData/Build/Intermediates.noindex/XCTHealthKit.build/Debug-watchos/XCTHealthKit-t.build/Objects-normal/arm64/XCTHealthKit-dependencies-1.json -Xllvm -aarch64-use-tbi -enable-objc-interop -stack-check -sdk /Applications/Xcode-27.0.0-Release.Candidate.app/Contents/Developer/Platforms/WatchOS.platform/Developer/SDKs/WatchOS27.0.sdk -I /Users/admin/builder/spi-builder-workspace/.derivedData/Build/Products/Debug-watchos -Isystem /Applications/Xcode-27.0.0-Release.Candidate.app/Contents/Developer/Platforms/WatchOS.platform/Developer/usr/lib -F /Users/admin/builder/spi-builder-workspace/.derivedData/Build/Products/Debug-watchos -F /Applications/Xcode-27.0.0-Release.Candidate.app/Contents/Developer/Platforms/WatchOS.platform/Developer/Library/Frameworks -F /Applications/Xcode-27.0.0-Release.Candidate.app/Contents/Developer/Platforms/WatchOS.platform/Developer/SDKs/WatchOS27.0.sdk/Developer/Library/Frameworks -module-cache-path /Users/admin/builder/spi-builder-workspace/.derivedData/Build/Intermediates.noindex/SwiftExplicitPrecompiledModules -no-color-diagnostics -Xcc -fno-color-diagnostics -enable-testing -g -debug-info-format\=dwarf -dwarf-version\=4 -profile-generate -profile-coverage-mapping -swift-version 6 -Onone -D SWIFT_PACKAGE -D DEBUG -D SWIFT_MODULE_RESOURCE_BUNDLE_UNAVAILABLE -D Xcode -serialize-debugging-options -enable-experimental-feature DebugDescriptionMacro -empty-abi-descriptor -validate-clang-modules-once -clang-build-session-file /Users/admin/builder/spi-builder-workspace/.derivedData/ModuleCache.noindex/Session.modulevalidation -Xcc -working-directory -Xcc /Users/admin/builder/spi-builder-workspace/.swiftpm/xcode -enable-anonymous-context-mangled-names -file-compilation-dir /Users/admin/builder/spi-builder-workspace/.swiftpm/xcode -Xcc -D_LIBCPP_HARDENING_MODE\=_LIBCPP_HARDENING_MODE_DEBUG -Xcc -ivfsstatcache -Xcc /Users/admin/builder/spi-builder-workspace/.derivedData/SDKStatCaches.noindex/watchos27.0-24R360-e829b21a6f8c9b70876ba0858053c04477534ef55a1706bf4c1112bbb242f0a2.sdkstatcache -Xcc -fmodules-prune-interval\=86400 -Xcc -fmodules-prune-after\=345600 -Xcc -I/Users/admin/builder/spi-builder-workspace/.derivedData/Build/Products/Debug-watchos/include -Xcc -I/Users/admin/builder/spi-builder-workspace/.derivedData/Build/Intermediates.noindex/XCTHealthKit.build/Debug-watchos/XCTHealthKit-t.build/DerivedSources-normal/arm64 -Xcc -I/Users/admin/builder/spi-builder-workspace/.derivedData/Build/Intermediates.noindex/XCTHealthKit.build/Debug-watchos/XCTHealthKit-t.build/DerivedSources/arm64 -Xcc -I/Users/admin/builder/spi-builder-workspace/.derivedData/Build/Intermediates.noindex/XCTHealthKit.build/Debug-watchos/XCTHealthKit-t.build/DerivedSources -Xcc -DSWIFT_PACKAGE -Xcc -DDEBUG\=1 -no-auto-bridging-header-chaining -module-name XCTHealthKit -package-name spi_builder_workspace -const-gather-protocols-file /Users/admin/builder/spi-builder-workspace/.derivedData/Build/Intermediates.noindex/XCTHealthKit.build/Debug-watchos/XCTHealthKit-t.build/Objects-normal/arm64/XCTHealthKit_const_extract_protocols.json -disable-clang-spi -clang-target arm64-apple-watchos27.0 -target-sdk-version 27.0 -target-sdk-name watchos27.0 -in-process-plugin-server-path /Applications/Xcode-27.0.0-Release.Candidate.app/Contents/Developer/Toolchains/XcodeDefault.xctoolchain/usr/lib/swift/host/libSwiftInProcPluginServer.dylib -parse-as-library -o /Users/admin/builder/spi-builder-workspace/.derivedData/Build/Intermediates.noindex/XCTHealthKit.build/Debug-watchos/XCTHealthKit-t.build/Objects-normal/arm64/XCTHealthKitAddSampleInput.o -debug-module-path /Users/admin/builder/spi-builder-workspace/.derivedData/Build/Intermediates.noindex/XCTHealthKit.build/Debug-watchos/XCTHealthKit-t.build/Objects-normal/arm64/XCTHealthKit.swiftmodule -index-unit-output-path /XCTHealthKit.build/Debug-watchos/XCTHealthKit-t.build/Objects-normal/arm64/XCTHealthKitAddSampleInput.o -index-store-path /Users/admin/builder/spi-builder-workspace/.derivedData/Index.noindex/DataStore -index-system-modules
SwiftCompile normal arm64 /Users/admin/builder/spi-builder-workspace/Sources/XCTHealthKit/XCTHealthKitAddSampleInput.swift (in target 'XCTHealthKit' from project 'XCTHealthKit')
    cd /Users/admin/builder/spi-builder-workspace/.swiftpm/xcode
    builtin-SwiftPerFileCompile XCTHealthKitAddSampleInput.swift
SwiftCompile normal arm64 Compiling\ XCTest+AddSamples.swift /Users/admin/builder/spi-builder-workspace/Sources/XCTHealthKit/XCTest+AddSamples.swift (in target 'XCTHealthKit' from project 'XCTHealthKit')
SwiftCompile normal arm64 /Users/admin/builder/spi-builder-workspace/Sources/XCTHealthKit/XCTest+AddSamples.swift (in target 'XCTHealthKit' from project 'XCTHealthKit')
    cd /Users/admin/builder/spi-builder-workspace/.swiftpm/xcode
    builtin-SwiftPerFileCompile XCTest+AddSamples.swift
SwiftCompile normal arm64 Compiling\ XCTest+CharacteristicEntry.swift /Users/admin/builder/spi-builder-workspace/Sources/XCTHealthKit/XCTest+CharacteristicEntry.swift (in target 'XCTHealthKit' from project 'XCTHealthKit')
/Users/admin/builder/spi-builder-workspace/Sources/XCTHealthKit/XCTest+CharacteristicEntry.swift:102:28: error: incorrect argument label in call (have 'toPickerWheelValue:', expected 'toNormalizedSliderPosition:')
100 |                 picker.pickerWheels
101 |                     .element(boundBy: try XCTUnwrap(pickerWheelsMapping[.month]))
102 |                     .adjust(toPickerWheelValue: XCUIElement.monthName(for: month))
    |                            `- error: incorrect argument label in call (have 'toPickerWheelValue:', expected 'toNormalizedSliderPosition:')
103 |             }
104 |             if let day = dateOfBirth.day {
/Users/admin/builder/spi-builder-workspace/Sources/XCTHealthKit/XCTest+CharacteristicEntry.swift:102:61: error: cannot convert value of type 'String' to expected argument type 'CGFloat'
100 |                 picker.pickerWheels
101 |                     .element(boundBy: try XCTUnwrap(pickerWheelsMapping[.month]))
102 |                     .adjust(toPickerWheelValue: XCUIElement.monthName(for: month))
    |                                                             `- error: cannot convert value of type 'String' to expected argument type 'CGFloat'
103 |             }
104 |             if let day = dateOfBirth.day {
/Users/admin/builder/spi-builder-workspace/Sources/XCTHealthKit/XCTest+CharacteristicEntry.swift:107:28: error: incorrect argument label in call (have 'toPickerWheelValue:', expected 'toNormalizedSliderPosition:')
105 |                 picker.pickerWheels
106 |                     .element(boundBy: try XCTUnwrap(pickerWheelsMapping[.day]))
107 |                     .adjust(toPickerWheelValue: String(format: dayFormatString, day))
    |                            `- error: incorrect argument label in call (have 'toPickerWheelValue:', expected 'toNormalizedSliderPosition:')
108 |             }
109 |             if let year = dateOfBirth.year {
/Users/admin/builder/spi-builder-workspace/Sources/XCTHealthKit/XCTest+CharacteristicEntry.swift:107:49: error: cannot convert value of type 'String' to expected argument type 'CGFloat'
105 |                 picker.pickerWheels
106 |                     .element(boundBy: try XCTUnwrap(pickerWheelsMapping[.day]))
107 |                     .adjust(toPickerWheelValue: String(format: dayFormatString, day))
    |                                                 `- error: cannot convert value of type 'String' to expected argument type 'CGFloat'
108 |             }
109 |             if let year = dateOfBirth.year {
/Users/admin/builder/spi-builder-workspace/Sources/XCTHealthKit/XCTest+CharacteristicEntry.swift:112:28: error: incorrect argument label in call (have 'toPickerWheelValue:', expected 'toNormalizedSliderPosition:')
110 |                 picker.pickerWheels
111 |                     .element(boundBy: try XCTUnwrap(pickerWheelsMapping[.year]))
112 |                     .adjust(toPickerWheelValue: String(year))
    |                            `- error: incorrect argument label in call (have 'toPickerWheelValue:', expected 'toNormalizedSliderPosition:')
113 |             }
114 |             healthApp.cells["Date of Birth"].tap()
/Users/admin/builder/spi-builder-workspace/Sources/XCTHealthKit/XCTest+CharacteristicEntry.swift:112:49: error: cannot convert value of type 'String' to expected argument type 'CGFloat'
110 |                 picker.pickerWheels
111 |                     .element(boundBy: try XCTUnwrap(pickerWheelsMapping[.year]))
112 |                     .adjust(toPickerWheelValue: String(year))
    |                                                 `- error: cannot convert value of type 'String' to expected argument type 'CGFloat'
113 |             }
114 |             healthApp.cells["Date of Birth"].tap()
/Users/admin/builder/spi-builder-workspace/Sources/XCTHealthKit/XCTest+CharacteristicEntry.swift:122:30: error: incorrect argument label in call (have 'toPickerWheelValue:', expected 'toNormalizedSliderPosition:')
120 |             switch biologicalSex {
121 |             case .notSet:
122 |                 picker.adjust(toPickerWheelValue: "")
    |                              `- error: incorrect argument label in call (have 'toPickerWheelValue:', expected 'toNormalizedSliderPosition:')
123 |             case .male:
124 |                 picker.adjust(toPickerWheelValue: "Male")
/Users/admin/builder/spi-builder-workspace/Sources/XCTHealthKit/XCTest+CharacteristicEntry.swift:122:51: error: cannot convert value of type 'String' to expected argument type 'CGFloat'
120 |             switch biologicalSex {
121 |             case .notSet:
122 |                 picker.adjust(toPickerWheelValue: "")
    |                                                   `- error: cannot convert value of type 'String' to expected argument type 'CGFloat'
123 |             case .male:
124 |                 picker.adjust(toPickerWheelValue: "Male")
/Users/admin/builder/spi-builder-workspace/Sources/XCTHealthKit/XCTest+CharacteristicEntry.swift:124:30: error: incorrect argument label in call (have 'toPickerWheelValue:', expected 'toNormalizedSliderPosition:')
122 |                 picker.adjust(toPickerWheelValue: "")
123 |             case .male:
124 |                 picker.adjust(toPickerWheelValue: "Male")
    |                              `- error: incorrect argument label in call (have 'toPickerWheelValue:', expected 'toNormalizedSliderPosition:')
125 |             case .female:
126 |                 picker.adjust(toPickerWheelValue: "Female")
/Users/admin/builder/spi-builder-workspace/Sources/XCTHealthKit/XCTest+CharacteristicEntry.swift:124:51: error: cannot convert value of type 'String' to expected argument type 'CGFloat'
122 |                 picker.adjust(toPickerWheelValue: "")
123 |             case .male:
124 |                 picker.adjust(toPickerWheelValue: "Male")
    |                                                   `- error: cannot convert value of type 'String' to expected argument type 'CGFloat'
125 |             case .female:
126 |                 picker.adjust(toPickerWheelValue: "Female")
/Users/admin/builder/spi-builder-workspace/Sources/XCTHealthKit/XCTest+CharacteristicEntry.swift:126:30: error: incorrect argument label in call (have 'toPickerWheelValue:', expected 'toNormalizedSliderPosition:')
124 |                 picker.adjust(toPickerWheelValue: "Male")
125 |             case .female:
126 |                 picker.adjust(toPickerWheelValue: "Female")
    |                              `- error: incorrect argument label in call (have 'toPickerWheelValue:', expected 'toNormalizedSliderPosition:')
127 |             case .other:
128 |                 picker.adjust(toPickerWheelValue: "Other")
/Users/admin/builder/spi-builder-workspace/Sources/XCTHealthKit/XCTest+CharacteristicEntry.swift:126:51: error: cannot convert value of type 'String' to expected argument type 'CGFloat'
124 |                 picker.adjust(toPickerWheelValue: "Male")
125 |             case .female:
126 |                 picker.adjust(toPickerWheelValue: "Female")
    |                                                   `- error: cannot convert value of type 'String' to expected argument type 'CGFloat'
127 |             case .other:
128 |                 picker.adjust(toPickerWheelValue: "Other")
/Users/admin/builder/spi-builder-workspace/Sources/XCTHealthKit/XCTest+CharacteristicEntry.swift:128:30: error: incorrect argument label in call (have 'toPickerWheelValue:', expected 'toNormalizedSliderPosition:')
126 |                 picker.adjust(toPickerWheelValue: "Female")
127 |             case .other:
128 |                 picker.adjust(toPickerWheelValue: "Other")
    |                              `- error: incorrect argument label in call (have 'toPickerWheelValue:', expected 'toNormalizedSliderPosition:')
129 |             @unknown default:
130 |                 XCTFail("Unhandled biological sex value: \(biologicalSex)")
/Users/admin/builder/spi-builder-workspace/Sources/XCTHealthKit/XCTest+CharacteristicEntry.swift:128:51: error: cannot convert value of type 'String' to expected argument type 'CGFloat'
126 |                 picker.adjust(toPickerWheelValue: "Female")
127 |             case .other:
128 |                 picker.adjust(toPickerWheelValue: "Other")
    |                                                   `- error: cannot convert value of type 'String' to expected argument type 'CGFloat'
129 |             @unknown default:
130 |                 XCTFail("Unhandled biological sex value: \(biologicalSex)")
/Users/admin/builder/spi-builder-workspace/Sources/XCTHealthKit/XCTest+CharacteristicEntry.swift:140:30: error: incorrect argument label in call (have 'toPickerWheelValue:', expected 'toNormalizedSliderPosition:')
138 |             switch bloodType {
139 |             case .notSet:
140 |                 picker.adjust(toPickerWheelValue: "")
    |                              `- error: incorrect argument label in call (have 'toPickerWheelValue:', expected 'toNormalizedSliderPosition:')
141 |             case .aPositive:
142 |                 picker.adjust(toPickerWheelValue: "A+")
/Users/admin/builder/spi-builder-workspace/Sources/XCTHealthKit/XCTest+CharacteristicEntry.swift:140:51: error: cannot convert value of type 'String' to expected argument type 'CGFloat'
138 |             switch bloodType {
139 |             case .notSet:
140 |                 picker.adjust(toPickerWheelValue: "")
    |                                                   `- error: cannot convert value of type 'String' to expected argument type 'CGFloat'
141 |             case .aPositive:
142 |                 picker.adjust(toPickerWheelValue: "A+")
/Users/admin/builder/spi-builder-workspace/Sources/XCTHealthKit/XCTest+CharacteristicEntry.swift:142:30: error: incorrect argument label in call (have 'toPickerWheelValue:', expected 'toNormalizedSliderPosition:')
140 |                 picker.adjust(toPickerWheelValue: "")
141 |             case .aPositive:
142 |                 picker.adjust(toPickerWheelValue: "A+")
    |                              `- error: incorrect argument label in call (have 'toPickerWheelValue:', expected 'toNormalizedSliderPosition:')
143 |             case .aNegative:
144 |                 picker.adjust(toPickerWheelValue: "A-")
/Users/admin/builder/spi-builder-workspace/Sources/XCTHealthKit/XCTest+CharacteristicEntry.swift:142:51: error: cannot convert value of type 'String' to expected argument type 'CGFloat'
140 |                 picker.adjust(toPickerWheelValue: "")
141 |             case .aPositive:
142 |                 picker.adjust(toPickerWheelValue: "A+")
    |                                                   `- error: cannot convert value of type 'String' to expected argument type 'CGFloat'
143 |             case .aNegative:
144 |                 picker.adjust(toPickerWheelValue: "A-")
/Users/admin/builder/spi-builder-workspace/Sources/XCTHealthKit/XCTest+CharacteristicEntry.swift:144:30: error: incorrect argument label in call (have 'toPickerWheelValue:', expected 'toNormalizedSliderPosition:')
142 |                 picker.adjust(toPickerWheelValue: "A+")
143 |             case .aNegative:
144 |                 picker.adjust(toPickerWheelValue: "A-")
    |                              `- error: incorrect argument label in call (have 'toPickerWheelValue:', expected 'toNormalizedSliderPosition:')
145 |             case .bPositive:
146 |                 picker.adjust(toPickerWheelValue: "B+")
/Users/admin/builder/spi-builder-workspace/Sources/XCTHealthKit/XCTest+CharacteristicEntry.swift:144:51: error: cannot convert value of type 'String' to expected argument type 'CGFloat'
142 |                 picker.adjust(toPickerWheelValue: "A+")
143 |             case .aNegative:
144 |                 picker.adjust(toPickerWheelValue: "A-")
    |                                                   `- error: cannot convert value of type 'String' to expected argument type 'CGFloat'
145 |             case .bPositive:
146 |                 picker.adjust(toPickerWheelValue: "B+")
/Users/admin/builder/spi-builder-workspace/Sources/XCTHealthKit/XCTest+CharacteristicEntry.swift:146:30: error: incorrect argument label in call (have 'toPickerWheelValue:', expected 'toNormalizedSliderPosition:')
144 |                 picker.adjust(toPickerWheelValue: "A-")
145 |             case .bPositive:
146 |                 picker.adjust(toPickerWheelValue: "B+")
    |                              `- error: incorrect argument label in call (have 'toPickerWheelValue:', expected 'toNormalizedSliderPosition:')
147 |             case .bNegative:
148 |                 picker.adjust(toPickerWheelValue: "B-")
/Users/admin/builder/spi-builder-workspace/Sources/XCTHealthKit/XCTest+CharacteristicEntry.swift:146:51: error: cannot convert value of type 'String' to expected argument type 'CGFloat'
144 |                 picker.adjust(toPickerWheelValue: "A-")
145 |             case .bPositive:
146 |                 picker.adjust(toPickerWheelValue: "B+")
    |                                                   `- error: cannot convert value of type 'String' to expected argument type 'CGFloat'
147 |             case .bNegative:
148 |                 picker.adjust(toPickerWheelValue: "B-")
/Users/admin/builder/spi-builder-workspace/Sources/XCTHealthKit/XCTest+CharacteristicEntry.swift:148:30: error: incorrect argument label in call (have 'toPickerWheelValue:', expected 'toNormalizedSliderPosition:')
146 |                 picker.adjust(toPickerWheelValue: "B+")
147 |             case .bNegative:
148 |                 picker.adjust(toPickerWheelValue: "B-")
    |                              `- error: incorrect argument label in call (have 'toPickerWheelValue:', expected 'toNormalizedSliderPosition:')
149 |             case .abPositive:
150 |                 picker.adjust(toPickerWheelValue: "AB+")
/Users/admin/builder/spi-builder-workspace/Sources/XCTHealthKit/XCTest+CharacteristicEntry.swift:148:51: error: cannot convert value of type 'String' to expected argument type 'CGFloat'
146 |                 picker.adjust(toPickerWheelValue: "B+")
147 |             case .bNegative:
148 |                 picker.adjust(toPickerWheelValue: "B-")
    |                                                   `- error: cannot convert value of type 'String' to expected argument type 'CGFloat'
149 |             case .abPositive:
150 |                 picker.adjust(toPickerWheelValue: "AB+")
/Users/admin/builder/spi-builder-workspace/Sources/XCTHealthKit/XCTest+CharacteristicEntry.swift:150:30: error: incorrect argument label in call (have 'toPickerWheelValue:', expected 'toNormalizedSliderPosition:')
148 |                 picker.adjust(toPickerWheelValue: "B-")
149 |             case .abPositive:
150 |                 picker.adjust(toPickerWheelValue: "AB+")
    |                              `- error: incorrect argument label in call (have 'toPickerWheelValue:', expected 'toNormalizedSliderPosition:')
151 |             case .abNegative:
152 |                 picker.adjust(toPickerWheelValue: "AB-")
/Users/admin/builder/spi-builder-workspace/Sources/XCTHealthKit/XCTest+CharacteristicEntry.swift:150:51: error: cannot convert value of type 'String' to expected argument type 'CGFloat'
148 |                 picker.adjust(toPickerWheelValue: "B-")
149 |             case .abPositive:
150 |                 picker.adjust(toPickerWheelValue: "AB+")
    |                                                   `- error: cannot convert value of type 'String' to expected argument type 'CGFloat'
151 |             case .abNegative:
152 |                 picker.adjust(toPickerWheelValue: "AB-")
/Users/admin/builder/spi-builder-workspace/Sources/XCTHealthKit/XCTest+CharacteristicEntry.swift:152:30: error: incorrect argument label in call (have 'toPickerWheelValue:', expected 'toNormalizedSliderPosition:')
150 |                 picker.adjust(toPickerWheelValue: "AB+")
151 |             case .abNegative:
152 |                 picker.adjust(toPickerWheelValue: "AB-")
    |                              `- error: incorrect argument label in call (have 'toPickerWheelValue:', expected 'toNormalizedSliderPosition:')
153 |             case .oPositive:
154 |                 picker.adjust(toPickerWheelValue: "O+")
/Users/admin/builder/spi-builder-workspace/Sources/XCTHealthKit/XCTest+CharacteristicEntry.swift:152:51: error: cannot convert value of type 'String' to expected argument type 'CGFloat'
150 |                 picker.adjust(toPickerWheelValue: "AB+")
151 |             case .abNegative:
152 |                 picker.adjust(toPickerWheelValue: "AB-")
    |                                                   `- error: cannot convert value of type 'String' to expected argument type 'CGFloat'
153 |             case .oPositive:
154 |                 picker.adjust(toPickerWheelValue: "O+")
/Users/admin/builder/spi-builder-workspace/Sources/XCTHealthKit/XCTest+CharacteristicEntry.swift:154:30: error: incorrect argument label in call (have 'toPickerWheelValue:', expected 'toNormalizedSliderPosition:')
152 |                 picker.adjust(toPickerWheelValue: "AB-")
153 |             case .oPositive:
154 |                 picker.adjust(toPickerWheelValue: "O+")
    |                              `- error: incorrect argument label in call (have 'toPickerWheelValue:', expected 'toNormalizedSliderPosition:')
155 |             case .oNegative:
156 |                 picker.adjust(toPickerWheelValue: "O-")
/Users/admin/builder/spi-builder-workspace/Sources/XCTHealthKit/XCTest+CharacteristicEntry.swift:154:51: error: cannot convert value of type 'String' to expected argument type 'CGFloat'
152 |                 picker.adjust(toPickerWheelValue: "AB-")
153 |             case .oPositive:
154 |                 picker.adjust(toPickerWheelValue: "O+")
    |                                                   `- error: cannot convert value of type 'String' to expected argument type 'CGFloat'
155 |             case .oNegative:
156 |                 picker.adjust(toPickerWheelValue: "O-")
/Users/admin/builder/spi-builder-workspace/Sources/XCTHealthKit/XCTest+CharacteristicEntry.swift:156:30: error: incorrect argument label in call (have 'toPickerWheelValue:', expected 'toNormalizedSliderPosition:')
154 |                 picker.adjust(toPickerWheelValue: "O+")
155 |             case .oNegative:
156 |                 picker.adjust(toPickerWheelValue: "O-")
    |                              `- error: incorrect argument label in call (have 'toPickerWheelValue:', expected 'toNormalizedSliderPosition:')
157 |             @unknown default:
158 |                 XCTFail("Unhandled blood type value: \(bloodType)")
/Users/admin/builder/spi-builder-workspace/Sources/XCTHealthKit/XCTest+CharacteristicEntry.swift:156:51: error: cannot convert value of type 'String' to expected argument type 'CGFloat'
154 |                 picker.adjust(toPickerWheelValue: "O+")
155 |             case .oNegative:
156 |                 picker.adjust(toPickerWheelValue: "O-")
    |                                                   `- error: cannot convert value of type 'String' to expected argument type 'CGFloat'
157 |             @unknown default:
158 |                 XCTFail("Unhandled blood type value: \(bloodType)")
/Users/admin/builder/spi-builder-workspace/Sources/XCTHealthKit/XCTest+CharacteristicEntry.swift:168:30: error: incorrect argument label in call (have 'toPickerWheelValue:', expected 'toNormalizedSliderPosition:')
166 |             switch skinType {
167 |             case .notSet:
168 |                 picker.adjust(toPickerWheelValue: "")
    |                              `- error: incorrect argument label in call (have 'toPickerWheelValue:', expected 'toNormalizedSliderPosition:')
169 |             case .I:
170 |                 picker.adjust(toPickerWheelValue: "Type I")
/Users/admin/builder/spi-builder-workspace/Sources/XCTHealthKit/XCTest+CharacteristicEntry.swift:168:51: error: cannot convert value of type 'String' to expected argument type 'CGFloat'
166 |             switch skinType {
167 |             case .notSet:
168 |                 picker.adjust(toPickerWheelValue: "")
    |                                                   `- error: cannot convert value of type 'String' to expected argument type 'CGFloat'
169 |             case .I:
170 |                 picker.adjust(toPickerWheelValue: "Type I")
/Users/admin/builder/spi-builder-workspace/Sources/XCTHealthKit/XCTest+CharacteristicEntry.swift:170:30: error: incorrect argument label in call (have 'toPickerWheelValue:', expected 'toNormalizedSliderPosition:')
168 |                 picker.adjust(toPickerWheelValue: "")
169 |             case .I:
170 |                 picker.adjust(toPickerWheelValue: "Type I")
    |                              `- error: incorrect argument label in call (have 'toPickerWheelValue:', expected 'toNormalizedSliderPosition:')
171 |             case .II:
172 |                 picker.adjust(toPickerWheelValue: "Type II")
/Users/admin/builder/spi-builder-workspace/Sources/XCTHealthKit/XCTest+CharacteristicEntry.swift:170:51: error: cannot convert value of type 'String' to expected argument type 'CGFloat'
168 |                 picker.adjust(toPickerWheelValue: "")
169 |             case .I:
170 |                 picker.adjust(toPickerWheelValue: "Type I")
    |                                                   `- error: cannot convert value of type 'String' to expected argument type 'CGFloat'
171 |             case .II:
172 |                 picker.adjust(toPickerWheelValue: "Type II")
/Users/admin/builder/spi-builder-workspace/Sources/XCTHealthKit/XCTest+CharacteristicEntry.swift:172:30: error: incorrect argument label in call (have 'toPickerWheelValue:', expected 'toNormalizedSliderPosition:')
170 |                 picker.adjust(toPickerWheelValue: "Type I")
171 |             case .II:
172 |                 picker.adjust(toPickerWheelValue: "Type II")
    |                              `- error: incorrect argument label in call (have 'toPickerWheelValue:', expected 'toNormalizedSliderPosition:')
173 |             case .III:
174 |                 picker.adjust(toPickerWheelValue: "Type III")
/Users/admin/builder/spi-builder-workspace/Sources/XCTHealthKit/XCTest+CharacteristicEntry.swift:172:51: error: cannot convert value of type 'String' to expected argument type 'CGFloat'
170 |                 picker.adjust(toPickerWheelValue: "Type I")
171 |             case .II:
172 |                 picker.adjust(toPickerWheelValue: "Type II")
    |                                                   `- error: cannot convert value of type 'String' to expected argument type 'CGFloat'
173 |             case .III:
174 |                 picker.adjust(toPickerWheelValue: "Type III")
/Users/admin/builder/spi-builder-workspace/Sources/XCTHealthKit/XCTest+CharacteristicEntry.swift:174:30: error: incorrect argument label in call (have 'toPickerWheelValue:', expected 'toNormalizedSliderPosition:')
172 |                 picker.adjust(toPickerWheelValue: "Type II")
173 |             case .III:
174 |                 picker.adjust(toPickerWheelValue: "Type III")
    |                              `- error: incorrect argument label in call (have 'toPickerWheelValue:', expected 'toNormalizedSliderPosition:')
175 |             case .IV:
176 |                 picker.adjust(toPickerWheelValue: "Type IV")
/Users/admin/builder/spi-builder-workspace/Sources/XCTHealthKit/XCTest+CharacteristicEntry.swift:174:51: error: cannot convert value of type 'String' to expected argument type 'CGFloat'
172 |                 picker.adjust(toPickerWheelValue: "Type II")
173 |             case .III:
174 |                 picker.adjust(toPickerWheelValue: "Type III")
    |                                                   `- error: cannot convert value of type 'String' to expected argument type 'CGFloat'
175 |             case .IV:
176 |                 picker.adjust(toPickerWheelValue: "Type IV")
/Users/admin/builder/spi-builder-workspace/Sources/XCTHealthKit/XCTest+CharacteristicEntry.swift:176:30: error: incorrect argument label in call (have 'toPickerWheelValue:', expected 'toNormalizedSliderPosition:')
174 |                 picker.adjust(toPickerWheelValue: "Type III")
175 |             case .IV:
176 |                 picker.adjust(toPickerWheelValue: "Type IV")
    |                              `- error: incorrect argument label in call (have 'toPickerWheelValue:', expected 'toNormalizedSliderPosition:')
177 |             case .V:
178 |                 picker.adjust(toPickerWheelValue: "Type V")
/Users/admin/builder/spi-builder-workspace/Sources/XCTHealthKit/XCTest+CharacteristicEntry.swift:176:51: error: cannot convert value of type 'String' to expected argument type 'CGFloat'
174 |                 picker.adjust(toPickerWheelValue: "Type III")
175 |             case .IV:
176 |                 picker.adjust(toPickerWheelValue: "Type IV")
    |                                                   `- error: cannot convert value of type 'String' to expected argument type 'CGFloat'
177 |             case .V:
178 |                 picker.adjust(toPickerWheelValue: "Type V")
/Users/admin/builder/spi-builder-workspace/Sources/XCTHealthKit/XCTest+CharacteristicEntry.swift:178:30: error: incorrect argument label in call (have 'toPickerWheelValue:', expected 'toNormalizedSliderPosition:')
176 |                 picker.adjust(toPickerWheelValue: "Type IV")
177 |             case .V:
178 |                 picker.adjust(toPickerWheelValue: "Type V")
    |                              `- error: incorrect argument label in call (have 'toPickerWheelValue:', expected 'toNormalizedSliderPosition:')
179 |             case .VI:
180 |                 picker.adjust(toPickerWheelValue: "Type VI")
/Users/admin/builder/spi-builder-workspace/Sources/XCTHealthKit/XCTest+CharacteristicEntry.swift:178:51: error: cannot convert value of type 'String' to expected argument type 'CGFloat'
176 |                 picker.adjust(toPickerWheelValue: "Type IV")
177 |             case .V:
178 |                 picker.adjust(toPickerWheelValue: "Type V")
    |                                                   `- error: cannot convert value of type 'String' to expected argument type 'CGFloat'
179 |             case .VI:
180 |                 picker.adjust(toPickerWheelValue: "Type VI")
/Users/admin/builder/spi-builder-workspace/Sources/XCTHealthKit/XCTest+CharacteristicEntry.swift:180:30: error: incorrect argument label in call (have 'toPickerWheelValue:', expected 'toNormalizedSliderPosition:')
178 |                 picker.adjust(toPickerWheelValue: "Type V")
179 |             case .VI:
180 |                 picker.adjust(toPickerWheelValue: "Type VI")
    |                              `- error: incorrect argument label in call (have 'toPickerWheelValue:', expected 'toNormalizedSliderPosition:')
181 |             @unknown default:
182 |                 XCTFail("Unhandled skin type value: \(skinType)")
/Users/admin/builder/spi-builder-workspace/Sources/XCTHealthKit/XCTest+CharacteristicEntry.swift:180:51: error: cannot convert value of type 'String' to expected argument type 'CGFloat'
178 |                 picker.adjust(toPickerWheelValue: "Type V")
179 |             case .VI:
180 |                 picker.adjust(toPickerWheelValue: "Type VI")
    |                                                   `- error: cannot convert value of type 'String' to expected argument type 'CGFloat'
181 |             @unknown default:
182 |                 XCTFail("Unhandled skin type value: \(skinType)")
/Users/admin/builder/spi-builder-workspace/Sources/XCTHealthKit/XCTest+CharacteristicEntry.swift:192:30: error: incorrect argument label in call (have 'toPickerWheelValue:', expected 'toNormalizedSliderPosition:')
190 |             switch wheelchairUse {
191 |             case .notSet:
192 |                 picker.adjust(toPickerWheelValue: "")
    |                              `- error: incorrect argument label in call (have 'toPickerWheelValue:', expected 'toNormalizedSliderPosition:')
193 |             case .no:
194 |                 picker.adjust(toPickerWheelValue: "No")
/Users/admin/builder/spi-builder-workspace/Sources/XCTHealthKit/XCTest+CharacteristicEntry.swift:192:51: error: cannot convert value of type 'String' to expected argument type 'CGFloat'
190 |             switch wheelchairUse {
191 |             case .notSet:
192 |                 picker.adjust(toPickerWheelValue: "")
    |                                                   `- error: cannot convert value of type 'String' to expected argument type 'CGFloat'
193 |             case .no:
194 |                 picker.adjust(toPickerWheelValue: "No")
/Users/admin/builder/spi-builder-workspace/Sources/XCTHealthKit/XCTest+CharacteristicEntry.swift:194:30: error: incorrect argument label in call (have 'toPickerWheelValue:', expected 'toNormalizedSliderPosition:')
192 |                 picker.adjust(toPickerWheelValue: "")
193 |             case .no:
194 |                 picker.adjust(toPickerWheelValue: "No")
    |                              `- error: incorrect argument label in call (have 'toPickerWheelValue:', expected 'toNormalizedSliderPosition:')
195 |             case .yes:
196 |                 picker.adjust(toPickerWheelValue: "Yes")
/Users/admin/builder/spi-builder-workspace/Sources/XCTHealthKit/XCTest+CharacteristicEntry.swift:194:51: error: cannot convert value of type 'String' to expected argument type 'CGFloat'
192 |                 picker.adjust(toPickerWheelValue: "")
193 |             case .no:
194 |                 picker.adjust(toPickerWheelValue: "No")
    |                                                   `- error: cannot convert value of type 'String' to expected argument type 'CGFloat'
195 |             case .yes:
196 |                 picker.adjust(toPickerWheelValue: "Yes")
/Users/admin/builder/spi-builder-workspace/Sources/XCTHealthKit/XCTest+CharacteristicEntry.swift:196:30: error: incorrect argument label in call (have 'toPickerWheelValue:', expected 'toNormalizedSliderPosition:')
194 |                 picker.adjust(toPickerWheelValue: "No")
195 |             case .yes:
196 |                 picker.adjust(toPickerWheelValue: "Yes")
    |                              `- error: incorrect argument label in call (have 'toPickerWheelValue:', expected 'toNormalizedSliderPosition:')
197 |             @unknown default:
198 |                 XCTFail("Unhandled wheelchair use value: \(wheelchairUse)")
/Users/admin/builder/spi-builder-workspace/Sources/XCTHealthKit/XCTest+CharacteristicEntry.swift:196:51: error: cannot convert value of type 'String' to expected argument type 'CGFloat'
194 |                 picker.adjust(toPickerWheelValue: "No")
195 |             case .yes:
196 |                 picker.adjust(toPickerWheelValue: "Yes")
    |                                                   `- error: cannot convert value of type 'String' to expected argument type 'CGFloat'
197 |             @unknown default:
198 |                 XCTFail("Unhandled wheelchair use value: \(wheelchairUse)")
Failed frontend command:
/Applications/Xcode-27.0.0-Release.Candidate.app/Contents/Developer/Toolchains/XcodeDefault.xctoolchain/usr/bin/swift-frontend -frontend -c /Users/admin/builder/spi-builder-workspace/Sources/XCTHealthKit/HealthAppCategory.swift /Users/admin/builder/spi-builder-workspace/Sources/XCTHealthKit/HealthAppSampleType.swift /Users/admin/builder/spi-builder-workspace/Sources/XCTHealthKit/XCTHealthKit.swift /Users/admin/builder/spi-builder-workspace/Sources/XCTHealthKit/XCTHealthKitAddSampleInput.swift /Users/admin/builder/spi-builder-workspace/Sources/XCTHealthKit/XCTest+AddSamples.swift -primary-file /Users/admin/builder/spi-builder-workspace/Sources/XCTHealthKit/XCTest+CharacteristicEntry.swift /Users/admin/builder/spi-builder-workspace/Sources/XCTHealthKit/XCTest+HealthApp.swift /Users/admin/builder/spi-builder-workspace/Sources/XCTHealthKit/XCTest+HealthKit.swift /Users/admin/builder/spi-builder-workspace/Sources/XCTHealthKit/XCTest+HealthRecord.swift -emit-dependencies-path /Users/admin/builder/spi-builder-workspace/.derivedData/Build/Intermediates.noindex/XCTHealthKit.build/Debug-watchos/XCTHealthKit-t.build/Objects-normal/arm64/XCTest+CharacteristicEntry.d -emit-const-values-path /Users/admin/builder/spi-builder-workspace/.derivedData/Build/Intermediates.noindex/XCTHealthKit.build/Debug-watchos/XCTHealthKit-t.build/Objects-normal/arm64/XCTest+CharacteristicEntry.swiftconstvalues -emit-reference-dependencies-path /Users/admin/builder/spi-builder-workspace/.derivedData/Build/Intermediates.noindex/XCTHealthKit.build/Debug-watchos/XCTHealthKit-t.build/Objects-normal/arm64/XCTest+CharacteristicEntry.swiftdeps -serialize-diagnostics-path /Users/admin/builder/spi-builder-workspace/.derivedData/Build/Intermediates.noindex/XCTHealthKit.build/Debug-watchos/XCTHealthKit-t.build/Objects-normal/arm64/XCTest+CharacteristicEntry.dia -target arm64-apple-watchos9.0 -disable-cross-import-overlay-search -load-resolved-plugin /Applications/Xcode-27.0.0-Release.Candidate.app/Contents/Developer/Platforms/WatchOS.platform/Developer/usr/lib/swift/host/plugins/libFoundationMacros.dylib\#/Applications/Xcode-27.0.0-Release.Candidate.app/Contents/Developer/Platforms/WatchOS.platform/Developer/usr/bin/swift-plugin-server\#FoundationMacros -load-resolved-plugin /Applications/Xcode-27.0.0-Release.Candidate.app/Contents/Developer/Platforms/WatchOS.platform/Developer/usr/lib/swift/host/plugins/libObservationMacros.dylib\#/Applications/Xcode-27.0.0-Release.Candidate.app/Contents/Developer/Platforms/WatchOS.platform/Developer/usr/bin/swift-plugin-server\#ObservationMacros -load-resolved-plugin /Applications/Xcode-27.0.0-Release.Candidate.app/Contents/Developer/Platforms/WatchOS.platform/Developer/usr/lib/swift/host/plugins/libSwiftMacros.dylib\#/Applications/Xcode-27.0.0-Release.Candidate.app/Contents/Developer/Platforms/WatchOS.platform/Developer/usr/bin/swift-plugin-server\#SwiftMacros -load-resolved-plugin /Applications/Xcode-27.0.0-Release.Candidate.app/Contents/Developer/Platforms/WatchOS.platform/Developer/usr/lib/swift/host/plugins/libSwiftUIMacros.dylib\#/Applications/Xcode-27.0.0-Release.Candidate.app/Contents/Developer/Platforms/WatchOS.platform/Developer/usr/bin/swift-plugin-server\#SwiftUIMacros -disable-implicit-swift-modules -Xcc -fno-implicit-modules -Xcc -fno-implicit-module-maps -explicit-swift-module-map-file /Users/admin/builder/spi-builder-workspace/.derivedData/Build/Intermediates.noindex/XCTHealthKit.build/Debug-watchos/XCTHealthKit-t.build/Objects-normal/arm64/XCTHealthKit-dependencies-1.json -Xllvm -aarch64-use-tbi -enable-objc-interop -stack-check -sdk /Applications/Xcode-27.0.0-Release.Candidate.app/Contents/Developer/Platforms/WatchOS.platform/Developer/SDKs/WatchOS27.0.sdk -I /Users/admin/builder/spi-builder-workspace/.derivedData/Build/Products/Debug-watchos -Isystem /Applications/Xcode-27.0.0-Release.Candidate.app/Contents/Developer/Platforms/WatchOS.platform/Developer/usr/lib -F /Users/admin/builder/spi-builder-workspace/.derivedData/Build/Products/Debug-watchos -F /Applications/Xcode-27.0.0-Release.Candidate.app/Contents/Developer/Platforms/WatchOS.platform/Developer/Library/Frameworks -F /Applications/Xcode-27.0.0-Release.Candidate.app/Contents/Developer/Platforms/WatchOS.platform/Developer/SDKs/WatchOS27.0.sdk/Developer/Library/Frameworks -module-cache-path /Users/admin/builder/spi-builder-workspace/.derivedData/Build/Intermediates.noindex/SwiftExplicitPrecompiledModules -no-color-diagnostics -Xcc -fno-color-diagnostics -enable-testing -g -debug-info-format\=dwarf -dwarf-version\=4 -profile-generate -profile-coverage-mapping -swift-version 6 -Onone -D SWIFT_PACKAGE -D DEBUG -D SWIFT_MODULE_RESOURCE_BUNDLE_UNAVAILABLE -D Xcode -serialize-debugging-options -enable-experimental-feature DebugDescriptionMacro -empty-abi-descriptor -validate-clang-modules-once -clang-build-session-file /Users/admin/builder/spi-builder-workspace/.derivedData/ModuleCache.noindex/Session.modulevalidation -Xcc -working-directory -Xcc /Users/admin/builder/spi-builder-workspace/.swiftpm/xcode -enable-anonymous-context-mangled-names -file-compilation-dir /Users/admin/builder/spi-builder-workspace/.swiftpm/xcode -Xcc -D_LIBCPP_HARDENING_MODE\=_LIBCPP_HARDENING_MODE_DEBUG -Xcc -ivfsstatcache -Xcc /Users/admin/builder/spi-builder-workspace/.derivedData/SDKStatCaches.noindex/watchos27.0-24R360-e829b21a6f8c9b70876ba0858053c04477534ef55a1706bf4c1112bbb242f0a2.sdkstatcache -Xcc -fmodules-prune-interval\=86400 -Xcc -fmodules-prune-after\=345600 -Xcc -I/Users/admin/builder/spi-builder-workspace/.derivedData/Build/Products/Debug-watchos/include -Xcc -I/Users/admin/builder/spi-builder-workspace/.derivedData/Build/Intermediates.noindex/XCTHealthKit.build/Debug-watchos/XCTHealthKit-t.build/DerivedSources-normal/arm64 -Xcc -I/Users/admin/builder/spi-builder-workspace/.derivedData/Build/Intermediates.noindex/XCTHealthKit.build/Debug-watchos/XCTHealthKit-t.build/DerivedSources/arm64 -Xcc -I/Users/admin/builder/spi-builder-workspace/.derivedData/Build/Intermediates.noindex/XCTHealthKit.build/Debug-watchos/XCTHealthKit-t.build/DerivedSources -Xcc -DSWIFT_PACKAGE -Xcc -DDEBUG\=1 -no-auto-bridging-header-chaining -module-name XCTHealthKit -package-name spi_builder_workspace -const-gather-protocols-file /Users/admin/builder/spi-builder-workspace/.derivedData/Build/Intermediates.noindex/XCTHealthKit.build/Debug-watchos/XCTHealthKit-t.build/Objects-normal/arm64/XCTHealthKit_const_extract_protocols.json -disable-clang-spi -clang-target arm64-apple-watchos27.0 -target-sdk-version 27.0 -target-sdk-name watchos27.0 -in-process-plugin-server-path /Applications/Xcode-27.0.0-Release.Candidate.app/Contents/Developer/Toolchains/XcodeDefault.xctoolchain/usr/lib/swift/host/libSwiftInProcPluginServer.dylib -parse-as-library -o /Users/admin/builder/spi-builder-workspace/.derivedData/Build/Intermediates.noindex/XCTHealthKit.build/Debug-watchos/XCTHealthKit-t.build/Objects-normal/arm64/XCTest+CharacteristicEntry.o -debug-module-path /Users/admin/builder/spi-builder-workspace/.derivedData/Build/Intermediates.noindex/XCTHealthKit.build/Debug-watchos/XCTHealthKit-t.build/Objects-normal/arm64/XCTHealthKit.swiftmodule -index-unit-output-path /XCTHealthKit.build/Debug-watchos/XCTHealthKit-t.build/Objects-normal/arm64/XCTest+CharacteristicEntry.o -index-store-path /Users/admin/builder/spi-builder-workspace/.derivedData/Index.noindex/DataStore -index-system-modules
SwiftCompile normal arm64 /Users/admin/builder/spi-builder-workspace/Sources/XCTHealthKit/XCTest+CharacteristicEntry.swift (in target 'XCTHealthKit' from project 'XCTHealthKit')
    cd /Users/admin/builder/spi-builder-workspace/.swiftpm/xcode
    builtin-SwiftPerFileCompile XCTest+CharacteristicEntry.swift
SwiftCompile normal arm64 Compiling\ XCTest+HealthApp.swift /Users/admin/builder/spi-builder-workspace/Sources/XCTHealthKit/XCTest+HealthApp.swift (in target 'XCTHealthKit' from project 'XCTHealthKit')
SwiftCompile normal arm64 /Users/admin/builder/spi-builder-workspace/Sources/XCTHealthKit/XCTest+HealthApp.swift (in target 'XCTHealthKit' from project 'XCTHealthKit')
    cd /Users/admin/builder/spi-builder-workspace/.swiftpm/xcode
    builtin-SwiftPerFileCompile XCTest+HealthApp.swift
SwiftCompile normal arm64 Compiling\ XCTHealthKit.swift /Users/admin/builder/spi-builder-workspace/Sources/XCTHealthKit/XCTHealthKit.swift (in target 'XCTHealthKit' from project 'XCTHealthKit')
SwiftCompile normal arm64 (in target 'XCTHealthKit' from project 'XCTHealthKit')
    cd /Users/admin/builder/spi-builder-workspace/.swiftpm/xcode

SwiftCompile normal arm64 Compiling\ HealthAppCategory.swift /Users/admin/builder/spi-builder-workspace/Sources/XCTHealthKit/HealthAppCategory.swift (in target 'XCTHealthKit' from project 'XCTHealthKit')
SwiftCompile normal arm64 /Users/admin/builder/spi-builder-workspace/Sources/XCTHealthKit/HealthAppCategory.swift (in target 'XCTHealthKit' from project 'XCTHealthKit')
    cd /Users/admin/builder/spi-builder-workspace/.swiftpm/xcode
    builtin-SwiftPerFileCompile HealthAppCategory.swift
SwiftCompile normal arm64 Compiling\ HealthAppSampleType.swift /Users/admin/builder/spi-builder-workspace/Sources/XCTHealthKit/HealthAppSampleType.swift (in target 'XCTHealthKit' from project 'XCTHealthKit')
SwiftCompile normal arm64 /Users/admin/builder/spi-builder-workspace/Sources/XCTHealthKit/HealthAppSampleType.swift (in target 'XCTHealthKit' from project 'XCTHealthKit')
    cd /Users/admin/builder/spi-builder-workspace/.swiftpm/xcode
    builtin-SwiftPerFileCompile HealthAppSampleType.swift
SwiftEmitModule normal arm64_32 Emitting\ module\ for\ XCTHealthKit (in target 'XCTHealthKit' from project 'XCTHealthKit')
SwiftCompile normal arm64_32 (in target 'XCTHealthKit' from project 'XCTHealthKit')
    cd /Users/admin/builder/spi-builder-workspace/.swiftpm/xcode

SwiftDriverJobDiscovery normal arm64 Emitting module for XCTHealthKit (in target 'XCTHealthKit' from project 'XCTHealthKit')
SwiftDriver\ Compilation\ Requirements XCTHealthKit normal arm64 com.apple.xcode.tools.swift.compiler (in target 'XCTHealthKit' from project 'XCTHealthKit')
    cd /Users/admin/builder/spi-builder-workspace/.swiftpm/xcode
    builtin-Swift-Compilation-Requirements -- /Applications/Xcode-27.0.0-Release.Candidate.app/Contents/Developer/Toolchains/XcodeDefault.xctoolchain/usr/bin/swiftc -parse-as-library -module-name XCTHealthKit -Onone @/Users/admin/builder/spi-builder-workspace/.derivedData/Build/Intermediates.noindex/XCTHealthKit.build/Debug-watchos/XCTHealthKit-t.build/Objects-normal/arm64/XCTHealthKit.SwiftFileList -DSWIFT_PACKAGE -DDEBUG -DSWIFT_MODULE_RESOURCE_BUNDLE_UNAVAILABLE -DXcode -plugin-path /Applications/Xcode-27.0.0-Release.Candidate.app/Contents/Developer/Toolchains/XcodeDefault.xctoolchain/usr/lib/swift/host/plugins/testing -enable-experimental-feature DebugDescriptionMacro -sdk /Applications/Xcode-27.0.0-Release.Candidate.app/Contents/Developer/Platforms/WatchOS.platform/Developer/SDKs/WatchOS27.0.sdk -target arm64-apple-watchos9.0 -g -module-cache-path /Users/admin/builder/spi-builder-workspace/.derivedData/ModuleCache.noindex -Xfrontend -serialize-debugging-options -profile-coverage-mapping -profile-generate -enable-testing -index-store-path /Users/admin/builder/spi-builder-workspace/.derivedData/Index.noindex/DataStore -Xcc -D_LIBCPP_HARDENING_MODE\=_LIBCPP_HARDENING_MODE_DEBUG -swift-version 6 -I /Users/admin/builder/spi-builder-workspace/.derivedData/Build/Products/Debug-watchos -Isystem /Applications/Xcode-27.0.0-Release.Candidate.app/Contents/Developer/Platforms/WatchOS.platform/Developer/usr/lib -F /Users/admin/builder/spi-builder-workspace/.derivedData/Build/Products/Debug-watchos -F /Applications/Xcode-27.0.0-Release.Candidate.app/Contents/Developer/Platforms/WatchOS.platform/Developer/Library/Frameworks -F /Applications/Xcode-27.0.0-Release.Candidate.app/Contents/Developer/Platforms/WatchOS.platform/Developer/SDKs/WatchOS27.0.sdk/Developer/Library/Frameworks -c -j10 -enable-batch-mode -incremental -Xcc -ivfsstatcache -Xcc /Users/admin/builder/spi-builder-workspace/.derivedData/SDKStatCaches.noindex/watchos27.0-24R360-e829b21a6f8c9b70876ba0858053c04477534ef55a1706bf4c1112bbb242f0a2.sdkstatcache -output-file-map /Users/admin/builder/spi-builder-workspace/.derivedData/Build/Intermediates.noindex/XCTHealthKit.build/Debug-watchos/XCTHealthKit-t.build/Objects-normal/arm64/XCTHealthKit-OutputFileMap.json -save-temps -no-color-diagnostics -explicit-module-build -module-cache-path /Users/admin/builder/spi-builder-workspace/.derivedData/Build/Intermediates.noindex/SwiftExplicitPrecompiledModules -clang-scanner-module-cache-path /Users/admin/builder/spi-builder-workspace/.derivedData/ModuleCache.noindex -sdk-module-cache-path /Users/admin/builder/spi-builder-workspace/.derivedData/SDKExplicitPrecompiledModules -emit-dependencies -emit-module -emit-module-path /Users/admin/builder/spi-builder-workspace/.derivedData/Build/Intermediates.noindex/XCTHealthKit.build/Debug-watchos/XCTHealthKit-t.build/Objects-normal/arm64/XCTHealthKit.swiftmodule -serialize-diagnostics -dependency-scan-serialize-diagnostics-path /Users/admin/builder/spi-builder-workspace/.derivedData/Build/Intermediates.noindex/XCTHealthKit.build/Debug-watchos/XCTHealthKit-t.build/Objects-normal/arm64/XCTHealthKit-dependency-scan.dia -validate-clang-modules-once -clang-build-session-file /Users/admin/builder/spi-builder-workspace/.derivedData/ModuleCache.noindex/Session.modulevalidation -Xcc -fmodules-prune-interval\=86400 -Xcc -fmodules-prune-after\=345600 -package-name spi_builder_workspace -emit-const-values -const-gather-protocols-list /Users/admin/builder/spi-builder-workspace/.derivedData/Build/Intermediates.noindex/XCTHealthKit.build/Debug-watchos/XCTHealthKit-t.build/Objects-normal/arm64/XCTHealthKit_const_extract_protocols.json -Xcc -I/Users/admin/builder/spi-builder-workspace/.derivedData/Build/Products/Debug-watchos/include -Xcc -I/Users/admin/builder/spi-builder-workspace/.derivedData/Build/Intermediates.noindex/XCTHealthKit.build/Debug-watchos/XCTHealthKit-t.build/DerivedSources-normal/arm64 -Xcc -I/Users/admin/builder/spi-builder-workspace/.derivedData/Build/Intermediates.noindex/XCTHealthKit.build/Debug-watchos/XCTHealthKit-t.build/DerivedSources/arm64 -Xcc -I/Users/admin/builder/spi-builder-workspace/.derivedData/Build/Intermediates.noindex/XCTHealthKit.build/Debug-watchos/XCTHealthKit-t.build/DerivedSources -Xcc -DSWIFT_PACKAGE -Xcc -DDEBUG\=1 -emit-objc-header -emit-objc-header-path /Users/admin/builder/spi-builder-workspace/.derivedData/Build/Intermediates.noindex/XCTHealthKit.build/Debug-watchos/XCTHealthKit-t.build/Objects-normal/arm64/XCTHealthKit-Swift.h -working-directory /Users/admin/builder/spi-builder-workspace/.swiftpm/xcode -experimental-emit-module-separately -disable-cmo
SwiftDriverJobDiscovery normal arm64_32 Emitting module for XCTHealthKit (in target 'XCTHealthKit' from project 'XCTHealthKit')
SwiftDriver\ Compilation\ Requirements XCTHealthKit normal arm64_32 com.apple.xcode.tools.swift.compiler (in target 'XCTHealthKit' from project 'XCTHealthKit')
    cd /Users/admin/builder/spi-builder-workspace/.swiftpm/xcode
    builtin-Swift-Compilation-Requirements -- /Applications/Xcode-27.0.0-Release.Candidate.app/Contents/Developer/Toolchains/XcodeDefault.xctoolchain/usr/bin/swiftc -parse-as-library -module-name XCTHealthKit -Onone @/Users/admin/builder/spi-builder-workspace/.derivedData/Build/Intermediates.noindex/XCTHealthKit.build/Debug-watchos/XCTHealthKit-t.build/Objects-normal/arm64_32/XCTHealthKit.SwiftFileList -DSWIFT_PACKAGE -DDEBUG -DSWIFT_MODULE_RESOURCE_BUNDLE_UNAVAILABLE -DXcode -plugin-path /Applications/Xcode-27.0.0-Release.Candidate.app/Contents/Developer/Toolchains/XcodeDefault.xctoolchain/usr/lib/swift/host/plugins/testing -enable-experimental-feature DebugDescriptionMacro -sdk /Applications/Xcode-27.0.0-Release.Candidate.app/Contents/Developer/Platforms/WatchOS.platform/Developer/SDKs/WatchOS27.0.sdk -target arm64_32-apple-watchos9.0 -g -module-cache-path /Users/admin/builder/spi-builder-workspace/.derivedData/ModuleCache.noindex -Xfrontend -serialize-debugging-options -profile-coverage-mapping -profile-generate -enable-testing -index-store-path /Users/admin/builder/spi-builder-workspace/.derivedData/Index.noindex/DataStore -Xcc -D_LIBCPP_HARDENING_MODE\=_LIBCPP_HARDENING_MODE_DEBUG -swift-version 6 -I /Users/admin/builder/spi-builder-workspace/.derivedData/Build/Products/Debug-watchos -Isystem /Applications/Xcode-27.0.0-Release.Candidate.app/Contents/Developer/Platforms/WatchOS.platform/Developer/usr/lib -F /Users/admin/builder/spi-builder-workspace/.derivedData/Build/Products/Debug-watchos -F /Applications/Xcode-27.0.0-Release.Candidate.app/Contents/Developer/Platforms/WatchOS.platform/Developer/Library/Frameworks -F /Applications/Xcode-27.0.0-Release.Candidate.app/Contents/Developer/Platforms/WatchOS.platform/Developer/SDKs/WatchOS27.0.sdk/Developer/Library/Frameworks -c -j10 -enable-batch-mode -incremental -Xcc -ivfsstatcache -Xcc /Users/admin/builder/spi-builder-workspace/.derivedData/SDKStatCaches.noindex/watchos27.0-24R360-e829b21a6f8c9b70876ba0858053c04477534ef55a1706bf4c1112bbb242f0a2.sdkstatcache -output-file-map /Users/admin/builder/spi-builder-workspace/.derivedData/Build/Intermediates.noindex/XCTHealthKit.build/Debug-watchos/XCTHealthKit-t.build/Objects-normal/arm64_32/XCTHealthKit-OutputFileMap.json -save-temps -no-color-diagnostics -explicit-module-build -module-cache-path /Users/admin/builder/spi-builder-workspace/.derivedData/Build/Intermediates.noindex/SwiftExplicitPrecompiledModules -clang-scanner-module-cache-path /Users/admin/builder/spi-builder-workspace/.derivedData/ModuleCache.noindex -sdk-module-cache-path /Users/admin/builder/spi-builder-workspace/.derivedData/SDKExplicitPrecompiledModules -emit-dependencies -emit-module -emit-module-path /Users/admin/builder/spi-builder-workspace/.derivedData/Build/Intermediates.noindex/XCTHealthKit.build/Debug-watchos/XCTHealthKit-t.build/Objects-normal/arm64_32/XCTHealthKit.swiftmodule -serialize-diagnostics -dependency-scan-serialize-diagnostics-path /Users/admin/builder/spi-builder-workspace/.derivedData/Build/Intermediates.noindex/XCTHealthKit.build/Debug-watchos/XCTHealthKit-t.build/Objects-normal/arm64_32/XCTHealthKit-dependency-scan.dia -validate-clang-modules-once -clang-build-session-file /Users/admin/builder/spi-builder-workspace/.derivedData/ModuleCache.noindex/Session.modulevalidation -Xcc -fmodules-prune-interval\=86400 -Xcc -fmodules-prune-after\=345600 -package-name spi_builder_workspace -emit-const-values -const-gather-protocols-list /Users/admin/builder/spi-builder-workspace/.derivedData/Build/Intermediates.noindex/XCTHealthKit.build/Debug-watchos/XCTHealthKit-t.build/Objects-normal/arm64_32/XCTHealthKit_const_extract_protocols.json -Xcc -I/Users/admin/builder/spi-builder-workspace/.derivedData/Build/Products/Debug-watchos/include -Xcc -I/Users/admin/builder/spi-builder-workspace/.derivedData/Build/Intermediates.noindex/XCTHealthKit.build/Debug-watchos/XCTHealthKit-t.build/DerivedSources-normal/arm64_32 -Xcc -I/Users/admin/builder/spi-builder-workspace/.derivedData/Build/Intermediates.noindex/XCTHealthKit.build/Debug-watchos/XCTHealthKit-t.build/DerivedSources/arm64_32 -Xcc -I/Users/admin/builder/spi-builder-workspace/.derivedData/Build/Intermediates.noindex/XCTHealthKit.build/Debug-watchos/XCTHealthKit-t.build/DerivedSources -Xcc -DSWIFT_PACKAGE -Xcc -DDEBUG\=1 -emit-objc-header -emit-objc-header-path /Users/admin/builder/spi-builder-workspace/.derivedData/Build/Intermediates.noindex/XCTHealthKit.build/Debug-watchos/XCTHealthKit-t.build/Objects-normal/arm64_32/XCTHealthKit-Swift.h -working-directory /Users/admin/builder/spi-builder-workspace/.swiftpm/xcode -experimental-emit-module-separately -disable-cmo
SwiftCompile normal arm64_32 Compiling\ XCTHealthKit.swift /Users/admin/builder/spi-builder-workspace/Sources/XCTHealthKit/XCTHealthKit.swift (in target 'XCTHealthKit' from project 'XCTHealthKit')
SwiftCompile normal arm64_32 (in target 'XCTHealthKit' from project 'XCTHealthKit')
    cd /Users/admin/builder/spi-builder-workspace/.swiftpm/xcode

SwiftMergeGeneratedHeaders /Users/admin/builder/spi-builder-workspace/.derivedData/Build/Intermediates.noindex/GeneratedModuleMaps-watchos/XCTHealthKit-Swift.h /Users/admin/builder/spi-builder-workspace/.derivedData/Build/Intermediates.noindex/XCTHealthKit.build/Debug-watchos/XCTHealthKit-t.build/Objects-normal/arm64/XCTHealthKit-Swift.h /Users/admin/builder/spi-builder-workspace/.derivedData/Build/Intermediates.noindex/XCTHealthKit.build/Debug-watchos/XCTHealthKit-t.build/Objects-normal/arm64_32/XCTHealthKit-Swift.h (in target 'XCTHealthKit' from project 'XCTHealthKit')
    cd /Users/admin/builder/spi-builder-workspace
    builtin-swiftHeaderTool -arch arm64 /Users/admin/builder/spi-builder-workspace/.derivedData/Build/Intermediates.noindex/XCTHealthKit.build/Debug-watchos/XCTHealthKit-t.build/Objects-normal/arm64/XCTHealthKit-Swift.h -arch arm64_32 /Users/admin/builder/spi-builder-workspace/.derivedData/Build/Intermediates.noindex/XCTHealthKit.build/Debug-watchos/XCTHealthKit-t.build/Objects-normal/arm64_32/XCTHealthKit-Swift.h -o /Users/admin/builder/spi-builder-workspace/.derivedData/Build/Intermediates.noindex/GeneratedModuleMaps-watchos/XCTHealthKit-Swift.h
PruneExplicitPrecompiledModules /Users/admin/builder/spi-builder-workspace/.derivedData/SDKExplicitPrecompiledModules
PruneExplicitPrecompiledModules /Users/admin/builder/spi-builder-workspace/.derivedData/Build/Intermediates.noindex/SwiftExplicitPrecompiledModules
PruneExplicitPrecompiledModules /Users/admin/builder/spi-builder-workspace/.derivedData/Build/Intermediates.noindex/ExplicitPrecompiledModules
2026-09-24 18:29:24.912 xcodebuild[627:3844] [MT] IDERunDestination: Supported platforms for the buildables in the current scheme is empty.
** BUILD FAILED **
The following build commands failed:
	SwiftCompile normal arm64 Compiling\ XCTest+HealthRecord.swift /Users/admin/builder/spi-builder-workspace/Sources/XCTHealthKit/XCTest+HealthRecord.swift (in target 'XCTHealthKit' from project 'XCTHealthKit')
	SwiftCompile normal arm64 /Users/admin/builder/spi-builder-workspace/Sources/XCTHealthKit/XCTest+HealthRecord.swift (in target 'XCTHealthKit' from project 'XCTHealthKit')
	SwiftCompile normal arm64 Compiling\ XCTHealthKitAddSampleInput.swift /Users/admin/builder/spi-builder-workspace/Sources/XCTHealthKit/XCTHealthKitAddSampleInput.swift (in target 'XCTHealthKit' from project 'XCTHealthKit')
	SwiftCompile normal arm64 /Users/admin/builder/spi-builder-workspace/Sources/XCTHealthKit/XCTHealthKitAddSampleInput.swift (in target 'XCTHealthKit' from project 'XCTHealthKit')
	SwiftCompile normal arm64 Compiling\ XCTest+CharacteristicEntry.swift /Users/admin/builder/spi-builder-workspace/Sources/XCTHealthKit/XCTest+CharacteristicEntry.swift (in target 'XCTHealthKit' from project 'XCTHealthKit')
	SwiftCompile normal arm64 /Users/admin/builder/spi-builder-workspace/Sources/XCTHealthKit/XCTest+CharacteristicEntry.swift (in target 'XCTHealthKit' from project 'XCTHealthKit')
	Building workspace XCTHealthKit with scheme XCTHealthKit
(7 failures)
Command line invocation:
    /Applications/Xcode-27.0.0-Release.Candidate.app/Contents/Developer/usr/bin/xcodebuild -IDEClonedSourcePackagesDirPathOverride=/Users/admin/builder/spi-builder-workspace/.dependencies -resolvePackageDependencies
Resolve Package Graph
Resolved source packages:
  XCTHealthKit: /Users/admin/builder/spi-builder-workspace
resolved source packages: XCTHealthKit
2026-09-24 18:29:33.635 xcodebuild[767:4396] [MT] IDERunDestination: Supported platforms for the buildables in the current scheme is empty.
{
  "dependencies" : [
  ],
  "manifest_display_name" : "XCTHealthKit",
  "name" : "XCTHealthKit",
  "path" : "/Users/admin/builder/spi-builder-workspace",
  "platforms" : [
    {
      "name" : "ios",
      "version" : "16.0"
    }
  ],
  "products" : [
    {
      "name" : "XCTHealthKit",
      "targets" : [
        "XCTHealthKit"
      ],
      "type" : {
        "library" : [
          "automatic"
        ]
      }
    }
  ],
  "targets" : [
    {
      "c99name" : "XCTHealthKitTests",
      "module_type" : "SwiftTarget",
      "name" : "XCTHealthKitTests",
      "path" : "Tests/XCTHealthKitTests",
      "sources" : [
        "XCTHealthKitTests.swift"
      ],
      "target_dependencies" : [
        "XCTHealthKit"
      ],
      "type" : "test"
    },
    {
      "c99name" : "XCTHealthKit",
      "module_type" : "SwiftTarget",
      "name" : "XCTHealthKit",
      "path" : "Sources/XCTHealthKit",
      "product_memberships" : [
        "XCTHealthKit"
      ],
      "sources" : [
        "HealthAppCategory.swift",
        "HealthAppSampleType.swift",
        "XCTHealthKit.swift",
        "XCTHealthKitAddSampleInput.swift",
        "XCTest+AddSamples.swift",
        "XCTest+CharacteristicEntry.swift",
        "XCTest+HealthApp.swift",
        "XCTest+HealthKit.swift",
        "XCTest+HealthRecord.swift"
      ],
      "type" : "library"
    }
  ],
  "tools_version" : "6.0"
}
{
  "workspace" : {
    "name" : "XCTHealthKit",
    "schemes" : [
      "XCTHealthKit"
    ]
  }
}
2026-09-24 18:29:34.980 xcodebuild[801:4655] [MT] IDERunDestination: Supported platforms for the buildables in the current scheme is empty.
Running build ...
env DEVELOPER_DIR=/Applications/Xcode-27.0.0-Release.Candidate.app xcrun xcodebuild -IDEClonedSourcePackagesDirPathOverride=$PWD/.dependencies -skipMacroValidation -skipPackagePluginValidation -derivedDataPath $PWD/.derivedData build -scheme XCTHealthKit -destination generic/platform=watchOS
Command line invocation:
    /Applications/Xcode-27.0.0-Release.Candidate.app/Contents/Developer/usr/bin/xcodebuild -IDEClonedSourcePackagesDirPathOverride=/Users/admin/builder/spi-builder-workspace/.dependencies -skipMacroValidation -skipPackagePluginValidation -derivedDataPath /Users/admin/builder/spi-builder-workspace/.derivedData build -scheme XCTHealthKit -destination generic/platform=watchOS
Resolve Package Graph
Resolved source packages:
  XCTHealthKit: /Users/admin/builder/spi-builder-workspace
ComputePackagePrebuildTargetDependencyGraph
Prepare packages
CreateBuildRequest
SendProjectDescription
CreateBuildOperation
ComputeTargetDependencyGraph
note: Building targets in dependency order
note: Target dependency graph (2 targets)
    Target 'XCTHealthKit-product' in project 'XCTHealthKit'
        ➜ Explicit dependency on target 'XCTHealthKit' in project 'XCTHealthKit'
    Target 'XCTHealthKit' in project 'XCTHealthKit' (no dependencies)
GatherProvisioningInputs
CreateBuildDescription
ClangStatCache /Applications/Xcode-27.0.0-Release.Candidate.app/Contents/Developer/Toolchains/XcodeDefault.xctoolchain/usr/bin/clang-stat-cache /Applications/Xcode-27.0.0-Release.Candidate.app/Contents/Developer/Platforms/WatchOS.platform/Developer/SDKs/WatchOS27.0.sdk /Users/admin/builder/spi-builder-workspace/.derivedData/SDKStatCaches.noindex/watchos27.0-24R360-e829b21a6f8c9b70876ba0858053c04477534ef55a1706bf4c1112bbb242f0a2.sdkstatcache
    cd /Users/admin/builder/spi-builder-workspace/.swiftpm/xcode
    /Applications/Xcode-27.0.0-Release.Candidate.app/Contents/Developer/Toolchains/XcodeDefault.xctoolchain/usr/bin/clang-stat-cache /Applications/Xcode-27.0.0-Release.Candidate.app/Contents/Developer/Platforms/WatchOS.platform/Developer/SDKs/WatchOS27.0.sdk -o /Users/admin/builder/spi-builder-workspace/.derivedData/SDKStatCaches.noindex/watchos27.0-24R360-e829b21a6f8c9b70876ba0858053c04477534ef55a1706bf4c1112bbb242f0a2.sdkstatcache
SwiftMergeGeneratedHeaders /Users/admin/builder/spi-builder-workspace/.derivedData/Build/Intermediates.noindex/GeneratedModuleMaps-watchos/XCTHealthKit-Swift.h /Users/admin/builder/spi-builder-workspace/.derivedData/Build/Intermediates.noindex/XCTHealthKit.build/Debug-watchos/XCTHealthKit-t.build/Objects-normal/arm64/XCTHealthKit-Swift.h /Users/admin/builder/spi-builder-workspace/.derivedData/Build/Intermediates.noindex/XCTHealthKit.build/Debug-watchos/XCTHealthKit-t.build/Objects-normal/arm64_32/XCTHealthKit-Swift.h (in target 'XCTHealthKit' from project 'XCTHealthKit')
    cd /Users/admin/builder/spi-builder-workspace
    builtin-swiftHeaderTool -arch arm64 /Users/admin/builder/spi-builder-workspace/.derivedData/Build/Intermediates.noindex/XCTHealthKit.build/Debug-watchos/XCTHealthKit-t.build/Objects-normal/arm64/XCTHealthKit-Swift.h -arch arm64_32 /Users/admin/builder/spi-builder-workspace/.derivedData/Build/Intermediates.noindex/XCTHealthKit.build/Debug-watchos/XCTHealthKit-t.build/Objects-normal/arm64_32/XCTHealthKit-Swift.h -o /Users/admin/builder/spi-builder-workspace/.derivedData/Build/Intermediates.noindex/GeneratedModuleMaps-watchos/XCTHealthKit-Swift.h
SwiftDriver XCTHealthKit normal arm64_32 com.apple.xcode.tools.swift.compiler (in target 'XCTHealthKit' from project 'XCTHealthKit')
    cd /Users/admin/builder/spi-builder-workspace/.swiftpm/xcode
    builtin-SwiftDriver -- /Applications/Xcode-27.0.0-Release.Candidate.app/Contents/Developer/Toolchains/XcodeDefault.xctoolchain/usr/bin/swiftc -parse-as-library -module-name XCTHealthKit -Onone @/Users/admin/builder/spi-builder-workspace/.derivedData/Build/Intermediates.noindex/XCTHealthKit.build/Debug-watchos/XCTHealthKit-t.build/Objects-normal/arm64_32/XCTHealthKit.SwiftFileList -DSWIFT_PACKAGE -DDEBUG -DSWIFT_MODULE_RESOURCE_BUNDLE_UNAVAILABLE -DXcode -plugin-path /Applications/Xcode-27.0.0-Release.Candidate.app/Contents/Developer/Toolchains/XcodeDefault.xctoolchain/usr/lib/swift/host/plugins/testing -enable-experimental-feature DebugDescriptionMacro -sdk /Applications/Xcode-27.0.0-Release.Candidate.app/Contents/Developer/Platforms/WatchOS.platform/Developer/SDKs/WatchOS27.0.sdk -target arm64_32-apple-watchos9.0 -g -module-cache-path /Users/admin/builder/spi-builder-workspace/.derivedData/ModuleCache.noindex -Xfrontend -serialize-debugging-options -profile-coverage-mapping -profile-generate -enable-testing -index-store-path /Users/admin/builder/spi-builder-workspace/.derivedData/Index.noindex/DataStore -Xcc -D_LIBCPP_HARDENING_MODE\=_LIBCPP_HARDENING_MODE_DEBUG -swift-version 6 -I /Users/admin/builder/spi-builder-workspace/.derivedData/Build/Products/Debug-watchos -Isystem /Applications/Xcode-27.0.0-Release.Candidate.app/Contents/Developer/Platforms/WatchOS.platform/Developer/usr/lib -F /Users/admin/builder/spi-builder-workspace/.derivedData/Build/Products/Debug-watchos -F /Applications/Xcode-27.0.0-Release.Candidate.app/Contents/Developer/Platforms/WatchOS.platform/Developer/Library/Frameworks -F /Applications/Xcode-27.0.0-Release.Candidate.app/Contents/Developer/Platforms/WatchOS.platform/Developer/SDKs/WatchOS27.0.sdk/Developer/Library/Frameworks -c -j10 -enable-batch-mode -incremental -Xcc -ivfsstatcache -Xcc /Users/admin/builder/spi-builder-workspace/.derivedData/SDKStatCaches.noindex/watchos27.0-24R360-e829b21a6f8c9b70876ba0858053c04477534ef55a1706bf4c1112bbb242f0a2.sdkstatcache -output-file-map /Users/admin/builder/spi-builder-workspace/.derivedData/Build/Intermediates.noindex/XCTHealthKit.build/Debug-watchos/XCTHealthKit-t.build/Objects-normal/arm64_32/XCTHealthKit-OutputFileMap.json -save-temps -no-color-diagnostics -explicit-module-build -module-cache-path /Users/admin/builder/spi-builder-workspace/.derivedData/Build/Intermediates.noindex/SwiftExplicitPrecompiledModules -clang-scanner-module-cache-path /Users/admin/builder/spi-builder-workspace/.derivedData/ModuleCache.noindex -sdk-module-cache-path /Users/admin/builder/spi-builder-workspace/.derivedData/SDKExplicitPrecompiledModules -emit-dependencies -emit-module -emit-module-path /Users/admin/builder/spi-builder-workspace/.derivedData/Build/Intermediates.noindex/XCTHealthKit.build/Debug-watchos/XCTHealthKit-t.build/Objects-normal/arm64_32/XCTHealthKit.swiftmodule -serialize-diagnostics -dependency-scan-serialize-diagnostics-path /Users/admin/builder/spi-builder-workspace/.derivedData/Build/Intermediates.noindex/XCTHealthKit.build/Debug-watchos/XCTHealthKit-t.build/Objects-normal/arm64_32/XCTHealthKit-dependency-scan.dia -validate-clang-modules-once -clang-build-session-file /Users/admin/builder/spi-builder-workspace/.derivedData/ModuleCache.noindex/Session.modulevalidation -Xcc -fmodules-prune-interval\=86400 -Xcc -fmodules-prune-after\=345600 -package-name spi_builder_workspace -emit-const-values -const-gather-protocols-list /Users/admin/builder/spi-builder-workspace/.derivedData/Build/Intermediates.noindex/XCTHealthKit.build/Debug-watchos/XCTHealthKit-t.build/Objects-normal/arm64_32/XCTHealthKit_const_extract_protocols.json -Xcc -I/Users/admin/builder/spi-builder-workspace/.derivedData/Build/Products/Debug-watchos/include -Xcc -I/Users/admin/builder/spi-builder-workspace/.derivedData/Build/Intermediates.noindex/XCTHealthKit.build/Debug-watchos/XCTHealthKit-t.build/DerivedSources-normal/arm64_32 -Xcc -I/Users/admin/builder/spi-builder-workspace/.derivedData/Build/Intermediates.noindex/XCTHealthKit.build/Debug-watchos/XCTHealthKit-t.build/DerivedSources/arm64_32 -Xcc -I/Users/admin/builder/spi-builder-workspace/.derivedData/Build/Intermediates.noindex/XCTHealthKit.build/Debug-watchos/XCTHealthKit-t.build/DerivedSources -Xcc -DSWIFT_PACKAGE -Xcc -DDEBUG\=1 -emit-objc-header -emit-objc-header-path /Users/admin/builder/spi-builder-workspace/.derivedData/Build/Intermediates.noindex/XCTHealthKit.build/Debug-watchos/XCTHealthKit-t.build/Objects-normal/arm64_32/XCTHealthKit-Swift.h -working-directory /Users/admin/builder/spi-builder-workspace/.swiftpm/xcode -experimental-emit-module-separately -disable-cmo
Copy /Users/admin/builder/spi-builder-workspace/.derivedData/Build/Products/Debug-watchos/XCTHealthKit.swiftmodule/arm64_32-apple-watchos.abi.json /Users/admin/builder/spi-builder-workspace/.derivedData/Build/Intermediates.noindex/XCTHealthKit.build/Debug-watchos/XCTHealthKit-t.build/Objects-normal/arm64_32/XCTHealthKit.abi.json (in target 'XCTHealthKit' from project 'XCTHealthKit')
    cd /Users/admin/builder/spi-builder-workspace
    builtin-copy -exclude .DS_Store -exclude CVS -exclude .svn -exclude .git -exclude .hg -resolve-src-symlinks -rename /Users/admin/builder/spi-builder-workspace/.derivedData/Build/Intermediates.noindex/XCTHealthKit.build/Debug-watchos/XCTHealthKit-t.build/Objects-normal/arm64_32/XCTHealthKit.abi.json /Users/admin/builder/spi-builder-workspace/.derivedData/Build/Products/Debug-watchos/XCTHealthKit.swiftmodule/arm64_32-apple-watchos.abi.json
Copy /Users/admin/builder/spi-builder-workspace/.derivedData/Build/Products/Debug-watchos/XCTHealthKit.swiftmodule/arm64-apple-watchos.swiftmodule /Users/admin/builder/spi-builder-workspace/.derivedData/Build/Intermediates.noindex/XCTHealthKit.build/Debug-watchos/XCTHealthKit-t.build/Objects-normal/arm64/XCTHealthKit.swiftmodule (in target 'XCTHealthKit' from project 'XCTHealthKit')
    cd /Users/admin/builder/spi-builder-workspace
    builtin-copy -exclude .DS_Store -exclude CVS -exclude .svn -exclude .git -exclude .hg -resolve-src-symlinks -rename /Users/admin/builder/spi-builder-workspace/.derivedData/Build/Intermediates.noindex/XCTHealthKit.build/Debug-watchos/XCTHealthKit-t.build/Objects-normal/arm64/XCTHealthKit.swiftmodule /Users/admin/builder/spi-builder-workspace/.derivedData/Build/Products/Debug-watchos/XCTHealthKit.swiftmodule/arm64-apple-watchos.swiftmodule
Copy /Users/admin/builder/spi-builder-workspace/.derivedData/Build/Products/Debug-watchos/XCTHealthKit.swiftmodule/arm64-apple-watchos.abi.json /Users/admin/builder/spi-builder-workspace/.derivedData/Build/Intermediates.noindex/XCTHealthKit.build/Debug-watchos/XCTHealthKit-t.build/Objects-normal/arm64/XCTHealthKit.abi.json (in target 'XCTHealthKit' from project 'XCTHealthKit')
    cd /Users/admin/builder/spi-builder-workspace
    builtin-copy -exclude .DS_Store -exclude CVS -exclude .svn -exclude .git -exclude .hg -resolve-src-symlinks -rename /Users/admin/builder/spi-builder-workspace/.derivedData/Build/Intermediates.noindex/XCTHealthKit.build/Debug-watchos/XCTHealthKit-t.build/Objects-normal/arm64/XCTHealthKit.abi.json /Users/admin/builder/spi-builder-workspace/.derivedData/Build/Products/Debug-watchos/XCTHealthKit.swiftmodule/arm64-apple-watchos.abi.json
Copy /Users/admin/builder/spi-builder-workspace/.derivedData/Build/Products/Debug-watchos/XCTHealthKit.swiftmodule/arm64-apple-watchos.swiftdoc /Users/admin/builder/spi-builder-workspace/.derivedData/Build/Intermediates.noindex/XCTHealthKit.build/Debug-watchos/XCTHealthKit-t.build/Objects-normal/arm64/XCTHealthKit.swiftdoc (in target 'XCTHealthKit' from project 'XCTHealthKit')
    cd /Users/admin/builder/spi-builder-workspace
    builtin-copy -exclude .DS_Store -exclude CVS -exclude .svn -exclude .git -exclude .hg -resolve-src-symlinks -rename /Users/admin/builder/spi-builder-workspace/.derivedData/Build/Intermediates.noindex/XCTHealthKit.build/Debug-watchos/XCTHealthKit-t.build/Objects-normal/arm64/XCTHealthKit.swiftdoc /Users/admin/builder/spi-builder-workspace/.derivedData/Build/Products/Debug-watchos/XCTHealthKit.swiftmodule/arm64-apple-watchos.swiftdoc
Copy /Users/admin/builder/spi-builder-workspace/.derivedData/Build/Products/Debug-watchos/XCTHealthKit.swiftmodule/arm64_32-apple-watchos.swiftmodule /Users/admin/builder/spi-builder-workspace/.derivedData/Build/Intermediates.noindex/XCTHealthKit.build/Debug-watchos/XCTHealthKit-t.build/Objects-normal/arm64_32/XCTHealthKit.swiftmodule (in target 'XCTHealthKit' from project 'XCTHealthKit')
    cd /Users/admin/builder/spi-builder-workspace
    builtin-copy -exclude .DS_Store -exclude CVS -exclude .svn -exclude .git -exclude .hg -resolve-src-symlinks -rename /Users/admin/builder/spi-builder-workspace/.derivedData/Build/Intermediates.noindex/XCTHealthKit.build/Debug-watchos/XCTHealthKit-t.build/Objects-normal/arm64_32/XCTHealthKit.swiftmodule /Users/admin/builder/spi-builder-workspace/.derivedData/Build/Products/Debug-watchos/XCTHealthKit.swiftmodule/arm64_32-apple-watchos.swiftmodule
Copy /Users/admin/builder/spi-builder-workspace/.derivedData/Build/Products/Debug-watchos/XCTHealthKit.swiftmodule/arm64_32-apple-watchos.swiftdoc /Users/admin/builder/spi-builder-workspace/.derivedData/Build/Intermediates.noindex/XCTHealthKit.build/Debug-watchos/XCTHealthKit-t.build/Objects-normal/arm64_32/XCTHealthKit.swiftdoc (in target 'XCTHealthKit' from project 'XCTHealthKit')
    cd /Users/admin/builder/spi-builder-workspace
    builtin-copy -exclude .DS_Store -exclude CVS -exclude .svn -exclude .git -exclude .hg -resolve-src-symlinks -rename /Users/admin/builder/spi-builder-workspace/.derivedData/Build/Intermediates.noindex/XCTHealthKit.build/Debug-watchos/XCTHealthKit-t.build/Objects-normal/arm64_32/XCTHealthKit.swiftdoc /Users/admin/builder/spi-builder-workspace/.derivedData/Build/Products/Debug-watchos/XCTHealthKit.swiftmodule/arm64_32-apple-watchos.swiftdoc
Copy /Users/admin/builder/spi-builder-workspace/.derivedData/Build/Products/Debug-watchos/XCTHealthKit.swiftmodule/Project/arm64_32-apple-watchos.swiftsourceinfo /Users/admin/builder/spi-builder-workspace/.derivedData/Build/Intermediates.noindex/XCTHealthKit.build/Debug-watchos/XCTHealthKit-t.build/Objects-normal/arm64_32/XCTHealthKit.swiftsourceinfo (in target 'XCTHealthKit' from project 'XCTHealthKit')
    cd /Users/admin/builder/spi-builder-workspace
    builtin-copy -exclude .DS_Store -exclude CVS -exclude .svn -exclude .git -exclude .hg -resolve-src-symlinks -rename /Users/admin/builder/spi-builder-workspace/.derivedData/Build/Intermediates.noindex/XCTHealthKit.build/Debug-watchos/XCTHealthKit-t.build/Objects-normal/arm64_32/XCTHealthKit.swiftsourceinfo /Users/admin/builder/spi-builder-workspace/.derivedData/Build/Products/Debug-watchos/XCTHealthKit.swiftmodule/Project/arm64_32-apple-watchos.swiftsourceinfo
Copy /Users/admin/builder/spi-builder-workspace/.derivedData/Build/Products/Debug-watchos/XCTHealthKit.swiftmodule/Project/arm64-apple-watchos.swiftsourceinfo /Users/admin/builder/spi-builder-workspace/.derivedData/Build/Intermediates.noindex/XCTHealthKit.build/Debug-watchos/XCTHealthKit-t.build/Objects-normal/arm64/XCTHealthKit.swiftsourceinfo (in target 'XCTHealthKit' from project 'XCTHealthKit')
    cd /Users/admin/builder/spi-builder-workspace
    builtin-copy -exclude .DS_Store -exclude CVS -exclude .svn -exclude .git -exclude .hg -resolve-src-symlinks -rename /Users/admin/builder/spi-builder-workspace/.derivedData/Build/Intermediates.noindex/XCTHealthKit.build/Debug-watchos/XCTHealthKit-t.build/Objects-normal/arm64/XCTHealthKit.swiftsourceinfo /Users/admin/builder/spi-builder-workspace/.derivedData/Build/Products/Debug-watchos/XCTHealthKit.swiftmodule/Project/arm64-apple-watchos.swiftsourceinfo
SwiftDriver XCTHealthKit normal arm64 com.apple.xcode.tools.swift.compiler (in target 'XCTHealthKit' from project 'XCTHealthKit')
    cd /Users/admin/builder/spi-builder-workspace/.swiftpm/xcode
    builtin-SwiftDriver -- /Applications/Xcode-27.0.0-Release.Candidate.app/Contents/Developer/Toolchains/XcodeDefault.xctoolchain/usr/bin/swiftc -parse-as-library -module-name XCTHealthKit -Onone @/Users/admin/builder/spi-builder-workspace/.derivedData/Build/Intermediates.noindex/XCTHealthKit.build/Debug-watchos/XCTHealthKit-t.build/Objects-normal/arm64/XCTHealthKit.SwiftFileList -DSWIFT_PACKAGE -DDEBUG -DSWIFT_MODULE_RESOURCE_BUNDLE_UNAVAILABLE -DXcode -plugin-path /Applications/Xcode-27.0.0-Release.Candidate.app/Contents/Developer/Toolchains/XcodeDefault.xctoolchain/usr/lib/swift/host/plugins/testing -enable-experimental-feature DebugDescriptionMacro -sdk /Applications/Xcode-27.0.0-Release.Candidate.app/Contents/Developer/Platforms/WatchOS.platform/Developer/SDKs/WatchOS27.0.sdk -target arm64-apple-watchos9.0 -g -module-cache-path /Users/admin/builder/spi-builder-workspace/.derivedData/ModuleCache.noindex -Xfrontend -serialize-debugging-options -profile-coverage-mapping -profile-generate -enable-testing -index-store-path /Users/admin/builder/spi-builder-workspace/.derivedData/Index.noindex/DataStore -Xcc -D_LIBCPP_HARDENING_MODE\=_LIBCPP_HARDENING_MODE_DEBUG -swift-version 6 -I /Users/admin/builder/spi-builder-workspace/.derivedData/Build/Products/Debug-watchos -Isystem /Applications/Xcode-27.0.0-Release.Candidate.app/Contents/Developer/Platforms/WatchOS.platform/Developer/usr/lib -F /Users/admin/builder/spi-builder-workspace/.derivedData/Build/Products/Debug-watchos -F /Applications/Xcode-27.0.0-Release.Candidate.app/Contents/Developer/Platforms/WatchOS.platform/Developer/Library/Frameworks -F /Applications/Xcode-27.0.0-Release.Candidate.app/Contents/Developer/Platforms/WatchOS.platform/Developer/SDKs/WatchOS27.0.sdk/Developer/Library/Frameworks -c -j10 -enable-batch-mode -incremental -Xcc -ivfsstatcache -Xcc /Users/admin/builder/spi-builder-workspace/.derivedData/SDKStatCaches.noindex/watchos27.0-24R360-e829b21a6f8c9b70876ba0858053c04477534ef55a1706bf4c1112bbb242f0a2.sdkstatcache -output-file-map /Users/admin/builder/spi-builder-workspace/.derivedData/Build/Intermediates.noindex/XCTHealthKit.build/Debug-watchos/XCTHealthKit-t.build/Objects-normal/arm64/XCTHealthKit-OutputFileMap.json -save-temps -no-color-diagnostics -explicit-module-build -module-cache-path /Users/admin/builder/spi-builder-workspace/.derivedData/Build/Intermediates.noindex/SwiftExplicitPrecompiledModules -clang-scanner-module-cache-path /Users/admin/builder/spi-builder-workspace/.derivedData/ModuleCache.noindex -sdk-module-cache-path /Users/admin/builder/spi-builder-workspace/.derivedData/SDKExplicitPrecompiledModules -emit-dependencies -emit-module -emit-module-path /Users/admin/builder/spi-builder-workspace/.derivedData/Build/Intermediates.noindex/XCTHealthKit.build/Debug-watchos/XCTHealthKit-t.build/Objects-normal/arm64/XCTHealthKit.swiftmodule -serialize-diagnostics -dependency-scan-serialize-diagnostics-path /Users/admin/builder/spi-builder-workspace/.derivedData/Build/Intermediates.noindex/XCTHealthKit.build/Debug-watchos/XCTHealthKit-t.build/Objects-normal/arm64/XCTHealthKit-dependency-scan.dia -validate-clang-modules-once -clang-build-session-file /Users/admin/builder/spi-builder-workspace/.derivedData/ModuleCache.noindex/Session.modulevalidation -Xcc -fmodules-prune-interval\=86400 -Xcc -fmodules-prune-after\=345600 -package-name spi_builder_workspace -emit-const-values -const-gather-protocols-list /Users/admin/builder/spi-builder-workspace/.derivedData/Build/Intermediates.noindex/XCTHealthKit.build/Debug-watchos/XCTHealthKit-t.build/Objects-normal/arm64/XCTHealthKit_const_extract_protocols.json -Xcc -I/Users/admin/builder/spi-builder-workspace/.derivedData/Build/Products/Debug-watchos/include -Xcc -I/Users/admin/builder/spi-builder-workspace/.derivedData/Build/Intermediates.noindex/XCTHealthKit.build/Debug-watchos/XCTHealthKit-t.build/DerivedSources-normal/arm64 -Xcc -I/Users/admin/builder/spi-builder-workspace/.derivedData/Build/Intermediates.noindex/XCTHealthKit.build/Debug-watchos/XCTHealthKit-t.build/DerivedSources/arm64 -Xcc -I/Users/admin/builder/spi-builder-workspace/.derivedData/Build/Intermediates.noindex/XCTHealthKit.build/Debug-watchos/XCTHealthKit-t.build/DerivedSources -Xcc -DSWIFT_PACKAGE -Xcc -DDEBUG\=1 -emit-objc-header -emit-objc-header-path /Users/admin/builder/spi-builder-workspace/.derivedData/Build/Intermediates.noindex/XCTHealthKit.build/Debug-watchos/XCTHealthKit-t.build/Objects-normal/arm64/XCTHealthKit-Swift.h -working-directory /Users/admin/builder/spi-builder-workspace/.swiftpm/xcode -experimental-emit-module-separately -disable-cmo
SwiftCompile normal arm64_32 Compiling\ XCTHealthKit.swift /Users/admin/builder/spi-builder-workspace/Sources/XCTHealthKit/XCTHealthKit.swift (in target 'XCTHealthKit' from project 'XCTHealthKit')
SwiftCompile normal arm64_32 (in target 'XCTHealthKit' from project 'XCTHealthKit')
    cd /Users/admin/builder/spi-builder-workspace/.swiftpm/xcode

SwiftCompile normal arm64_32 Compiling\ XCTHealthKitAddSampleInput.swift /Users/admin/builder/spi-builder-workspace/Sources/XCTHealthKit/XCTHealthKitAddSampleInput.swift (in target 'XCTHealthKit' from project 'XCTHealthKit')
SwiftCompile normal arm64_32 /Users/admin/builder/spi-builder-workspace/Sources/XCTHealthKit/XCTHealthKitAddSampleInput.swift (in target 'XCTHealthKit' from project 'XCTHealthKit')
    cd /Users/admin/builder/spi-builder-workspace/.swiftpm/xcode
    builtin-SwiftPerFileCompile XCTHealthKitAddSampleInput.swift
/Users/admin/builder/spi-builder-workspace/Sources/XCTHealthKit/XCTHealthKitAddSampleInput.swift:182:29: error: incorrect argument label in call (have 'toPickerWheelValue:', expected 'toNormalizedSliderPosition:')
180 |             let yearWheel = app.pickerWheels[String(currentMonthAndYearSelection.year)]
181 |             XCTAssertTrue(yearWheel.waitForExistence(timeout: 1))
182 |             yearWheel.adjust(toPickerWheelValue: String(year))
    |                             `- error: incorrect argument label in call (have 'toPickerWheelValue:', expected 'toNormalizedSliderPosition:')
183 |             let monthWheel = app.pickerWheels[String(currentMonthAndYearSelection.month.name)]
184 |             XCTAssertTrue(monthWheel.waitForExistence(timeout: 1))
/Users/admin/builder/spi-builder-workspace/Sources/XCTHealthKit/XCTHealthKitAddSampleInput.swift:182:50: error: cannot convert value of type 'String' to expected argument type 'CGFloat'
180 |             let yearWheel = app.pickerWheels[String(currentMonthAndYearSelection.year)]
181 |             XCTAssertTrue(yearWheel.waitForExistence(timeout: 1))
182 |             yearWheel.adjust(toPickerWheelValue: String(year))
    |                                                  `- error: cannot convert value of type 'String' to expected argument type 'CGFloat'
183 |             let monthWheel = app.pickerWheels[String(currentMonthAndYearSelection.month.name)]
184 |             XCTAssertTrue(monthWheel.waitForExistence(timeout: 1))
/Users/admin/builder/spi-builder-workspace/Sources/XCTHealthKit/XCTHealthKitAddSampleInput.swift:185:30: error: incorrect argument label in call (have 'toPickerWheelValue:', expected 'toNormalizedSliderPosition:')
183 |             let monthWheel = app.pickerWheels[String(currentMonthAndYearSelection.month.name)]
184 |             XCTAssertTrue(monthWheel.waitForExistence(timeout: 1))
185 |             monthWheel.adjust(toPickerWheelValue: String(XCUIElement.monthName(for: month)))
    |                              `- error: incorrect argument label in call (have 'toPickerWheelValue:', expected 'toNormalizedSliderPosition:')
186 |             app.buttons["DatePicker.Hide"].tap()
187 |         } else {
/Users/admin/builder/spi-builder-workspace/Sources/XCTHealthKit/XCTHealthKitAddSampleInput.swift:185:51: error: cannot convert value of type 'String' to expected argument type 'CGFloat'
183 |             let monthWheel = app.pickerWheels[String(currentMonthAndYearSelection.month.name)]
184 |             XCTAssertTrue(monthWheel.waitForExistence(timeout: 1))
185 |             monthWheel.adjust(toPickerWheelValue: String(XCUIElement.monthName(for: month)))
    |                                                   `- error: cannot convert value of type 'String' to expected argument type 'CGFloat'
186 |             app.buttons["DatePicker.Hide"].tap()
187 |         } else {
/Users/admin/builder/spi-builder-workspace/Sources/XCTHealthKit/XCTHealthKitAddSampleInput.swift:192:33: error: incorrect argument label in call (have 'toPickerWheelValue:', expected 'toNormalizedSliderPosition:')
190 |                 let yearWheel = app.pickerWheels[String(currentMonthAndYearSelection.year)]
191 |                 XCTAssertTrue(yearWheel.waitForExistence(timeout: 1))
192 |                 yearWheel.adjust(toPickerWheelValue: String(year))
    |                                 `- error: incorrect argument label in call (have 'toPickerWheelValue:', expected 'toNormalizedSliderPosition:')
193 |                 app.buttons["DatePicker.Hide"].tap()
194 |             }
/Users/admin/builder/spi-builder-workspace/Sources/XCTHealthKit/XCTHealthKitAddSampleInput.swift:192:54: error: cannot convert value of type 'String' to expected argument type 'CGFloat'
190 |                 let yearWheel = app.pickerWheels[String(currentMonthAndYearSelection.year)]
191 |                 XCTAssertTrue(yearWheel.waitForExistence(timeout: 1))
192 |                 yearWheel.adjust(toPickerWheelValue: String(year))
    |                                                      `- error: cannot convert value of type 'String' to expected argument type 'CGFloat'
193 |                 app.buttons["DatePicker.Hide"].tap()
194 |             }
/Users/admin/builder/spi-builder-workspace/Sources/XCTHealthKit/XCTHealthKitAddSampleInput.swift:199:34: error: incorrect argument label in call (have 'toPickerWheelValue:', expected 'toNormalizedSliderPosition:')
197 |                 let monthWheel = app.pickerWheels[String(currentMonthAndYearSelection.month.name)]
198 |                 XCTAssertTrue(monthWheel.waitForExistence(timeout: 1))
199 |                 monthWheel.adjust(toPickerWheelValue: Self.monthName(for: month))
    |                                  `- error: incorrect argument label in call (have 'toPickerWheelValue:', expected 'toNormalizedSliderPosition:')
200 |                 app.buttons["DatePicker.Hide"].tap()
201 |             }
SwiftCompile normal arm64_32 Compiling\ XCTest+HealthRecord.swift /Users/admin/builder/spi-builder-workspace/Sources/XCTHealthKit/XCTest+HealthRecord.swift (in target 'XCTHealthKit' from project 'XCTHealthKit')
SwiftCompile normal arm64_32 /Users/admin/builder/spi-builder-workspace/Sources/XCTHealthKit/XCTest+HealthRecord.swift (in target 'XCTHealthKit' from project 'XCTHealthKit')
    cd /Users/admin/builder/spi-builder-workspace/.swiftpm/xcode
    builtin-SwiftPerFileCompile XCTest+HealthRecord.swift
SwiftEmitModule normal arm64_32 Emitting\ module\ for\ XCTHealthKit (in target 'XCTHealthKit' from project 'XCTHealthKit')
SwiftCompile normal arm64_32 (in target 'XCTHealthKit' from project 'XCTHealthKit')
    cd /Users/admin/builder/spi-builder-workspace/.swiftpm/xcode

SwiftCompile normal arm64_32 Compiling\ HealthAppCategory.swift /Users/admin/builder/spi-builder-workspace/Sources/XCTHealthKit/HealthAppCategory.swift (in target 'XCTHealthKit' from project 'XCTHealthKit')
SwiftCompile normal arm64_32 /Users/admin/builder/spi-builder-workspace/Sources/XCTHealthKit/HealthAppCategory.swift (in target 'XCTHealthKit' from project 'XCTHealthKit')
    cd /Users/admin/builder/spi-builder-workspace/.swiftpm/xcode
    builtin-SwiftPerFileCompile HealthAppCategory.swift
SwiftCompile normal arm64 Compiling\ XCTest+CharacteristicEntry.swift /Users/admin/builder/spi-builder-workspace/Sources/XCTHealthKit/XCTest+CharacteristicEntry.swift (in target 'XCTHealthKit' from project 'XCTHealthKit')
/Users/admin/builder/spi-builder-workspace/Sources/XCTHealthKit/XCTest+CharacteristicEntry.swift:102:28: error: incorrect argument label in call (have 'toPickerWheelValue:', expected 'toNormalizedSliderPosition:')
100 |                 picker.pickerWheels
101 |                     .element(boundBy: try XCTUnwrap(pickerWheelsMapping[.month]))
102 |                     .adjust(toPickerWheelValue: XCUIElement.monthName(for: month))
    |                            `- error: incorrect argument label in call (have 'toPickerWheelValue:', expected 'toNormalizedSliderPosition:')
103 |             }
104 |             if let day = dateOfBirth.day {
/Users/admin/builder/spi-builder-workspace/Sources/XCTHealthKit/XCTest+CharacteristicEntry.swift:102:61: error: cannot convert value of type 'String' to expected argument type 'CGFloat'
100 |                 picker.pickerWheels
101 |                     .element(boundBy: try XCTUnwrap(pickerWheelsMapping[.month]))
102 |                     .adjust(toPickerWheelValue: XCUIElement.monthName(for: month))
    |                                                             `- error: cannot convert value of type 'String' to expected argument type 'CGFloat'
103 |             }
104 |             if let day = dateOfBirth.day {
/Users/admin/builder/spi-builder-workspace/Sources/XCTHealthKit/XCTest+CharacteristicEntry.swift:107:28: error: incorrect argument label in call (have 'toPickerWheelValue:', expected 'toNormalizedSliderPosition:')
105 |                 picker.pickerWheels
106 |                     .element(boundBy: try XCTUnwrap(pickerWheelsMapping[.day]))
107 |                     .adjust(toPickerWheelValue: String(format: dayFormatString, day))
    |                            `- error: incorrect argument label in call (have 'toPickerWheelValue:', expected 'toNormalizedSliderPosition:')
108 |             }
109 |             if let year = dateOfBirth.year {
/Users/admin/builder/spi-builder-workspace/Sources/XCTHealthKit/XCTest+CharacteristicEntry.swift:107:49: error: cannot convert value of type 'String' to expected argument type 'CGFloat'
105 |                 picker.pickerWheels
106 |                     .element(boundBy: try XCTUnwrap(pickerWheelsMapping[.day]))
107 |                     .adjust(toPickerWheelValue: String(format: dayFormatString, day))
    |                                                 `- error: cannot convert value of type 'String' to expected argument type 'CGFloat'
108 |             }
109 |             if let year = dateOfBirth.year {
/Users/admin/builder/spi-builder-workspace/Sources/XCTHealthKit/XCTest+CharacteristicEntry.swift:112:28: error: incorrect argument label in call (have 'toPickerWheelValue:', expected 'toNormalizedSliderPosition:')
110 |                 picker.pickerWheels
111 |                     .element(boundBy: try XCTUnwrap(pickerWheelsMapping[.year]))
112 |                     .adjust(toPickerWheelValue: String(year))
    |                            `- error: incorrect argument label in call (have 'toPickerWheelValue:', expected 'toNormalizedSliderPosition:')
113 |             }
114 |             healthApp.cells["Date of Birth"].tap()
/Users/admin/builder/spi-builder-workspace/Sources/XCTHealthKit/XCTest+CharacteristicEntry.swift:112:49: error: cannot convert value of type 'String' to expected argument type 'CGFloat'
110 |                 picker.pickerWheels
111 |                     .element(boundBy: try XCTUnwrap(pickerWheelsMapping[.year]))
112 |                     .adjust(toPickerWheelValue: String(year))
    |                                                 `- error: cannot convert value of type 'String' to expected argument type 'CGFloat'
113 |             }
114 |             healthApp.cells["Date of Birth"].tap()
/Users/admin/builder/spi-builder-workspace/Sources/XCTHealthKit/XCTest+CharacteristicEntry.swift:122:30: error: incorrect argument label in call (have 'toPickerWheelValue:', expected 'toNormalizedSliderPosition:')
120 |             switch biologicalSex {
121 |             case .notSet:
122 |                 picker.adjust(toPickerWheelValue: "")
    |                              `- error: incorrect argument label in call (have 'toPickerWheelValue:', expected 'toNormalizedSliderPosition:')
123 |             case .male:
124 |                 picker.adjust(toPickerWheelValue: "Male")
/Users/admin/builder/spi-builder-workspace/Sources/XCTHealthKit/XCTest+CharacteristicEntry.swift:122:51: error: cannot convert value of type 'String' to expected argument type 'CGFloat'
120 |             switch biologicalSex {
121 |             case .notSet:
122 |                 picker.adjust(toPickerWheelValue: "")
    |                                                   `- error: cannot convert value of type 'String' to expected argument type 'CGFloat'
123 |             case .male:
124 |                 picker.adjust(toPickerWheelValue: "Male")
/Users/admin/builder/spi-builder-workspace/Sources/XCTHealthKit/XCTest+CharacteristicEntry.swift:124:30: error: incorrect argument label in call (have 'toPickerWheelValue:', expected 'toNormalizedSliderPosition:')
122 |                 picker.adjust(toPickerWheelValue: "")
123 |             case .male:
124 |                 picker.adjust(toPickerWheelValue: "Male")
    |                              `- error: incorrect argument label in call (have 'toPickerWheelValue:', expected 'toNormalizedSliderPosition:')
125 |             case .female:
126 |                 picker.adjust(toPickerWheelValue: "Female")
/Users/admin/builder/spi-builder-workspace/Sources/XCTHealthKit/XCTest+CharacteristicEntry.swift:124:51: error: cannot convert value of type 'String' to expected argument type 'CGFloat'
122 |                 picker.adjust(toPickerWheelValue: "")
123 |             case .male:
124 |                 picker.adjust(toPickerWheelValue: "Male")
    |                                                   `- error: cannot convert value of type 'String' to expected argument type 'CGFloat'
125 |             case .female:
126 |                 picker.adjust(toPickerWheelValue: "Female")
/Users/admin/builder/spi-builder-workspace/Sources/XCTHealthKit/XCTest+CharacteristicEntry.swift:126:30: error: incorrect argument label in call (have 'toPickerWheelValue:', expected 'toNormalizedSliderPosition:')
124 |                 picker.adjust(toPickerWheelValue: "Male")
125 |             case .female:
126 |                 picker.adjust(toPickerWheelValue: "Female")
    |                              `- error: incorrect argument label in call (have 'toPickerWheelValue:', expected 'toNormalizedSliderPosition:')
127 |             case .other:
128 |                 picker.adjust(toPickerWheelValue: "Other")
/Users/admin/builder/spi-builder-workspace/Sources/XCTHealthKit/XCTest+CharacteristicEntry.swift:126:51: error: cannot convert value of type 'String' to expected argument type 'CGFloat'
124 |                 picker.adjust(toPickerWheelValue: "Male")
125 |             case .female:
126 |                 picker.adjust(toPickerWheelValue: "Female")
    |                                                   `- error: cannot convert value of type 'String' to expected argument type 'CGFloat'
127 |             case .other:
128 |                 picker.adjust(toPickerWheelValue: "Other")
/Users/admin/builder/spi-builder-workspace/Sources/XCTHealthKit/XCTest+CharacteristicEntry.swift:128:30: error: incorrect argument label in call (have 'toPickerWheelValue:', expected 'toNormalizedSliderPosition:')
126 |                 picker.adjust(toPickerWheelValue: "Female")
127 |             case .other:
128 |                 picker.adjust(toPickerWheelValue: "Other")
    |                              `- error: incorrect argument label in call (have 'toPickerWheelValue:', expected 'toNormalizedSliderPosition:')
129 |             @unknown default:
130 |                 XCTFail("Unhandled biological sex value: \(biologicalSex)")
/Users/admin/builder/spi-builder-workspace/Sources/XCTHealthKit/XCTest+CharacteristicEntry.swift:128:51: error: cannot convert value of type 'String' to expected argument type 'CGFloat'
126 |                 picker.adjust(toPickerWheelValue: "Female")
127 |             case .other:
128 |                 picker.adjust(toPickerWheelValue: "Other")
    |                                                   `- error: cannot convert value of type 'String' to expected argument type 'CGFloat'
129 |             @unknown default:
130 |                 XCTFail("Unhandled biological sex value: \(biologicalSex)")
/Users/admin/builder/spi-builder-workspace/Sources/XCTHealthKit/XCTest+CharacteristicEntry.swift:140:30: error: incorrect argument label in call (have 'toPickerWheelValue:', expected 'toNormalizedSliderPosition:')
138 |             switch bloodType {
139 |             case .notSet:
140 |                 picker.adjust(toPickerWheelValue: "")
    |                              `- error: incorrect argument label in call (have 'toPickerWheelValue:', expected 'toNormalizedSliderPosition:')
141 |             case .aPositive:
142 |                 picker.adjust(toPickerWheelValue: "A+")
/Users/admin/builder/spi-builder-workspace/Sources/XCTHealthKit/XCTest+CharacteristicEntry.swift:140:51: error: cannot convert value of type 'String' to expected argument type 'CGFloat'
138 |             switch bloodType {
139 |             case .notSet:
140 |                 picker.adjust(toPickerWheelValue: "")
    |                                                   `- error: cannot convert value of type 'String' to expected argument type 'CGFloat'
141 |             case .aPositive:
142 |                 picker.adjust(toPickerWheelValue: "A+")
/Users/admin/builder/spi-builder-workspace/Sources/XCTHealthKit/XCTest+CharacteristicEntry.swift:142:30: error: incorrect argument label in call (have 'toPickerWheelValue:', expected 'toNormalizedSliderPosition:')
140 |                 picker.adjust(toPickerWheelValue: "")
141 |             case .aPositive:
142 |                 picker.adjust(toPickerWheelValue: "A+")
    |                              `- error: incorrect argument label in call (have 'toPickerWheelValue:', expected 'toNormalizedSliderPosition:')
143 |             case .aNegative:
144 |                 picker.adjust(toPickerWheelValue: "A-")
/Users/admin/builder/spi-builder-workspace/Sources/XCTHealthKit/XCTest+CharacteristicEntry.swift:142:51: error: cannot convert value of type 'String' to expected argument type 'CGFloat'
140 |                 picker.adjust(toPickerWheelValue: "")
141 |             case .aPositive:
142 |                 picker.adjust(toPickerWheelValue: "A+")
    |                                                   `- error: cannot convert value of type 'String' to expected argument type 'CGFloat'
143 |             case .aNegative:
144 |                 picker.adjust(toPickerWheelValue: "A-")
/Users/admin/builder/spi-builder-workspace/Sources/XCTHealthKit/XCTest+CharacteristicEntry.swift:144:30: error: incorrect argument label in call (have 'toPickerWheelValue:', expected 'toNormalizedSliderPosition:')
142 |                 picker.adjust(toPickerWheelValue: "A+")
143 |             case .aNegative:
144 |                 picker.adjust(toPickerWheelValue: "A-")
    |                              `- error: incorrect argument label in call (have 'toPickerWheelValue:', expected 'toNormalizedSliderPosition:')
145 |             case .bPositive:
146 |                 picker.adjust(toPickerWheelValue: "B+")
/Users/admin/builder/spi-builder-workspace/Sources/XCTHealthKit/XCTest+CharacteristicEntry.swift:144:51: error: cannot convert value of type 'String' to expected argument type 'CGFloat'
142 |                 picker.adjust(toPickerWheelValue: "A+")
143 |             case .aNegative:
144 |                 picker.adjust(toPickerWheelValue: "A-")
    |                                                   `- error: cannot convert value of type 'String' to expected argument type 'CGFloat'
145 |             case .bPositive:
146 |                 picker.adjust(toPickerWheelValue: "B+")
/Users/admin/builder/spi-builder-workspace/Sources/XCTHealthKit/XCTest+CharacteristicEntry.swift:146:30: error: incorrect argument label in call (have 'toPickerWheelValue:', expected 'toNormalizedSliderPosition:')
144 |                 picker.adjust(toPickerWheelValue: "A-")
145 |             case .bPositive:
146 |                 picker.adjust(toPickerWheelValue: "B+")
    |                              `- error: incorrect argument label in call (have 'toPickerWheelValue:', expected 'toNormalizedSliderPosition:')
147 |             case .bNegative:
148 |                 picker.adjust(toPickerWheelValue: "B-")
/Users/admin/builder/spi-builder-workspace/Sources/XCTHealthKit/XCTest+CharacteristicEntry.swift:146:51: error: cannot convert value of type 'String' to expected argument type 'CGFloat'
144 |                 picker.adjust(toPickerWheelValue: "A-")
145 |             case .bPositive:
146 |                 picker.adjust(toPickerWheelValue: "B+")
    |                                                   `- error: cannot convert value of type 'String' to expected argument type 'CGFloat'
147 |             case .bNegative:
148 |                 picker.adjust(toPickerWheelValue: "B-")
/Users/admin/builder/spi-builder-workspace/Sources/XCTHealthKit/XCTest+CharacteristicEntry.swift:148:30: error: incorrect argument label in call (have 'toPickerWheelValue:', expected 'toNormalizedSliderPosition:')
146 |                 picker.adjust(toPickerWheelValue: "B+")
147 |             case .bNegative:
148 |                 picker.adjust(toPickerWheelValue: "B-")
    |                              `- error: incorrect argument label in call (have 'toPickerWheelValue:', expected 'toNormalizedSliderPosition:')
149 |             case .abPositive:
150 |                 picker.adjust(toPickerWheelValue: "AB+")
/Users/admin/builder/spi-builder-workspace/Sources/XCTHealthKit/XCTest+CharacteristicEntry.swift:148:51: error: cannot convert value of type 'String' to expected argument type 'CGFloat'
146 |                 picker.adjust(toPickerWheelValue: "B+")
147 |             case .bNegative:
148 |                 picker.adjust(toPickerWheelValue: "B-")
    |                                                   `- error: cannot convert value of type 'String' to expected argument type 'CGFloat'
149 |             case .abPositive:
150 |                 picker.adjust(toPickerWheelValue: "AB+")
/Users/admin/builder/spi-builder-workspace/Sources/XCTHealthKit/XCTest+CharacteristicEntry.swift:150:30: error: incorrect argument label in call (have 'toPickerWheelValue:', expected 'toNormalizedSliderPosition:')
148 |                 picker.adjust(toPickerWheelValue: "B-")
149 |             case .abPositive:
150 |                 picker.adjust(toPickerWheelValue: "AB+")
    |                              `- error: incorrect argument label in call (have 'toPickerWheelValue:', expected 'toNormalizedSliderPosition:')
151 |             case .abNegative:
152 |                 picker.adjust(toPickerWheelValue: "AB-")
/Users/admin/builder/spi-builder-workspace/Sources/XCTHealthKit/XCTest+CharacteristicEntry.swift:150:51: error: cannot convert value of type 'String' to expected argument type 'CGFloat'
148 |                 picker.adjust(toPickerWheelValue: "B-")
149 |             case .abPositive:
150 |                 picker.adjust(toPickerWheelValue: "AB+")
    |                                                   `- error: cannot convert value of type 'String' to expected argument type 'CGFloat'
151 |             case .abNegative:
152 |                 picker.adjust(toPickerWheelValue: "AB-")
/Users/admin/builder/spi-builder-workspace/Sources/XCTHealthKit/XCTest+CharacteristicEntry.swift:152:30: error: incorrect argument label in call (have 'toPickerWheelValue:', expected 'toNormalizedSliderPosition:')
150 |                 picker.adjust(toPickerWheelValue: "AB+")
151 |             case .abNegative:
152 |                 picker.adjust(toPickerWheelValue: "AB-")
    |                              `- error: incorrect argument label in call (have 'toPickerWheelValue:', expected 'toNormalizedSliderPosition:')
153 |             case .oPositive:
154 |                 picker.adjust(toPickerWheelValue: "O+")
/Users/admin/builder/spi-builder-workspace/Sources/XCTHealthKit/XCTest+CharacteristicEntry.swift:152:51: error: cannot convert value of type 'String' to expected argument type 'CGFloat'
150 |                 picker.adjust(toPickerWheelValue: "AB+")
151 |             case .abNegative:
152 |                 picker.adjust(toPickerWheelValue: "AB-")
    |                                                   `- error: cannot convert value of type 'String' to expected argument type 'CGFloat'
153 |             case .oPositive:
154 |                 picker.adjust(toPickerWheelValue: "O+")
/Users/admin/builder/spi-builder-workspace/Sources/XCTHealthKit/XCTest+CharacteristicEntry.swift:154:30: error: incorrect argument label in call (have 'toPickerWheelValue:', expected 'toNormalizedSliderPosition:')
152 |                 picker.adjust(toPickerWheelValue: "AB-")
153 |             case .oPositive:
154 |                 picker.adjust(toPickerWheelValue: "O+")
    |                              `- error: incorrect argument label in call (have 'toPickerWheelValue:', expected 'toNormalizedSliderPosition:')
155 |             case .oNegative:
156 |                 picker.adjust(toPickerWheelValue: "O-")
/Users/admin/builder/spi-builder-workspace/Sources/XCTHealthKit/XCTest+CharacteristicEntry.swift:154:51: error: cannot convert value of type 'String' to expected argument type 'CGFloat'
152 |                 picker.adjust(toPickerWheelValue: "AB-")
153 |             case .oPositive:
154 |                 picker.adjust(toPickerWheelValue: "O+")
    |                                                   `- error: cannot convert value of type 'String' to expected argument type 'CGFloat'
155 |             case .oNegative:
156 |                 picker.adjust(toPickerWheelValue: "O-")
/Users/admin/builder/spi-builder-workspace/Sources/XCTHealthKit/XCTest+CharacteristicEntry.swift:156:30: error: incorrect argument label in call (have 'toPickerWheelValue:', expected 'toNormalizedSliderPosition:')
154 |                 picker.adjust(toPickerWheelValue: "O+")
155 |             case .oNegative:
156 |                 picker.adjust(toPickerWheelValue: "O-")
    |                              `- error: incorrect argument label in call (have 'toPickerWheelValue:', expected 'toNormalizedSliderPosition:')
157 |             @unknown default:
158 |                 XCTFail("Unhandled blood type value: \(bloodType)")
/Users/admin/builder/spi-builder-workspace/Sources/XCTHealthKit/XCTest+CharacteristicEntry.swift:156:51: error: cannot convert value of type 'String' to expected argument type 'CGFloat'
154 |                 picker.adjust(toPickerWheelValue: "O+")
155 |             case .oNegative:
156 |                 picker.adjust(toPickerWheelValue: "O-")
    |                                                   `- error: cannot convert value of type 'String' to expected argument type 'CGFloat'
157 |             @unknown default:
158 |                 XCTFail("Unhandled blood type value: \(bloodType)")
/Users/admin/builder/spi-builder-workspace/Sources/XCTHealthKit/XCTest+CharacteristicEntry.swift:168:30: error: incorrect argument label in call (have 'toPickerWheelValue:', expected 'toNormalizedSliderPosition:')
166 |             switch skinType {
167 |             case .notSet:
168 |                 picker.adjust(toPickerWheelValue: "")
    |                              `- error: incorrect argument label in call (have 'toPickerWheelValue:', expected 'toNormalizedSliderPosition:')
169 |             case .I:
170 |                 picker.adjust(toPickerWheelValue: "Type I")
/Users/admin/builder/spi-builder-workspace/Sources/XCTHealthKit/XCTest+CharacteristicEntry.swift:168:51: error: cannot convert value of type 'String' to expected argument type 'CGFloat'
166 |             switch skinType {
167 |             case .notSet:
168 |                 picker.adjust(toPickerWheelValue: "")
    |                                                   `- error: cannot convert value of type 'String' to expected argument type 'CGFloat'
169 |             case .I:
170 |                 picker.adjust(toPickerWheelValue: "Type I")
/Users/admin/builder/spi-builder-workspace/Sources/XCTHealthKit/XCTest+CharacteristicEntry.swift:170:30: error: incorrect argument label in call (have 'toPickerWheelValue:', expected 'toNormalizedSliderPosition:')
168 |                 picker.adjust(toPickerWheelValue: "")
169 |             case .I:
170 |                 picker.adjust(toPickerWheelValue: "Type I")
    |                              `- error: incorrect argument label in call (have 'toPickerWheelValue:', expected 'toNormalizedSliderPosition:')
171 |             case .II:
172 |                 picker.adjust(toPickerWheelValue: "Type II")
/Users/admin/builder/spi-builder-workspace/Sources/XCTHealthKit/XCTest+CharacteristicEntry.swift:170:51: error: cannot convert value of type 'String' to expected argument type 'CGFloat'
168 |                 picker.adjust(toPickerWheelValue: "")
169 |             case .I:
170 |                 picker.adjust(toPickerWheelValue: "Type I")
    |                                                   `- error: cannot convert value of type 'String' to expected argument type 'CGFloat'
171 |             case .II:
172 |                 picker.adjust(toPickerWheelValue: "Type II")
/Users/admin/builder/spi-builder-workspace/Sources/XCTHealthKit/XCTest+CharacteristicEntry.swift:172:30: error: incorrect argument label in call (have 'toPickerWheelValue:', expected 'toNormalizedSliderPosition:')
170 |                 picker.adjust(toPickerWheelValue: "Type I")
171 |             case .II:
172 |                 picker.adjust(toPickerWheelValue: "Type II")
    |                              `- error: incorrect argument label in call (have 'toPickerWheelValue:', expected 'toNormalizedSliderPosition:')
173 |             case .III:
174 |                 picker.adjust(toPickerWheelValue: "Type III")
/Users/admin/builder/spi-builder-workspace/Sources/XCTHealthKit/XCTest+CharacteristicEntry.swift:172:51: error: cannot convert value of type 'String' to expected argument type 'CGFloat'
170 |                 picker.adjust(toPickerWheelValue: "Type I")
171 |             case .II:
172 |                 picker.adjust(toPickerWheelValue: "Type II")
    |                                                   `- error: cannot convert value of type 'String' to expected argument type 'CGFloat'
173 |             case .III:
174 |                 picker.adjust(toPickerWheelValue: "Type III")
/Users/admin/builder/spi-builder-workspace/Sources/XCTHealthKit/XCTest+CharacteristicEntry.swift:174:30: error: incorrect argument label in call (have 'toPickerWheelValue:', expected 'toNormalizedSliderPosition:')
172 |                 picker.adjust(toPickerWheelValue: "Type II")
173 |             case .III:
174 |                 picker.adjust(toPickerWheelValue: "Type III")
    |                              `- error: incorrect argument label in call (have 'toPickerWheelValue:', expected 'toNormalizedSliderPosition:')
175 |             case .IV:
176 |                 picker.adjust(toPickerWheelValue: "Type IV")
/Users/admin/builder/spi-builder-workspace/Sources/XCTHealthKit/XCTest+CharacteristicEntry.swift:174:51: error: cannot convert value of type 'String' to expected argument type 'CGFloat'
172 |                 picker.adjust(toPickerWheelValue: "Type II")
173 |             case .III:
174 |                 picker.adjust(toPickerWheelValue: "Type III")
    |                                                   `- error: cannot convert value of type 'String' to expected argument type 'CGFloat'
175 |             case .IV:
176 |                 picker.adjust(toPickerWheelValue: "Type IV")
/Users/admin/builder/spi-builder-workspace/Sources/XCTHealthKit/XCTest+CharacteristicEntry.swift:176:30: error: incorrect argument label in call (have 'toPickerWheelValue:', expected 'toNormalizedSliderPosition:')
174 |                 picker.adjust(toPickerWheelValue: "Type III")
175 |             case .IV:
176 |                 picker.adjust(toPickerWheelValue: "Type IV")
    |                              `- error: incorrect argument label in call (have 'toPickerWheelValue:', expected 'toNormalizedSliderPosition:')
177 |             case .V:
178 |                 picker.adjust(toPickerWheelValue: "Type V")
/Users/admin/builder/spi-builder-workspace/Sources/XCTHealthKit/XCTest+CharacteristicEntry.swift:176:51: error: cannot convert value of type 'String' to expected argument type 'CGFloat'
174 |                 picker.adjust(toPickerWheelValue: "Type III")
175 |             case .IV:
176 |                 picker.adjust(toPickerWheelValue: "Type IV")
    |                                                   `- error: cannot convert value of type 'String' to expected argument type 'CGFloat'
177 |             case .V:
178 |                 picker.adjust(toPickerWheelValue: "Type V")
/Users/admin/builder/spi-builder-workspace/Sources/XCTHealthKit/XCTest+CharacteristicEntry.swift:178:30: error: incorrect argument label in call (have 'toPickerWheelValue:', expected 'toNormalizedSliderPosition:')
176 |                 picker.adjust(toPickerWheelValue: "Type IV")
177 |             case .V:
178 |                 picker.adjust(toPickerWheelValue: "Type V")
    |                              `- error: incorrect argument label in call (have 'toPickerWheelValue:', expected 'toNormalizedSliderPosition:')
179 |             case .VI:
180 |                 picker.adjust(toPickerWheelValue: "Type VI")
/Users/admin/builder/spi-builder-workspace/Sources/XCTHealthKit/XCTest+CharacteristicEntry.swift:178:51: error: cannot convert value of type 'String' to expected argument type 'CGFloat'
176 |                 picker.adjust(toPickerWheelValue: "Type IV")
177 |             case .V:
178 |                 picker.adjust(toPickerWheelValue: "Type V")
    |                                                   `- error: cannot convert value of type 'String' to expected argument type 'CGFloat'
179 |             case .VI:
180 |                 picker.adjust(toPickerWheelValue: "Type VI")
/Users/admin/builder/spi-builder-workspace/Sources/XCTHealthKit/XCTest+CharacteristicEntry.swift:180:30: error: incorrect argument label in call (have 'toPickerWheelValue:', expected 'toNormalizedSliderPosition:')
178 |                 picker.adjust(toPickerWheelValue: "Type V")
179 |             case .VI:
180 |                 picker.adjust(toPickerWheelValue: "Type VI")
    |                              `- error: incorrect argument label in call (have 'toPickerWheelValue:', expected 'toNormalizedSliderPosition:')
181 |             @unknown default:
182 |                 XCTFail("Unhandled skin type value: \(skinType)")
/Users/admin/builder/spi-builder-workspace/Sources/XCTHealthKit/XCTest+CharacteristicEntry.swift:180:51: error: cannot convert value of type 'String' to expected argument type 'CGFloat'
178 |                 picker.adjust(toPickerWheelValue: "Type V")
179 |             case .VI:
180 |                 picker.adjust(toPickerWheelValue: "Type VI")
    |                                                   `- error: cannot convert value of type 'String' to expected argument type 'CGFloat'
181 |             @unknown default:
182 |                 XCTFail("Unhandled skin type value: \(skinType)")
/Users/admin/builder/spi-builder-workspace/Sources/XCTHealthKit/XCTest+CharacteristicEntry.swift:192:30: error: incorrect argument label in call (have 'toPickerWheelValue:', expected 'toNormalizedSliderPosition:')
190 |             switch wheelchairUse {
191 |             case .notSet:
192 |                 picker.adjust(toPickerWheelValue: "")
    |                              `- error: incorrect argument label in call (have 'toPickerWheelValue:', expected 'toNormalizedSliderPosition:')
193 |             case .no:
194 |                 picker.adjust(toPickerWheelValue: "No")
/Users/admin/builder/spi-builder-workspace/Sources/XCTHealthKit/XCTest+CharacteristicEntry.swift:192:51: error: cannot convert value of type 'String' to expected argument type 'CGFloat'
190 |             switch wheelchairUse {
191 |             case .notSet:
192 |                 picker.adjust(toPickerWheelValue: "")
    |                                                   `- error: cannot convert value of type 'String' to expected argument type 'CGFloat'
193 |             case .no:
194 |                 picker.adjust(toPickerWheelValue: "No")
/Users/admin/builder/spi-builder-workspace/Sources/XCTHealthKit/XCTest+CharacteristicEntry.swift:194:30: error: incorrect argument label in call (have 'toPickerWheelValue:', expected 'toNormalizedSliderPosition:')
192 |                 picker.adjust(toPickerWheelValue: "")
193 |             case .no:
194 |                 picker.adjust(toPickerWheelValue: "No")
    |                              `- error: incorrect argument label in call (have 'toPickerWheelValue:', expected 'toNormalizedSliderPosition:')
195 |             case .yes:
196 |                 picker.adjust(toPickerWheelValue: "Yes")
/Users/admin/builder/spi-builder-workspace/Sources/XCTHealthKit/XCTest+CharacteristicEntry.swift:194:51: error: cannot convert value of type 'String' to expected argument type 'CGFloat'
192 |                 picker.adjust(toPickerWheelValue: "")
193 |             case .no:
194 |                 picker.adjust(toPickerWheelValue: "No")
    |                                                   `- error: cannot convert value of type 'String' to expected argument type 'CGFloat'
195 |             case .yes:
196 |                 picker.adjust(toPickerWheelValue: "Yes")
/Users/admin/builder/spi-builder-workspace/Sources/XCTHealthKit/XCTest+CharacteristicEntry.swift:196:30: error: incorrect argument label in call (have 'toPickerWheelValue:', expected 'toNormalizedSliderPosition:')
194 |                 picker.adjust(toPickerWheelValue: "No")
195 |             case .yes:
196 |                 picker.adjust(toPickerWheelValue: "Yes")
    |                              `- error: incorrect argument label in call (have 'toPickerWheelValue:', expected 'toNormalizedSliderPosition:')
197 |             @unknown default:
198 |                 XCTFail("Unhandled wheelchair use value: \(wheelchairUse)")
/Users/admin/builder/spi-builder-workspace/Sources/XCTHealthKit/XCTest+CharacteristicEntry.swift:196:51: error: cannot convert value of type 'String' to expected argument type 'CGFloat'
194 |                 picker.adjust(toPickerWheelValue: "No")
195 |             case .yes:
196 |                 picker.adjust(toPickerWheelValue: "Yes")
    |                                                   `- error: cannot convert value of type 'String' to expected argument type 'CGFloat'
197 |             @unknown default:
198 |                 XCTFail("Unhandled wheelchair use value: \(wheelchairUse)")
Failed frontend command:
/Applications/Xcode-27.0.0-Release.Candidate.app/Contents/Developer/Toolchains/XcodeDefault.xctoolchain/usr/bin/swift-frontend -frontend -c /Users/admin/builder/spi-builder-workspace/Sources/XCTHealthKit/HealthAppCategory.swift /Users/admin/builder/spi-builder-workspace/Sources/XCTHealthKit/HealthAppSampleType.swift /Users/admin/builder/spi-builder-workspace/Sources/XCTHealthKit/XCTHealthKit.swift /Users/admin/builder/spi-builder-workspace/Sources/XCTHealthKit/XCTHealthKitAddSampleInput.swift /Users/admin/builder/spi-builder-workspace/Sources/XCTHealthKit/XCTest+AddSamples.swift -primary-file /Users/admin/builder/spi-builder-workspace/Sources/XCTHealthKit/XCTest+CharacteristicEntry.swift /Users/admin/builder/spi-builder-workspace/Sources/XCTHealthKit/XCTest+HealthApp.swift /Users/admin/builder/spi-builder-workspace/Sources/XCTHealthKit/XCTest+HealthKit.swift /Users/admin/builder/spi-builder-workspace/Sources/XCTHealthKit/XCTest+HealthRecord.swift -emit-dependencies-path /Users/admin/builder/spi-builder-workspace/.derivedData/Build/Intermediates.noindex/XCTHealthKit.build/Debug-watchos/XCTHealthKit-t.build/Objects-normal/arm64/XCTest+CharacteristicEntry.d -emit-const-values-path /Users/admin/builder/spi-builder-workspace/.derivedData/Build/Intermediates.noindex/XCTHealthKit.build/Debug-watchos/XCTHealthKit-t.build/Objects-normal/arm64/XCTest+CharacteristicEntry.swiftconstvalues -emit-reference-dependencies-path /Users/admin/builder/spi-builder-workspace/.derivedData/Build/Intermediates.noindex/XCTHealthKit.build/Debug-watchos/XCTHealthKit-t.build/Objects-normal/arm64/XCTest+CharacteristicEntry.swiftdeps -serialize-diagnostics-path /Users/admin/builder/spi-builder-workspace/.derivedData/Build/Intermediates.noindex/XCTHealthKit.build/Debug-watchos/XCTHealthKit-t.build/Objects-normal/arm64/XCTest+CharacteristicEntry.dia -target arm64-apple-watchos9.0 -disable-cross-import-overlay-search -load-resolved-plugin /Applications/Xcode-27.0.0-Release.Candidate.app/Contents/Developer/Platforms/WatchOS.platform/Developer/usr/lib/swift/host/plugins/libFoundationMacros.dylib\#/Applications/Xcode-27.0.0-Release.Candidate.app/Contents/Developer/Platforms/WatchOS.platform/Developer/usr/bin/swift-plugin-server\#FoundationMacros -load-resolved-plugin /Applications/Xcode-27.0.0-Release.Candidate.app/Contents/Developer/Platforms/WatchOS.platform/Developer/usr/lib/swift/host/plugins/libObservationMacros.dylib\#/Applications/Xcode-27.0.0-Release.Candidate.app/Contents/Developer/Platforms/WatchOS.platform/Developer/usr/bin/swift-plugin-server\#ObservationMacros -load-resolved-plugin /Applications/Xcode-27.0.0-Release.Candidate.app/Contents/Developer/Platforms/WatchOS.platform/Developer/usr/lib/swift/host/plugins/libSwiftMacros.dylib\#/Applications/Xcode-27.0.0-Release.Candidate.app/Contents/Developer/Platforms/WatchOS.platform/Developer/usr/bin/swift-plugin-server\#SwiftMacros -load-resolved-plugin /Applications/Xcode-27.0.0-Release.Candidate.app/Contents/Developer/Platforms/WatchOS.platform/Developer/usr/lib/swift/host/plugins/libSwiftUIMacros.dylib\#/Applications/Xcode-27.0.0-Release.Candidate.app/Contents/Developer/Platforms/WatchOS.platform/Developer/usr/bin/swift-plugin-server\#SwiftUIMacros -disable-implicit-swift-modules -Xcc -fno-implicit-modules -Xcc -fno-implicit-module-maps -explicit-swift-module-map-file /Users/admin/builder/spi-builder-workspace/.derivedData/Build/Intermediates.noindex/XCTHealthKit.build/Debug-watchos/XCTHealthKit-t.build/Objects-normal/arm64/XCTHealthKit-dependencies-2.json -Xllvm -aarch64-use-tbi -enable-objc-interop -stack-check -sdk /Applications/Xcode-27.0.0-Release.Candidate.app/Contents/Developer/Platforms/WatchOS.platform/Developer/SDKs/WatchOS27.0.sdk -I /Users/admin/builder/spi-builder-workspace/.derivedData/Build/Products/Debug-watchos -Isystem /Applications/Xcode-27.0.0-Release.Candidate.app/Contents/Developer/Platforms/WatchOS.platform/Developer/usr/lib -F /Users/admin/builder/spi-builder-workspace/.derivedData/Build/Products/Debug-watchos -F /Applications/Xcode-27.0.0-Release.Candidate.app/Contents/Developer/Platforms/WatchOS.platform/Developer/Library/Frameworks -F /Applications/Xcode-27.0.0-Release.Candidate.app/Contents/Developer/Platforms/WatchOS.platform/Developer/SDKs/WatchOS27.0.sdk/Developer/Library/Frameworks -module-cache-path /Users/admin/builder/spi-builder-workspace/.derivedData/Build/Intermediates.noindex/SwiftExplicitPrecompiledModules -no-color-diagnostics -Xcc -fno-color-diagnostics -enable-testing -g -debug-info-format\=dwarf -dwarf-version\=4 -profile-generate -profile-coverage-mapping -swift-version 6 -Onone -D SWIFT_PACKAGE -D DEBUG -D SWIFT_MODULE_RESOURCE_BUNDLE_UNAVAILABLE -D Xcode -serialize-debugging-options -enable-experimental-feature DebugDescriptionMacro -empty-abi-descriptor -validate-clang-modules-once -clang-build-session-file /Users/admin/builder/spi-builder-workspace/.derivedData/ModuleCache.noindex/Session.modulevalidation -Xcc -working-directory -Xcc /Users/admin/builder/spi-builder-workspace/.swiftpm/xcode -enable-anonymous-context-mangled-names -file-compilation-dir /Users/admin/builder/spi-builder-workspace/.swiftpm/xcode -Xcc -D_LIBCPP_HARDENING_MODE\=_LIBCPP_HARDENING_MODE_DEBUG -Xcc -ivfsstatcache -Xcc /Users/admin/builder/spi-builder-workspace/.derivedData/SDKStatCaches.noindex/watchos27.0-24R360-e829b21a6f8c9b70876ba0858053c04477534ef55a1706bf4c1112bbb242f0a2.sdkstatcache -Xcc -fmodules-prune-interval\=86400 -Xcc -fmodules-prune-after\=345600 -Xcc -I/Users/admin/builder/spi-builder-workspace/.derivedData/Build/Products/Debug-watchos/include -Xcc -I/Users/admin/builder/spi-builder-workspace/.derivedData/Build/Intermediates.noindex/XCTHealthKit.build/Debug-watchos/XCTHealthKit-t.build/DerivedSources-normal/arm64 -Xcc -I/Users/admin/builder/spi-builder-workspace/.derivedData/Build/Intermediates.noindex/XCTHealthKit.build/Debug-watchos/XCTHealthKit-t.build/DerivedSources/arm64 -Xcc -I/Users/admin/builder/spi-builder-workspace/.derivedData/Build/Intermediates.noindex/XCTHealthKit.build/Debug-watchos/XCTHealthKit-t.build/DerivedSources -Xcc -DSWIFT_PACKAGE -Xcc -DDEBUG\=1 -no-auto-bridging-header-chaining -module-name XCTHealthKit -package-name spi_builder_workspace -const-gather-protocols-file /Users/admin/builder/spi-builder-workspace/.derivedData/Build/Intermediates.noindex/XCTHealthKit.build/Debug-watchos/XCTHealthKit-t.build/Objects-normal/arm64/XCTHealthKit_const_extract_protocols.json -disable-clang-spi -clang-target arm64-apple-watchos27.0 -target-sdk-version 27.0 -target-sdk-name watchos27.0 -in-process-plugin-server-path /Applications/Xcode-27.0.0-Release.Candidate.app/Contents/Developer/Toolchains/XcodeDefault.xctoolchain/usr/lib/swift/host/libSwiftInProcPluginServer.dylib -parse-as-library -o /Users/admin/builder/spi-builder-workspace/.derivedData/Build/Intermediates.noindex/XCTHealthKit.build/Debug-watchos/XCTHealthKit-t.build/Objects-normal/arm64/XCTest+CharacteristicEntry.o -debug-module-path /Users/admin/builder/spi-builder-workspace/.derivedData/Build/Intermediates.noindex/XCTHealthKit.build/Debug-watchos/XCTHealthKit-t.build/Objects-normal/arm64/XCTHealthKit.swiftmodule -index-unit-output-path /XCTHealthKit.build/Debug-watchos/XCTHealthKit-t.build/Objects-normal/arm64/XCTest+CharacteristicEntry.o -index-store-path /Users/admin/builder/spi-builder-workspace/.derivedData/Index.noindex/DataStore -index-system-modules
SwiftCompile normal arm64 /Users/admin/builder/spi-builder-workspace/Sources/XCTHealthKit/XCTest+CharacteristicEntry.swift (in target 'XCTHealthKit' from project 'XCTHealthKit')
    cd /Users/admin/builder/spi-builder-workspace/.swiftpm/xcode
    builtin-SwiftPerFileCompile XCTest+CharacteristicEntry.swift
SwiftCompile normal arm64 Compiling\ XCTest+HealthKit.swift /Users/admin/builder/spi-builder-workspace/Sources/XCTHealthKit/XCTest+HealthKit.swift (in target 'XCTHealthKit' from project 'XCTHealthKit')
SwiftCompile normal arm64 /Users/admin/builder/spi-builder-workspace/Sources/XCTHealthKit/XCTest+HealthKit.swift (in target 'XCTHealthKit' from project 'XCTHealthKit')
    cd /Users/admin/builder/spi-builder-workspace/.swiftpm/xcode
    builtin-SwiftPerFileCompile XCTest+HealthKit.swift
SwiftCompile normal arm64_32 Compiling\ XCTest+CharacteristicEntry.swift /Users/admin/builder/spi-builder-workspace/Sources/XCTHealthKit/XCTest+CharacteristicEntry.swift (in target 'XCTHealthKit' from project 'XCTHealthKit')
/Users/admin/builder/spi-builder-workspace/Sources/XCTHealthKit/XCTest+CharacteristicEntry.swift:102:28: error: incorrect argument label in call (have 'toPickerWheelValue:', expected 'toNormalizedSliderPosition:')
100 |                 picker.pickerWheels
101 |                     .element(boundBy: try XCTUnwrap(pickerWheelsMapping[.month]))
102 |                     .adjust(toPickerWheelValue: XCUIElement.monthName(for: month))
    |                            `- error: incorrect argument label in call (have 'toPickerWheelValue:', expected 'toNormalizedSliderPosition:')
103 |             }
104 |             if let day = dateOfBirth.day {
/Users/admin/builder/spi-builder-workspace/Sources/XCTHealthKit/XCTest+CharacteristicEntry.swift:102:61: error: cannot convert value of type 'String' to expected argument type 'CGFloat'
100 |                 picker.pickerWheels
101 |                     .element(boundBy: try XCTUnwrap(pickerWheelsMapping[.month]))
102 |                     .adjust(toPickerWheelValue: XCUIElement.monthName(for: month))
    |                                                             `- error: cannot convert value of type 'String' to expected argument type 'CGFloat'
103 |             }
104 |             if let day = dateOfBirth.day {
/Users/admin/builder/spi-builder-workspace/Sources/XCTHealthKit/XCTest+CharacteristicEntry.swift:107:28: error: incorrect argument label in call (have 'toPickerWheelValue:', expected 'toNormalizedSliderPosition:')
105 |                 picker.pickerWheels
106 |                     .element(boundBy: try XCTUnwrap(pickerWheelsMapping[.day]))
107 |                     .adjust(toPickerWheelValue: String(format: dayFormatString, day))
    |                            `- error: incorrect argument label in call (have 'toPickerWheelValue:', expected 'toNormalizedSliderPosition:')
108 |             }
109 |             if let year = dateOfBirth.year {
/Users/admin/builder/spi-builder-workspace/Sources/XCTHealthKit/XCTest+CharacteristicEntry.swift:107:49: error: cannot convert value of type 'String' to expected argument type 'CGFloat'
105 |                 picker.pickerWheels
106 |                     .element(boundBy: try XCTUnwrap(pickerWheelsMapping[.day]))
107 |                     .adjust(toPickerWheelValue: String(format: dayFormatString, day))
    |                                                 `- error: cannot convert value of type 'String' to expected argument type 'CGFloat'
108 |             }
109 |             if let year = dateOfBirth.year {
/Users/admin/builder/spi-builder-workspace/Sources/XCTHealthKit/XCTest+CharacteristicEntry.swift:112:28: error: incorrect argument label in call (have 'toPickerWheelValue:', expected 'toNormalizedSliderPosition:')
110 |                 picker.pickerWheels
111 |                     .element(boundBy: try XCTUnwrap(pickerWheelsMapping[.year]))
112 |                     .adjust(toPickerWheelValue: String(year))
    |                            `- error: incorrect argument label in call (have 'toPickerWheelValue:', expected 'toNormalizedSliderPosition:')
113 |             }
114 |             healthApp.cells["Date of Birth"].tap()
/Users/admin/builder/spi-builder-workspace/Sources/XCTHealthKit/XCTest+CharacteristicEntry.swift:112:49: error: cannot convert value of type 'String' to expected argument type 'CGFloat'
110 |                 picker.pickerWheels
111 |                     .element(boundBy: try XCTUnwrap(pickerWheelsMapping[.year]))
112 |                     .adjust(toPickerWheelValue: String(year))
    |                                                 `- error: cannot convert value of type 'String' to expected argument type 'CGFloat'
113 |             }
114 |             healthApp.cells["Date of Birth"].tap()
/Users/admin/builder/spi-builder-workspace/Sources/XCTHealthKit/XCTest+CharacteristicEntry.swift:122:30: error: incorrect argument label in call (have 'toPickerWheelValue:', expected 'toNormalizedSliderPosition:')
120 |             switch biologicalSex {
121 |             case .notSet:
122 |                 picker.adjust(toPickerWheelValue: "")
    |                              `- error: incorrect argument label in call (have 'toPickerWheelValue:', expected 'toNormalizedSliderPosition:')
123 |             case .male:
124 |                 picker.adjust(toPickerWheelValue: "Male")
/Users/admin/builder/spi-builder-workspace/Sources/XCTHealthKit/XCTest+CharacteristicEntry.swift:122:51: error: cannot convert value of type 'String' to expected argument type 'CGFloat'
120 |             switch biologicalSex {
121 |             case .notSet:
122 |                 picker.adjust(toPickerWheelValue: "")
    |                                                   `- error: cannot convert value of type 'String' to expected argument type 'CGFloat'
123 |             case .male:
124 |                 picker.adjust(toPickerWheelValue: "Male")
/Users/admin/builder/spi-builder-workspace/Sources/XCTHealthKit/XCTest+CharacteristicEntry.swift:124:30: error: incorrect argument label in call (have 'toPickerWheelValue:', expected 'toNormalizedSliderPosition:')
122 |                 picker.adjust(toPickerWheelValue: "")
123 |             case .male:
124 |                 picker.adjust(toPickerWheelValue: "Male")
    |                              `- error: incorrect argument label in call (have 'toPickerWheelValue:', expected 'toNormalizedSliderPosition:')
125 |             case .female:
126 |                 picker.adjust(toPickerWheelValue: "Female")
/Users/admin/builder/spi-builder-workspace/Sources/XCTHealthKit/XCTest+CharacteristicEntry.swift:124:51: error: cannot convert value of type 'String' to expected argument type 'CGFloat'
122 |                 picker.adjust(toPickerWheelValue: "")
123 |             case .male:
124 |                 picker.adjust(toPickerWheelValue: "Male")
    |                                                   `- error: cannot convert value of type 'String' to expected argument type 'CGFloat'
125 |             case .female:
126 |                 picker.adjust(toPickerWheelValue: "Female")
/Users/admin/builder/spi-builder-workspace/Sources/XCTHealthKit/XCTest+CharacteristicEntry.swift:126:30: error: incorrect argument label in call (have 'toPickerWheelValue:', expected 'toNormalizedSliderPosition:')
124 |                 picker.adjust(toPickerWheelValue: "Male")
125 |             case .female:
126 |                 picker.adjust(toPickerWheelValue: "Female")
    |                              `- error: incorrect argument label in call (have 'toPickerWheelValue:', expected 'toNormalizedSliderPosition:')
127 |             case .other:
128 |                 picker.adjust(toPickerWheelValue: "Other")
/Users/admin/builder/spi-builder-workspace/Sources/XCTHealthKit/XCTest+CharacteristicEntry.swift:126:51: error: cannot convert value of type 'String' to expected argument type 'CGFloat'
124 |                 picker.adjust(toPickerWheelValue: "Male")
125 |             case .female:
126 |                 picker.adjust(toPickerWheelValue: "Female")
    |                                                   `- error: cannot convert value of type 'String' to expected argument type 'CGFloat'
127 |             case .other:
128 |                 picker.adjust(toPickerWheelValue: "Other")
/Users/admin/builder/spi-builder-workspace/Sources/XCTHealthKit/XCTest+CharacteristicEntry.swift:128:30: error: incorrect argument label in call (have 'toPickerWheelValue:', expected 'toNormalizedSliderPosition:')
126 |                 picker.adjust(toPickerWheelValue: "Female")
127 |             case .other:
128 |                 picker.adjust(toPickerWheelValue: "Other")
    |                              `- error: incorrect argument label in call (have 'toPickerWheelValue:', expected 'toNormalizedSliderPosition:')
129 |             @unknown default:
130 |                 XCTFail("Unhandled biological sex value: \(biologicalSex)")
/Users/admin/builder/spi-builder-workspace/Sources/XCTHealthKit/XCTest+CharacteristicEntry.swift:128:51: error: cannot convert value of type 'String' to expected argument type 'CGFloat'
126 |                 picker.adjust(toPickerWheelValue: "Female")
127 |             case .other:
128 |                 picker.adjust(toPickerWheelValue: "Other")
    |                                                   `- error: cannot convert value of type 'String' to expected argument type 'CGFloat'
129 |             @unknown default:
130 |                 XCTFail("Unhandled biological sex value: \(biologicalSex)")
/Users/admin/builder/spi-builder-workspace/Sources/XCTHealthKit/XCTest+CharacteristicEntry.swift:140:30: error: incorrect argument label in call (have 'toPickerWheelValue:', expected 'toNormalizedSliderPosition:')
138 |             switch bloodType {
139 |             case .notSet:
140 |                 picker.adjust(toPickerWheelValue: "")
    |                              `- error: incorrect argument label in call (have 'toPickerWheelValue:', expected 'toNormalizedSliderPosition:')
141 |             case .aPositive:
142 |                 picker.adjust(toPickerWheelValue: "A+")
/Users/admin/builder/spi-builder-workspace/Sources/XCTHealthKit/XCTest+CharacteristicEntry.swift:140:51: error: cannot convert value of type 'String' to expected argument type 'CGFloat'
138 |             switch bloodType {
139 |             case .notSet:
140 |                 picker.adjust(toPickerWheelValue: "")
    |                                                   `- error: cannot convert value of type 'String' to expected argument type 'CGFloat'
141 |             case .aPositive:
142 |                 picker.adjust(toPickerWheelValue: "A+")
/Users/admin/builder/spi-builder-workspace/Sources/XCTHealthKit/XCTest+CharacteristicEntry.swift:142:30: error: incorrect argument label in call (have 'toPickerWheelValue:', expected 'toNormalizedSliderPosition:')
140 |                 picker.adjust(toPickerWheelValue: "")
141 |             case .aPositive:
142 |                 picker.adjust(toPickerWheelValue: "A+")
    |                              `- error: incorrect argument label in call (have 'toPickerWheelValue:', expected 'toNormalizedSliderPosition:')
143 |             case .aNegative:
144 |                 picker.adjust(toPickerWheelValue: "A-")
/Users/admin/builder/spi-builder-workspace/Sources/XCTHealthKit/XCTest+CharacteristicEntry.swift:142:51: error: cannot convert value of type 'String' to expected argument type 'CGFloat'
140 |                 picker.adjust(toPickerWheelValue: "")
141 |             case .aPositive:
142 |                 picker.adjust(toPickerWheelValue: "A+")
    |                                                   `- error: cannot convert value of type 'String' to expected argument type 'CGFloat'
143 |             case .aNegative:
144 |                 picker.adjust(toPickerWheelValue: "A-")
/Users/admin/builder/spi-builder-workspace/Sources/XCTHealthKit/XCTest+CharacteristicEntry.swift:144:30: error: incorrect argument label in call (have 'toPickerWheelValue:', expected 'toNormalizedSliderPosition:')
142 |                 picker.adjust(toPickerWheelValue: "A+")
143 |             case .aNegative:
144 |                 picker.adjust(toPickerWheelValue: "A-")
    |                              `- error: incorrect argument label in call (have 'toPickerWheelValue:', expected 'toNormalizedSliderPosition:')
145 |             case .bPositive:
146 |                 picker.adjust(toPickerWheelValue: "B+")
/Users/admin/builder/spi-builder-workspace/Sources/XCTHealthKit/XCTest+CharacteristicEntry.swift:144:51: error: cannot convert value of type 'String' to expected argument type 'CGFloat'
142 |                 picker.adjust(toPickerWheelValue: "A+")
143 |             case .aNegative:
144 |                 picker.adjust(toPickerWheelValue: "A-")
    |                                                   `- error: cannot convert value of type 'String' to expected argument type 'CGFloat'
145 |             case .bPositive:
146 |                 picker.adjust(toPickerWheelValue: "B+")
/Users/admin/builder/spi-builder-workspace/Sources/XCTHealthKit/XCTest+CharacteristicEntry.swift:146:30: error: incorrect argument label in call (have 'toPickerWheelValue:', expected 'toNormalizedSliderPosition:')
144 |                 picker.adjust(toPickerWheelValue: "A-")
145 |             case .bPositive:
146 |                 picker.adjust(toPickerWheelValue: "B+")
    |                              `- error: incorrect argument label in call (have 'toPickerWheelValue:', expected 'toNormalizedSliderPosition:')
147 |             case .bNegative:
148 |                 picker.adjust(toPickerWheelValue: "B-")
/Users/admin/builder/spi-builder-workspace/Sources/XCTHealthKit/XCTest+CharacteristicEntry.swift:146:51: error: cannot convert value of type 'String' to expected argument type 'CGFloat'
144 |                 picker.adjust(toPickerWheelValue: "A-")
145 |             case .bPositive:
146 |                 picker.adjust(toPickerWheelValue: "B+")
    |                                                   `- error: cannot convert value of type 'String' to expected argument type 'CGFloat'
147 |             case .bNegative:
148 |                 picker.adjust(toPickerWheelValue: "B-")
/Users/admin/builder/spi-builder-workspace/Sources/XCTHealthKit/XCTest+CharacteristicEntry.swift:148:30: error: incorrect argument label in call (have 'toPickerWheelValue:', expected 'toNormalizedSliderPosition:')
146 |                 picker.adjust(toPickerWheelValue: "B+")
147 |             case .bNegative:
148 |                 picker.adjust(toPickerWheelValue: "B-")
    |                              `- error: incorrect argument label in call (have 'toPickerWheelValue:', expected 'toNormalizedSliderPosition:')
149 |             case .abPositive:
150 |                 picker.adjust(toPickerWheelValue: "AB+")
/Users/admin/builder/spi-builder-workspace/Sources/XCTHealthKit/XCTest+CharacteristicEntry.swift:148:51: error: cannot convert value of type 'String' to expected argument type 'CGFloat'
146 |                 picker.adjust(toPickerWheelValue: "B+")
147 |             case .bNegative:
148 |                 picker.adjust(toPickerWheelValue: "B-")
    |                                                   `- error: cannot convert value of type 'String' to expected argument type 'CGFloat'
149 |             case .abPositive:
150 |                 picker.adjust(toPickerWheelValue: "AB+")
/Users/admin/builder/spi-builder-workspace/Sources/XCTHealthKit/XCTest+CharacteristicEntry.swift:150:30: error: incorrect argument label in call (have 'toPickerWheelValue:', expected 'toNormalizedSliderPosition:')
148 |                 picker.adjust(toPickerWheelValue: "B-")
149 |             case .abPositive:
150 |                 picker.adjust(toPickerWheelValue: "AB+")
    |                              `- error: incorrect argument label in call (have 'toPickerWheelValue:', expected 'toNormalizedSliderPosition:')
151 |             case .abNegative:
152 |                 picker.adjust(toPickerWheelValue: "AB-")
/Users/admin/builder/spi-builder-workspace/Sources/XCTHealthKit/XCTest+CharacteristicEntry.swift:150:51: error: cannot convert value of type 'String' to expected argument type 'CGFloat'
148 |                 picker.adjust(toPickerWheelValue: "B-")
149 |             case .abPositive:
150 |                 picker.adjust(toPickerWheelValue: "AB+")
    |                                                   `- error: cannot convert value of type 'String' to expected argument type 'CGFloat'
151 |             case .abNegative:
152 |                 picker.adjust(toPickerWheelValue: "AB-")
/Users/admin/builder/spi-builder-workspace/Sources/XCTHealthKit/XCTest+CharacteristicEntry.swift:152:30: error: incorrect argument label in call (have 'toPickerWheelValue:', expected 'toNormalizedSliderPosition:')
150 |                 picker.adjust(toPickerWheelValue: "AB+")
151 |             case .abNegative:
152 |                 picker.adjust(toPickerWheelValue: "AB-")
    |                              `- error: incorrect argument label in call (have 'toPickerWheelValue:', expected 'toNormalizedSliderPosition:')
153 |             case .oPositive:
154 |                 picker.adjust(toPickerWheelValue: "O+")
/Users/admin/builder/spi-builder-workspace/Sources/XCTHealthKit/XCTest+CharacteristicEntry.swift:152:51: error: cannot convert value of type 'String' to expected argument type 'CGFloat'
150 |                 picker.adjust(toPickerWheelValue: "AB+")
151 |             case .abNegative:
152 |                 picker.adjust(toPickerWheelValue: "AB-")
    |                                                   `- error: cannot convert value of type 'String' to expected argument type 'CGFloat'
153 |             case .oPositive:
154 |                 picker.adjust(toPickerWheelValue: "O+")
/Users/admin/builder/spi-builder-workspace/Sources/XCTHealthKit/XCTest+CharacteristicEntry.swift:154:30: error: incorrect argument label in call (have 'toPickerWheelValue:', expected 'toNormalizedSliderPosition:')
152 |                 picker.adjust(toPickerWheelValue: "AB-")
153 |             case .oPositive:
154 |                 picker.adjust(toPickerWheelValue: "O+")
    |                              `- error: incorrect argument label in call (have 'toPickerWheelValue:', expected 'toNormalizedSliderPosition:')
155 |             case .oNegative:
156 |                 picker.adjust(toPickerWheelValue: "O-")
/Users/admin/builder/spi-builder-workspace/Sources/XCTHealthKit/XCTest+CharacteristicEntry.swift:154:51: error: cannot convert value of type 'String' to expected argument type 'CGFloat'
152 |                 picker.adjust(toPickerWheelValue: "AB-")
153 |             case .oPositive:
154 |                 picker.adjust(toPickerWheelValue: "O+")
    |                                                   `- error: cannot convert value of type 'String' to expected argument type 'CGFloat'
155 |             case .oNegative:
156 |                 picker.adjust(toPickerWheelValue: "O-")
/Users/admin/builder/spi-builder-workspace/Sources/XCTHealthKit/XCTest+CharacteristicEntry.swift:156:30: error: incorrect argument label in call (have 'toPickerWheelValue:', expected 'toNormalizedSliderPosition:')
154 |                 picker.adjust(toPickerWheelValue: "O+")
155 |             case .oNegative:
156 |                 picker.adjust(toPickerWheelValue: "O-")
    |                              `- error: incorrect argument label in call (have 'toPickerWheelValue:', expected 'toNormalizedSliderPosition:')
157 |             @unknown default:
158 |                 XCTFail("Unhandled blood type value: \(bloodType)")
/Users/admin/builder/spi-builder-workspace/Sources/XCTHealthKit/XCTest+CharacteristicEntry.swift:156:51: error: cannot convert value of type 'String' to expected argument type 'CGFloat'
154 |                 picker.adjust(toPickerWheelValue: "O+")
155 |             case .oNegative:
156 |                 picker.adjust(toPickerWheelValue: "O-")
    |                                                   `- error: cannot convert value of type 'String' to expected argument type 'CGFloat'
157 |             @unknown default:
158 |                 XCTFail("Unhandled blood type value: \(bloodType)")
/Users/admin/builder/spi-builder-workspace/Sources/XCTHealthKit/XCTest+CharacteristicEntry.swift:168:30: error: incorrect argument label in call (have 'toPickerWheelValue:', expected 'toNormalizedSliderPosition:')
166 |             switch skinType {
167 |             case .notSet:
168 |                 picker.adjust(toPickerWheelValue: "")
    |                              `- error: incorrect argument label in call (have 'toPickerWheelValue:', expected 'toNormalizedSliderPosition:')
169 |             case .I:
170 |                 picker.adjust(toPickerWheelValue: "Type I")
/Users/admin/builder/spi-builder-workspace/Sources/XCTHealthKit/XCTest+CharacteristicEntry.swift:168:51: error: cannot convert value of type 'String' to expected argument type 'CGFloat'
166 |             switch skinType {
167 |             case .notSet:
168 |                 picker.adjust(toPickerWheelValue: "")
    |                                                   `- error: cannot convert value of type 'String' to expected argument type 'CGFloat'
169 |             case .I:
170 |                 picker.adjust(toPickerWheelValue: "Type I")
/Users/admin/builder/spi-builder-workspace/Sources/XCTHealthKit/XCTest+CharacteristicEntry.swift:170:30: error: incorrect argument label in call (have 'toPickerWheelValue:', expected 'toNormalizedSliderPosition:')
168 |                 picker.adjust(toPickerWheelValue: "")
169 |             case .I:
170 |                 picker.adjust(toPickerWheelValue: "Type I")
    |                              `- error: incorrect argument label in call (have 'toPickerWheelValue:', expected 'toNormalizedSliderPosition:')
171 |             case .II:
172 |                 picker.adjust(toPickerWheelValue: "Type II")
/Users/admin/builder/spi-builder-workspace/Sources/XCTHealthKit/XCTest+CharacteristicEntry.swift:170:51: error: cannot convert value of type 'String' to expected argument type 'CGFloat'
168 |                 picker.adjust(toPickerWheelValue: "")
169 |             case .I:
170 |                 picker.adjust(toPickerWheelValue: "Type I")
    |                                                   `- error: cannot convert value of type 'String' to expected argument type 'CGFloat'
171 |             case .II:
172 |                 picker.adjust(toPickerWheelValue: "Type II")
/Users/admin/builder/spi-builder-workspace/Sources/XCTHealthKit/XCTest+CharacteristicEntry.swift:172:30: error: incorrect argument label in call (have 'toPickerWheelValue:', expected 'toNormalizedSliderPosition:')
170 |                 picker.adjust(toPickerWheelValue: "Type I")
171 |             case .II:
172 |                 picker.adjust(toPickerWheelValue: "Type II")
    |                              `- error: incorrect argument label in call (have 'toPickerWheelValue:', expected 'toNormalizedSliderPosition:')
173 |             case .III:
174 |                 picker.adjust(toPickerWheelValue: "Type III")
/Users/admin/builder/spi-builder-workspace/Sources/XCTHealthKit/XCTest+CharacteristicEntry.swift:172:51: error: cannot convert value of type 'String' to expected argument type 'CGFloat'
170 |                 picker.adjust(toPickerWheelValue: "Type I")
171 |             case .II:
172 |                 picker.adjust(toPickerWheelValue: "Type II")
    |                                                   `- error: cannot convert value of type 'String' to expected argument type 'CGFloat'
173 |             case .III:
174 |                 picker.adjust(toPickerWheelValue: "Type III")
/Users/admin/builder/spi-builder-workspace/Sources/XCTHealthKit/XCTest+CharacteristicEntry.swift:174:30: error: incorrect argument label in call (have 'toPickerWheelValue:', expected 'toNormalizedSliderPosition:')
172 |                 picker.adjust(toPickerWheelValue: "Type II")
173 |             case .III:
174 |                 picker.adjust(toPickerWheelValue: "Type III")
    |                              `- error: incorrect argument label in call (have 'toPickerWheelValue:', expected 'toNormalizedSliderPosition:')
175 |             case .IV:
176 |                 picker.adjust(toPickerWheelValue: "Type IV")
/Users/admin/builder/spi-builder-workspace/Sources/XCTHealthKit/XCTest+CharacteristicEntry.swift:174:51: error: cannot convert value of type 'String' to expected argument type 'CGFloat'
172 |                 picker.adjust(toPickerWheelValue: "Type II")
173 |             case .III:
174 |                 picker.adjust(toPickerWheelValue: "Type III")
    |                                                   `- error: cannot convert value of type 'String' to expected argument type 'CGFloat'
175 |             case .IV:
176 |                 picker.adjust(toPickerWheelValue: "Type IV")
/Users/admin/builder/spi-builder-workspace/Sources/XCTHealthKit/XCTest+CharacteristicEntry.swift:176:30: error: incorrect argument label in call (have 'toPickerWheelValue:', expected 'toNormalizedSliderPosition:')
174 |                 picker.adjust(toPickerWheelValue: "Type III")
175 |             case .IV:
176 |                 picker.adjust(toPickerWheelValue: "Type IV")
    |                              `- error: incorrect argument label in call (have 'toPickerWheelValue:', expected 'toNormalizedSliderPosition:')
177 |             case .V:
178 |                 picker.adjust(toPickerWheelValue: "Type V")
/Users/admin/builder/spi-builder-workspace/Sources/XCTHealthKit/XCTest+CharacteristicEntry.swift:176:51: error: cannot convert value of type 'String' to expected argument type 'CGFloat'
174 |                 picker.adjust(toPickerWheelValue: "Type III")
175 |             case .IV:
176 |                 picker.adjust(toPickerWheelValue: "Type IV")
    |                                                   `- error: cannot convert value of type 'String' to expected argument type 'CGFloat'
177 |             case .V:
178 |                 picker.adjust(toPickerWheelValue: "Type V")
/Users/admin/builder/spi-builder-workspace/Sources/XCTHealthKit/XCTest+CharacteristicEntry.swift:178:30: error: incorrect argument label in call (have 'toPickerWheelValue:', expected 'toNormalizedSliderPosition:')
176 |                 picker.adjust(toPickerWheelValue: "Type IV")
177 |             case .V:
178 |                 picker.adjust(toPickerWheelValue: "Type V")
    |                              `- error: incorrect argument label in call (have 'toPickerWheelValue:', expected 'toNormalizedSliderPosition:')
179 |             case .VI:
180 |                 picker.adjust(toPickerWheelValue: "Type VI")
/Users/admin/builder/spi-builder-workspace/Sources/XCTHealthKit/XCTest+CharacteristicEntry.swift:178:51: error: cannot convert value of type 'String' to expected argument type 'CGFloat'
176 |                 picker.adjust(toPickerWheelValue: "Type IV")
177 |             case .V:
178 |                 picker.adjust(toPickerWheelValue: "Type V")
    |                                                   `- error: cannot convert value of type 'String' to expected argument type 'CGFloat'
179 |             case .VI:
180 |                 picker.adjust(toPickerWheelValue: "Type VI")
/Users/admin/builder/spi-builder-workspace/Sources/XCTHealthKit/XCTest+CharacteristicEntry.swift:180:30: error: incorrect argument label in call (have 'toPickerWheelValue:', expected 'toNormalizedSliderPosition:')
178 |                 picker.adjust(toPickerWheelValue: "Type V")
179 |             case .VI:
180 |                 picker.adjust(toPickerWheelValue: "Type VI")
    |                              `- error: incorrect argument label in call (have 'toPickerWheelValue:', expected 'toNormalizedSliderPosition:')
181 |             @unknown default:
182 |                 XCTFail("Unhandled skin type value: \(skinType)")
/Users/admin/builder/spi-builder-workspace/Sources/XCTHealthKit/XCTest+CharacteristicEntry.swift:180:51: error: cannot convert value of type 'String' to expected argument type 'CGFloat'
178 |                 picker.adjust(toPickerWheelValue: "Type V")
179 |             case .VI:
180 |                 picker.adjust(toPickerWheelValue: "Type VI")
    |                                                   `- error: cannot convert value of type 'String' to expected argument type 'CGFloat'
181 |             @unknown default:
182 |                 XCTFail("Unhandled skin type value: \(skinType)")
/Users/admin/builder/spi-builder-workspace/Sources/XCTHealthKit/XCTest+CharacteristicEntry.swift:192:30: error: incorrect argument label in call (have 'toPickerWheelValue:', expected 'toNormalizedSliderPosition:')
190 |             switch wheelchairUse {
191 |             case .notSet:
192 |                 picker.adjust(toPickerWheelValue: "")
    |                              `- error: incorrect argument label in call (have 'toPickerWheelValue:', expected 'toNormalizedSliderPosition:')
193 |             case .no:
194 |                 picker.adjust(toPickerWheelValue: "No")
/Users/admin/builder/spi-builder-workspace/Sources/XCTHealthKit/XCTest+CharacteristicEntry.swift:192:51: error: cannot convert value of type 'String' to expected argument type 'CGFloat'
190 |             switch wheelchairUse {
191 |             case .notSet:
192 |                 picker.adjust(toPickerWheelValue: "")
    |                                                   `- error: cannot convert value of type 'String' to expected argument type 'CGFloat'
193 |             case .no:
194 |                 picker.adjust(toPickerWheelValue: "No")
/Users/admin/builder/spi-builder-workspace/Sources/XCTHealthKit/XCTest+CharacteristicEntry.swift:194:30: error: incorrect argument label in call (have 'toPickerWheelValue:', expected 'toNormalizedSliderPosition:')
192 |                 picker.adjust(toPickerWheelValue: "")
193 |             case .no:
194 |                 picker.adjust(toPickerWheelValue: "No")
    |                              `- error: incorrect argument label in call (have 'toPickerWheelValue:', expected 'toNormalizedSliderPosition:')
195 |             case .yes:
196 |                 picker.adjust(toPickerWheelValue: "Yes")
/Users/admin/builder/spi-builder-workspace/Sources/XCTHealthKit/XCTest+CharacteristicEntry.swift:194:51: error: cannot convert value of type 'String' to expected argument type 'CGFloat'
192 |                 picker.adjust(toPickerWheelValue: "")
193 |             case .no:
194 |                 picker.adjust(toPickerWheelValue: "No")
    |                                                   `- error: cannot convert value of type 'String' to expected argument type 'CGFloat'
195 |             case .yes:
196 |                 picker.adjust(toPickerWheelValue: "Yes")
/Users/admin/builder/spi-builder-workspace/Sources/XCTHealthKit/XCTest+CharacteristicEntry.swift:196:30: error: incorrect argument label in call (have 'toPickerWheelValue:', expected 'toNormalizedSliderPosition:')
194 |                 picker.adjust(toPickerWheelValue: "No")
195 |             case .yes:
196 |                 picker.adjust(toPickerWheelValue: "Yes")
    |                              `- error: incorrect argument label in call (have 'toPickerWheelValue:', expected 'toNormalizedSliderPosition:')
197 |             @unknown default:
198 |                 XCTFail("Unhandled wheelchair use value: \(wheelchairUse)")
SwiftCompile normal arm64_32 /Users/admin/builder/spi-builder-workspace/Sources/XCTHealthKit/XCTest+CharacteristicEntry.swift (in target 'XCTHealthKit' from project 'XCTHealthKit')
    cd /Users/admin/builder/spi-builder-workspace/.swiftpm/xcode
    builtin-SwiftPerFileCompile XCTest+CharacteristicEntry.swift
SwiftCompile normal arm64 Compiling\ HealthAppCategory.swift /Users/admin/builder/spi-builder-workspace/Sources/XCTHealthKit/HealthAppCategory.swift (in target 'XCTHealthKit' from project 'XCTHealthKit')
SwiftCompile normal arm64 /Users/admin/builder/spi-builder-workspace/Sources/XCTHealthKit/HealthAppCategory.swift (in target 'XCTHealthKit' from project 'XCTHealthKit')
    cd /Users/admin/builder/spi-builder-workspace/.swiftpm/xcode
    builtin-SwiftPerFileCompile HealthAppCategory.swift
SwiftEmitModule normal arm64 Emitting\ module\ for\ XCTHealthKit (in target 'XCTHealthKit' from project 'XCTHealthKit')
SwiftCompile normal arm64 (in target 'XCTHealthKit' from project 'XCTHealthKit')
    cd /Users/admin/builder/spi-builder-workspace/.swiftpm/xcode

SwiftCompile normal arm64 Compiling\ XCTHealthKit.swift /Users/admin/builder/spi-builder-workspace/Sources/XCTHealthKit/XCTHealthKit.swift (in target 'XCTHealthKit' from project 'XCTHealthKit')
SwiftCompile normal arm64 (in target 'XCTHealthKit' from project 'XCTHealthKit')
    cd /Users/admin/builder/spi-builder-workspace/.swiftpm/xcode

SwiftDriverJobDiscovery normal arm64_32 Compiling XCTHealthKit.swift (in target 'XCTHealthKit' from project 'XCTHealthKit')
SwiftCompile normal arm64 Compiling\ XCTest+HealthApp.swift /Users/admin/builder/spi-builder-workspace/Sources/XCTHealthKit/XCTest+HealthApp.swift (in target 'XCTHealthKit' from project 'XCTHealthKit')
SwiftCompile normal arm64 /Users/admin/builder/spi-builder-workspace/Sources/XCTHealthKit/XCTest+HealthApp.swift (in target 'XCTHealthKit' from project 'XCTHealthKit')
    cd /Users/admin/builder/spi-builder-workspace/.swiftpm/xcode
    builtin-SwiftPerFileCompile XCTest+HealthApp.swift
PruneExplicitPrecompiledModules /Users/admin/builder/spi-builder-workspace/.derivedData/Build/Intermediates.noindex/SwiftExplicitPrecompiledModules
PruneExplicitPrecompiledModules /Users/admin/builder/spi-builder-workspace/.derivedData/SDKExplicitPrecompiledModules
PruneExplicitPrecompiledModules /Users/admin/builder/spi-builder-workspace/.derivedData/Build/Intermediates.noindex/ExplicitPrecompiledModules
2026-09-24 18:29:35.931 xcodebuild[802:4679] [MT] IDERunDestination: Supported platforms for the buildables in the current scheme is empty.
** BUILD FAILED **
The following build commands failed:
	SwiftCompile normal arm64 Compiling\ XCTest+CharacteristicEntry.swift /Users/admin/builder/spi-builder-workspace/Sources/XCTHealthKit/XCTest+CharacteristicEntry.swift (in target 'XCTHealthKit' from project 'XCTHealthKit')
	SwiftCompile normal arm64 /Users/admin/builder/spi-builder-workspace/Sources/XCTHealthKit/XCTest+CharacteristicEntry.swift (in target 'XCTHealthKit' from project 'XCTHealthKit')
	Building workspace XCTHealthKit with scheme XCTHealthKit
(3 failures)
BUILD FAILURE 6.4 watchOS