Build Information
Failed to build xcresultowners, reference main (bbce90), with Swift 6.4 for watchOS using Xcode 27.0 on 22 Sep 2026 18:35:35 UTC.
Build Command
env DEVELOPER_DIR=/Applications/Xcode-27.0.0-Release.Candidate.app xcrun xcodebuild -IDEClonedSourcePackagesDirPathOverride=$PWD/.dependencies -skipMacroValidation -skipPackagePluginValidation -derivedDataPath $PWD/.derivedData build -scheme xcresultowners-Package -destination generic/platform=watchOSBuild Log
CompileC /Users/admin/builder/spi-builder-workspace/.derivedData/Build/Intermediates.noindex/IndexStoreDB.build/Debug-watchos/IndexStoreDB_Support-t.build/Objects-normal/arm64_32/Logging-Mac.o /Users/admin/builder/spi-builder-workspace/.dependencies/checkouts/indexstore-db/lib/Support/Logging-Mac.mm normal arm64_32 objective-c++ com.apple.compilers.llvm.clang.1_0.compiler (in target 'IndexStoreDB_Support' from project 'IndexStoreDB')
cd /Users/admin/builder/spi-builder-workspace/.swiftpm/xcode
Using response file: /Users/admin/builder/spi-builder-workspace/.derivedData/Build/Intermediates.noindex/IndexStoreDB.build/Debug-watchos/IndexStoreDB_Support-t.build/Objects-normal/arm64_32/af3fcb34312c57c0f52879cdce924b91-common-args.resp
/Applications/Xcode-27.0.0-Release.Candidate.app/Contents/Developer/Toolchains/XcodeDefault.xctoolchain/usr/bin/clang -x objective-c++ -ivfsstatcache /Users/admin/builder/spi-builder-workspace/.derivedData/SDKStatCaches.noindex/watchos27.0-24R360-e829b21a6f8c9b70876ba0858053c04477534ef55a1706bf4c1112bbb242f0a2.sdkstatcache -target arm64_32-apple-watchos9.0 -fmessage-length\=0 -fdiagnostics-show-note-include-stack -fmacro-backtrace-limit\=0 -fno-color-diagnostics -fmodules-prune-interval\=86400 -fmodules-prune-after\=345600 -fbuild-session-file\=/Users/admin/builder/spi-builder-workspace/.derivedData/ModuleCache.noindex/Session.modulevalidation -fmodules-validate-once-per-build-session -Wnon-modular-include-in-framework-module -Werror\=non-modular-include-in-framework-module -Wno-trigraphs -Wno-missing-field-initializers -Wno-missing-prototypes -Wno-return-type -Wno-implicit-atomic-properties -Wno-objc-interface-ivars -Wno-arc-repeated-use-of-weak -Wno-non-virtual-dtor -Wno-overloaded-virtual -Wno-exit-time-destructors -Wno-missing-braces -Wparentheses -Wswitch -Wno-unused-function -Wno-unused-label -Wno-unused-parameter -Wno-unused-variable -Wunused-value -Wno-empty-body -Wno-uninitialized -Wno-unknown-pragmas -w -Wno-shadow -Wno-four-char-constants -Wno-conversion -Wno-constant-conversion -Wno-int-conversion -Wno-bool-conversion -Wno-enum-conversion -Wno-float-conversion -Wno-non-literal-null-conversion -Wno-objc-literal-conversion -Wno-shorten-64-to-32 -Wno-newline-eof -Wno-selector -Wno-strict-selector-match -Wno-undeclared-selector -Wno-deprecated-implementations -Wno-c++11-extensions -Wno-implicit-fallthrough -isysroot /Applications/Xcode-27.0.0-Release.Candidate.app/Contents/Developer/Platforms/WatchOS.platform/Developer/SDKs/WatchOS27.0.sdk -fstrict-aliasing -Wprotocol -Wdeprecated-declarations -Winvalid-offsetof -Wno-sign-conversion -Wno-infinite-recursion -Wno-move -Wno-comma -Wno-block-capture-autoreleasing -Wno-strict-prototypes -Wno-range-loop-analysis -Wno-semicolon-before-method-body -index-store-path /Users/admin/builder/spi-builder-workspace/.derivedData/Index.noindex/DataStore @/Users/admin/builder/spi-builder-workspace/.derivedData/Build/Intermediates.noindex/IndexStoreDB.build/Debug-watchos/IndexStoreDB_Support-t.build/Objects-normal/arm64_32/af3fcb34312c57c0f52879cdce924b91-common-args.resp -MMD -MT dependencies -MF /Users/admin/builder/spi-builder-workspace/.derivedData/Build/Intermediates.noindex/IndexStoreDB.build/Debug-watchos/IndexStoreDB_Support-t.build/Objects-normal/arm64_32/Logging-Mac.d --serialize-diagnostics /Users/admin/builder/spi-builder-workspace/.derivedData/Build/Intermediates.noindex/IndexStoreDB.build/Debug-watchos/IndexStoreDB_Support-t.build/Objects-normal/arm64_32/Logging-Mac.dia -c /Users/admin/builder/spi-builder-workspace/.dependencies/checkouts/indexstore-db/lib/Support/Logging-Mac.mm -o /Users/admin/builder/spi-builder-workspace/.derivedData/Build/Intermediates.noindex/IndexStoreDB.build/Debug-watchos/IndexStoreDB_Support-t.build/Objects-normal/arm64_32/Logging-Mac.o -index-unit-output-path /IndexStoreDB.build/Debug-watchos/IndexStoreDB_Support-t.build/Objects-normal/arm64_32/Logging-Mac.o
SwiftExplicitDependencyGeneratePcm arm64_32 /Users/admin/builder/spi-builder-workspace/.derivedData/SDKExplicitPrecompiledModules/_SwiftConcurrencyShims-58G4ISYSYDV3AT1DDGEE0QCUF.pcm
SwiftExplicitDependencyGeneratePcm arm64 /Users/admin/builder/spi-builder-workspace/.derivedData/SDKExplicitPrecompiledModules/_SwiftConcurrencyShims-CTPSFSTDCBVSSQFHL6I305U72.pcm
SwiftExplicitDependencyGeneratePcm arm64_32 /Users/admin/builder/spi-builder-workspace/.derivedData/SDKExplicitPrecompiledModules/SwiftShims-D9VBB138U50XYYGW2C2V21N3L.pcm
SwiftExplicitDependencyGeneratePcm arm64 /Users/admin/builder/spi-builder-workspace/.derivedData/SDKExplicitPrecompiledModules/SwiftShims-AJ4AZYHQNC33R5RLN7AGEIOMP.pcm
CompileC /Users/admin/builder/spi-builder-workspace/.derivedData/Build/Intermediates.noindex/IndexStoreDB.build/Debug-watchos/IndexStoreDB_Support-t.build/Objects-normal/arm64_32/FilePathWatcher.o /Users/admin/builder/spi-builder-workspace/.dependencies/checkouts/indexstore-db/lib/Support/FilePathWatcher.cpp normal arm64_32 c++ com.apple.compilers.llvm.clang.1_0.compiler (in target 'IndexStoreDB_Support' from project 'IndexStoreDB')
cd /Users/admin/builder/spi-builder-workspace/.swiftpm/xcode
Using response file: /Users/admin/builder/spi-builder-workspace/.derivedData/Build/Intermediates.noindex/IndexStoreDB.build/Debug-watchos/IndexStoreDB_Support-t.build/Objects-normal/arm64_32/82b82416624d2658e5098eb0a28c15c5-common-args.resp
/Applications/Xcode-27.0.0-Release.Candidate.app/Contents/Developer/Toolchains/XcodeDefault.xctoolchain/usr/bin/clang -x c++ -ivfsstatcache /Users/admin/builder/spi-builder-workspace/.derivedData/SDKStatCaches.noindex/watchos27.0-24R360-e829b21a6f8c9b70876ba0858053c04477534ef55a1706bf4c1112bbb242f0a2.sdkstatcache -target arm64_32-apple-watchos9.0 -fmessage-length\=0 -fdiagnostics-show-note-include-stack -fmacro-backtrace-limit\=0 -fno-color-diagnostics -fmodules-prune-interval\=86400 -fmodules-prune-after\=345600 -fbuild-session-file\=/Users/admin/builder/spi-builder-workspace/.derivedData/ModuleCache.noindex/Session.modulevalidation -fmodules-validate-once-per-build-session -Wnon-modular-include-in-framework-module -Werror\=non-modular-include-in-framework-module -Wno-trigraphs -Wno-missing-field-initializers -Wno-missing-prototypes -Wno-return-type -Wno-non-virtual-dtor -Wno-overloaded-virtual -Wno-exit-time-destructors -Wno-missing-braces -Wparentheses -Wswitch -Wno-unused-function -Wno-unused-label -Wno-unused-parameter -Wno-unused-variable -Wunused-value -Wno-empty-body -Wno-uninitialized -Wno-unknown-pragmas -w -Wno-shadow -Wno-four-char-constants -Wno-conversion -Wno-constant-conversion -Wno-int-conversion -Wno-bool-conversion -Wno-enum-conversion -Wno-float-conversion -Wno-non-literal-null-conversion -Wno-objc-literal-conversion -Wno-shorten-64-to-32 -Wno-newline-eof -Wno-c++11-extensions -Wno-implicit-fallthrough -isysroot /Applications/Xcode-27.0.0-Release.Candidate.app/Contents/Developer/Platforms/WatchOS.platform/Developer/SDKs/WatchOS27.0.sdk -fstrict-aliasing -Wdeprecated-declarations -Winvalid-offsetof -Wno-sign-conversion -Wno-infinite-recursion -Wno-move -Wno-comma -Wno-block-capture-autoreleasing -Wno-strict-prototypes -Wno-range-loop-analysis -Wno-semicolon-before-method-body -index-store-path /Users/admin/builder/spi-builder-workspace/.derivedData/Index.noindex/DataStore @/Users/admin/builder/spi-builder-workspace/.derivedData/Build/Intermediates.noindex/IndexStoreDB.build/Debug-watchos/IndexStoreDB_Support-t.build/Objects-normal/arm64_32/82b82416624d2658e5098eb0a28c15c5-common-args.resp -MMD -MT dependencies -MF /Users/admin/builder/spi-builder-workspace/.derivedData/Build/Intermediates.noindex/IndexStoreDB.build/Debug-watchos/IndexStoreDB_Support-t.build/Objects-normal/arm64_32/FilePathWatcher.d --serialize-diagnostics /Users/admin/builder/spi-builder-workspace/.derivedData/Build/Intermediates.noindex/IndexStoreDB.build/Debug-watchos/IndexStoreDB_Support-t.build/Objects-normal/arm64_32/FilePathWatcher.dia -c /Users/admin/builder/spi-builder-workspace/.dependencies/checkouts/indexstore-db/lib/Support/FilePathWatcher.cpp -o /Users/admin/builder/spi-builder-workspace/.derivedData/Build/Intermediates.noindex/IndexStoreDB.build/Debug-watchos/IndexStoreDB_Support-t.build/Objects-normal/arm64_32/FilePathWatcher.o -index-unit-output-path /IndexStoreDB.build/Debug-watchos/IndexStoreDB_Support-t.build/Objects-normal/arm64_32/FilePathWatcher.o
/Users/admin/builder/spi-builder-workspace/.dependencies/checkouts/indexstore-db/lib/Support/FilePathWatcher.cpp:23:3: error: unknown type name 'FSEventStreamRef'
23 | FSEventStreamRef EventStream = nullptr;
| ^
/Users/admin/builder/spi-builder-workspace/.dependencies/checkouts/indexstore-db/lib/Support/FilePathWatcher.cpp:58:24: error: unknown type name 'ConstFSEventStreamRef'
58 | ConstFSEventStreamRef stream,
| ^
/Users/admin/builder/spi-builder-workspace/.dependencies/checkouts/indexstore-db/lib/Support/FilePathWatcher.cpp:62:30: error: unknown type name 'FSEventStreamEventFlags'
62 | const FSEventStreamEventFlags eventFlags[],
| ^
/Users/admin/builder/spi-builder-workspace/.dependencies/checkouts/indexstore-db/lib/Support/FilePathWatcher.cpp:63:30: error: unknown type name 'FSEventStreamEventId'
63 | const FSEventStreamEventId eventIds[]) {
| ^
/Users/admin/builder/spi-builder-workspace/.dependencies/checkouts/indexstore-db/lib/Support/FilePathWatcher.cpp:91:3: error: unknown type name 'FSEventStreamContext'; did you mean 'EventStreamContextData'?
91 | FSEventStreamContext context;
| ^~~~~~~~~~~~~~~~~~~~
| EventStreamContextData
/Users/admin/builder/spi-builder-workspace/.dependencies/checkouts/indexstore-db/lib/Support/FilePathWatcher.cpp:48:8: note: 'EventStreamContextData' declared here
48 | struct EventStreamContextData {
| ^
/Users/admin/builder/spi-builder-workspace/.dependencies/checkouts/indexstore-db/lib/Support/FilePathWatcher.cpp:92:11: error: no member named 'version' in '(anonymous namespace)::EventStreamContextData'
92 | context.version = 0;
| ~~~~~~~ ^
/Users/admin/builder/spi-builder-workspace/.dependencies/checkouts/indexstore-db/lib/Support/FilePathWatcher.cpp:93:11: error: no member named 'info' in '(anonymous namespace)::EventStreamContextData'
93 | context.info = ctxData;
| ~~~~~~~ ^
/Users/admin/builder/spi-builder-workspace/.dependencies/checkouts/indexstore-db/lib/Support/FilePathWatcher.cpp:94:11: error: no member named 'retain' in '(anonymous namespace)::EventStreamContextData'
94 | context.retain = nullptr;
| ~~~~~~~ ^
/Users/admin/builder/spi-builder-workspace/.dependencies/checkouts/indexstore-db/lib/Support/FilePathWatcher.cpp:95:11: error: no member named 'release' in '(anonymous namespace)::EventStreamContextData'
95 | context.release = EventStreamContextData::dispose;
| ~~~~~~~ ^
/Users/admin/builder/spi-builder-workspace/.dependencies/checkouts/indexstore-db/lib/Support/FilePathWatcher.cpp:96:11: error: no member named 'copyDescription' in '(anonymous namespace)::EventStreamContextData'
96 | context.copyDescription = nullptr;
| ~~~~~~~ ^
/Users/admin/builder/spi-builder-workspace/.dependencies/checkouts/indexstore-db/lib/Support/FilePathWatcher.cpp:102:37: error: use of undeclared identifier 'kFSEventStreamEventIdSinceNow'
102 | kFSEventStreamEventIdSinceNow,
| ^~~~~~~~~~~~~~~~~~~~~~~~~~~~~
/Users/admin/builder/spi-builder-workspace/.dependencies/checkouts/indexstore-db/lib/Support/FilePathWatcher.cpp:104:37: error: use of undeclared identifier 'kFSEventStreamCreateFlagNone'
104 | kFSEventStreamCreateFlagNone);
| ^~~~~~~~~~~~~~~~~~~~~~~~~~~~
12 errors generated.
CompileC /Users/admin/builder/spi-builder-workspace/.derivedData/Build/Intermediates.noindex/IndexStoreDB.build/Debug-watchos/IndexStoreDB_Support-t.build/Objects-normal/arm64_32/Concurrency-Mac.o /Users/admin/builder/spi-builder-workspace/.dependencies/checkouts/indexstore-db/lib/Support/Concurrency-Mac.cpp normal arm64_32 c++ com.apple.compilers.llvm.clang.1_0.compiler (in target 'IndexStoreDB_Support' from project 'IndexStoreDB')
cd /Users/admin/builder/spi-builder-workspace/.swiftpm/xcode
Using response file: /Users/admin/builder/spi-builder-workspace/.derivedData/Build/Intermediates.noindex/IndexStoreDB.build/Debug-watchos/IndexStoreDB_Support-t.build/Objects-normal/arm64_32/82b82416624d2658e5098eb0a28c15c5-common-args.resp
/Applications/Xcode-27.0.0-Release.Candidate.app/Contents/Developer/Toolchains/XcodeDefault.xctoolchain/usr/bin/clang -x c++ -ivfsstatcache /Users/admin/builder/spi-builder-workspace/.derivedData/SDKStatCaches.noindex/watchos27.0-24R360-e829b21a6f8c9b70876ba0858053c04477534ef55a1706bf4c1112bbb242f0a2.sdkstatcache -target arm64_32-apple-watchos9.0 -fmessage-length\=0 -fdiagnostics-show-note-include-stack -fmacro-backtrace-limit\=0 -fno-color-diagnostics -fmodules-prune-interval\=86400 -fmodules-prune-after\=345600 -fbuild-session-file\=/Users/admin/builder/spi-builder-workspace/.derivedData/ModuleCache.noindex/Session.modulevalidation -fmodules-validate-once-per-build-session -Wnon-modular-include-in-framework-module -Werror\=non-modular-include-in-framework-module -Wno-trigraphs -Wno-missing-field-initializers -Wno-missing-prototypes -Wno-return-type -Wno-non-virtual-dtor -Wno-overloaded-virtual -Wno-exit-time-destructors -Wno-missing-braces -Wparentheses -Wswitch -Wno-unused-function -Wno-unused-label -Wno-unused-parameter -Wno-unused-variable -Wunused-value -Wno-empty-body -Wno-uninitialized -Wno-unknown-pragmas -w -Wno-shadow -Wno-four-char-constants -Wno-conversion -Wno-constant-conversion -Wno-int-conversion -Wno-bool-conversion -Wno-enum-conversion -Wno-float-conversion -Wno-non-literal-null-conversion -Wno-objc-literal-conversion -Wno-shorten-64-to-32 -Wno-newline-eof -Wno-c++11-extensions -Wno-implicit-fallthrough -isysroot /Applications/Xcode-27.0.0-Release.Candidate.app/Contents/Developer/Platforms/WatchOS.platform/Developer/SDKs/WatchOS27.0.sdk -fstrict-aliasing -Wdeprecated-declarations -Winvalid-offsetof -Wno-sign-conversion -Wno-infinite-recursion -Wno-move -Wno-comma -Wno-block-capture-autoreleasing -Wno-strict-prototypes -Wno-range-loop-analysis -Wno-semicolon-before-method-body -index-store-path /Users/admin/builder/spi-builder-workspace/.derivedData/Index.noindex/DataStore @/Users/admin/builder/spi-builder-workspace/.derivedData/Build/Intermediates.noindex/IndexStoreDB.build/Debug-watchos/IndexStoreDB_Support-t.build/Objects-normal/arm64_32/82b82416624d2658e5098eb0a28c15c5-common-args.resp -MMD -MT dependencies -MF /Users/admin/builder/spi-builder-workspace/.derivedData/Build/Intermediates.noindex/IndexStoreDB.build/Debug-watchos/IndexStoreDB_Support-t.build/Objects-normal/arm64_32/Concurrency-Mac.d --serialize-diagnostics /Users/admin/builder/spi-builder-workspace/.derivedData/Build/Intermediates.noindex/IndexStoreDB.build/Debug-watchos/IndexStoreDB_Support-t.build/Objects-normal/arm64_32/Concurrency-Mac.dia -c /Users/admin/builder/spi-builder-workspace/.dependencies/checkouts/indexstore-db/lib/Support/Concurrency-Mac.cpp -o /Users/admin/builder/spi-builder-workspace/.derivedData/Build/Intermediates.noindex/IndexStoreDB.build/Debug-watchos/IndexStoreDB_Support-t.build/Objects-normal/arm64_32/Concurrency-Mac.o -index-unit-output-path /IndexStoreDB.build/Debug-watchos/IndexStoreDB_Support-t.build/Objects-normal/arm64_32/Concurrency-Mac.o
CompileC /Users/admin/builder/spi-builder-workspace/.derivedData/Build/Intermediates.noindex/IndexStoreDB.build/Debug-watchos/IndexStoreDB_Support-t.build/Objects-normal/arm64/PatternMatching.o /Users/admin/builder/spi-builder-workspace/.dependencies/checkouts/indexstore-db/lib/Support/PatternMatching.cpp normal arm64 c++ com.apple.compilers.llvm.clang.1_0.compiler (in target 'IndexStoreDB_Support' from project 'IndexStoreDB')
cd /Users/admin/builder/spi-builder-workspace/.swiftpm/xcode
Using response file: /Users/admin/builder/spi-builder-workspace/.derivedData/Build/Intermediates.noindex/IndexStoreDB.build/Debug-watchos/IndexStoreDB_Support-t.build/Objects-normal/arm64/82b82416624d2658e5098eb0a28c15c5-common-args.resp
/Applications/Xcode-27.0.0-Release.Candidate.app/Contents/Developer/Toolchains/XcodeDefault.xctoolchain/usr/bin/clang -x c++ -ivfsstatcache /Users/admin/builder/spi-builder-workspace/.derivedData/SDKStatCaches.noindex/watchos27.0-24R360-e829b21a6f8c9b70876ba0858053c04477534ef55a1706bf4c1112bbb242f0a2.sdkstatcache -target arm64-apple-watchos9.0 -fmessage-length\=0 -fdiagnostics-show-note-include-stack -fmacro-backtrace-limit\=0 -fno-color-diagnostics -fmodules-prune-interval\=86400 -fmodules-prune-after\=345600 -fbuild-session-file\=/Users/admin/builder/spi-builder-workspace/.derivedData/ModuleCache.noindex/Session.modulevalidation -fmodules-validate-once-per-build-session -Wnon-modular-include-in-framework-module -Werror\=non-modular-include-in-framework-module -Wno-trigraphs -Wno-missing-field-initializers -Wno-missing-prototypes -Wno-return-type -Wno-non-virtual-dtor -Wno-overloaded-virtual -Wno-exit-time-destructors -Wno-missing-braces -Wparentheses -Wswitch -Wno-unused-function -Wno-unused-label -Wno-unused-parameter -Wno-unused-variable -Wunused-value -Wno-empty-body -Wno-uninitialized -Wno-unknown-pragmas -w -Wno-shadow -Wno-four-char-constants -Wno-conversion -Wno-constant-conversion -Wno-int-conversion -Wno-bool-conversion -Wno-enum-conversion -Wno-float-conversion -Wno-non-literal-null-conversion -Wno-objc-literal-conversion -Wshorten-64-to-32 -Wno-newline-eof -Wno-c++11-extensions -Wno-implicit-fallthrough -isysroot /Applications/Xcode-27.0.0-Release.Candidate.app/Contents/Developer/Platforms/WatchOS.platform/Developer/SDKs/WatchOS27.0.sdk -fstrict-aliasing -Wdeprecated-declarations -Winvalid-offsetof -Wno-sign-conversion -Wno-infinite-recursion -Wno-move -Wno-comma -Wno-block-capture-autoreleasing -Wno-strict-prototypes -Wno-range-loop-analysis -Wno-semicolon-before-method-body -index-store-path /Users/admin/builder/spi-builder-workspace/.derivedData/Index.noindex/DataStore @/Users/admin/builder/spi-builder-workspace/.derivedData/Build/Intermediates.noindex/IndexStoreDB.build/Debug-watchos/IndexStoreDB_Support-t.build/Objects-normal/arm64/82b82416624d2658e5098eb0a28c15c5-common-args.resp -MMD -MT dependencies -MF /Users/admin/builder/spi-builder-workspace/.derivedData/Build/Intermediates.noindex/IndexStoreDB.build/Debug-watchos/IndexStoreDB_Support-t.build/Objects-normal/arm64/PatternMatching.d --serialize-diagnostics /Users/admin/builder/spi-builder-workspace/.derivedData/Build/Intermediates.noindex/IndexStoreDB.build/Debug-watchos/IndexStoreDB_Support-t.build/Objects-normal/arm64/PatternMatching.dia -c /Users/admin/builder/spi-builder-workspace/.dependencies/checkouts/indexstore-db/lib/Support/PatternMatching.cpp -o /Users/admin/builder/spi-builder-workspace/.derivedData/Build/Intermediates.noindex/IndexStoreDB.build/Debug-watchos/IndexStoreDB_Support-t.build/Objects-normal/arm64/PatternMatching.o -index-unit-output-path /IndexStoreDB.build/Debug-watchos/IndexStoreDB_Support-t.build/Objects-normal/arm64/PatternMatching.o
SwiftEmitModule normal arm64_32 Emitting\ module\ for\ ArgumentParserToolInfo (in target 'ArgumentParserToolInfo' from project 'swift-argument-parser')
SwiftCompile normal arm64_32 (in target 'ArgumentParserToolInfo' from project 'swift-argument-parser')
cd /Users/admin/builder/spi-builder-workspace/.swiftpm/xcode
SwiftEmitModule normal arm64 Emitting\ module\ for\ ArgumentParserToolInfo (in target 'ArgumentParserToolInfo' from project 'swift-argument-parser')
SwiftCompile normal arm64 (in target 'ArgumentParserToolInfo' from project 'swift-argument-parser')
cd /Users/admin/builder/spi-builder-workspace/.swiftpm/xcode
SwiftDriverJobDiscovery normal arm64_32 Emitting module for ArgumentParserToolInfo (in target 'ArgumentParserToolInfo' from project 'swift-argument-parser')
SwiftDriver\ Compilation\ Requirements ArgumentParserToolInfo normal arm64_32 com.apple.xcode.tools.swift.compiler (in target 'ArgumentParserToolInfo' from project 'swift-argument-parser')
cd /Users/admin/builder/spi-builder-workspace/.swiftpm/xcode
builtin-Swift-Compilation-Requirements -- /Applications/Xcode-27.0.0-Release.Candidate.app/Contents/Developer/Toolchains/XcodeDefault.xctoolchain/usr/bin/swiftc -parse-as-library -module-name ArgumentParserToolInfo -Onone @/Users/admin/builder/spi-builder-workspace/.derivedData/Build/Intermediates.noindex/swift-argument-parser.build/Debug-watchos/ArgumentParserToolInfo-t.build/Objects-normal/arm64_32/ArgumentParserToolInfo.SwiftFileList -DSWIFT_PACKAGE -DDEBUG -DSWIFT_MODULE_RESOURCE_BUNDLE_UNAVAILABLE -DXcode -plugin-path /Applications/Xcode-27.0.0-Release.Candidate.app/Contents/Developer/Toolchains/XcodeDefault.xctoolchain/usr/lib/swift/host/plugins/testing -enable-experimental-feature DebugDescriptionMacro -sdk /Applications/Xcode-27.0.0-Release.Candidate.app/Contents/Developer/Platforms/WatchOS.platform/Developer/SDKs/WatchOS27.0.sdk -target arm64_32-apple-watchos9.0 -g -module-cache-path /Users/admin/builder/spi-builder-workspace/.derivedData/ModuleCache.noindex -Xfrontend -serialize-debugging-options -profile-coverage-mapping -profile-generate -enable-testing -suppress-warnings -index-store-path /Users/admin/builder/spi-builder-workspace/.derivedData/Index.noindex/DataStore -Xcc -D_LIBCPP_HARDENING_MODE\=_LIBCPP_HARDENING_MODE_DEBUG -swift-version 6 -I /Users/admin/builder/spi-builder-workspace/.derivedData/Build/Products/Debug-watchos -Isystem /Applications/Xcode-27.0.0-Release.Candidate.app/Contents/Developer/Platforms/WatchOS.platform/Developer/usr/lib -F /Users/admin/builder/spi-builder-workspace/.derivedData/Build/Products/Debug-watchos -F /Applications/Xcode-27.0.0-Release.Candidate.app/Contents/Developer/Platforms/WatchOS.platform/Developer/Library/Frameworks -F /Applications/Xcode-27.0.0-Release.Candidate.app/Contents/Developer/Platforms/WatchOS.platform/Developer/SDKs/WatchOS27.0.sdk/Developer/Library/Frameworks -c -j10 -enable-batch-mode -incremental -Xcc -ivfsstatcache -Xcc /Users/admin/builder/spi-builder-workspace/.derivedData/SDKStatCaches.noindex/watchos27.0-24R360-e829b21a6f8c9b70876ba0858053c04477534ef55a1706bf4c1112bbb242f0a2.sdkstatcache -output-file-map /Users/admin/builder/spi-builder-workspace/.derivedData/Build/Intermediates.noindex/swift-argument-parser.build/Debug-watchos/ArgumentParserToolInfo-t.build/Objects-normal/arm64_32/ArgumentParserToolInfo-OutputFileMap.json -save-temps -no-color-diagnostics -explicit-module-build -module-cache-path /Users/admin/builder/spi-builder-workspace/.derivedData/Build/Intermediates.noindex/SwiftExplicitPrecompiledModules -clang-scanner-module-cache-path /Users/admin/builder/spi-builder-workspace/.derivedData/ModuleCache.noindex -sdk-module-cache-path /Users/admin/builder/spi-builder-workspace/.derivedData/SDKExplicitPrecompiledModules -emit-dependencies -emit-module -emit-module-path /Users/admin/builder/spi-builder-workspace/.derivedData/Build/Intermediates.noindex/swift-argument-parser.build/Debug-watchos/ArgumentParserToolInfo-t.build/Objects-normal/arm64_32/ArgumentParserToolInfo.swiftmodule -serialize-diagnostics -dependency-scan-serialize-diagnostics-path /Users/admin/builder/spi-builder-workspace/.derivedData/Build/Intermediates.noindex/swift-argument-parser.build/Debug-watchos/ArgumentParserToolInfo-t.build/Objects-normal/arm64_32/ArgumentParserToolInfo-dependency-scan.dia -user-module-version 1.8.2 -validate-clang-modules-once -clang-build-session-file /Users/admin/builder/spi-builder-workspace/.derivedData/ModuleCache.noindex/Session.modulevalidation -Xcc -fmodules-prune-interval\=86400 -Xcc -fmodules-prune-after\=345600 -package-name swift_argument_parser -emit-const-values -const-gather-protocols-list /Users/admin/builder/spi-builder-workspace/.derivedData/Build/Intermediates.noindex/swift-argument-parser.build/Debug-watchos/ArgumentParserToolInfo-t.build/Objects-normal/arm64_32/ArgumentParserToolInfo_const_extract_protocols.json -Xcc -I/Users/admin/builder/spi-builder-workspace/.derivedData/Build/Products/Debug-watchos/include -Xcc -I/Users/admin/builder/spi-builder-workspace/.derivedData/Build/Intermediates.noindex/swift-argument-parser.build/Debug-watchos/ArgumentParserToolInfo-t.build/DerivedSources-normal/arm64_32 -Xcc -I/Users/admin/builder/spi-builder-workspace/.derivedData/Build/Intermediates.noindex/swift-argument-parser.build/Debug-watchos/ArgumentParserToolInfo-t.build/DerivedSources/arm64_32 -Xcc -I/Users/admin/builder/spi-builder-workspace/.derivedData/Build/Intermediates.noindex/swift-argument-parser.build/Debug-watchos/ArgumentParserToolInfo-t.build/DerivedSources -Xcc -DSWIFT_PACKAGE -Xcc -DDEBUG\=1 -emit-objc-header -emit-objc-header-path /Users/admin/builder/spi-builder-workspace/.derivedData/Build/Intermediates.noindex/swift-argument-parser.build/Debug-watchos/ArgumentParserToolInfo-t.build/Objects-normal/arm64_32/ArgumentParserToolInfo-Swift.h -working-directory /Users/admin/builder/spi-builder-workspace/.swiftpm/xcode -experimental-emit-module-separately -disable-cmo
CompileC /Users/admin/builder/spi-builder-workspace/.derivedData/Build/Intermediates.noindex/IndexStoreDB.build/Debug-watchos/IndexStoreDB_Support-t.build/Objects-normal/arm64/Path.o /Users/admin/builder/spi-builder-workspace/.dependencies/checkouts/indexstore-db/lib/Support/Path.cpp normal arm64 c++ com.apple.compilers.llvm.clang.1_0.compiler (in target 'IndexStoreDB_Support' from project 'IndexStoreDB')
cd /Users/admin/builder/spi-builder-workspace/.swiftpm/xcode
Using response file: /Users/admin/builder/spi-builder-workspace/.derivedData/Build/Intermediates.noindex/IndexStoreDB.build/Debug-watchos/IndexStoreDB_Support-t.build/Objects-normal/arm64/82b82416624d2658e5098eb0a28c15c5-common-args.resp
/Applications/Xcode-27.0.0-Release.Candidate.app/Contents/Developer/Toolchains/XcodeDefault.xctoolchain/usr/bin/clang -x c++ -ivfsstatcache /Users/admin/builder/spi-builder-workspace/.derivedData/SDKStatCaches.noindex/watchos27.0-24R360-e829b21a6f8c9b70876ba0858053c04477534ef55a1706bf4c1112bbb242f0a2.sdkstatcache -target arm64-apple-watchos9.0 -fmessage-length\=0 -fdiagnostics-show-note-include-stack -fmacro-backtrace-limit\=0 -fno-color-diagnostics -fmodules-prune-interval\=86400 -fmodules-prune-after\=345600 -fbuild-session-file\=/Users/admin/builder/spi-builder-workspace/.derivedData/ModuleCache.noindex/Session.modulevalidation -fmodules-validate-once-per-build-session -Wnon-modular-include-in-framework-module -Werror\=non-modular-include-in-framework-module -Wno-trigraphs -Wno-missing-field-initializers -Wno-missing-prototypes -Wno-return-type -Wno-non-virtual-dtor -Wno-overloaded-virtual -Wno-exit-time-destructors -Wno-missing-braces -Wparentheses -Wswitch -Wno-unused-function -Wno-unused-label -Wno-unused-parameter -Wno-unused-variable -Wunused-value -Wno-empty-body -Wno-uninitialized -Wno-unknown-pragmas -w -Wno-shadow -Wno-four-char-constants -Wno-conversion -Wno-constant-conversion -Wno-int-conversion -Wno-bool-conversion -Wno-enum-conversion -Wno-float-conversion -Wno-non-literal-null-conversion -Wno-objc-literal-conversion -Wshorten-64-to-32 -Wno-newline-eof -Wno-c++11-extensions -Wno-implicit-fallthrough -isysroot /Applications/Xcode-27.0.0-Release.Candidate.app/Contents/Developer/Platforms/WatchOS.platform/Developer/SDKs/WatchOS27.0.sdk -fstrict-aliasing -Wdeprecated-declarations -Winvalid-offsetof -Wno-sign-conversion -Wno-infinite-recursion -Wno-move -Wno-comma -Wno-block-capture-autoreleasing -Wno-strict-prototypes -Wno-range-loop-analysis -Wno-semicolon-before-method-body -index-store-path /Users/admin/builder/spi-builder-workspace/.derivedData/Index.noindex/DataStore @/Users/admin/builder/spi-builder-workspace/.derivedData/Build/Intermediates.noindex/IndexStoreDB.build/Debug-watchos/IndexStoreDB_Support-t.build/Objects-normal/arm64/82b82416624d2658e5098eb0a28c15c5-common-args.resp -MMD -MT dependencies -MF /Users/admin/builder/spi-builder-workspace/.derivedData/Build/Intermediates.noindex/IndexStoreDB.build/Debug-watchos/IndexStoreDB_Support-t.build/Objects-normal/arm64/Path.d --serialize-diagnostics /Users/admin/builder/spi-builder-workspace/.derivedData/Build/Intermediates.noindex/IndexStoreDB.build/Debug-watchos/IndexStoreDB_Support-t.build/Objects-normal/arm64/Path.dia -c /Users/admin/builder/spi-builder-workspace/.dependencies/checkouts/indexstore-db/lib/Support/Path.cpp -o /Users/admin/builder/spi-builder-workspace/.derivedData/Build/Intermediates.noindex/IndexStoreDB.build/Debug-watchos/IndexStoreDB_Support-t.build/Objects-normal/arm64/Path.o -index-unit-output-path /IndexStoreDB.build/Debug-watchos/IndexStoreDB_Support-t.build/Objects-normal/arm64/Path.o
CompileC /Users/admin/builder/spi-builder-workspace/.derivedData/Build/Intermediates.noindex/IndexStoreDB.build/Debug-watchos/IndexStoreDB_Support-t.build/Objects-normal/arm64/Logging.o /Users/admin/builder/spi-builder-workspace/.dependencies/checkouts/indexstore-db/lib/Support/Logging.cpp normal arm64 c++ com.apple.compilers.llvm.clang.1_0.compiler (in target 'IndexStoreDB_Support' from project 'IndexStoreDB')
cd /Users/admin/builder/spi-builder-workspace/.swiftpm/xcode
Using response file: /Users/admin/builder/spi-builder-workspace/.derivedData/Build/Intermediates.noindex/IndexStoreDB.build/Debug-watchos/IndexStoreDB_Support-t.build/Objects-normal/arm64/82b82416624d2658e5098eb0a28c15c5-common-args.resp
/Applications/Xcode-27.0.0-Release.Candidate.app/Contents/Developer/Toolchains/XcodeDefault.xctoolchain/usr/bin/clang -x c++ -ivfsstatcache /Users/admin/builder/spi-builder-workspace/.derivedData/SDKStatCaches.noindex/watchos27.0-24R360-e829b21a6f8c9b70876ba0858053c04477534ef55a1706bf4c1112bbb242f0a2.sdkstatcache -target arm64-apple-watchos9.0 -fmessage-length\=0 -fdiagnostics-show-note-include-stack -fmacro-backtrace-limit\=0 -fno-color-diagnostics -fmodules-prune-interval\=86400 -fmodules-prune-after\=345600 -fbuild-session-file\=/Users/admin/builder/spi-builder-workspace/.derivedData/ModuleCache.noindex/Session.modulevalidation -fmodules-validate-once-per-build-session -Wnon-modular-include-in-framework-module -Werror\=non-modular-include-in-framework-module -Wno-trigraphs -Wno-missing-field-initializers -Wno-missing-prototypes -Wno-return-type -Wno-non-virtual-dtor -Wno-overloaded-virtual -Wno-exit-time-destructors -Wno-missing-braces -Wparentheses -Wswitch -Wno-unused-function -Wno-unused-label -Wno-unused-parameter -Wno-unused-variable -Wunused-value -Wno-empty-body -Wno-uninitialized -Wno-unknown-pragmas -w -Wno-shadow -Wno-four-char-constants -Wno-conversion -Wno-constant-conversion -Wno-int-conversion -Wno-bool-conversion -Wno-enum-conversion -Wno-float-conversion -Wno-non-literal-null-conversion -Wno-objc-literal-conversion -Wshorten-64-to-32 -Wno-newline-eof -Wno-c++11-extensions -Wno-implicit-fallthrough -isysroot /Applications/Xcode-27.0.0-Release.Candidate.app/Contents/Developer/Platforms/WatchOS.platform/Developer/SDKs/WatchOS27.0.sdk -fstrict-aliasing -Wdeprecated-declarations -Winvalid-offsetof -Wno-sign-conversion -Wno-infinite-recursion -Wno-move -Wno-comma -Wno-block-capture-autoreleasing -Wno-strict-prototypes -Wno-range-loop-analysis -Wno-semicolon-before-method-body -index-store-path /Users/admin/builder/spi-builder-workspace/.derivedData/Index.noindex/DataStore @/Users/admin/builder/spi-builder-workspace/.derivedData/Build/Intermediates.noindex/IndexStoreDB.build/Debug-watchos/IndexStoreDB_Support-t.build/Objects-normal/arm64/82b82416624d2658e5098eb0a28c15c5-common-args.resp -MMD -MT dependencies -MF /Users/admin/builder/spi-builder-workspace/.derivedData/Build/Intermediates.noindex/IndexStoreDB.build/Debug-watchos/IndexStoreDB_Support-t.build/Objects-normal/arm64/Logging.d --serialize-diagnostics /Users/admin/builder/spi-builder-workspace/.derivedData/Build/Intermediates.noindex/IndexStoreDB.build/Debug-watchos/IndexStoreDB_Support-t.build/Objects-normal/arm64/Logging.dia -c /Users/admin/builder/spi-builder-workspace/.dependencies/checkouts/indexstore-db/lib/Support/Logging.cpp -o /Users/admin/builder/spi-builder-workspace/.derivedData/Build/Intermediates.noindex/IndexStoreDB.build/Debug-watchos/IndexStoreDB_Support-t.build/Objects-normal/arm64/Logging.o -index-unit-output-path /IndexStoreDB.build/Debug-watchos/IndexStoreDB_Support-t.build/Objects-normal/arm64/Logging.o
SwiftExplicitDependencyGeneratePcm arm64_32 /Users/admin/builder/spi-builder-workspace/.derivedData/SDKExplicitPrecompiledModules/ptrauth-BFXF358ME5AK535N5A9Z766WU.pcm
Copy /Users/admin/builder/spi-builder-workspace/.derivedData/Build/Products/Debug-watchos/ArgumentParserToolInfo.swiftmodule/arm64_32-apple-watchos.swiftmodule /Users/admin/builder/spi-builder-workspace/.derivedData/Build/Intermediates.noindex/swift-argument-parser.build/Debug-watchos/ArgumentParserToolInfo-t.build/Objects-normal/arm64_32/ArgumentParserToolInfo.swiftmodule (in target 'ArgumentParserToolInfo' from project 'swift-argument-parser')
cd /Users/admin/builder/spi-builder-workspace/.dependencies/checkouts/swift-argument-parser
builtin-copy -exclude .DS_Store -exclude CVS -exclude .svn -exclude .git -exclude .hg -resolve-src-symlinks -rename /Users/admin/builder/spi-builder-workspace/.derivedData/Build/Intermediates.noindex/swift-argument-parser.build/Debug-watchos/ArgumentParserToolInfo-t.build/Objects-normal/arm64_32/ArgumentParserToolInfo.swiftmodule /Users/admin/builder/spi-builder-workspace/.derivedData/Build/Products/Debug-watchos/ArgumentParserToolInfo.swiftmodule/arm64_32-apple-watchos.swiftmodule
Copy /Users/admin/builder/spi-builder-workspace/.derivedData/Build/Products/Debug-watchos/ArgumentParserToolInfo.swiftmodule/arm64_32-apple-watchos.swiftdoc /Users/admin/builder/spi-builder-workspace/.derivedData/Build/Intermediates.noindex/swift-argument-parser.build/Debug-watchos/ArgumentParserToolInfo-t.build/Objects-normal/arm64_32/ArgumentParserToolInfo.swiftdoc (in target 'ArgumentParserToolInfo' from project 'swift-argument-parser')
cd /Users/admin/builder/spi-builder-workspace/.dependencies/checkouts/swift-argument-parser
builtin-copy -exclude .DS_Store -exclude CVS -exclude .svn -exclude .git -exclude .hg -resolve-src-symlinks -rename /Users/admin/builder/spi-builder-workspace/.derivedData/Build/Intermediates.noindex/swift-argument-parser.build/Debug-watchos/ArgumentParserToolInfo-t.build/Objects-normal/arm64_32/ArgumentParserToolInfo.swiftdoc /Users/admin/builder/spi-builder-workspace/.derivedData/Build/Products/Debug-watchos/ArgumentParserToolInfo.swiftmodule/arm64_32-apple-watchos.swiftdoc
Copy /Users/admin/builder/spi-builder-workspace/.derivedData/Build/Products/Debug-watchos/ArgumentParserToolInfo.swiftmodule/arm64_32-apple-watchos.abi.json /Users/admin/builder/spi-builder-workspace/.derivedData/Build/Intermediates.noindex/swift-argument-parser.build/Debug-watchos/ArgumentParserToolInfo-t.build/Objects-normal/arm64_32/ArgumentParserToolInfo.abi.json (in target 'ArgumentParserToolInfo' from project 'swift-argument-parser')
cd /Users/admin/builder/spi-builder-workspace/.dependencies/checkouts/swift-argument-parser
builtin-copy -exclude .DS_Store -exclude CVS -exclude .svn -exclude .git -exclude .hg -resolve-src-symlinks -rename /Users/admin/builder/spi-builder-workspace/.derivedData/Build/Intermediates.noindex/swift-argument-parser.build/Debug-watchos/ArgumentParserToolInfo-t.build/Objects-normal/arm64_32/ArgumentParserToolInfo.abi.json /Users/admin/builder/spi-builder-workspace/.derivedData/Build/Products/Debug-watchos/ArgumentParserToolInfo.swiftmodule/arm64_32-apple-watchos.abi.json
Copy /Users/admin/builder/spi-builder-workspace/.derivedData/Build/Products/Debug-watchos/ArgumentParserToolInfo.swiftmodule/Project/arm64_32-apple-watchos.swiftsourceinfo /Users/admin/builder/spi-builder-workspace/.derivedData/Build/Intermediates.noindex/swift-argument-parser.build/Debug-watchos/ArgumentParserToolInfo-t.build/Objects-normal/arm64_32/ArgumentParserToolInfo.swiftsourceinfo (in target 'ArgumentParserToolInfo' from project 'swift-argument-parser')
cd /Users/admin/builder/spi-builder-workspace/.dependencies/checkouts/swift-argument-parser
builtin-copy -exclude .DS_Store -exclude CVS -exclude .svn -exclude .git -exclude .hg -resolve-src-symlinks -rename /Users/admin/builder/spi-builder-workspace/.derivedData/Build/Intermediates.noindex/swift-argument-parser.build/Debug-watchos/ArgumentParserToolInfo-t.build/Objects-normal/arm64_32/ArgumentParserToolInfo.swiftsourceinfo /Users/admin/builder/spi-builder-workspace/.derivedData/Build/Products/Debug-watchos/ArgumentParserToolInfo.swiftmodule/Project/arm64_32-apple-watchos.swiftsourceinfo
SwiftExplicitDependencyGeneratePcm arm64_32 /Users/admin/builder/spi-builder-workspace/.derivedData/SDKExplicitPrecompiledModules/_Builtin_stdbool-A967K8W8YUYEC9SN52KJ7OO88.pcm
SwiftExplicitDependencyGeneratePcm arm64 /Users/admin/builder/spi-builder-workspace/.derivedData/SDKExplicitPrecompiledModules/_Builtin_stddef-1FU30Y8SWFB7OUUHMJQH5J6FM.pcm
SwiftDriverJobDiscovery normal arm64 Emitting module for ArgumentParserToolInfo (in target 'ArgumentParserToolInfo' from project 'swift-argument-parser')
SwiftDriver\ Compilation\ Requirements ArgumentParserToolInfo normal arm64 com.apple.xcode.tools.swift.compiler (in target 'ArgumentParserToolInfo' from project 'swift-argument-parser')
cd /Users/admin/builder/spi-builder-workspace/.swiftpm/xcode
builtin-Swift-Compilation-Requirements -- /Applications/Xcode-27.0.0-Release.Candidate.app/Contents/Developer/Toolchains/XcodeDefault.xctoolchain/usr/bin/swiftc -parse-as-library -module-name ArgumentParserToolInfo -Onone @/Users/admin/builder/spi-builder-workspace/.derivedData/Build/Intermediates.noindex/swift-argument-parser.build/Debug-watchos/ArgumentParserToolInfo-t.build/Objects-normal/arm64/ArgumentParserToolInfo.SwiftFileList -DSWIFT_PACKAGE -DDEBUG -DSWIFT_MODULE_RESOURCE_BUNDLE_UNAVAILABLE -DXcode -plugin-path /Applications/Xcode-27.0.0-Release.Candidate.app/Contents/Developer/Toolchains/XcodeDefault.xctoolchain/usr/lib/swift/host/plugins/testing -enable-experimental-feature DebugDescriptionMacro -sdk /Applications/Xcode-27.0.0-Release.Candidate.app/Contents/Developer/Platforms/WatchOS.platform/Developer/SDKs/WatchOS27.0.sdk -target arm64-apple-watchos9.0 -g -module-cache-path /Users/admin/builder/spi-builder-workspace/.derivedData/ModuleCache.noindex -Xfrontend -serialize-debugging-options -profile-coverage-mapping -profile-generate -enable-testing -suppress-warnings -index-store-path /Users/admin/builder/spi-builder-workspace/.derivedData/Index.noindex/DataStore -Xcc -D_LIBCPP_HARDENING_MODE\=_LIBCPP_HARDENING_MODE_DEBUG -swift-version 6 -I /Users/admin/builder/spi-builder-workspace/.derivedData/Build/Products/Debug-watchos -Isystem /Applications/Xcode-27.0.0-Release.Candidate.app/Contents/Developer/Platforms/WatchOS.platform/Developer/usr/lib -F /Users/admin/builder/spi-builder-workspace/.derivedData/Build/Products/Debug-watchos -F /Applications/Xcode-27.0.0-Release.Candidate.app/Contents/Developer/Platforms/WatchOS.platform/Developer/Library/Frameworks -F /Applications/Xcode-27.0.0-Release.Candidate.app/Contents/Developer/Platforms/WatchOS.platform/Developer/SDKs/WatchOS27.0.sdk/Developer/Library/Frameworks -c -j10 -enable-batch-mode -incremental -Xcc -ivfsstatcache -Xcc /Users/admin/builder/spi-builder-workspace/.derivedData/SDKStatCaches.noindex/watchos27.0-24R360-e829b21a6f8c9b70876ba0858053c04477534ef55a1706bf4c1112bbb242f0a2.sdkstatcache -output-file-map /Users/admin/builder/spi-builder-workspace/.derivedData/Build/Intermediates.noindex/swift-argument-parser.build/Debug-watchos/ArgumentParserToolInfo-t.build/Objects-normal/arm64/ArgumentParserToolInfo-OutputFileMap.json -save-temps -no-color-diagnostics -explicit-module-build -module-cache-path /Users/admin/builder/spi-builder-workspace/.derivedData/Build/Intermediates.noindex/SwiftExplicitPrecompiledModules -clang-scanner-module-cache-path /Users/admin/builder/spi-builder-workspace/.derivedData/ModuleCache.noindex -sdk-module-cache-path /Users/admin/builder/spi-builder-workspace/.derivedData/SDKExplicitPrecompiledModules -emit-dependencies -emit-module -emit-module-path /Users/admin/builder/spi-builder-workspace/.derivedData/Build/Intermediates.noindex/swift-argument-parser.build/Debug-watchos/ArgumentParserToolInfo-t.build/Objects-normal/arm64/ArgumentParserToolInfo.swiftmodule -serialize-diagnostics -dependency-scan-serialize-diagnostics-path /Users/admin/builder/spi-builder-workspace/.derivedData/Build/Intermediates.noindex/swift-argument-parser.build/Debug-watchos/ArgumentParserToolInfo-t.build/Objects-normal/arm64/ArgumentParserToolInfo-dependency-scan.dia -user-module-version 1.8.2 -validate-clang-modules-once -clang-build-session-file /Users/admin/builder/spi-builder-workspace/.derivedData/ModuleCache.noindex/Session.modulevalidation -Xcc -fmodules-prune-interval\=86400 -Xcc -fmodules-prune-after\=345600 -package-name swift_argument_parser -emit-const-values -const-gather-protocols-list /Users/admin/builder/spi-builder-workspace/.derivedData/Build/Intermediates.noindex/swift-argument-parser.build/Debug-watchos/ArgumentParserToolInfo-t.build/Objects-normal/arm64/ArgumentParserToolInfo_const_extract_protocols.json -Xcc -I/Users/admin/builder/spi-builder-workspace/.derivedData/Build/Products/Debug-watchos/include -Xcc -I/Users/admin/builder/spi-builder-workspace/.derivedData/Build/Intermediates.noindex/swift-argument-parser.build/Debug-watchos/ArgumentParserToolInfo-t.build/DerivedSources-normal/arm64 -Xcc -I/Users/admin/builder/spi-builder-workspace/.derivedData/Build/Intermediates.noindex/swift-argument-parser.build/Debug-watchos/ArgumentParserToolInfo-t.build/DerivedSources/arm64 -Xcc -I/Users/admin/builder/spi-builder-workspace/.derivedData/Build/Intermediates.noindex/swift-argument-parser.build/Debug-watchos/ArgumentParserToolInfo-t.build/DerivedSources -Xcc -DSWIFT_PACKAGE -Xcc -DDEBUG\=1 -emit-objc-header -emit-objc-header-path /Users/admin/builder/spi-builder-workspace/.derivedData/Build/Intermediates.noindex/swift-argument-parser.build/Debug-watchos/ArgumentParserToolInfo-t.build/Objects-normal/arm64/ArgumentParserToolInfo-Swift.h -working-directory /Users/admin/builder/spi-builder-workspace/.swiftpm/xcode -experimental-emit-module-separately -disable-cmo
SwiftExplicitDependencyGeneratePcm arm64 /Users/admin/builder/spi-builder-workspace/.derivedData/SDKExplicitPrecompiledModules/_AvailabilityInternal-BUNV3UXM65NT37THI4W1AM0SF.pcm
SwiftMergeGeneratedHeaders /Users/admin/builder/spi-builder-workspace/.derivedData/Build/Intermediates.noindex/GeneratedModuleMaps-watchos/ArgumentParserToolInfo-Swift.h /Users/admin/builder/spi-builder-workspace/.derivedData/Build/Intermediates.noindex/swift-argument-parser.build/Debug-watchos/ArgumentParserToolInfo-t.build/Objects-normal/arm64/ArgumentParserToolInfo-Swift.h /Users/admin/builder/spi-builder-workspace/.derivedData/Build/Intermediates.noindex/swift-argument-parser.build/Debug-watchos/ArgumentParserToolInfo-t.build/Objects-normal/arm64_32/ArgumentParserToolInfo-Swift.h (in target 'ArgumentParserToolInfo' from project 'swift-argument-parser')
cd /Users/admin/builder/spi-builder-workspace/.dependencies/checkouts/swift-argument-parser
builtin-swiftHeaderTool -arch arm64 /Users/admin/builder/spi-builder-workspace/.derivedData/Build/Intermediates.noindex/swift-argument-parser.build/Debug-watchos/ArgumentParserToolInfo-t.build/Objects-normal/arm64/ArgumentParserToolInfo-Swift.h -arch arm64_32 /Users/admin/builder/spi-builder-workspace/.derivedData/Build/Intermediates.noindex/swift-argument-parser.build/Debug-watchos/ArgumentParserToolInfo-t.build/Objects-normal/arm64_32/ArgumentParserToolInfo-Swift.h -o /Users/admin/builder/spi-builder-workspace/.derivedData/Build/Intermediates.noindex/GeneratedModuleMaps-watchos/ArgumentParserToolInfo-Swift.h
Copy /Users/admin/builder/spi-builder-workspace/.derivedData/Build/Products/Debug-watchos/ArgumentParserToolInfo.swiftmodule/arm64-apple-watchos.swiftmodule /Users/admin/builder/spi-builder-workspace/.derivedData/Build/Intermediates.noindex/swift-argument-parser.build/Debug-watchos/ArgumentParserToolInfo-t.build/Objects-normal/arm64/ArgumentParserToolInfo.swiftmodule (in target 'ArgumentParserToolInfo' from project 'swift-argument-parser')
cd /Users/admin/builder/spi-builder-workspace/.dependencies/checkouts/swift-argument-parser
builtin-copy -exclude .DS_Store -exclude CVS -exclude .svn -exclude .git -exclude .hg -resolve-src-symlinks -rename /Users/admin/builder/spi-builder-workspace/.derivedData/Build/Intermediates.noindex/swift-argument-parser.build/Debug-watchos/ArgumentParserToolInfo-t.build/Objects-normal/arm64/ArgumentParserToolInfo.swiftmodule /Users/admin/builder/spi-builder-workspace/.derivedData/Build/Products/Debug-watchos/ArgumentParserToolInfo.swiftmodule/arm64-apple-watchos.swiftmodule
Copy /Users/admin/builder/spi-builder-workspace/.derivedData/Build/Products/Debug-watchos/ArgumentParserToolInfo.swiftmodule/arm64-apple-watchos.swiftdoc /Users/admin/builder/spi-builder-workspace/.derivedData/Build/Intermediates.noindex/swift-argument-parser.build/Debug-watchos/ArgumentParserToolInfo-t.build/Objects-normal/arm64/ArgumentParserToolInfo.swiftdoc (in target 'ArgumentParserToolInfo' from project 'swift-argument-parser')
cd /Users/admin/builder/spi-builder-workspace/.dependencies/checkouts/swift-argument-parser
builtin-copy -exclude .DS_Store -exclude CVS -exclude .svn -exclude .git -exclude .hg -resolve-src-symlinks -rename /Users/admin/builder/spi-builder-workspace/.derivedData/Build/Intermediates.noindex/swift-argument-parser.build/Debug-watchos/ArgumentParserToolInfo-t.build/Objects-normal/arm64/ArgumentParserToolInfo.swiftdoc /Users/admin/builder/spi-builder-workspace/.derivedData/Build/Products/Debug-watchos/ArgumentParserToolInfo.swiftmodule/arm64-apple-watchos.swiftdoc
Copy /Users/admin/builder/spi-builder-workspace/.derivedData/Build/Products/Debug-watchos/ArgumentParserToolInfo.swiftmodule/arm64-apple-watchos.abi.json /Users/admin/builder/spi-builder-workspace/.derivedData/Build/Intermediates.noindex/swift-argument-parser.build/Debug-watchos/ArgumentParserToolInfo-t.build/Objects-normal/arm64/ArgumentParserToolInfo.abi.json (in target 'ArgumentParserToolInfo' from project 'swift-argument-parser')
cd /Users/admin/builder/spi-builder-workspace/.dependencies/checkouts/swift-argument-parser
builtin-copy -exclude .DS_Store -exclude CVS -exclude .svn -exclude .git -exclude .hg -resolve-src-symlinks -rename /Users/admin/builder/spi-builder-workspace/.derivedData/Build/Intermediates.noindex/swift-argument-parser.build/Debug-watchos/ArgumentParserToolInfo-t.build/Objects-normal/arm64/ArgumentParserToolInfo.abi.json /Users/admin/builder/spi-builder-workspace/.derivedData/Build/Products/Debug-watchos/ArgumentParserToolInfo.swiftmodule/arm64-apple-watchos.abi.json
Copy /Users/admin/builder/spi-builder-workspace/.derivedData/Build/Products/Debug-watchos/ArgumentParserToolInfo.swiftmodule/Project/arm64-apple-watchos.swiftsourceinfo /Users/admin/builder/spi-builder-workspace/.derivedData/Build/Intermediates.noindex/swift-argument-parser.build/Debug-watchos/ArgumentParserToolInfo-t.build/Objects-normal/arm64/ArgumentParserToolInfo.swiftsourceinfo (in target 'ArgumentParserToolInfo' from project 'swift-argument-parser')
cd /Users/admin/builder/spi-builder-workspace/.dependencies/checkouts/swift-argument-parser
builtin-copy -exclude .DS_Store -exclude CVS -exclude .svn -exclude .git -exclude .hg -resolve-src-symlinks -rename /Users/admin/builder/spi-builder-workspace/.derivedData/Build/Intermediates.noindex/swift-argument-parser.build/Debug-watchos/ArgumentParserToolInfo-t.build/Objects-normal/arm64/ArgumentParserToolInfo.swiftsourceinfo /Users/admin/builder/spi-builder-workspace/.derivedData/Build/Products/Debug-watchos/ArgumentParserToolInfo.swiftmodule/Project/arm64-apple-watchos.swiftsourceinfo
SwiftExplicitDependencyGeneratePcm arm64_32 /Users/admin/builder/spi-builder-workspace/.derivedData/SDKExplicitPrecompiledModules/_AvailabilityInternal-244WAN3Z1QBT7PIA64EZEFY1R.pcm
SwiftExplicitDependencyGeneratePcm arm64_32 /Users/admin/builder/spi-builder-workspace/.derivedData/SDKExplicitPrecompiledModules/_SwiftConcurrencyShims-6RTBPQ03V7BM9SPRK8SUE055H.pcm
SwiftExplicitDependencyGeneratePcm arm64_32 /Users/admin/builder/spi-builder-workspace/.derivedData/SDKExplicitPrecompiledModules/_Builtin_stdarg-D305JG44A2WPI6CJY37X3QJE8.pcm
SwiftExplicitDependencyGeneratePcm arm64 /Users/admin/builder/spi-builder-workspace/.derivedData/SDKExplicitPrecompiledModules/ptrauth-3TZ9WJCGLYD25HQPWH4968ONX.pcm
SwiftExplicitDependencyGeneratePcm arm64 /Users/admin/builder/spi-builder-workspace/.derivedData/SDKExplicitPrecompiledModules/_Builtin_stdbool-83J96QSOFE9VX04AAS6310UAE.pcm
SwiftExplicitDependencyGeneratePcm arm64 /Users/admin/builder/spi-builder-workspace/.derivedData/SDKExplicitPrecompiledModules/_Builtin_float-C0CW5Q4HGBQYKE77TC42IAFB5.pcm
SwiftExplicitDependencyGeneratePcm arm64 /Users/admin/builder/spi-builder-workspace/.derivedData/SDKExplicitPrecompiledModules/SwiftShims-4MXFZPV6FEB0XBYXCGPWAMQGL.pcm
SwiftExplicitDependencyGeneratePcm arm64_32 /Users/admin/builder/spi-builder-workspace/.derivedData/SDKExplicitPrecompiledModules/SwiftShims-9CQQGWTSNTN9EB5NSHDWUJICH.pcm
SwiftExplicitDependencyGeneratePcm arm64 /Users/admin/builder/spi-builder-workspace/.derivedData/SDKExplicitPrecompiledModules/ptrcheck-AIF0NDOYZ8ORBNHQAQR5NNB8M.pcm
SwiftExplicitDependencyGeneratePcm arm64 /Users/admin/builder/spi-builder-workspace/.derivedData/SDKExplicitPrecompiledModules/_Builtin_stdarg-A7UU8LE6MP85SM26YO7PBZNUQ.pcm
SwiftExplicitDependencyGeneratePcm arm64 /Users/admin/builder/spi-builder-workspace/.derivedData/SDKExplicitPrecompiledModules/_SwiftConcurrencyShims-659N52XSKR5F0QSB880BH2FJR.pcm
SwiftExplicitDependencyGeneratePcm arm64_32 /Users/admin/builder/spi-builder-workspace/.derivedData/SDKExplicitPrecompiledModules/_Builtin_float-6KO8O3PEWRCA4WC6PPLOYO6WJ.pcm
SwiftExplicitDependencyGeneratePcm arm64_32 /Users/admin/builder/spi-builder-workspace/.derivedData/SDKExplicitPrecompiledModules/_Builtin_stddef-H44EFHQX6XSS5MZ7QP6YJZ76.pcm
SwiftExplicitDependencyGeneratePcm arm64_32 /Users/admin/builder/spi-builder-workspace/.derivedData/SDKExplicitPrecompiledModules/ptrcheck-7ELIH9BTIGVKX3UBITM9N72WD.pcm
CompileC /Users/admin/builder/spi-builder-workspace/.derivedData/Build/Intermediates.noindex/IndexStoreDB.build/Debug-watchos/IndexStoreDB_Support-t.build/Objects-normal/arm64/Logging-NonMac.o /Users/admin/builder/spi-builder-workspace/.dependencies/checkouts/indexstore-db/lib/Support/Logging-NonMac.cpp normal arm64 c++ com.apple.compilers.llvm.clang.1_0.compiler (in target 'IndexStoreDB_Support' from project 'IndexStoreDB')
cd /Users/admin/builder/spi-builder-workspace/.swiftpm/xcode
Using response file: /Users/admin/builder/spi-builder-workspace/.derivedData/Build/Intermediates.noindex/IndexStoreDB.build/Debug-watchos/IndexStoreDB_Support-t.build/Objects-normal/arm64/82b82416624d2658e5098eb0a28c15c5-common-args.resp
/Applications/Xcode-27.0.0-Release.Candidate.app/Contents/Developer/Toolchains/XcodeDefault.xctoolchain/usr/bin/clang -x c++ -ivfsstatcache /Users/admin/builder/spi-builder-workspace/.derivedData/SDKStatCaches.noindex/watchos27.0-24R360-e829b21a6f8c9b70876ba0858053c04477534ef55a1706bf4c1112bbb242f0a2.sdkstatcache -target arm64-apple-watchos9.0 -fmessage-length\=0 -fdiagnostics-show-note-include-stack -fmacro-backtrace-limit\=0 -fno-color-diagnostics -fmodules-prune-interval\=86400 -fmodules-prune-after\=345600 -fbuild-session-file\=/Users/admin/builder/spi-builder-workspace/.derivedData/ModuleCache.noindex/Session.modulevalidation -fmodules-validate-once-per-build-session -Wnon-modular-include-in-framework-module -Werror\=non-modular-include-in-framework-module -Wno-trigraphs -Wno-missing-field-initializers -Wno-missing-prototypes -Wno-return-type -Wno-non-virtual-dtor -Wno-overloaded-virtual -Wno-exit-time-destructors -Wno-missing-braces -Wparentheses -Wswitch -Wno-unused-function -Wno-unused-label -Wno-unused-parameter -Wno-unused-variable -Wunused-value -Wno-empty-body -Wno-uninitialized -Wno-unknown-pragmas -w -Wno-shadow -Wno-four-char-constants -Wno-conversion -Wno-constant-conversion -Wno-int-conversion -Wno-bool-conversion -Wno-enum-conversion -Wno-float-conversion -Wno-non-literal-null-conversion -Wno-objc-literal-conversion -Wshorten-64-to-32 -Wno-newline-eof -Wno-c++11-extensions -Wno-implicit-fallthrough -isysroot /Applications/Xcode-27.0.0-Release.Candidate.app/Contents/Developer/Platforms/WatchOS.platform/Developer/SDKs/WatchOS27.0.sdk -fstrict-aliasing -Wdeprecated-declarations -Winvalid-offsetof -Wno-sign-conversion -Wno-infinite-recursion -Wno-move -Wno-comma -Wno-block-capture-autoreleasing -Wno-strict-prototypes -Wno-range-loop-analysis -Wno-semicolon-before-method-body -index-store-path /Users/admin/builder/spi-builder-workspace/.derivedData/Index.noindex/DataStore @/Users/admin/builder/spi-builder-workspace/.derivedData/Build/Intermediates.noindex/IndexStoreDB.build/Debug-watchos/IndexStoreDB_Support-t.build/Objects-normal/arm64/82b82416624d2658e5098eb0a28c15c5-common-args.resp -MMD -MT dependencies -MF /Users/admin/builder/spi-builder-workspace/.derivedData/Build/Intermediates.noindex/IndexStoreDB.build/Debug-watchos/IndexStoreDB_Support-t.build/Objects-normal/arm64/Logging-NonMac.d --serialize-diagnostics /Users/admin/builder/spi-builder-workspace/.derivedData/Build/Intermediates.noindex/IndexStoreDB.build/Debug-watchos/IndexStoreDB_Support-t.build/Objects-normal/arm64/Logging-NonMac.dia -c /Users/admin/builder/spi-builder-workspace/.dependencies/checkouts/indexstore-db/lib/Support/Logging-NonMac.cpp -o /Users/admin/builder/spi-builder-workspace/.derivedData/Build/Intermediates.noindex/IndexStoreDB.build/Debug-watchos/IndexStoreDB_Support-t.build/Objects-normal/arm64/Logging-NonMac.o -index-unit-output-path /IndexStoreDB.build/Debug-watchos/IndexStoreDB_Support-t.build/Objects-normal/arm64/Logging-NonMac.o
CompileC /Users/admin/builder/spi-builder-workspace/.derivedData/Build/Intermediates.noindex/IndexStoreDB.build/Debug-watchos/IndexStoreDB_Support-t.build/Objects-normal/arm64/Logging-Mac.o /Users/admin/builder/spi-builder-workspace/.dependencies/checkouts/indexstore-db/lib/Support/Logging-Mac.mm normal arm64 objective-c++ com.apple.compilers.llvm.clang.1_0.compiler (in target 'IndexStoreDB_Support' from project 'IndexStoreDB')
cd /Users/admin/builder/spi-builder-workspace/.swiftpm/xcode
Using response file: /Users/admin/builder/spi-builder-workspace/.derivedData/Build/Intermediates.noindex/IndexStoreDB.build/Debug-watchos/IndexStoreDB_Support-t.build/Objects-normal/arm64/af3fcb34312c57c0f52879cdce924b91-common-args.resp
/Applications/Xcode-27.0.0-Release.Candidate.app/Contents/Developer/Toolchains/XcodeDefault.xctoolchain/usr/bin/clang -x objective-c++ -ivfsstatcache /Users/admin/builder/spi-builder-workspace/.derivedData/SDKStatCaches.noindex/watchos27.0-24R360-e829b21a6f8c9b70876ba0858053c04477534ef55a1706bf4c1112bbb242f0a2.sdkstatcache -target arm64-apple-watchos9.0 -fmessage-length\=0 -fdiagnostics-show-note-include-stack -fmacro-backtrace-limit\=0 -fno-color-diagnostics -fmodules-prune-interval\=86400 -fmodules-prune-after\=345600 -fbuild-session-file\=/Users/admin/builder/spi-builder-workspace/.derivedData/ModuleCache.noindex/Session.modulevalidation -fmodules-validate-once-per-build-session -Wnon-modular-include-in-framework-module -Werror\=non-modular-include-in-framework-module -Wno-trigraphs -Wno-missing-field-initializers -Wno-missing-prototypes -Wno-return-type -Wno-implicit-atomic-properties -Wno-objc-interface-ivars -Wno-arc-repeated-use-of-weak -Wno-non-virtual-dtor -Wno-overloaded-virtual -Wno-exit-time-destructors -Wno-missing-braces -Wparentheses -Wswitch -Wno-unused-function -Wno-unused-label -Wno-unused-parameter -Wno-unused-variable -Wunused-value -Wno-empty-body -Wno-uninitialized -Wno-unknown-pragmas -w -Wno-shadow -Wno-four-char-constants -Wno-conversion -Wno-constant-conversion -Wno-int-conversion -Wno-bool-conversion -Wno-enum-conversion -Wno-float-conversion -Wno-non-literal-null-conversion -Wno-objc-literal-conversion -Wshorten-64-to-32 -Wno-newline-eof -Wno-selector -Wno-strict-selector-match -Wno-undeclared-selector -Wno-deprecated-implementations -Wno-c++11-extensions -Wno-implicit-fallthrough -isysroot /Applications/Xcode-27.0.0-Release.Candidate.app/Contents/Developer/Platforms/WatchOS.platform/Developer/SDKs/WatchOS27.0.sdk -fstrict-aliasing -Wprotocol -Wdeprecated-declarations -Winvalid-offsetof -Wno-sign-conversion -Wno-infinite-recursion -Wno-move -Wno-comma -Wno-block-capture-autoreleasing -Wno-strict-prototypes -Wno-range-loop-analysis -Wno-semicolon-before-method-body -index-store-path /Users/admin/builder/spi-builder-workspace/.derivedData/Index.noindex/DataStore @/Users/admin/builder/spi-builder-workspace/.derivedData/Build/Intermediates.noindex/IndexStoreDB.build/Debug-watchos/IndexStoreDB_Support-t.build/Objects-normal/arm64/af3fcb34312c57c0f52879cdce924b91-common-args.resp -MMD -MT dependencies -MF /Users/admin/builder/spi-builder-workspace/.derivedData/Build/Intermediates.noindex/IndexStoreDB.build/Debug-watchos/IndexStoreDB_Support-t.build/Objects-normal/arm64/Logging-Mac.d --serialize-diagnostics /Users/admin/builder/spi-builder-workspace/.derivedData/Build/Intermediates.noindex/IndexStoreDB.build/Debug-watchos/IndexStoreDB_Support-t.build/Objects-normal/arm64/Logging-Mac.dia -c /Users/admin/builder/spi-builder-workspace/.dependencies/checkouts/indexstore-db/lib/Support/Logging-Mac.mm -o /Users/admin/builder/spi-builder-workspace/.derivedData/Build/Intermediates.noindex/IndexStoreDB.build/Debug-watchos/IndexStoreDB_Support-t.build/Objects-normal/arm64/Logging-Mac.o -index-unit-output-path /IndexStoreDB.build/Debug-watchos/IndexStoreDB_Support-t.build/Objects-normal/arm64/Logging-Mac.o
SwiftExplicitDependencyGeneratePcm arm64 /Users/admin/builder/spi-builder-workspace/.derivedData/SDKExplicitPrecompiledModules/_DarwinFoundation1-7SPX3MD0HMP55E4OLNCPNDQ53.pcm
CompileC /Users/admin/builder/spi-builder-workspace/.derivedData/Build/Intermediates.noindex/IndexStoreDB.build/Debug-watchos/IndexStoreDB_Support-t.build/Objects-normal/arm64/FilePathWatcher.o /Users/admin/builder/spi-builder-workspace/.dependencies/checkouts/indexstore-db/lib/Support/FilePathWatcher.cpp normal arm64 c++ com.apple.compilers.llvm.clang.1_0.compiler (in target 'IndexStoreDB_Support' from project 'IndexStoreDB')
cd /Users/admin/builder/spi-builder-workspace/.swiftpm/xcode
Using response file: /Users/admin/builder/spi-builder-workspace/.derivedData/Build/Intermediates.noindex/IndexStoreDB.build/Debug-watchos/IndexStoreDB_Support-t.build/Objects-normal/arm64/82b82416624d2658e5098eb0a28c15c5-common-args.resp
/Applications/Xcode-27.0.0-Release.Candidate.app/Contents/Developer/Toolchains/XcodeDefault.xctoolchain/usr/bin/clang -x c++ -ivfsstatcache /Users/admin/builder/spi-builder-workspace/.derivedData/SDKStatCaches.noindex/watchos27.0-24R360-e829b21a6f8c9b70876ba0858053c04477534ef55a1706bf4c1112bbb242f0a2.sdkstatcache -target arm64-apple-watchos9.0 -fmessage-length\=0 -fdiagnostics-show-note-include-stack -fmacro-backtrace-limit\=0 -fno-color-diagnostics -fmodules-prune-interval\=86400 -fmodules-prune-after\=345600 -fbuild-session-file\=/Users/admin/builder/spi-builder-workspace/.derivedData/ModuleCache.noindex/Session.modulevalidation -fmodules-validate-once-per-build-session -Wnon-modular-include-in-framework-module -Werror\=non-modular-include-in-framework-module -Wno-trigraphs -Wno-missing-field-initializers -Wno-missing-prototypes -Wno-return-type -Wno-non-virtual-dtor -Wno-overloaded-virtual -Wno-exit-time-destructors -Wno-missing-braces -Wparentheses -Wswitch -Wno-unused-function -Wno-unused-label -Wno-unused-parameter -Wno-unused-variable -Wunused-value -Wno-empty-body -Wno-uninitialized -Wno-unknown-pragmas -w -Wno-shadow -Wno-four-char-constants -Wno-conversion -Wno-constant-conversion -Wno-int-conversion -Wno-bool-conversion -Wno-enum-conversion -Wno-float-conversion -Wno-non-literal-null-conversion -Wno-objc-literal-conversion -Wshorten-64-to-32 -Wno-newline-eof -Wno-c++11-extensions -Wno-implicit-fallthrough -isysroot /Applications/Xcode-27.0.0-Release.Candidate.app/Contents/Developer/Platforms/WatchOS.platform/Developer/SDKs/WatchOS27.0.sdk -fstrict-aliasing -Wdeprecated-declarations -Winvalid-offsetof -Wno-sign-conversion -Wno-infinite-recursion -Wno-move -Wno-comma -Wno-block-capture-autoreleasing -Wno-strict-prototypes -Wno-range-loop-analysis -Wno-semicolon-before-method-body -index-store-path /Users/admin/builder/spi-builder-workspace/.derivedData/Index.noindex/DataStore @/Users/admin/builder/spi-builder-workspace/.derivedData/Build/Intermediates.noindex/IndexStoreDB.build/Debug-watchos/IndexStoreDB_Support-t.build/Objects-normal/arm64/82b82416624d2658e5098eb0a28c15c5-common-args.resp -MMD -MT dependencies -MF /Users/admin/builder/spi-builder-workspace/.derivedData/Build/Intermediates.noindex/IndexStoreDB.build/Debug-watchos/IndexStoreDB_Support-t.build/Objects-normal/arm64/FilePathWatcher.d --serialize-diagnostics /Users/admin/builder/spi-builder-workspace/.derivedData/Build/Intermediates.noindex/IndexStoreDB.build/Debug-watchos/IndexStoreDB_Support-t.build/Objects-normal/arm64/FilePathWatcher.dia -c /Users/admin/builder/spi-builder-workspace/.dependencies/checkouts/indexstore-db/lib/Support/FilePathWatcher.cpp -o /Users/admin/builder/spi-builder-workspace/.derivedData/Build/Intermediates.noindex/IndexStoreDB.build/Debug-watchos/IndexStoreDB_Support-t.build/Objects-normal/arm64/FilePathWatcher.o -index-unit-output-path /IndexStoreDB.build/Debug-watchos/IndexStoreDB_Support-t.build/Objects-normal/arm64/FilePathWatcher.o
CompileC /Users/admin/builder/spi-builder-workspace/.derivedData/Build/Intermediates.noindex/IndexStoreDB.build/Debug-watchos/IndexStoreDB_Support-t.build/Objects-normal/arm64/Concurrency-Mac.o /Users/admin/builder/spi-builder-workspace/.dependencies/checkouts/indexstore-db/lib/Support/Concurrency-Mac.cpp normal arm64 c++ com.apple.compilers.llvm.clang.1_0.compiler (in target 'IndexStoreDB_Support' from project 'IndexStoreDB')
cd /Users/admin/builder/spi-builder-workspace/.swiftpm/xcode
Using response file: /Users/admin/builder/spi-builder-workspace/.derivedData/Build/Intermediates.noindex/IndexStoreDB.build/Debug-watchos/IndexStoreDB_Support-t.build/Objects-normal/arm64/82b82416624d2658e5098eb0a28c15c5-common-args.resp
/Applications/Xcode-27.0.0-Release.Candidate.app/Contents/Developer/Toolchains/XcodeDefault.xctoolchain/usr/bin/clang -x c++ -ivfsstatcache /Users/admin/builder/spi-builder-workspace/.derivedData/SDKStatCaches.noindex/watchos27.0-24R360-e829b21a6f8c9b70876ba0858053c04477534ef55a1706bf4c1112bbb242f0a2.sdkstatcache -target arm64-apple-watchos9.0 -fmessage-length\=0 -fdiagnostics-show-note-include-stack -fmacro-backtrace-limit\=0 -fno-color-diagnostics -fmodules-prune-interval\=86400 -fmodules-prune-after\=345600 -fbuild-session-file\=/Users/admin/builder/spi-builder-workspace/.derivedData/ModuleCache.noindex/Session.modulevalidation -fmodules-validate-once-per-build-session -Wnon-modular-include-in-framework-module -Werror\=non-modular-include-in-framework-module -Wno-trigraphs -Wno-missing-field-initializers -Wno-missing-prototypes -Wno-return-type -Wno-non-virtual-dtor -Wno-overloaded-virtual -Wno-exit-time-destructors -Wno-missing-braces -Wparentheses -Wswitch -Wno-unused-function -Wno-unused-label -Wno-unused-parameter -Wno-unused-variable -Wunused-value -Wno-empty-body -Wno-uninitialized -Wno-unknown-pragmas -w -Wno-shadow -Wno-four-char-constants -Wno-conversion -Wno-constant-conversion -Wno-int-conversion -Wno-bool-conversion -Wno-enum-conversion -Wno-float-conversion -Wno-non-literal-null-conversion -Wno-objc-literal-conversion -Wshorten-64-to-32 -Wno-newline-eof -Wno-c++11-extensions -Wno-implicit-fallthrough -isysroot /Applications/Xcode-27.0.0-Release.Candidate.app/Contents/Developer/Platforms/WatchOS.platform/Developer/SDKs/WatchOS27.0.sdk -fstrict-aliasing -Wdeprecated-declarations -Winvalid-offsetof -Wno-sign-conversion -Wno-infinite-recursion -Wno-move -Wno-comma -Wno-block-capture-autoreleasing -Wno-strict-prototypes -Wno-range-loop-analysis -Wno-semicolon-before-method-body -index-store-path /Users/admin/builder/spi-builder-workspace/.derivedData/Index.noindex/DataStore @/Users/admin/builder/spi-builder-workspace/.derivedData/Build/Intermediates.noindex/IndexStoreDB.build/Debug-watchos/IndexStoreDB_Support-t.build/Objects-normal/arm64/82b82416624d2658e5098eb0a28c15c5-common-args.resp -MMD -MT dependencies -MF /Users/admin/builder/spi-builder-workspace/.derivedData/Build/Intermediates.noindex/IndexStoreDB.build/Debug-watchos/IndexStoreDB_Support-t.build/Objects-normal/arm64/Concurrency-Mac.d --serialize-diagnostics /Users/admin/builder/spi-builder-workspace/.derivedData/Build/Intermediates.noindex/IndexStoreDB.build/Debug-watchos/IndexStoreDB_Support-t.build/Objects-normal/arm64/Concurrency-Mac.dia -c /Users/admin/builder/spi-builder-workspace/.dependencies/checkouts/indexstore-db/lib/Support/Concurrency-Mac.cpp -o /Users/admin/builder/spi-builder-workspace/.derivedData/Build/Intermediates.noindex/IndexStoreDB.build/Debug-watchos/IndexStoreDB_Support-t.build/Objects-normal/arm64/Concurrency-Mac.o -index-unit-output-path /IndexStoreDB.build/Debug-watchos/IndexStoreDB_Support-t.build/Objects-normal/arm64/Concurrency-Mac.o
CompileC /Users/admin/builder/spi-builder-workspace/.derivedData/Build/Intermediates.noindex/IndexStoreDB.build/Debug-watchos/IndexStoreDB_LLVMSupport-t.build/Objects-normal/arm64_32/raw_ostream.o /Users/admin/builder/spi-builder-workspace/.dependencies/checkouts/indexstore-db/lib/LLVMSupport/Support/raw_ostream.cpp normal arm64_32 c++ com.apple.compilers.llvm.clang.1_0.compiler (in target 'IndexStoreDB_LLVMSupport' from project 'IndexStoreDB')
cd /Users/admin/builder/spi-builder-workspace/.swiftpm/xcode
Using response file: /Users/admin/builder/spi-builder-workspace/.derivedData/Build/Intermediates.noindex/IndexStoreDB.build/Debug-watchos/IndexStoreDB_LLVMSupport-t.build/Objects-normal/arm64_32/82b82416624d2658e5098eb0a28c15c5-common-args.resp
/Applications/Xcode-27.0.0-Release.Candidate.app/Contents/Developer/Toolchains/XcodeDefault.xctoolchain/usr/bin/clang -x c++ -ivfsstatcache /Users/admin/builder/spi-builder-workspace/.derivedData/SDKStatCaches.noindex/watchos27.0-24R360-e829b21a6f8c9b70876ba0858053c04477534ef55a1706bf4c1112bbb242f0a2.sdkstatcache -target arm64_32-apple-watchos9.0 -fmessage-length\=0 -fdiagnostics-show-note-include-stack -fmacro-backtrace-limit\=0 -fno-color-diagnostics -fmodules-prune-interval\=86400 -fmodules-prune-after\=345600 -fbuild-session-file\=/Users/admin/builder/spi-builder-workspace/.derivedData/ModuleCache.noindex/Session.modulevalidation -fmodules-validate-once-per-build-session -Wnon-modular-include-in-framework-module -Werror\=non-modular-include-in-framework-module -Wno-trigraphs -Wno-missing-field-initializers -Wno-missing-prototypes -Wno-return-type -Wno-non-virtual-dtor -Wno-overloaded-virtual -Wno-exit-time-destructors -Wno-missing-braces -Wparentheses -Wswitch -Wno-unused-function -Wno-unused-label -Wno-unused-parameter -Wno-unused-variable -Wunused-value -Wno-empty-body -Wno-uninitialized -Wno-unknown-pragmas -w -Wno-shadow -Wno-four-char-constants -Wno-conversion -Wno-constant-conversion -Wno-int-conversion -Wno-bool-conversion -Wno-enum-conversion -Wno-float-conversion -Wno-non-literal-null-conversion -Wno-objc-literal-conversion -Wno-shorten-64-to-32 -Wno-newline-eof -Wno-c++11-extensions -Wno-implicit-fallthrough -isysroot /Applications/Xcode-27.0.0-Release.Candidate.app/Contents/Developer/Platforms/WatchOS.platform/Developer/SDKs/WatchOS27.0.sdk -fstrict-aliasing -Wdeprecated-declarations -Winvalid-offsetof -Wno-sign-conversion -Wno-infinite-recursion -Wno-move -Wno-comma -Wno-block-capture-autoreleasing -Wno-strict-prototypes -Wno-range-loop-analysis -Wno-semicolon-before-method-body -index-store-path /Users/admin/builder/spi-builder-workspace/.derivedData/Index.noindex/DataStore @/Users/admin/builder/spi-builder-workspace/.derivedData/Build/Intermediates.noindex/IndexStoreDB.build/Debug-watchos/IndexStoreDB_LLVMSupport-t.build/Objects-normal/arm64_32/82b82416624d2658e5098eb0a28c15c5-common-args.resp -MMD -MT dependencies -MF /Users/admin/builder/spi-builder-workspace/.derivedData/Build/Intermediates.noindex/IndexStoreDB.build/Debug-watchos/IndexStoreDB_LLVMSupport-t.build/Objects-normal/arm64_32/raw_ostream.d --serialize-diagnostics /Users/admin/builder/spi-builder-workspace/.derivedData/Build/Intermediates.noindex/IndexStoreDB.build/Debug-watchos/IndexStoreDB_LLVMSupport-t.build/Objects-normal/arm64_32/raw_ostream.dia -c /Users/admin/builder/spi-builder-workspace/.dependencies/checkouts/indexstore-db/lib/LLVMSupport/Support/raw_ostream.cpp -o /Users/admin/builder/spi-builder-workspace/.derivedData/Build/Intermediates.noindex/IndexStoreDB.build/Debug-watchos/IndexStoreDB_LLVMSupport-t.build/Objects-normal/arm64_32/raw_ostream.o -index-unit-output-path /IndexStoreDB.build/Debug-watchos/IndexStoreDB_LLVMSupport-t.build/Objects-normal/arm64_32/raw_ostream.o
CompileC /Users/admin/builder/spi-builder-workspace/.derivedData/Build/Intermediates.noindex/IndexStoreDB.build/Debug-watchos/IndexStoreDB_LLVMSupport-t.build/Objects-normal/arm64_32/circular_raw_ostream.o /Users/admin/builder/spi-builder-workspace/.dependencies/checkouts/indexstore-db/lib/LLVMSupport/Support/circular_raw_ostream.cpp normal arm64_32 c++ com.apple.compilers.llvm.clang.1_0.compiler (in target 'IndexStoreDB_LLVMSupport' from project 'IndexStoreDB')
cd /Users/admin/builder/spi-builder-workspace/.swiftpm/xcode
Using response file: /Users/admin/builder/spi-builder-workspace/.derivedData/Build/Intermediates.noindex/IndexStoreDB.build/Debug-watchos/IndexStoreDB_LLVMSupport-t.build/Objects-normal/arm64_32/82b82416624d2658e5098eb0a28c15c5-common-args.resp
/Applications/Xcode-27.0.0-Release.Candidate.app/Contents/Developer/Toolchains/XcodeDefault.xctoolchain/usr/bin/clang -x c++ -ivfsstatcache /Users/admin/builder/spi-builder-workspace/.derivedData/SDKStatCaches.noindex/watchos27.0-24R360-e829b21a6f8c9b70876ba0858053c04477534ef55a1706bf4c1112bbb242f0a2.sdkstatcache -target arm64_32-apple-watchos9.0 -fmessage-length\=0 -fdiagnostics-show-note-include-stack -fmacro-backtrace-limit\=0 -fno-color-diagnostics -fmodules-prune-interval\=86400 -fmodules-prune-after\=345600 -fbuild-session-file\=/Users/admin/builder/spi-builder-workspace/.derivedData/ModuleCache.noindex/Session.modulevalidation -fmodules-validate-once-per-build-session -Wnon-modular-include-in-framework-module -Werror\=non-modular-include-in-framework-module -Wno-trigraphs -Wno-missing-field-initializers -Wno-missing-prototypes -Wno-return-type -Wno-non-virtual-dtor -Wno-overloaded-virtual -Wno-exit-time-destructors -Wno-missing-braces -Wparentheses -Wswitch -Wno-unused-function -Wno-unused-label -Wno-unused-parameter -Wno-unused-variable -Wunused-value -Wno-empty-body -Wno-uninitialized -Wno-unknown-pragmas -w -Wno-shadow -Wno-four-char-constants -Wno-conversion -Wno-constant-conversion -Wno-int-conversion -Wno-bool-conversion -Wno-enum-conversion -Wno-float-conversion -Wno-non-literal-null-conversion -Wno-objc-literal-conversion -Wno-shorten-64-to-32 -Wno-newline-eof -Wno-c++11-extensions -Wno-implicit-fallthrough -isysroot /Applications/Xcode-27.0.0-Release.Candidate.app/Contents/Developer/Platforms/WatchOS.platform/Developer/SDKs/WatchOS27.0.sdk -fstrict-aliasing -Wdeprecated-declarations -Winvalid-offsetof -Wno-sign-conversion -Wno-infinite-recursion -Wno-move -Wno-comma -Wno-block-capture-autoreleasing -Wno-strict-prototypes -Wno-range-loop-analysis -Wno-semicolon-before-method-body -index-store-path /Users/admin/builder/spi-builder-workspace/.derivedData/Index.noindex/DataStore @/Users/admin/builder/spi-builder-workspace/.derivedData/Build/Intermediates.noindex/IndexStoreDB.build/Debug-watchos/IndexStoreDB_LLVMSupport-t.build/Objects-normal/arm64_32/82b82416624d2658e5098eb0a28c15c5-common-args.resp -MMD -MT dependencies -MF /Users/admin/builder/spi-builder-workspace/.derivedData/Build/Intermediates.noindex/IndexStoreDB.build/Debug-watchos/IndexStoreDB_LLVMSupport-t.build/Objects-normal/arm64_32/circular_raw_ostream.d --serialize-diagnostics /Users/admin/builder/spi-builder-workspace/.derivedData/Build/Intermediates.noindex/IndexStoreDB.build/Debug-watchos/IndexStoreDB_LLVMSupport-t.build/Objects-normal/arm64_32/circular_raw_ostream.dia -c /Users/admin/builder/spi-builder-workspace/.dependencies/checkouts/indexstore-db/lib/LLVMSupport/Support/circular_raw_ostream.cpp -o /Users/admin/builder/spi-builder-workspace/.derivedData/Build/Intermediates.noindex/IndexStoreDB.build/Debug-watchos/IndexStoreDB_LLVMSupport-t.build/Objects-normal/arm64_32/circular_raw_ostream.o -index-unit-output-path /IndexStoreDB.build/Debug-watchos/IndexStoreDB_LLVMSupport-t.build/Objects-normal/arm64_32/circular_raw_ostream.o
CompileC /Users/admin/builder/spi-builder-workspace/.derivedData/Build/Intermediates.noindex/IndexStoreDB.build/Debug-watchos/IndexStoreDB_LLVMSupport-t.build/Objects-normal/arm64_32/YAMLTraits.o /Users/admin/builder/spi-builder-workspace/.dependencies/checkouts/indexstore-db/lib/LLVMSupport/Support/YAMLTraits.cpp normal arm64_32 c++ com.apple.compilers.llvm.clang.1_0.compiler (in target 'IndexStoreDB_LLVMSupport' from project 'IndexStoreDB')
cd /Users/admin/builder/spi-builder-workspace/.swiftpm/xcode
Using response file: /Users/admin/builder/spi-builder-workspace/.derivedData/Build/Intermediates.noindex/IndexStoreDB.build/Debug-watchos/IndexStoreDB_LLVMSupport-t.build/Objects-normal/arm64_32/82b82416624d2658e5098eb0a28c15c5-common-args.resp
/Applications/Xcode-27.0.0-Release.Candidate.app/Contents/Developer/Toolchains/XcodeDefault.xctoolchain/usr/bin/clang -x c++ -ivfsstatcache /Users/admin/builder/spi-builder-workspace/.derivedData/SDKStatCaches.noindex/watchos27.0-24R360-e829b21a6f8c9b70876ba0858053c04477534ef55a1706bf4c1112bbb242f0a2.sdkstatcache -target arm64_32-apple-watchos9.0 -fmessage-length\=0 -fdiagnostics-show-note-include-stack -fmacro-backtrace-limit\=0 -fno-color-diagnostics -fmodules-prune-interval\=86400 -fmodules-prune-after\=345600 -fbuild-session-file\=/Users/admin/builder/spi-builder-workspace/.derivedData/ModuleCache.noindex/Session.modulevalidation -fmodules-validate-once-per-build-session -Wnon-modular-include-in-framework-module -Werror\=non-modular-include-in-framework-module -Wno-trigraphs -Wno-missing-field-initializers -Wno-missing-prototypes -Wno-return-type -Wno-non-virtual-dtor -Wno-overloaded-virtual -Wno-exit-time-destructors -Wno-missing-braces -Wparentheses -Wswitch -Wno-unused-function -Wno-unused-label -Wno-unused-parameter -Wno-unused-variable -Wunused-value -Wno-empty-body -Wno-uninitialized -Wno-unknown-pragmas -w -Wno-shadow -Wno-four-char-constants -Wno-conversion -Wno-constant-conversion -Wno-int-conversion -Wno-bool-conversion -Wno-enum-conversion -Wno-float-conversion -Wno-non-literal-null-conversion -Wno-objc-literal-conversion -Wno-shorten-64-to-32 -Wno-newline-eof -Wno-c++11-extensions -Wno-implicit-fallthrough -isysroot /Applications/Xcode-27.0.0-Release.Candidate.app/Contents/Developer/Platforms/WatchOS.platform/Developer/SDKs/WatchOS27.0.sdk -fstrict-aliasing -Wdeprecated-declarations -Winvalid-offsetof -Wno-sign-conversion -Wno-infinite-recursion -Wno-move -Wno-comma -Wno-block-capture-autoreleasing -Wno-strict-prototypes -Wno-range-loop-analysis -Wno-semicolon-before-method-body -index-store-path /Users/admin/builder/spi-builder-workspace/.derivedData/Index.noindex/DataStore @/Users/admin/builder/spi-builder-workspace/.derivedData/Build/Intermediates.noindex/IndexStoreDB.build/Debug-watchos/IndexStoreDB_LLVMSupport-t.build/Objects-normal/arm64_32/82b82416624d2658e5098eb0a28c15c5-common-args.resp -MMD -MT dependencies -MF /Users/admin/builder/spi-builder-workspace/.derivedData/Build/Intermediates.noindex/IndexStoreDB.build/Debug-watchos/IndexStoreDB_LLVMSupport-t.build/Objects-normal/arm64_32/YAMLTraits.d --serialize-diagnostics /Users/admin/builder/spi-builder-workspace/.derivedData/Build/Intermediates.noindex/IndexStoreDB.build/Debug-watchos/IndexStoreDB_LLVMSupport-t.build/Objects-normal/arm64_32/YAMLTraits.dia -c /Users/admin/builder/spi-builder-workspace/.dependencies/checkouts/indexstore-db/lib/LLVMSupport/Support/YAMLTraits.cpp -o /Users/admin/builder/spi-builder-workspace/.derivedData/Build/Intermediates.noindex/IndexStoreDB.build/Debug-watchos/IndexStoreDB_LLVMSupport-t.build/Objects-normal/arm64_32/YAMLTraits.o -index-unit-output-path /IndexStoreDB.build/Debug-watchos/IndexStoreDB_LLVMSupport-t.build/Objects-normal/arm64_32/YAMLTraits.o
SwiftExplicitDependencyGeneratePcm arm64_32 /Users/admin/builder/spi-builder-workspace/.derivedData/SDKExplicitPrecompiledModules/_DarwinFoundation1-2GWF9RFMPLQW4PDHS3NARVI3G.pcm
SwiftExplicitDependencyGeneratePcm arm64 /Users/admin/builder/spi-builder-workspace/.derivedData/SDKExplicitPrecompiledModules/_Builtin_limits-9GWPA2B0H20DYUNYHYCWKABJG.pcm
SwiftExplicitDependencyGeneratePcm arm64_32 /Users/admin/builder/spi-builder-workspace/.derivedData/SDKExplicitPrecompiledModules/_Builtin_limits-3VKBU2AFTD65PAJZ5CJ3LHFM2.pcm
PruneExplicitPrecompiledModules /Users/admin/builder/spi-builder-workspace/.derivedData/Build/Intermediates.noindex/ExplicitPrecompiledModules
PruneExplicitPrecompiledModules /Users/admin/builder/spi-builder-workspace/.derivedData/SDKExplicitPrecompiledModules
PruneExplicitPrecompiledModules /Users/admin/builder/spi-builder-workspace/.derivedData/Build/Intermediates.noindex/SwiftExplicitPrecompiledModules
2026-09-22 14:35:18.294 xcodebuild[740:4619] [MT] IDERunDestination: Supported platforms for the buildables in the current scheme is empty.
2026-09-22 14:35:18.440 xcodebuild[740:4619] [MT] IDERunDestination: Supported platforms for the buildables in the current scheme is empty.
** BUILD FAILED **
The following build commands failed:
CompileC /Users/admin/builder/spi-builder-workspace/.derivedData/Build/Intermediates.noindex/IndexStoreDB.build/Debug-watchos/IndexStoreDB_Support-t.build/Objects-normal/arm64_32/FilePathWatcher.o /Users/admin/builder/spi-builder-workspace/.dependencies/checkouts/indexstore-db/lib/Support/FilePathWatcher.cpp normal arm64_32 c++ com.apple.compilers.llvm.clang.1_0.compiler (in target 'IndexStoreDB_Support' from project 'IndexStoreDB')
Building workspace xcresultowners with scheme xcresultowners-Package
(2 failures)
Command line invocation:
/Applications/Xcode-27.0.0-Release.Candidate.app/Contents/Developer/usr/bin/xcodebuild -IDEClonedSourcePackagesDirPathOverride=/Users/admin/builder/spi-builder-workspace/.dependencies -resolvePackageDependencies
Resolve Package Graph
Resolved source packages:
swift-argument-parser: https://github.com/apple/swift-argument-parser.git @ 1.8.2
xcresultowners: /Users/admin/builder/spi-builder-workspace
IndexStoreDB: https://github.com/apple/indexstore-db @ swift-6.1.1-RELEASE (54212fc)
resolved source packages: swift-argument-parser, xcresultowners, IndexStoreDB
2026-09-22 14:35:27.156 xcodebuild[878:5144] [MT] IDERunDestination: Supported platforms for the buildables in the current scheme is empty.
2026-09-22 14:35:27.254 xcodebuild[878:5144] [MT] IDERunDestination: Supported platforms for the buildables in the current scheme is empty.
{
"dependencies" : [
{
"identity" : "swift-argument-parser",
"requirement" : {
"range" : [
{
"lower_bound" : "1.0.0",
"upper_bound" : "2.0.0"
}
]
},
"type" : "sourceControl",
"url" : "https://github.com/apple/swift-argument-parser.git"
},
{
"identity" : "indexstore-db",
"requirement" : {
"revision" : [
"swift-6.1.1-RELEASE"
]
},
"type" : "sourceControl",
"url" : "https://github.com/apple/indexstore-db"
}
],
"manifest_display_name" : "xcresultowners",
"name" : "xcresultowners",
"path" : "/Users/admin/builder/spi-builder-workspace",
"platforms" : [
{
"name" : "macos",
"version" : "13.0"
}
],
"products" : [
{
"name" : "xcresultowners",
"targets" : [
"xcresultowners"
],
"type" : {
"executable" : null
}
},
{
"name" : "XCResultOwnersCore",
"targets" : [
"XCResultOwnersCore"
],
"type" : {
"library" : [
"automatic"
]
}
}
],
"targets" : [
{
"c99name" : "xcresultowners",
"module_type" : "SwiftTarget",
"name" : "xcresultowners",
"path" : "Sources/xcresultowners",
"product_dependencies" : [
"ArgumentParser"
],
"product_memberships" : [
"xcresultowners"
],
"sources" : [
"CLI.swift"
],
"target_dependencies" : [
"XCResultOwnersCore"
],
"type" : "executable"
},
{
"c99name" : "XCResultOwnersCore",
"module_type" : "SwiftTarget",
"name" : "XCResultOwnersCore",
"path" : "Sources/XCResultOwnersCore",
"product_dependencies" : [
"IndexStoreDB"
],
"product_memberships" : [
"xcresultowners",
"XCResultOwnersCore"
],
"sources" : [
"IndexStoreDB+Async.swift",
"IndexStoreDB+Locate.swift",
"OwnedFailure.swift",
"OwnedFile.swift",
"Summary.swift",
"XCResultSummary.swift"
],
"type" : "library"
},
{
"c99name" : "Tests",
"module_type" : "SwiftTarget",
"name" : "Tests",
"path" : "Tests",
"sources" : [
"IgnorePathTests.swift",
"LocateTests.swift",
"ResolveFileOwnerTests.swift",
"TestData.swift"
],
"target_dependencies" : [
"XCResultOwnersCore"
],
"type" : "test"
}
],
"tools_version" : "6.0"
}
{
"workspace" : {
"name" : "xcresultowners",
"schemes" : [
"xcresultowners",
"xcresultowners-Package",
"XCResultOwnersCore"
]
}
}
2026-09-22 14:35:29.475 xcodebuild[894:5258] [MT] IDERunDestination: Supported platforms for the buildables in the current scheme is empty.
2026-09-22 14:35:29.577 xcodebuild[894:5258] [MT] IDERunDestination: Supported platforms for the buildables in the current scheme is empty.
Running build ...
env DEVELOPER_DIR=/Applications/Xcode-27.0.0-Release.Candidate.app xcrun xcodebuild -IDEClonedSourcePackagesDirPathOverride=$PWD/.dependencies -skipMacroValidation -skipPackagePluginValidation -derivedDataPath $PWD/.derivedData build -scheme xcresultowners-Package -destination generic/platform=watchOS
Command line invocation:
/Applications/Xcode-27.0.0-Release.Candidate.app/Contents/Developer/usr/bin/xcodebuild -IDEClonedSourcePackagesDirPathOverride=/Users/admin/builder/spi-builder-workspace/.dependencies -skipMacroValidation -skipPackagePluginValidation -derivedDataPath /Users/admin/builder/spi-builder-workspace/.derivedData build -scheme xcresultowners-Package -destination generic/platform=watchOS
Resolve Package Graph
Resolved source packages:
IndexStoreDB: https://github.com/apple/indexstore-db @ swift-6.1.1-RELEASE (54212fc)
xcresultowners: /Users/admin/builder/spi-builder-workspace
swift-argument-parser: https://github.com/apple/swift-argument-parser.git @ 1.8.2
ComputePackagePrebuildTargetDependencyGraph
Prepare packages
CreateBuildRequest
SendProjectDescription
CreateBuildOperation
ComputeTargetDependencyGraph
note: Building targets in dependency order
note: Target dependency graph (14 targets)
Target 'xcresultowners-product' in project 'xcresultowners'
➜ Explicit dependency on target 'XCResultOwnersCore' in project 'xcresultowners'
➜ Explicit dependency on target 'IndexStoreDB-product' in project 'IndexStoreDB'
➜ Explicit dependency on target 'ArgumentParser-product' in project 'swift-argument-parser'
Target 'ArgumentParser-product' in project 'swift-argument-parser'
➜ Explicit dependency on target 'ArgumentParser' in project 'swift-argument-parser'
➜ Explicit dependency on target 'ArgumentParserToolInfo' in project 'swift-argument-parser'
Target 'ArgumentParser' in project 'swift-argument-parser'
➜ Explicit dependency on target 'ArgumentParserToolInfo' in project 'swift-argument-parser'
Target 'ArgumentParserToolInfo' in project 'swift-argument-parser' (no dependencies)
Target 'XCResultOwnersCore-product' in project 'xcresultowners'
➜ Explicit dependency on target 'XCResultOwnersCore' in project 'xcresultowners'
➜ Explicit dependency on target 'IndexStoreDB-product' in project 'IndexStoreDB'
Target 'XCResultOwnersCore' in project 'xcresultowners'
➜ Explicit dependency on target 'IndexStoreDB-product' in project 'IndexStoreDB'
Target 'IndexStoreDB-product' in project 'IndexStoreDB'
➜ Explicit dependency on target 'IndexStoreDB' in project 'IndexStoreDB'
➜ Explicit dependency on target 'IndexStoreDB_LLVMSupport' in project 'IndexStoreDB'
➜ Explicit dependency on target 'IndexStoreDB_Support' in project 'IndexStoreDB'
➜ Explicit dependency on target 'IndexStoreDB_Core' in project 'IndexStoreDB'
➜ Explicit dependency on target 'IndexStoreDB_Database' in project 'IndexStoreDB'
➜ Explicit dependency on target 'IndexStoreDB_Index' in project 'IndexStoreDB'
➜ Explicit dependency on target 'IndexStoreDB_CIndexStoreDB' in project 'IndexStoreDB'
Target 'IndexStoreDB' in project 'IndexStoreDB'
➜ Explicit dependency on target 'IndexStoreDB_LLVMSupport' in project 'IndexStoreDB'
➜ Explicit dependency on target 'IndexStoreDB_Support' in project 'IndexStoreDB'
➜ Explicit dependency on target 'IndexStoreDB_Core' in project 'IndexStoreDB'
➜ Explicit dependency on target 'IndexStoreDB_Database' in project 'IndexStoreDB'
➜ Explicit dependency on target 'IndexStoreDB_Index' in project 'IndexStoreDB'
➜ Explicit dependency on target 'IndexStoreDB_CIndexStoreDB' in project 'IndexStoreDB'
Target 'IndexStoreDB_CIndexStoreDB' in project 'IndexStoreDB'
➜ Explicit dependency on target 'IndexStoreDB_LLVMSupport' in project 'IndexStoreDB'
➜ Explicit dependency on target 'IndexStoreDB_Support' in project 'IndexStoreDB'
➜ Explicit dependency on target 'IndexStoreDB_Core' in project 'IndexStoreDB'
➜ Explicit dependency on target 'IndexStoreDB_Database' in project 'IndexStoreDB'
➜ Explicit dependency on target 'IndexStoreDB_Index' in project 'IndexStoreDB'
Target 'IndexStoreDB_Index' in project 'IndexStoreDB'
➜ Explicit dependency on target 'IndexStoreDB_LLVMSupport' in project 'IndexStoreDB'
➜ Explicit dependency on target 'IndexStoreDB_Support' in project 'IndexStoreDB'
➜ Explicit dependency on target 'IndexStoreDB_Core' in project 'IndexStoreDB'
➜ Explicit dependency on target 'IndexStoreDB_Database' in project 'IndexStoreDB'
Target 'IndexStoreDB_Database' in project 'IndexStoreDB'
➜ Explicit dependency on target 'IndexStoreDB_LLVMSupport' in project 'IndexStoreDB'
➜ Explicit dependency on target 'IndexStoreDB_Support' in project 'IndexStoreDB'
➜ Explicit dependency on target 'IndexStoreDB_Core' in project 'IndexStoreDB'
Target 'IndexStoreDB_Core' in project 'IndexStoreDB'
➜ Explicit dependency on target 'IndexStoreDB_LLVMSupport' in project 'IndexStoreDB'
➜ Explicit dependency on target 'IndexStoreDB_Support' in project 'IndexStoreDB'
Target 'IndexStoreDB_Support' in project 'IndexStoreDB'
➜ Explicit dependency on target 'IndexStoreDB_LLVMSupport' in project 'IndexStoreDB'
Target 'IndexStoreDB_LLVMSupport' in project 'IndexStoreDB' (no dependencies)
GatherProvisioningInputs
CreateBuildDescription
ClangStatCache /Applications/Xcode-27.0.0-Release.Candidate.app/Contents/Developer/Toolchains/XcodeDefault.xctoolchain/usr/bin/clang-stat-cache /Applications/Xcode-27.0.0-Release.Candidate.app/Contents/Developer/Platforms/WatchOS.platform/Developer/SDKs/WatchOS27.0.sdk /Users/admin/builder/spi-builder-workspace/.derivedData/SDKStatCaches.noindex/watchos27.0-24R360-e829b21a6f8c9b70876ba0858053c04477534ef55a1706bf4c1112bbb242f0a2.sdkstatcache
cd /Users/admin/builder/spi-builder-workspace/.swiftpm/xcode
/Applications/Xcode-27.0.0-Release.Candidate.app/Contents/Developer/Toolchains/XcodeDefault.xctoolchain/usr/bin/clang-stat-cache /Applications/Xcode-27.0.0-Release.Candidate.app/Contents/Developer/Platforms/WatchOS.platform/Developer/SDKs/WatchOS27.0.sdk -o /Users/admin/builder/spi-builder-workspace/.derivedData/SDKStatCaches.noindex/watchos27.0-24R360-e829b21a6f8c9b70876ba0858053c04477534ef55a1706bf4c1112bbb242f0a2.sdkstatcache
CompileC /Users/admin/builder/spi-builder-workspace/.derivedData/Build/Intermediates.noindex/IndexStoreDB.build/Debug-watchos/IndexStoreDB_Index-t.build/Objects-normal/arm64/StoreSymbolRecord.o /Users/admin/builder/spi-builder-workspace/.dependencies/checkouts/indexstore-db/lib/Index/StoreSymbolRecord.cpp normal arm64 c++ com.apple.compilers.llvm.clang.1_0.compiler (in target 'IndexStoreDB_Index' from project 'IndexStoreDB')
cd /Users/admin/builder/spi-builder-workspace/.swiftpm/xcode
Using response file: /Users/admin/builder/spi-builder-workspace/.derivedData/Build/Intermediates.noindex/IndexStoreDB.build/Debug-watchos/IndexStoreDB_Index-t.build/Objects-normal/arm64/82b82416624d2658e5098eb0a28c15c5-common-args.resp
/Applications/Xcode-27.0.0-Release.Candidate.app/Contents/Developer/Toolchains/XcodeDefault.xctoolchain/usr/bin/clang -x c++ -ivfsstatcache /Users/admin/builder/spi-builder-workspace/.derivedData/SDKStatCaches.noindex/watchos27.0-24R360-e829b21a6f8c9b70876ba0858053c04477534ef55a1706bf4c1112bbb242f0a2.sdkstatcache -target arm64-apple-watchos9.0 -fmessage-length\=0 -fdiagnostics-show-note-include-stack -fmacro-backtrace-limit\=0 -fno-color-diagnostics -fmodules-prune-interval\=86400 -fmodules-prune-after\=345600 -fbuild-session-file\=/Users/admin/builder/spi-builder-workspace/.derivedData/ModuleCache.noindex/Session.modulevalidation -fmodules-validate-once-per-build-session -Wnon-modular-include-in-framework-module -Werror\=non-modular-include-in-framework-module -Wno-trigraphs -Wno-missing-field-initializers -Wno-missing-prototypes -Wno-return-type -Wno-non-virtual-dtor -Wno-overloaded-virtual -Wno-exit-time-destructors -Wno-missing-braces -Wparentheses -Wswitch -Wno-unused-function -Wno-unused-label -Wno-unused-parameter -Wno-unused-variable -Wunused-value -Wno-empty-body -Wno-uninitialized -Wno-unknown-pragmas -w -Wno-shadow -Wno-four-char-constants -Wno-conversion -Wno-constant-conversion -Wno-int-conversion -Wno-bool-conversion -Wno-enum-conversion -Wno-float-conversion -Wno-non-literal-null-conversion -Wno-objc-literal-conversion -Wshorten-64-to-32 -Wno-newline-eof -Wno-c++11-extensions -Wno-implicit-fallthrough -isysroot /Applications/Xcode-27.0.0-Release.Candidate.app/Contents/Developer/Platforms/WatchOS.platform/Developer/SDKs/WatchOS27.0.sdk -fstrict-aliasing -Wdeprecated-declarations -Winvalid-offsetof -Wno-sign-conversion -Wno-infinite-recursion -Wno-move -Wno-comma -Wno-block-capture-autoreleasing -Wno-strict-prototypes -Wno-range-loop-analysis -Wno-semicolon-before-method-body -index-store-path /Users/admin/builder/spi-builder-workspace/.derivedData/Index.noindex/DataStore @/Users/admin/builder/spi-builder-workspace/.derivedData/Build/Intermediates.noindex/IndexStoreDB.build/Debug-watchos/IndexStoreDB_Index-t.build/Objects-normal/arm64/82b82416624d2658e5098eb0a28c15c5-common-args.resp -MMD -MT dependencies -MF /Users/admin/builder/spi-builder-workspace/.derivedData/Build/Intermediates.noindex/IndexStoreDB.build/Debug-watchos/IndexStoreDB_Index-t.build/Objects-normal/arm64/StoreSymbolRecord.d --serialize-diagnostics /Users/admin/builder/spi-builder-workspace/.derivedData/Build/Intermediates.noindex/IndexStoreDB.build/Debug-watchos/IndexStoreDB_Index-t.build/Objects-normal/arm64/StoreSymbolRecord.dia -c /Users/admin/builder/spi-builder-workspace/.dependencies/checkouts/indexstore-db/lib/Index/StoreSymbolRecord.cpp -o /Users/admin/builder/spi-builder-workspace/.derivedData/Build/Intermediates.noindex/IndexStoreDB.build/Debug-watchos/IndexStoreDB_Index-t.build/Objects-normal/arm64/StoreSymbolRecord.o -index-unit-output-path /IndexStoreDB.build/Debug-watchos/IndexStoreDB_Index-t.build/Objects-normal/arm64/StoreSymbolRecord.o
CompileC /Users/admin/builder/spi-builder-workspace/.derivedData/Build/Intermediates.noindex/IndexStoreDB.build/Debug-watchos/IndexStoreDB_Index-t.build/Objects-normal/arm64/IndexStoreLibraryProvider.o /Users/admin/builder/spi-builder-workspace/.dependencies/checkouts/indexstore-db/lib/Index/IndexStoreLibraryProvider.cpp normal arm64 c++ com.apple.compilers.llvm.clang.1_0.compiler (in target 'IndexStoreDB_Index' from project 'IndexStoreDB')
cd /Users/admin/builder/spi-builder-workspace/.swiftpm/xcode
Using response file: /Users/admin/builder/spi-builder-workspace/.derivedData/Build/Intermediates.noindex/IndexStoreDB.build/Debug-watchos/IndexStoreDB_Index-t.build/Objects-normal/arm64/82b82416624d2658e5098eb0a28c15c5-common-args.resp
/Applications/Xcode-27.0.0-Release.Candidate.app/Contents/Developer/Toolchains/XcodeDefault.xctoolchain/usr/bin/clang -x c++ -ivfsstatcache /Users/admin/builder/spi-builder-workspace/.derivedData/SDKStatCaches.noindex/watchos27.0-24R360-e829b21a6f8c9b70876ba0858053c04477534ef55a1706bf4c1112bbb242f0a2.sdkstatcache -target arm64-apple-watchos9.0 -fmessage-length\=0 -fdiagnostics-show-note-include-stack -fmacro-backtrace-limit\=0 -fno-color-diagnostics -fmodules-prune-interval\=86400 -fmodules-prune-after\=345600 -fbuild-session-file\=/Users/admin/builder/spi-builder-workspace/.derivedData/ModuleCache.noindex/Session.modulevalidation -fmodules-validate-once-per-build-session -Wnon-modular-include-in-framework-module -Werror\=non-modular-include-in-framework-module -Wno-trigraphs -Wno-missing-field-initializers -Wno-missing-prototypes -Wno-return-type -Wno-non-virtual-dtor -Wno-overloaded-virtual -Wno-exit-time-destructors -Wno-missing-braces -Wparentheses -Wswitch -Wno-unused-function -Wno-unused-label -Wno-unused-parameter -Wno-unused-variable -Wunused-value -Wno-empty-body -Wno-uninitialized -Wno-unknown-pragmas -w -Wno-shadow -Wno-four-char-constants -Wno-conversion -Wno-constant-conversion -Wno-int-conversion -Wno-bool-conversion -Wno-enum-conversion -Wno-float-conversion -Wno-non-literal-null-conversion -Wno-objc-literal-conversion -Wshorten-64-to-32 -Wno-newline-eof -Wno-c++11-extensions -Wno-implicit-fallthrough -isysroot /Applications/Xcode-27.0.0-Release.Candidate.app/Contents/Developer/Platforms/WatchOS.platform/Developer/SDKs/WatchOS27.0.sdk -fstrict-aliasing -Wdeprecated-declarations -Winvalid-offsetof -Wno-sign-conversion -Wno-infinite-recursion -Wno-move -Wno-comma -Wno-block-capture-autoreleasing -Wno-strict-prototypes -Wno-range-loop-analysis -Wno-semicolon-before-method-body -index-store-path /Users/admin/builder/spi-builder-workspace/.derivedData/Index.noindex/DataStore @/Users/admin/builder/spi-builder-workspace/.derivedData/Build/Intermediates.noindex/IndexStoreDB.build/Debug-watchos/IndexStoreDB_Index-t.build/Objects-normal/arm64/82b82416624d2658e5098eb0a28c15c5-common-args.resp -MMD -MT dependencies -MF /Users/admin/builder/spi-builder-workspace/.derivedData/Build/Intermediates.noindex/IndexStoreDB.build/Debug-watchos/IndexStoreDB_Index-t.build/Objects-normal/arm64/IndexStoreLibraryProvider.d --serialize-diagnostics /Users/admin/builder/spi-builder-workspace/.derivedData/Build/Intermediates.noindex/IndexStoreDB.build/Debug-watchos/IndexStoreDB_Index-t.build/Objects-normal/arm64/IndexStoreLibraryProvider.dia -c /Users/admin/builder/spi-builder-workspace/.dependencies/checkouts/indexstore-db/lib/Index/IndexStoreLibraryProvider.cpp -o /Users/admin/builder/spi-builder-workspace/.derivedData/Build/Intermediates.noindex/IndexStoreDB.build/Debug-watchos/IndexStoreDB_Index-t.build/Objects-normal/arm64/IndexStoreLibraryProvider.o -index-unit-output-path /IndexStoreDB.build/Debug-watchos/IndexStoreDB_Index-t.build/Objects-normal/arm64/IndexStoreLibraryProvider.o
CompileC /Users/admin/builder/spi-builder-workspace/.derivedData/Build/Intermediates.noindex/IndexStoreDB.build/Debug-watchos/IndexStoreDB_Index-t.build/Objects-normal/arm64/IndexSystem.o /Users/admin/builder/spi-builder-workspace/.dependencies/checkouts/indexstore-db/lib/Index/IndexSystem.cpp normal arm64 c++ com.apple.compilers.llvm.clang.1_0.compiler (in target 'IndexStoreDB_Index' from project 'IndexStoreDB')
cd /Users/admin/builder/spi-builder-workspace/.swiftpm/xcode
Using response file: /Users/admin/builder/spi-builder-workspace/.derivedData/Build/Intermediates.noindex/IndexStoreDB.build/Debug-watchos/IndexStoreDB_Index-t.build/Objects-normal/arm64/82b82416624d2658e5098eb0a28c15c5-common-args.resp
/Applications/Xcode-27.0.0-Release.Candidate.app/Contents/Developer/Toolchains/XcodeDefault.xctoolchain/usr/bin/clang -x c++ -ivfsstatcache /Users/admin/builder/spi-builder-workspace/.derivedData/SDKStatCaches.noindex/watchos27.0-24R360-e829b21a6f8c9b70876ba0858053c04477534ef55a1706bf4c1112bbb242f0a2.sdkstatcache -target arm64-apple-watchos9.0 -fmessage-length\=0 -fdiagnostics-show-note-include-stack -fmacro-backtrace-limit\=0 -fno-color-diagnostics -fmodules-prune-interval\=86400 -fmodules-prune-after\=345600 -fbuild-session-file\=/Users/admin/builder/spi-builder-workspace/.derivedData/ModuleCache.noindex/Session.modulevalidation -fmodules-validate-once-per-build-session -Wnon-modular-include-in-framework-module -Werror\=non-modular-include-in-framework-module -Wno-trigraphs -Wno-missing-field-initializers -Wno-missing-prototypes -Wno-return-type -Wno-non-virtual-dtor -Wno-overloaded-virtual -Wno-exit-time-destructors -Wno-missing-braces -Wparentheses -Wswitch -Wno-unused-function -Wno-unused-label -Wno-unused-parameter -Wno-unused-variable -Wunused-value -Wno-empty-body -Wno-uninitialized -Wno-unknown-pragmas -w -Wno-shadow -Wno-four-char-constants -Wno-conversion -Wno-constant-conversion -Wno-int-conversion -Wno-bool-conversion -Wno-enum-conversion -Wno-float-conversion -Wno-non-literal-null-conversion -Wno-objc-literal-conversion -Wshorten-64-to-32 -Wno-newline-eof -Wno-c++11-extensions -Wno-implicit-fallthrough -isysroot /Applications/Xcode-27.0.0-Release.Candidate.app/Contents/Developer/Platforms/WatchOS.platform/Developer/SDKs/WatchOS27.0.sdk -fstrict-aliasing -Wdeprecated-declarations -Winvalid-offsetof -Wno-sign-conversion -Wno-infinite-recursion -Wno-move -Wno-comma -Wno-block-capture-autoreleasing -Wno-strict-prototypes -Wno-range-loop-analysis -Wno-semicolon-before-method-body -index-store-path /Users/admin/builder/spi-builder-workspace/.derivedData/Index.noindex/DataStore @/Users/admin/builder/spi-builder-workspace/.derivedData/Build/Intermediates.noindex/IndexStoreDB.build/Debug-watchos/IndexStoreDB_Index-t.build/Objects-normal/arm64/82b82416624d2658e5098eb0a28c15c5-common-args.resp -MMD -MT dependencies -MF /Users/admin/builder/spi-builder-workspace/.derivedData/Build/Intermediates.noindex/IndexStoreDB.build/Debug-watchos/IndexStoreDB_Index-t.build/Objects-normal/arm64/IndexSystem.d --serialize-diagnostics /Users/admin/builder/spi-builder-workspace/.derivedData/Build/Intermediates.noindex/IndexStoreDB.build/Debug-watchos/IndexStoreDB_Index-t.build/Objects-normal/arm64/IndexSystem.dia -c /Users/admin/builder/spi-builder-workspace/.dependencies/checkouts/indexstore-db/lib/Index/IndexSystem.cpp -o /Users/admin/builder/spi-builder-workspace/.derivedData/Build/Intermediates.noindex/IndexStoreDB.build/Debug-watchos/IndexStoreDB_Index-t.build/Objects-normal/arm64/IndexSystem.o -index-unit-output-path /IndexStoreDB.build/Debug-watchos/IndexStoreDB_Index-t.build/Objects-normal/arm64/IndexSystem.o
CompileC /Users/admin/builder/spi-builder-workspace/.derivedData/Build/Intermediates.noindex/IndexStoreDB.build/Debug-watchos/IndexStoreDB_Index-t.build/Objects-normal/arm64/FileVisibilityChecker.o /Users/admin/builder/spi-builder-workspace/.dependencies/checkouts/indexstore-db/lib/Index/FileVisibilityChecker.cpp normal arm64 c++ com.apple.compilers.llvm.clang.1_0.compiler (in target 'IndexStoreDB_Index' from project 'IndexStoreDB')
cd /Users/admin/builder/spi-builder-workspace/.swiftpm/xcode
Using response file: /Users/admin/builder/spi-builder-workspace/.derivedData/Build/Intermediates.noindex/IndexStoreDB.build/Debug-watchos/IndexStoreDB_Index-t.build/Objects-normal/arm64/82b82416624d2658e5098eb0a28c15c5-common-args.resp
/Applications/Xcode-27.0.0-Release.Candidate.app/Contents/Developer/Toolchains/XcodeDefault.xctoolchain/usr/bin/clang -x c++ -ivfsstatcache /Users/admin/builder/spi-builder-workspace/.derivedData/SDKStatCaches.noindex/watchos27.0-24R360-e829b21a6f8c9b70876ba0858053c04477534ef55a1706bf4c1112bbb242f0a2.sdkstatcache -target arm64-apple-watchos9.0 -fmessage-length\=0 -fdiagnostics-show-note-include-stack -fmacro-backtrace-limit\=0 -fno-color-diagnostics -fmodules-prune-interval\=86400 -fmodules-prune-after\=345600 -fbuild-session-file\=/Users/admin/builder/spi-builder-workspace/.derivedData/ModuleCache.noindex/Session.modulevalidation -fmodules-validate-once-per-build-session -Wnon-modular-include-in-framework-module -Werror\=non-modular-include-in-framework-module -Wno-trigraphs -Wno-missing-field-initializers -Wno-missing-prototypes -Wno-return-type -Wno-non-virtual-dtor -Wno-overloaded-virtual -Wno-exit-time-destructors -Wno-missing-braces -Wparentheses -Wswitch -Wno-unused-function -Wno-unused-label -Wno-unused-parameter -Wno-unused-variable -Wunused-value -Wno-empty-body -Wno-uninitialized -Wno-unknown-pragmas -w -Wno-shadow -Wno-four-char-constants -Wno-conversion -Wno-constant-conversion -Wno-int-conversion -Wno-bool-conversion -Wno-enum-conversion -Wno-float-conversion -Wno-non-literal-null-conversion -Wno-objc-literal-conversion -Wshorten-64-to-32 -Wno-newline-eof -Wno-c++11-extensions -Wno-implicit-fallthrough -isysroot /Applications/Xcode-27.0.0-Release.Candidate.app/Contents/Developer/Platforms/WatchOS.platform/Developer/SDKs/WatchOS27.0.sdk -fstrict-aliasing -Wdeprecated-declarations -Winvalid-offsetof -Wno-sign-conversion -Wno-infinite-recursion -Wno-move -Wno-comma -Wno-block-capture-autoreleasing -Wno-strict-prototypes -Wno-range-loop-analysis -Wno-semicolon-before-method-body -index-store-path /Users/admin/builder/spi-builder-workspace/.derivedData/Index.noindex/DataStore @/Users/admin/builder/spi-builder-workspace/.derivedData/Build/Intermediates.noindex/IndexStoreDB.build/Debug-watchos/IndexStoreDB_Index-t.build/Objects-normal/arm64/82b82416624d2658e5098eb0a28c15c5-common-args.resp -MMD -MT dependencies -MF /Users/admin/builder/spi-builder-workspace/.derivedData/Build/Intermediates.noindex/IndexStoreDB.build/Debug-watchos/IndexStoreDB_Index-t.build/Objects-normal/arm64/FileVisibilityChecker.d --serialize-diagnostics /Users/admin/builder/spi-builder-workspace/.derivedData/Build/Intermediates.noindex/IndexStoreDB.build/Debug-watchos/IndexStoreDB_Index-t.build/Objects-normal/arm64/FileVisibilityChecker.dia -c /Users/admin/builder/spi-builder-workspace/.dependencies/checkouts/indexstore-db/lib/Index/FileVisibilityChecker.cpp -o /Users/admin/builder/spi-builder-workspace/.derivedData/Build/Intermediates.noindex/IndexStoreDB.build/Debug-watchos/IndexStoreDB_Index-t.build/Objects-normal/arm64/FileVisibilityChecker.o -index-unit-output-path /IndexStoreDB.build/Debug-watchos/IndexStoreDB_Index-t.build/Objects-normal/arm64/FileVisibilityChecker.o
CompileC /Users/admin/builder/spi-builder-workspace/.derivedData/Build/Intermediates.noindex/IndexStoreDB.build/Debug-watchos/IndexStoreDB_Index-t.build/Objects-normal/arm64/IndexDatastore.o /Users/admin/builder/spi-builder-workspace/.dependencies/checkouts/indexstore-db/lib/Index/IndexDatastore.cpp normal arm64 c++ com.apple.compilers.llvm.clang.1_0.compiler (in target 'IndexStoreDB_Index' from project 'IndexStoreDB')
cd /Users/admin/builder/spi-builder-workspace/.swiftpm/xcode
Using response file: /Users/admin/builder/spi-builder-workspace/.derivedData/Build/Intermediates.noindex/IndexStoreDB.build/Debug-watchos/IndexStoreDB_Index-t.build/Objects-normal/arm64/82b82416624d2658e5098eb0a28c15c5-common-args.resp
/Applications/Xcode-27.0.0-Release.Candidate.app/Contents/Developer/Toolchains/XcodeDefault.xctoolchain/usr/bin/clang -x c++ -ivfsstatcache /Users/admin/builder/spi-builder-workspace/.derivedData/SDKStatCaches.noindex/watchos27.0-24R360-e829b21a6f8c9b70876ba0858053c04477534ef55a1706bf4c1112bbb242f0a2.sdkstatcache -target arm64-apple-watchos9.0 -fmessage-length\=0 -fdiagnostics-show-note-include-stack -fmacro-backtrace-limit\=0 -fno-color-diagnostics -fmodules-prune-interval\=86400 -fmodules-prune-after\=345600 -fbuild-session-file\=/Users/admin/builder/spi-builder-workspace/.derivedData/ModuleCache.noindex/Session.modulevalidation -fmodules-validate-once-per-build-session -Wnon-modular-include-in-framework-module -Werror\=non-modular-include-in-framework-module -Wno-trigraphs -Wno-missing-field-initializers -Wno-missing-prototypes -Wno-return-type -Wno-non-virtual-dtor -Wno-overloaded-virtual -Wno-exit-time-destructors -Wno-missing-braces -Wparentheses -Wswitch -Wno-unused-function -Wno-unused-label -Wno-unused-parameter -Wno-unused-variable -Wunused-value -Wno-empty-body -Wno-uninitialized -Wno-unknown-pragmas -w -Wno-shadow -Wno-four-char-constants -Wno-conversion -Wno-constant-conversion -Wno-int-conversion -Wno-bool-conversion -Wno-enum-conversion -Wno-float-conversion -Wno-non-literal-null-conversion -Wno-objc-literal-conversion -Wshorten-64-to-32 -Wno-newline-eof -Wno-c++11-extensions -Wno-implicit-fallthrough -isysroot /Applications/Xcode-27.0.0-Release.Candidate.app/Contents/Developer/Platforms/WatchOS.platform/Developer/SDKs/WatchOS27.0.sdk -fstrict-aliasing -Wdeprecated-declarations -Winvalid-offsetof -Wno-sign-conversion -Wno-infinite-recursion -Wno-move -Wno-comma -Wno-block-capture-autoreleasing -Wno-strict-prototypes -Wno-range-loop-analysis -Wno-semicolon-before-method-body -index-store-path /Users/admin/builder/spi-builder-workspace/.derivedData/Index.noindex/DataStore @/Users/admin/builder/spi-builder-workspace/.derivedData/Build/Intermediates.noindex/IndexStoreDB.build/Debug-watchos/IndexStoreDB_Index-t.build/Objects-normal/arm64/82b82416624d2658e5098eb0a28c15c5-common-args.resp -MMD -MT dependencies -MF /Users/admin/builder/spi-builder-workspace/.derivedData/Build/Intermediates.noindex/IndexStoreDB.build/Debug-watchos/IndexStoreDB_Index-t.build/Objects-normal/arm64/IndexDatastore.d --serialize-diagnostics /Users/admin/builder/spi-builder-workspace/.derivedData/Build/Intermediates.noindex/IndexStoreDB.build/Debug-watchos/IndexStoreDB_Index-t.build/Objects-normal/arm64/IndexDatastore.dia -c /Users/admin/builder/spi-builder-workspace/.dependencies/checkouts/indexstore-db/lib/Index/IndexDatastore.cpp -o /Users/admin/builder/spi-builder-workspace/.derivedData/Build/Intermediates.noindex/IndexStoreDB.build/Debug-watchos/IndexStoreDB_Index-t.build/Objects-normal/arm64/IndexDatastore.o -index-unit-output-path /IndexStoreDB.build/Debug-watchos/IndexStoreDB_Index-t.build/Objects-normal/arm64/IndexDatastore.o
CompileC /Users/admin/builder/spi-builder-workspace/.derivedData/Build/Intermediates.noindex/IndexStoreDB.build/Debug-watchos/IndexStoreDB_Database-t.build/Objects-normal/arm64_32/DatabaseError.o /Users/admin/builder/spi-builder-workspace/.dependencies/checkouts/indexstore-db/lib/Database/DatabaseError.cpp normal arm64_32 c++ com.apple.compilers.llvm.clang.1_0.compiler (in target 'IndexStoreDB_Database' from project 'IndexStoreDB')
cd /Users/admin/builder/spi-builder-workspace/.swiftpm/xcode
Using response file: /Users/admin/builder/spi-builder-workspace/.derivedData/Build/Intermediates.noindex/IndexStoreDB.build/Debug-watchos/IndexStoreDB_Database-t.build/Objects-normal/arm64_32/82b82416624d2658e5098eb0a28c15c5-common-args.resp
/Applications/Xcode-27.0.0-Release.Candidate.app/Contents/Developer/Toolchains/XcodeDefault.xctoolchain/usr/bin/clang -x c++ -ivfsstatcache /Users/admin/builder/spi-builder-workspace/.derivedData/SDKStatCaches.noindex/watchos27.0-24R360-e829b21a6f8c9b70876ba0858053c04477534ef55a1706bf4c1112bbb242f0a2.sdkstatcache -target arm64_32-apple-watchos9.0 -fmessage-length\=0 -fdiagnostics-show-note-include-stack -fmacro-backtrace-limit\=0 -fno-color-diagnostics -fmodules-prune-interval\=86400 -fmodules-prune-after\=345600 -fbuild-session-file\=/Users/admin/builder/spi-builder-workspace/.derivedData/ModuleCache.noindex/Session.modulevalidation -fmodules-validate-once-per-build-session -Wnon-modular-include-in-framework-module -Werror\=non-modular-include-in-framework-module -Wno-trigraphs -Wno-missing-field-initializers -Wno-missing-prototypes -Wno-return-type -Wno-non-virtual-dtor -Wno-overloaded-virtual -Wno-exit-time-destructors -Wno-missing-braces -Wparentheses -Wswitch -Wno-unused-function -Wno-unused-label -Wno-unused-parameter -Wno-unused-variable -Wunused-value -Wno-empty-body -Wno-uninitialized -Wno-unknown-pragmas -w -Wno-shadow -Wno-four-char-constants -Wno-conversion -Wno-constant-conversion -Wno-int-conversion -Wno-bool-conversion -Wno-enum-conversion -Wno-float-conversion -Wno-non-literal-null-conversion -Wno-objc-literal-conversion -Wno-shorten-64-to-32 -Wno-newline-eof -Wno-c++11-extensions -Wno-implicit-fallthrough -isysroot /Applications/Xcode-27.0.0-Release.Candidate.app/Contents/Developer/Platforms/WatchOS.platform/Developer/SDKs/WatchOS27.0.sdk -fstrict-aliasing -Wdeprecated-declarations -Winvalid-offsetof -Wno-sign-conversion -Wno-infinite-recursion -Wno-move -Wno-comma -Wno-block-capture-autoreleasing -Wno-strict-prototypes -Wno-range-loop-analysis -Wno-semicolon-before-method-body -index-store-path /Users/admin/builder/spi-builder-workspace/.derivedData/Index.noindex/DataStore @/Users/admin/builder/spi-builder-workspace/.derivedData/Build/Intermediates.noindex/IndexStoreDB.build/Debug-watchos/IndexStoreDB_Database-t.build/Objects-normal/arm64_32/82b82416624d2658e5098eb0a28c15c5-common-args.resp -MMD -MT dependencies -MF /Users/admin/builder/spi-builder-workspace/.derivedData/Build/Intermediates.noindex/IndexStoreDB.build/Debug-watchos/IndexStoreDB_Database-t.build/Objects-normal/arm64_32/DatabaseError.d --serialize-diagnostics /Users/admin/builder/spi-builder-workspace/.derivedData/Build/Intermediates.noindex/IndexStoreDB.build/Debug-watchos/IndexStoreDB_Database-t.build/Objects-normal/arm64_32/DatabaseError.dia -c /Users/admin/builder/spi-builder-workspace/.dependencies/checkouts/indexstore-db/lib/Database/DatabaseError.cpp -o /Users/admin/builder/spi-builder-workspace/.derivedData/Build/Intermediates.noindex/IndexStoreDB.build/Debug-watchos/IndexStoreDB_Database-t.build/Objects-normal/arm64_32/DatabaseError.o -index-unit-output-path /IndexStoreDB.build/Debug-watchos/IndexStoreDB_Database-t.build/Objects-normal/arm64_32/DatabaseError.o
CompileC /Users/admin/builder/spi-builder-workspace/.derivedData/Build/Intermediates.noindex/IndexStoreDB.build/Debug-watchos/IndexStoreDB_Database-t.build/Objects-normal/arm64_32/ImportTransaction.o /Users/admin/builder/spi-builder-workspace/.dependencies/checkouts/indexstore-db/lib/Database/ImportTransaction.cpp normal arm64_32 c++ com.apple.compilers.llvm.clang.1_0.compiler (in target 'IndexStoreDB_Database' from project 'IndexStoreDB')
cd /Users/admin/builder/spi-builder-workspace/.swiftpm/xcode
Using response file: /Users/admin/builder/spi-builder-workspace/.derivedData/Build/Intermediates.noindex/IndexStoreDB.build/Debug-watchos/IndexStoreDB_Database-t.build/Objects-normal/arm64_32/82b82416624d2658e5098eb0a28c15c5-common-args.resp
/Applications/Xcode-27.0.0-Release.Candidate.app/Contents/Developer/Toolchains/XcodeDefault.xctoolchain/usr/bin/clang -x c++ -ivfsstatcache /Users/admin/builder/spi-builder-workspace/.derivedData/SDKStatCaches.noindex/watchos27.0-24R360-e829b21a6f8c9b70876ba0858053c04477534ef55a1706bf4c1112bbb242f0a2.sdkstatcache -target arm64_32-apple-watchos9.0 -fmessage-length\=0 -fdiagnostics-show-note-include-stack -fmacro-backtrace-limit\=0 -fno-color-diagnostics -fmodules-prune-interval\=86400 -fmodules-prune-after\=345600 -fbuild-session-file\=/Users/admin/builder/spi-builder-workspace/.derivedData/ModuleCache.noindex/Session.modulevalidation -fmodules-validate-once-per-build-session -Wnon-modular-include-in-framework-module -Werror\=non-modular-include-in-framework-module -Wno-trigraphs -Wno-missing-field-initializers -Wno-missing-prototypes -Wno-return-type -Wno-non-virtual-dtor -Wno-overloaded-virtual -Wno-exit-time-destructors -Wno-missing-braces -Wparentheses -Wswitch -Wno-unused-function -Wno-unused-label -Wno-unused-parameter -Wno-unused-variable -Wunused-value -Wno-empty-body -Wno-uninitialized -Wno-unknown-pragmas -w -Wno-shadow -Wno-four-char-constants -Wno-conversion -Wno-constant-conversion -Wno-int-conversion -Wno-bool-conversion -Wno-enum-conversion -Wno-float-conversion -Wno-non-literal-null-conversion -Wno-objc-literal-conversion -Wno-shorten-64-to-32 -Wno-newline-eof -Wno-c++11-extensions -Wno-implicit-fallthrough -isysroot /Applications/Xcode-27.0.0-Release.Candidate.app/Contents/Developer/Platforms/WatchOS.platform/Developer/SDKs/WatchOS27.0.sdk -fstrict-aliasing -Wdeprecated-declarations -Winvalid-offsetof -Wno-sign-conversion -Wno-infinite-recursion -Wno-move -Wno-comma -Wno-block-capture-autoreleasing -Wno-strict-prototypes -Wno-range-loop-analysis -Wno-semicolon-before-method-body -index-store-path /Users/admin/builder/spi-builder-workspace/.derivedData/Index.noindex/DataStore @/Users/admin/builder/spi-builder-workspace/.derivedData/Build/Intermediates.noindex/IndexStoreDB.build/Debug-watchos/IndexStoreDB_Database-t.build/Objects-normal/arm64_32/82b82416624d2658e5098eb0a28c15c5-common-args.resp -MMD -MT dependencies -MF /Users/admin/builder/spi-builder-workspace/.derivedData/Build/Intermediates.noindex/IndexStoreDB.build/Debug-watchos/IndexStoreDB_Database-t.build/Objects-normal/arm64_32/ImportTransaction.d --serialize-diagnostics /Users/admin/builder/spi-builder-workspace/.derivedData/Build/Intermediates.noindex/IndexStoreDB.build/Debug-watchos/IndexStoreDB_Database-t.build/Objects-normal/arm64_32/ImportTransaction.dia -c /Users/admin/builder/spi-builder-workspace/.dependencies/checkouts/indexstore-db/lib/Database/ImportTransaction.cpp -o /Users/admin/builder/spi-builder-workspace/.derivedData/Build/Intermediates.noindex/IndexStoreDB.build/Debug-watchos/IndexStoreDB_Database-t.build/Objects-normal/arm64_32/ImportTransaction.o -index-unit-output-path /IndexStoreDB.build/Debug-watchos/IndexStoreDB_Database-t.build/Objects-normal/arm64_32/ImportTransaction.o
CompileC /Users/admin/builder/spi-builder-workspace/.derivedData/Build/Intermediates.noindex/IndexStoreDB.build/Debug-watchos/IndexStoreDB_Index-t.build/Objects-normal/arm64/FilePathIndex.o /Users/admin/builder/spi-builder-workspace/.dependencies/checkouts/indexstore-db/lib/Index/FilePathIndex.cpp normal arm64 c++ com.apple.compilers.llvm.clang.1_0.compiler (in target 'IndexStoreDB_Index' from project 'IndexStoreDB')
cd /Users/admin/builder/spi-builder-workspace/.swiftpm/xcode
Using response file: /Users/admin/builder/spi-builder-workspace/.derivedData/Build/Intermediates.noindex/IndexStoreDB.build/Debug-watchos/IndexStoreDB_Index-t.build/Objects-normal/arm64/82b82416624d2658e5098eb0a28c15c5-common-args.resp
/Applications/Xcode-27.0.0-Release.Candidate.app/Contents/Developer/Toolchains/XcodeDefault.xctoolchain/usr/bin/clang -x c++ -ivfsstatcache /Users/admin/builder/spi-builder-workspace/.derivedData/SDKStatCaches.noindex/watchos27.0-24R360-e829b21a6f8c9b70876ba0858053c04477534ef55a1706bf4c1112bbb242f0a2.sdkstatcache -target arm64-apple-watchos9.0 -fmessage-length\=0 -fdiagnostics-show-note-include-stack -fmacro-backtrace-limit\=0 -fno-color-diagnostics -fmodules-prune-interval\=86400 -fmodules-prune-after\=345600 -fbuild-session-file\=/Users/admin/builder/spi-builder-workspace/.derivedData/ModuleCache.noindex/Session.modulevalidation -fmodules-validate-once-per-build-session -Wnon-modular-include-in-framework-module -Werror\=non-modular-include-in-framework-module -Wno-trigraphs -Wno-missing-field-initializers -Wno-missing-prototypes -Wno-return-type -Wno-non-virtual-dtor -Wno-overloaded-virtual -Wno-exit-time-destructors -Wno-missing-braces -Wparentheses -Wswitch -Wno-unused-function -Wno-unused-label -Wno-unused-parameter -Wno-unused-variable -Wunused-value -Wno-empty-body -Wno-uninitialized -Wno-unknown-pragmas -w -Wno-shadow -Wno-four-char-constants -Wno-conversion -Wno-constant-conversion -Wno-int-conversion -Wno-bool-conversion -Wno-enum-conversion -Wno-float-conversion -Wno-non-literal-null-conversion -Wno-objc-literal-conversion -Wshorten-64-to-32 -Wno-newline-eof -Wno-c++11-extensions -Wno-implicit-fallthrough -isysroot /Applications/Xcode-27.0.0-Release.Candidate.app/Contents/Developer/Platforms/WatchOS.platform/Developer/SDKs/WatchOS27.0.sdk -fstrict-aliasing -Wdeprecated-declarations -Winvalid-offsetof -Wno-sign-conversion -Wno-infinite-recursion -Wno-move -Wno-comma -Wno-block-capture-autoreleasing -Wno-strict-prototypes -Wno-range-loop-analysis -Wno-semicolon-before-method-body -index-store-path /Users/admin/builder/spi-builder-workspace/.derivedData/Index.noindex/DataStore @/Users/admin/builder/spi-builder-workspace/.derivedData/Build/Intermediates.noindex/IndexStoreDB.build/Debug-watchos/IndexStoreDB_Index-t.build/Objects-normal/arm64/82b82416624d2658e5098eb0a28c15c5-common-args.resp -MMD -MT dependencies -MF /Users/admin/builder/spi-builder-workspace/.derivedData/Build/Intermediates.noindex/IndexStoreDB.build/Debug-watchos/IndexStoreDB_Index-t.build/Objects-normal/arm64/FilePathIndex.d --serialize-diagnostics /Users/admin/builder/spi-builder-workspace/.derivedData/Build/Intermediates.noindex/IndexStoreDB.build/Debug-watchos/IndexStoreDB_Index-t.build/Objects-normal/arm64/FilePathIndex.dia -c /Users/admin/builder/spi-builder-workspace/.dependencies/checkouts/indexstore-db/lib/Index/FilePathIndex.cpp -o /Users/admin/builder/spi-builder-workspace/.derivedData/Build/Intermediates.noindex/IndexStoreDB.build/Debug-watchos/IndexStoreDB_Index-t.build/Objects-normal/arm64/FilePathIndex.o -index-unit-output-path /IndexStoreDB.build/Debug-watchos/IndexStoreDB_Index-t.build/Objects-normal/arm64/FilePathIndex.o
CompileC /Users/admin/builder/spi-builder-workspace/.derivedData/Build/Intermediates.noindex/IndexStoreDB.build/Debug-watchos/IndexStoreDB_Database-t.build/Objects-normal/arm64_32/ReadTransaction.o /Users/admin/builder/spi-builder-workspace/.dependencies/checkouts/indexstore-db/lib/Database/ReadTransaction.cpp normal arm64_32 c++ com.apple.compilers.llvm.clang.1_0.compiler (in target 'IndexStoreDB_Database' from project 'IndexStoreDB')
cd /Users/admin/builder/spi-builder-workspace/.swiftpm/xcode
Using response file: /Users/admin/builder/spi-builder-workspace/.derivedData/Build/Intermediates.noindex/IndexStoreDB.build/Debug-watchos/IndexStoreDB_Database-t.build/Objects-normal/arm64_32/82b82416624d2658e5098eb0a28c15c5-common-args.resp
/Applications/Xcode-27.0.0-Release.Candidate.app/Contents/Developer/Toolchains/XcodeDefault.xctoolchain/usr/bin/clang -x c++ -ivfsstatcache /Users/admin/builder/spi-builder-workspace/.derivedData/SDKStatCaches.noindex/watchos27.0-24R360-e829b21a6f8c9b70876ba0858053c04477534ef55a1706bf4c1112bbb242f0a2.sdkstatcache -target arm64_32-apple-watchos9.0 -fmessage-length\=0 -fdiagnostics-show-note-include-stack -fmacro-backtrace-limit\=0 -fno-color-diagnostics -fmodules-prune-interval\=86400 -fmodules-prune-after\=345600 -fbuild-session-file\=/Users/admin/builder/spi-builder-workspace/.derivedData/ModuleCache.noindex/Session.modulevalidation -fmodules-validate-once-per-build-session -Wnon-modular-include-in-framework-module -Werror\=non-modular-include-in-framework-module -Wno-trigraphs -Wno-missing-field-initializers -Wno-missing-prototypes -Wno-return-type -Wno-non-virtual-dtor -Wno-overloaded-virtual -Wno-exit-time-destructors -Wno-missing-braces -Wparentheses -Wswitch -Wno-unused-function -Wno-unused-label -Wno-unused-parameter -Wno-unused-variable -Wunused-value -Wno-empty-body -Wno-uninitialized -Wno-unknown-pragmas -w -Wno-shadow -Wno-four-char-constants -Wno-conversion -Wno-constant-conversion -Wno-int-conversion -Wno-bool-conversion -Wno-enum-conversion -Wno-float-conversion -Wno-non-literal-null-conversion -Wno-objc-literal-conversion -Wno-shorten-64-to-32 -Wno-newline-eof -Wno-c++11-extensions -Wno-implicit-fallthrough -isysroot /Applications/Xcode-27.0.0-Release.Candidate.app/Contents/Developer/Platforms/WatchOS.platform/Developer/SDKs/WatchOS27.0.sdk -fstrict-aliasing -Wdeprecated-declarations -Winvalid-offsetof -Wno-sign-conversion -Wno-infinite-recursion -Wno-move -Wno-comma -Wno-block-capture-autoreleasing -Wno-strict-prototypes -Wno-range-loop-analysis -Wno-semicolon-before-method-body -index-store-path /Users/admin/builder/spi-builder-workspace/.derivedData/Index.noindex/DataStore @/Users/admin/builder/spi-builder-workspace/.derivedData/Build/Intermediates.noindex/IndexStoreDB.build/Debug-watchos/IndexStoreDB_Database-t.build/Objects-normal/arm64_32/82b82416624d2658e5098eb0a28c15c5-common-args.resp -MMD -MT dependencies -MF /Users/admin/builder/spi-builder-workspace/.derivedData/Build/Intermediates.noindex/IndexStoreDB.build/Debug-watchos/IndexStoreDB_Database-t.build/Objects-normal/arm64_32/ReadTransaction.d --serialize-diagnostics /Users/admin/builder/spi-builder-workspace/.derivedData/Build/Intermediates.noindex/IndexStoreDB.build/Debug-watchos/IndexStoreDB_Database-t.build/Objects-normal/arm64_32/ReadTransaction.dia -c /Users/admin/builder/spi-builder-workspace/.dependencies/checkouts/indexstore-db/lib/Database/ReadTransaction.cpp -o /Users/admin/builder/spi-builder-workspace/.derivedData/Build/Intermediates.noindex/IndexStoreDB.build/Debug-watchos/IndexStoreDB_Database-t.build/Objects-normal/arm64_32/ReadTransaction.o -index-unit-output-path /IndexStoreDB.build/Debug-watchos/IndexStoreDB_Database-t.build/Objects-normal/arm64_32/ReadTransaction.o
CompileC /Users/admin/builder/spi-builder-workspace/.derivedData/Build/Intermediates.noindex/IndexStoreDB.build/Debug-watchos/IndexStoreDB_Database-t.build/Objects-normal/arm64_32/Database.o /Users/admin/builder/spi-builder-workspace/.dependencies/checkouts/indexstore-db/lib/Database/Database.cpp normal arm64_32 c++ com.apple.compilers.llvm.clang.1_0.compiler (in target 'IndexStoreDB_Database' from project 'IndexStoreDB')
cd /Users/admin/builder/spi-builder-workspace/.swiftpm/xcode
Using response file: /Users/admin/builder/spi-builder-workspace/.derivedData/Build/Intermediates.noindex/IndexStoreDB.build/Debug-watchos/IndexStoreDB_Database-t.build/Objects-normal/arm64_32/82b82416624d2658e5098eb0a28c15c5-common-args.resp
/Applications/Xcode-27.0.0-Release.Candidate.app/Contents/Developer/Toolchains/XcodeDefault.xctoolchain/usr/bin/clang -x c++ -ivfsstatcache /Users/admin/builder/spi-builder-workspace/.derivedData/SDKStatCaches.noindex/watchos27.0-24R360-e829b21a6f8c9b70876ba0858053c04477534ef55a1706bf4c1112bbb242f0a2.sdkstatcache -target arm64_32-apple-watchos9.0 -fmessage-length\=0 -fdiagnostics-show-note-include-stack -fmacro-backtrace-limit\=0 -fno-color-diagnostics -fmodules-prune-interval\=86400 -fmodules-prune-after\=345600 -fbuild-session-file\=/Users/admin/builder/spi-builder-workspace/.derivedData/ModuleCache.noindex/Session.modulevalidation -fmodules-validate-once-per-build-session -Wnon-modular-include-in-framework-module -Werror\=non-modular-include-in-framework-module -Wno-trigraphs -Wno-missing-field-initializers -Wno-missing-prototypes -Wno-return-type -Wno-non-virtual-dtor -Wno-overloaded-virtual -Wno-exit-time-destructors -Wno-missing-braces -Wparentheses -Wswitch -Wno-unused-function -Wno-unused-label -Wno-unused-parameter -Wno-unused-variable -Wunused-value -Wno-empty-body -Wno-uninitialized -Wno-unknown-pragmas -w -Wno-shadow -Wno-four-char-constants -Wno-conversion -Wno-constant-conversion -Wno-int-conversion -Wno-bool-conversion -Wno-enum-conversion -Wno-float-conversion -Wno-non-literal-null-conversion -Wno-objc-literal-conversion -Wno-shorten-64-to-32 -Wno-newline-eof -Wno-c++11-extensions -Wno-implicit-fallthrough -isysroot /Applications/Xcode-27.0.0-Release.Candidate.app/Contents/Developer/Platforms/WatchOS.platform/Developer/SDKs/WatchOS27.0.sdk -fstrict-aliasing -Wdeprecated-declarations -Winvalid-offsetof -Wno-sign-conversion -Wno-infinite-recursion -Wno-move -Wno-comma -Wno-block-capture-autoreleasing -Wno-strict-prototypes -Wno-range-loop-analysis -Wno-semicolon-before-method-body -index-store-path /Users/admin/builder/spi-builder-workspace/.derivedData/Index.noindex/DataStore @/Users/admin/builder/spi-builder-workspace/.derivedData/Build/Intermediates.noindex/IndexStoreDB.build/Debug-watchos/IndexStoreDB_Database-t.build/Objects-normal/arm64_32/82b82416624d2658e5098eb0a28c15c5-common-args.resp -MMD -MT dependencies -MF /Users/admin/builder/spi-builder-workspace/.derivedData/Build/Intermediates.noindex/IndexStoreDB.build/Debug-watchos/IndexStoreDB_Database-t.build/Objects-normal/arm64_32/Database.d --serialize-diagnostics /Users/admin/builder/spi-builder-workspace/.derivedData/Build/Intermediates.noindex/IndexStoreDB.build/Debug-watchos/IndexStoreDB_Database-t.build/Objects-normal/arm64_32/Database.dia -c /Users/admin/builder/spi-builder-workspace/.dependencies/checkouts/indexstore-db/lib/Database/Database.cpp -o /Users/admin/builder/spi-builder-workspace/.derivedData/Build/Intermediates.noindex/IndexStoreDB.build/Debug-watchos/IndexStoreDB_Database-t.build/Objects-normal/arm64_32/Database.o -index-unit-output-path /IndexStoreDB.build/Debug-watchos/IndexStoreDB_Database-t.build/Objects-normal/arm64_32/Database.o
SwiftDriver IndexStoreDB normal arm64 com.apple.xcode.tools.swift.compiler (in target 'IndexStoreDB' from project 'IndexStoreDB')
cd /Users/admin/builder/spi-builder-workspace/.swiftpm/xcode
builtin-SwiftDriver -- /Applications/Xcode-27.0.0-Release.Candidate.app/Contents/Developer/Toolchains/XcodeDefault.xctoolchain/usr/bin/swiftc -parse-as-library -module-name IndexStoreDB -Onone @/Users/admin/builder/spi-builder-workspace/.derivedData/Build/Intermediates.noindex/IndexStoreDB.build/Debug-watchos/IndexStoreDB-t.build/Objects-normal/arm64/IndexStoreDB.SwiftFileList -DSWIFT_PACKAGE -DDEBUG -DSWIFT_MODULE_RESOURCE_BUNDLE_UNAVAILABLE -Xcc -fmodule-map-file\=/Users/admin/builder/spi-builder-workspace/.derivedData/Build/Intermediates.noindex/GeneratedModuleMaps-watchos/IndexStoreDB_CIndexStoreDB.modulemap -Xcc -fmodule-map-file\=/Users/admin/builder/spi-builder-workspace/.derivedData/Build/Intermediates.noindex/GeneratedModuleMaps-watchos/IndexStoreDB_Index.modulemap -Xcc -fmodule-map-file\=/Users/admin/builder/spi-builder-workspace/.dependencies/checkouts/indexstore-db/lib/Database/include/module.modulemap -Xcc -fmodule-map-file\=/Users/admin/builder/spi-builder-workspace/.dependencies/checkouts/indexstore-db/lib/Core/include/module.modulemap -Xcc -fmodule-map-file\=/Users/admin/builder/spi-builder-workspace/.dependencies/checkouts/indexstore-db/lib/Support/include/module.modulemap -Xcc -fmodule-map-file\=/Users/admin/builder/spi-builder-workspace/.dependencies/checkouts/indexstore-db/lib/LLVMSupport/include/module.modulemap -DXcode -plugin-path /Applications/Xcode-27.0.0-Release.Candidate.app/Contents/Developer/Toolchains/XcodeDefault.xctoolchain/usr/lib/swift/host/plugins/testing -enable-experimental-feature DebugDescriptionMacro -sdk /Applications/Xcode-27.0.0-Release.Candidate.app/Contents/Developer/Platforms/WatchOS.platform/Developer/SDKs/WatchOS27.0.sdk -target arm64-apple-watchos9.0 -g -module-cache-path /Users/admin/builder/spi-builder-workspace/.derivedData/ModuleCache.noindex -Xfrontend -serialize-debugging-options -profile-coverage-mapping -profile-generate -enable-testing -suppress-warnings -index-store-path /Users/admin/builder/spi-builder-workspace/.derivedData/Index.noindex/DataStore -Xcc -D_LIBCPP_HARDENING_MODE\=_LIBCPP_HARDENING_MODE_DEBUG -swift-version 5 -I /Users/admin/builder/spi-builder-workspace/.derivedData/Build/Products/Debug-watchos -Isystem /Applications/Xcode-27.0.0-Release.Candidate.app/Contents/Developer/Platforms/WatchOS.platform/Developer/usr/lib -F /Users/admin/builder/spi-builder-workspace/.derivedData/Build/Products/Debug-watchos/PackageFrameworks -F /Users/admin/builder/spi-builder-workspace/.derivedData/Build/Products/Debug-watchos -F /Applications/Xcode-27.0.0-Release.Candidate.app/Contents/Developer/Platforms/WatchOS.platform/Developer/Library/Frameworks -F /Applications/Xcode-27.0.0-Release.Candidate.app/Contents/Developer/Platforms/WatchOS.platform/Developer/SDKs/WatchOS27.0.sdk/Developer/Library/Frameworks -c -j10 -enable-batch-mode -incremental -Xcc -ivfsstatcache -Xcc /Users/admin/builder/spi-builder-workspace/.derivedData/SDKStatCaches.noindex/watchos27.0-24R360-e829b21a6f8c9b70876ba0858053c04477534ef55a1706bf4c1112bbb242f0a2.sdkstatcache -output-file-map /Users/admin/builder/spi-builder-workspace/.derivedData/Build/Intermediates.noindex/IndexStoreDB.build/Debug-watchos/IndexStoreDB-t.build/Objects-normal/arm64/IndexStoreDB-OutputFileMap.json -save-temps -no-color-diagnostics -explicit-module-build -module-cache-path /Users/admin/builder/spi-builder-workspace/.derivedData/Build/Intermediates.noindex/SwiftExplicitPrecompiledModules -clang-scanner-module-cache-path /Users/admin/builder/spi-builder-workspace/.derivedData/ModuleCache.noindex -sdk-module-cache-path /Users/admin/builder/spi-builder-workspace/.derivedData/SDKExplicitPrecompiledModules -emit-dependencies -emit-module -emit-module-path /Users/admin/builder/spi-builder-workspace/.derivedData/Build/Intermediates.noindex/IndexStoreDB.build/Debug-watchos/IndexStoreDB-t.build/Objects-normal/arm64/IndexStoreDB.swiftmodule -serialize-diagnostics -dependency-scan-serialize-diagnostics-path /Users/admin/builder/spi-builder-workspace/.derivedData/Build/Intermediates.noindex/IndexStoreDB.build/Debug-watchos/IndexStoreDB-t.build/Objects-normal/arm64/IndexStoreDB-dependency-scan.dia -validate-clang-modules-once -clang-build-session-file /Users/admin/builder/spi-builder-workspace/.derivedData/ModuleCache.noindex/Session.modulevalidation -Xcc -fmodules-prune-interval\=86400 -Xcc -fmodules-prune-after\=345600 -emit-const-values -const-gather-protocols-list /Users/admin/builder/spi-builder-workspace/.derivedData/Build/Intermediates.noindex/IndexStoreDB.build/Debug-watchos/IndexStoreDB-t.build/Objects-normal/arm64/IndexStoreDB_const_extract_protocols.json -Xcc -I/Users/admin/builder/spi-builder-workspace/.dependencies/checkouts/indexstore-db/lib/CIndexStoreDB/include -Xcc -I/Users/admin/builder/spi-builder-workspace/.dependencies/checkouts/indexstore-db/lib/Index/include -Xcc -I/Users/admin/builder/spi-builder-workspace/.dependencies/checkouts/indexstore-db/lib/Database/include -Xcc -I/Users/admin/builder/spi-builder-workspace/.dependencies/checkouts/indexstore-db/lib/Core/include -Xcc -I/Users/admin/builder/spi-builder-workspace/.dependencies/checkouts/indexstore-db/lib/Support/include -Xcc -I/Users/admin/builder/spi-builder-workspace/.dependencies/checkouts/indexstore-db/lib/LLVMSupport/include -Xcc -I/Users/admin/builder/spi-builder-workspace/.derivedData/Build/Products/Debug-watchos/include -Xcc -I/Users/admin/builder/spi-builder-workspace/.derivedData/Build/Intermediates.noindex/IndexStoreDB.build/Debug-watchos/IndexStoreDB-t.build/DerivedSources-normal/arm64 -Xcc -I/Users/admin/builder/spi-builder-workspace/.derivedData/Build/Intermediates.noindex/IndexStoreDB.build/Debug-watchos/IndexStoreDB-t.build/DerivedSources/arm64 -Xcc -I/Users/admin/builder/spi-builder-workspace/.derivedData/Build/Intermediates.noindex/IndexStoreDB.build/Debug-watchos/IndexStoreDB-t.build/DerivedSources -Xcc -DSWIFT_PACKAGE -Xcc -DDEBUG\=1 -emit-objc-header -emit-objc-header-path /Users/admin/builder/spi-builder-workspace/.derivedData/Build/Intermediates.noindex/IndexStoreDB.build/Debug-watchos/IndexStoreDB-t.build/Objects-normal/arm64/IndexStoreDB-Swift.h -working-directory /Users/admin/builder/spi-builder-workspace/.swiftpm/xcode -experimental-emit-module-separately -disable-cmo
SwiftDriver IndexStoreDB normal arm64_32 com.apple.xcode.tools.swift.compiler (in target 'IndexStoreDB' from project 'IndexStoreDB')
cd /Users/admin/builder/spi-builder-workspace/.swiftpm/xcode
builtin-SwiftDriver -- /Applications/Xcode-27.0.0-Release.Candidate.app/Contents/Developer/Toolchains/XcodeDefault.xctoolchain/usr/bin/swiftc -parse-as-library -module-name IndexStoreDB -Onone @/Users/admin/builder/spi-builder-workspace/.derivedData/Build/Intermediates.noindex/IndexStoreDB.build/Debug-watchos/IndexStoreDB-t.build/Objects-normal/arm64_32/IndexStoreDB.SwiftFileList -DSWIFT_PACKAGE -DDEBUG -DSWIFT_MODULE_RESOURCE_BUNDLE_UNAVAILABLE -Xcc -fmodule-map-file\=/Users/admin/builder/spi-builder-workspace/.derivedData/Build/Intermediates.noindex/GeneratedModuleMaps-watchos/IndexStoreDB_CIndexStoreDB.modulemap -Xcc -fmodule-map-file\=/Users/admin/builder/spi-builder-workspace/.derivedData/Build/Intermediates.noindex/GeneratedModuleMaps-watchos/IndexStoreDB_Index.modulemap -Xcc -fmodule-map-file\=/Users/admin/builder/spi-builder-workspace/.dependencies/checkouts/indexstore-db/lib/Database/include/module.modulemap -Xcc -fmodule-map-file\=/Users/admin/builder/spi-builder-workspace/.dependencies/checkouts/indexstore-db/lib/Core/include/module.modulemap -Xcc -fmodule-map-file\=/Users/admin/builder/spi-builder-workspace/.dependencies/checkouts/indexstore-db/lib/Support/include/module.modulemap -Xcc -fmodule-map-file\=/Users/admin/builder/spi-builder-workspace/.dependencies/checkouts/indexstore-db/lib/LLVMSupport/include/module.modulemap -DXcode -plugin-path /Applications/Xcode-27.0.0-Release.Candidate.app/Contents/Developer/Toolchains/XcodeDefault.xctoolchain/usr/lib/swift/host/plugins/testing -enable-experimental-feature DebugDescriptionMacro -sdk /Applications/Xcode-27.0.0-Release.Candidate.app/Contents/Developer/Platforms/WatchOS.platform/Developer/SDKs/WatchOS27.0.sdk -target arm64_32-apple-watchos9.0 -g -module-cache-path /Users/admin/builder/spi-builder-workspace/.derivedData/ModuleCache.noindex -Xfrontend -serialize-debugging-options -profile-coverage-mapping -profile-generate -enable-testing -suppress-warnings -index-store-path /Users/admin/builder/spi-builder-workspace/.derivedData/Index.noindex/DataStore -Xcc -D_LIBCPP_HARDENING_MODE\=_LIBCPP_HARDENING_MODE_DEBUG -swift-version 5 -I /Users/admin/builder/spi-builder-workspace/.derivedData/Build/Products/Debug-watchos -Isystem /Applications/Xcode-27.0.0-Release.Candidate.app/Contents/Developer/Platforms/WatchOS.platform/Developer/usr/lib -F /Users/admin/builder/spi-builder-workspace/.derivedData/Build/Products/Debug-watchos/PackageFrameworks -F /Users/admin/builder/spi-builder-workspace/.derivedData/Build/Products/Debug-watchos -F /Applications/Xcode-27.0.0-Release.Candidate.app/Contents/Developer/Platforms/WatchOS.platform/Developer/Library/Frameworks -F /Applications/Xcode-27.0.0-Release.Candidate.app/Contents/Developer/Platforms/WatchOS.platform/Developer/SDKs/WatchOS27.0.sdk/Developer/Library/Frameworks -c -j10 -enable-batch-mode -incremental -Xcc -ivfsstatcache -Xcc /Users/admin/builder/spi-builder-workspace/.derivedData/SDKStatCaches.noindex/watchos27.0-24R360-e829b21a6f8c9b70876ba0858053c04477534ef55a1706bf4c1112bbb242f0a2.sdkstatcache -output-file-map /Users/admin/builder/spi-builder-workspace/.derivedData/Build/Intermediates.noindex/IndexStoreDB.build/Debug-watchos/IndexStoreDB-t.build/Objects-normal/arm64_32/IndexStoreDB-OutputFileMap.json -save-temps -no-color-diagnostics -explicit-module-build -module-cache-path /Users/admin/builder/spi-builder-workspace/.derivedData/Build/Intermediates.noindex/SwiftExplicitPrecompiledModules -clang-scanner-module-cache-path /Users/admin/builder/spi-builder-workspace/.derivedData/ModuleCache.noindex -sdk-module-cache-path /Users/admin/builder/spi-builder-workspace/.derivedData/SDKExplicitPrecompiledModules -emit-dependencies -emit-module -emit-module-path /Users/admin/builder/spi-builder-workspace/.derivedData/Build/Intermediates.noindex/IndexStoreDB.build/Debug-watchos/IndexStoreDB-t.build/Objects-normal/arm64_32/IndexStoreDB.swiftmodule -serialize-diagnostics -dependency-scan-serialize-diagnostics-path /Users/admin/builder/spi-builder-workspace/.derivedData/Build/Intermediates.noindex/IndexStoreDB.build/Debug-watchos/IndexStoreDB-t.build/Objects-normal/arm64_32/IndexStoreDB-dependency-scan.dia -validate-clang-modules-once -clang-build-session-file /Users/admin/builder/spi-builder-workspace/.derivedData/ModuleCache.noindex/Session.modulevalidation -Xcc -fmodules-prune-interval\=86400 -Xcc -fmodules-prune-after\=345600 -emit-const-values -const-gather-protocols-list /Users/admin/builder/spi-builder-workspace/.derivedData/Build/Intermediates.noindex/IndexStoreDB.build/Debug-watchos/IndexStoreDB-t.build/Objects-normal/arm64_32/IndexStoreDB_const_extract_protocols.json -Xcc -I/Users/admin/builder/spi-builder-workspace/.dependencies/checkouts/indexstore-db/lib/CIndexStoreDB/include -Xcc -I/Users/admin/builder/spi-builder-workspace/.dependencies/checkouts/indexstore-db/lib/Index/include -Xcc -I/Users/admin/builder/spi-builder-workspace/.dependencies/checkouts/indexstore-db/lib/Database/include -Xcc -I/Users/admin/builder/spi-builder-workspace/.dependencies/checkouts/indexstore-db/lib/Core/include -Xcc -I/Users/admin/builder/spi-builder-workspace/.dependencies/checkouts/indexstore-db/lib/Support/include -Xcc -I/Users/admin/builder/spi-builder-workspace/.dependencies/checkouts/indexstore-db/lib/LLVMSupport/include -Xcc -I/Users/admin/builder/spi-builder-workspace/.derivedData/Build/Products/Debug-watchos/include -Xcc -I/Users/admin/builder/spi-builder-workspace/.derivedData/Build/Intermediates.noindex/IndexStoreDB.build/Debug-watchos/IndexStoreDB-t.build/DerivedSources-normal/arm64_32 -Xcc -I/Users/admin/builder/spi-builder-workspace/.derivedData/Build/Intermediates.noindex/IndexStoreDB.build/Debug-watchos/IndexStoreDB-t.build/DerivedSources/arm64_32 -Xcc -I/Users/admin/builder/spi-builder-workspace/.derivedData/Build/Intermediates.noindex/IndexStoreDB.build/Debug-watchos/IndexStoreDB-t.build/DerivedSources -Xcc -DSWIFT_PACKAGE -Xcc -DDEBUG\=1 -emit-objc-header -emit-objc-header-path /Users/admin/builder/spi-builder-workspace/.derivedData/Build/Intermediates.noindex/IndexStoreDB.build/Debug-watchos/IndexStoreDB-t.build/Objects-normal/arm64_32/IndexStoreDB-Swift.h -working-directory /Users/admin/builder/spi-builder-workspace/.swiftpm/xcode -experimental-emit-module-separately -disable-cmo
SwiftDriver ArgumentParserToolInfo normal arm64_32 com.apple.xcode.tools.swift.compiler (in target 'ArgumentParserToolInfo' from project 'swift-argument-parser')
cd /Users/admin/builder/spi-builder-workspace/.swiftpm/xcode
builtin-SwiftDriver -- /Applications/Xcode-27.0.0-Release.Candidate.app/Contents/Developer/Toolchains/XcodeDefault.xctoolchain/usr/bin/swiftc -parse-as-library -module-name ArgumentParserToolInfo -Onone @/Users/admin/builder/spi-builder-workspace/.derivedData/Build/Intermediates.noindex/swift-argument-parser.build/Debug-watchos/ArgumentParserToolInfo-t.build/Objects-normal/arm64_32/ArgumentParserToolInfo.SwiftFileList -DSWIFT_PACKAGE -DDEBUG -DSWIFT_MODULE_RESOURCE_BUNDLE_UNAVAILABLE -DXcode -plugin-path /Applications/Xcode-27.0.0-Release.Candidate.app/Contents/Developer/Toolchains/XcodeDefault.xctoolchain/usr/lib/swift/host/plugins/testing -enable-experimental-feature DebugDescriptionMacro -sdk /Applications/Xcode-27.0.0-Release.Candidate.app/Contents/Developer/Platforms/WatchOS.platform/Developer/SDKs/WatchOS27.0.sdk -target arm64_32-apple-watchos9.0 -g -module-cache-path /Users/admin/builder/spi-builder-workspace/.derivedData/ModuleCache.noindex -Xfrontend -serialize-debugging-options -profile-coverage-mapping -profile-generate -enable-testing -suppress-warnings -index-store-path /Users/admin/builder/spi-builder-workspace/.derivedData/Index.noindex/DataStore -Xcc -D_LIBCPP_HARDENING_MODE\=_LIBCPP_HARDENING_MODE_DEBUG -swift-version 6 -I /Users/admin/builder/spi-builder-workspace/.derivedData/Build/Products/Debug-watchos -Isystem /Applications/Xcode-27.0.0-Release.Candidate.app/Contents/Developer/Platforms/WatchOS.platform/Developer/usr/lib -F /Users/admin/builder/spi-builder-workspace/.derivedData/Build/Products/Debug-watchos -F /Applications/Xcode-27.0.0-Release.Candidate.app/Contents/Developer/Platforms/WatchOS.platform/Developer/Library/Frameworks -F /Applications/Xcode-27.0.0-Release.Candidate.app/Contents/Developer/Platforms/WatchOS.platform/Developer/SDKs/WatchOS27.0.sdk/Developer/Library/Frameworks -c -j10 -enable-batch-mode -incremental -Xcc -ivfsstatcache -Xcc /Users/admin/builder/spi-builder-workspace/.derivedData/SDKStatCaches.noindex/watchos27.0-24R360-e829b21a6f8c9b70876ba0858053c04477534ef55a1706bf4c1112bbb242f0a2.sdkstatcache -output-file-map /Users/admin/builder/spi-builder-workspace/.derivedData/Build/Intermediates.noindex/swift-argument-parser.build/Debug-watchos/ArgumentParserToolInfo-t.build/Objects-normal/arm64_32/ArgumentParserToolInfo-OutputFileMap.json -save-temps -no-color-diagnostics -explicit-module-build -module-cache-path /Users/admin/builder/spi-builder-workspace/.derivedData/Build/Intermediates.noindex/SwiftExplicitPrecompiledModules -clang-scanner-module-cache-path /Users/admin/builder/spi-builder-workspace/.derivedData/ModuleCache.noindex -sdk-module-cache-path /Users/admin/builder/spi-builder-workspace/.derivedData/SDKExplicitPrecompiledModules -emit-dependencies -emit-module -emit-module-path /Users/admin/builder/spi-builder-workspace/.derivedData/Build/Intermediates.noindex/swift-argument-parser.build/Debug-watchos/ArgumentParserToolInfo-t.build/Objects-normal/arm64_32/ArgumentParserToolInfo.swiftmodule -serialize-diagnostics -dependency-scan-serialize-diagnostics-path /Users/admin/builder/spi-builder-workspace/.derivedData/Build/Intermediates.noindex/swift-argument-parser.build/Debug-watchos/ArgumentParserToolInfo-t.build/Objects-normal/arm64_32/ArgumentParserToolInfo-dependency-scan.dia -user-module-version 1.8.2 -validate-clang-modules-once -clang-build-session-file /Users/admin/builder/spi-builder-workspace/.derivedData/ModuleCache.noindex/Session.modulevalidation -Xcc -fmodules-prune-interval\=86400 -Xcc -fmodules-prune-after\=345600 -package-name swift_argument_parser -emit-const-values -const-gather-protocols-list /Users/admin/builder/spi-builder-workspace/.derivedData/Build/Intermediates.noindex/swift-argument-parser.build/Debug-watchos/ArgumentParserToolInfo-t.build/Objects-normal/arm64_32/ArgumentParserToolInfo_const_extract_protocols.json -Xcc -I/Users/admin/builder/spi-builder-workspace/.derivedData/Build/Products/Debug-watchos/include -Xcc -I/Users/admin/builder/spi-builder-workspace/.derivedData/Build/Intermediates.noindex/swift-argument-parser.build/Debug-watchos/ArgumentParserToolInfo-t.build/DerivedSources-normal/arm64_32 -Xcc -I/Users/admin/builder/spi-builder-workspace/.derivedData/Build/Intermediates.noindex/swift-argument-parser.build/Debug-watchos/ArgumentParserToolInfo-t.build/DerivedSources/arm64_32 -Xcc -I/Users/admin/builder/spi-builder-workspace/.derivedData/Build/Intermediates.noindex/swift-argument-parser.build/Debug-watchos/ArgumentParserToolInfo-t.build/DerivedSources -Xcc -DSWIFT_PACKAGE -Xcc -DDEBUG\=1 -emit-objc-header -emit-objc-header-path /Users/admin/builder/spi-builder-workspace/.derivedData/Build/Intermediates.noindex/swift-argument-parser.build/Debug-watchos/ArgumentParserToolInfo-t.build/Objects-normal/arm64_32/ArgumentParserToolInfo-Swift.h -working-directory /Users/admin/builder/spi-builder-workspace/.swiftpm/xcode -experimental-emit-module-separately -disable-cmo
SwiftDriver ArgumentParserToolInfo normal arm64 com.apple.xcode.tools.swift.compiler (in target 'ArgumentParserToolInfo' from project 'swift-argument-parser')
cd /Users/admin/builder/spi-builder-workspace/.swiftpm/xcode
builtin-SwiftDriver -- /Applications/Xcode-27.0.0-Release.Candidate.app/Contents/Developer/Toolchains/XcodeDefault.xctoolchain/usr/bin/swiftc -parse-as-library -module-name ArgumentParserToolInfo -Onone @/Users/admin/builder/spi-builder-workspace/.derivedData/Build/Intermediates.noindex/swift-argument-parser.build/Debug-watchos/ArgumentParserToolInfo-t.build/Objects-normal/arm64/ArgumentParserToolInfo.SwiftFileList -DSWIFT_PACKAGE -DDEBUG -DSWIFT_MODULE_RESOURCE_BUNDLE_UNAVAILABLE -DXcode -plugin-path /Applications/Xcode-27.0.0-Release.Candidate.app/Contents/Developer/Toolchains/XcodeDefault.xctoolchain/usr/lib/swift/host/plugins/testing -enable-experimental-feature DebugDescriptionMacro -sdk /Applications/Xcode-27.0.0-Release.Candidate.app/Contents/Developer/Platforms/WatchOS.platform/Developer/SDKs/WatchOS27.0.sdk -target arm64-apple-watchos9.0 -g -module-cache-path /Users/admin/builder/spi-builder-workspace/.derivedData/ModuleCache.noindex -Xfrontend -serialize-debugging-options -profile-coverage-mapping -profile-generate -enable-testing -suppress-warnings -index-store-path /Users/admin/builder/spi-builder-workspace/.derivedData/Index.noindex/DataStore -Xcc -D_LIBCPP_HARDENING_MODE\=_LIBCPP_HARDENING_MODE_DEBUG -swift-version 6 -I /Users/admin/builder/spi-builder-workspace/.derivedData/Build/Products/Debug-watchos -Isystem /Applications/Xcode-27.0.0-Release.Candidate.app/Contents/Developer/Platforms/WatchOS.platform/Developer/usr/lib -F /Users/admin/builder/spi-builder-workspace/.derivedData/Build/Products/Debug-watchos -F /Applications/Xcode-27.0.0-Release.Candidate.app/Contents/Developer/Platforms/WatchOS.platform/Developer/Library/Frameworks -F /Applications/Xcode-27.0.0-Release.Candidate.app/Contents/Developer/Platforms/WatchOS.platform/Developer/SDKs/WatchOS27.0.sdk/Developer/Library/Frameworks -c -j10 -enable-batch-mode -incremental -Xcc -ivfsstatcache -Xcc /Users/admin/builder/spi-builder-workspace/.derivedData/SDKStatCaches.noindex/watchos27.0-24R360-e829b21a6f8c9b70876ba0858053c04477534ef55a1706bf4c1112bbb242f0a2.sdkstatcache -output-file-map /Users/admin/builder/spi-builder-workspace/.derivedData/Build/Intermediates.noindex/swift-argument-parser.build/Debug-watchos/ArgumentParserToolInfo-t.build/Objects-normal/arm64/ArgumentParserToolInfo-OutputFileMap.json -save-temps -no-color-diagnostics -explicit-module-build -module-cache-path /Users/admin/builder/spi-builder-workspace/.derivedData/Build/Intermediates.noindex/SwiftExplicitPrecompiledModules -clang-scanner-module-cache-path /Users/admin/builder/spi-builder-workspace/.derivedData/ModuleCache.noindex -sdk-module-cache-path /Users/admin/builder/spi-builder-workspace/.derivedData/SDKExplicitPrecompiledModules -emit-dependencies -emit-module -emit-module-path /Users/admin/builder/spi-builder-workspace/.derivedData/Build/Intermediates.noindex/swift-argument-parser.build/Debug-watchos/ArgumentParserToolInfo-t.build/Objects-normal/arm64/ArgumentParserToolInfo.swiftmodule -serialize-diagnostics -dependency-scan-serialize-diagnostics-path /Users/admin/builder/spi-builder-workspace/.derivedData/Build/Intermediates.noindex/swift-argument-parser.build/Debug-watchos/ArgumentParserToolInfo-t.build/Objects-normal/arm64/ArgumentParserToolInfo-dependency-scan.dia -user-module-version 1.8.2 -validate-clang-modules-once -clang-build-session-file /Users/admin/builder/spi-builder-workspace/.derivedData/ModuleCache.noindex/Session.modulevalidation -Xcc -fmodules-prune-interval\=86400 -Xcc -fmodules-prune-after\=345600 -package-name swift_argument_parser -emit-const-values -const-gather-protocols-list /Users/admin/builder/spi-builder-workspace/.derivedData/Build/Intermediates.noindex/swift-argument-parser.build/Debug-watchos/ArgumentParserToolInfo-t.build/Objects-normal/arm64/ArgumentParserToolInfo_const_extract_protocols.json -Xcc -I/Users/admin/builder/spi-builder-workspace/.derivedData/Build/Products/Debug-watchos/include -Xcc -I/Users/admin/builder/spi-builder-workspace/.derivedData/Build/Intermediates.noindex/swift-argument-parser.build/Debug-watchos/ArgumentParserToolInfo-t.build/DerivedSources-normal/arm64 -Xcc -I/Users/admin/builder/spi-builder-workspace/.derivedData/Build/Intermediates.noindex/swift-argument-parser.build/Debug-watchos/ArgumentParserToolInfo-t.build/DerivedSources/arm64 -Xcc -I/Users/admin/builder/spi-builder-workspace/.derivedData/Build/Intermediates.noindex/swift-argument-parser.build/Debug-watchos/ArgumentParserToolInfo-t.build/DerivedSources -Xcc -DSWIFT_PACKAGE -Xcc -DDEBUG\=1 -emit-objc-header -emit-objc-header-path /Users/admin/builder/spi-builder-workspace/.derivedData/Build/Intermediates.noindex/swift-argument-parser.build/Debug-watchos/ArgumentParserToolInfo-t.build/Objects-normal/arm64/ArgumentParserToolInfo-Swift.h -working-directory /Users/admin/builder/spi-builder-workspace/.swiftpm/xcode -experimental-emit-module-separately -disable-cmo
SwiftExplicitDependencyGeneratePcm arm64_32 /Users/admin/builder/spi-builder-workspace/.derivedData/SDKExplicitPrecompiledModules/_DarwinFoundation2-9MY8GOSYRO0M9MKNXF6D3MBNK.pcm
SwiftEmitModule normal arm64_32 Emitting\ module\ for\ ArgumentParserToolInfo (in target 'ArgumentParserToolInfo' from project 'swift-argument-parser')
SwiftCompile normal arm64_32 (in target 'ArgumentParserToolInfo' from project 'swift-argument-parser')
cd /Users/admin/builder/spi-builder-workspace/.swiftpm/xcode
SwiftEmitModule normal arm64 Emitting\ module\ for\ ArgumentParserToolInfo (in target 'ArgumentParserToolInfo' from project 'swift-argument-parser')
SwiftCompile normal arm64 (in target 'ArgumentParserToolInfo' from project 'swift-argument-parser')
cd /Users/admin/builder/spi-builder-workspace/.swiftpm/xcode
SwiftExplicitDependencyGeneratePcm arm64_32 /Users/admin/builder/spi-builder-workspace/.derivedData/SDKExplicitPrecompiledModules/_Builtin_limits-3VKBU2AFTD65PAJZ5CJ3LHFM2.pcm
SwiftExplicitDependencyGeneratePcm arm64_32 /Users/admin/builder/spi-builder-workspace/.derivedData/SDKExplicitPrecompiledModules/sys_types-8TLLMW08ZJWDGIIPKOYFGHHZW.pcm
SwiftExplicitDependencyGeneratePcm arm64_32 /Users/admin/builder/spi-builder-workspace/.derivedData/SDKExplicitPrecompiledModules/string_h-BFVLUQUSBZWYMLCU9QI7VZALW.pcm
SwiftExplicitDependencyGeneratePcm arm64 /Users/admin/builder/spi-builder-workspace/.derivedData/SDKExplicitPrecompiledModules/_DarwinFoundation2-D0XAPJU49S5E9XMKYOFGSTB1Q.pcm
SwiftExplicitDependencyGeneratePcm arm64 /Users/admin/builder/spi-builder-workspace/.derivedData/SDKExplicitPrecompiledModules/_Builtin_limits-9GWPA2B0H20DYUNYHYCWKABJG.pcm
SwiftExplicitDependencyGeneratePcm arm64_32 /Users/admin/builder/spi-builder-workspace/.derivedData/SDKExplicitPrecompiledModules/_Builtin_stdint-1HMXWI3V0V4TXHRWZOMZGZ80Y.pcm
CompileC /Users/admin/builder/spi-builder-workspace/.derivedData/Build/Intermediates.noindex/IndexStoreDB.build/Debug-watchos/IndexStoreDB_Support-t.build/Objects-normal/arm64_32/FilePathWatcher.o /Users/admin/builder/spi-builder-workspace/.dependencies/checkouts/indexstore-db/lib/Support/FilePathWatcher.cpp normal arm64_32 c++ com.apple.compilers.llvm.clang.1_0.compiler (in target 'IndexStoreDB_Support' from project 'IndexStoreDB')
cd /Users/admin/builder/spi-builder-workspace/.swiftpm/xcode
Using response file: /Users/admin/builder/spi-builder-workspace/.derivedData/Build/Intermediates.noindex/IndexStoreDB.build/Debug-watchos/IndexStoreDB_Support-t.build/Objects-normal/arm64_32/82b82416624d2658e5098eb0a28c15c5-common-args.resp
/Applications/Xcode-27.0.0-Release.Candidate.app/Contents/Developer/Toolchains/XcodeDefault.xctoolchain/usr/bin/clang -x c++ -ivfsstatcache /Users/admin/builder/spi-builder-workspace/.derivedData/SDKStatCaches.noindex/watchos27.0-24R360-e829b21a6f8c9b70876ba0858053c04477534ef55a1706bf4c1112bbb242f0a2.sdkstatcache -target arm64_32-apple-watchos9.0 -fmessage-length\=0 -fdiagnostics-show-note-include-stack -fmacro-backtrace-limit\=0 -fno-color-diagnostics -fmodules-prune-interval\=86400 -fmodules-prune-after\=345600 -fbuild-session-file\=/Users/admin/builder/spi-builder-workspace/.derivedData/ModuleCache.noindex/Session.modulevalidation -fmodules-validate-once-per-build-session -Wnon-modular-include-in-framework-module -Werror\=non-modular-include-in-framework-module -Wno-trigraphs -Wno-missing-field-initializers -Wno-missing-prototypes -Wno-return-type -Wno-non-virtual-dtor -Wno-overloaded-virtual -Wno-exit-time-destructors -Wno-missing-braces -Wparentheses -Wswitch -Wno-unused-function -Wno-unused-label -Wno-unused-parameter -Wno-unused-variable -Wunused-value -Wno-empty-body -Wno-uninitialized -Wno-unknown-pragmas -w -Wno-shadow -Wno-four-char-constants -Wno-conversion -Wno-constant-conversion -Wno-int-conversion -Wno-bool-conversion -Wno-enum-conversion -Wno-float-conversion -Wno-non-literal-null-conversion -Wno-objc-literal-conversion -Wno-shorten-64-to-32 -Wno-newline-eof -Wno-c++11-extensions -Wno-implicit-fallthrough -isysroot /Applications/Xcode-27.0.0-Release.Candidate.app/Contents/Developer/Platforms/WatchOS.platform/Developer/SDKs/WatchOS27.0.sdk -fstrict-aliasing -Wdeprecated-declarations -Winvalid-offsetof -Wno-sign-conversion -Wno-infinite-recursion -Wno-move -Wno-comma -Wno-block-capture-autoreleasing -Wno-strict-prototypes -Wno-range-loop-analysis -Wno-semicolon-before-method-body -index-store-path /Users/admin/builder/spi-builder-workspace/.derivedData/Index.noindex/DataStore @/Users/admin/builder/spi-builder-workspace/.derivedData/Build/Intermediates.noindex/IndexStoreDB.build/Debug-watchos/IndexStoreDB_Support-t.build/Objects-normal/arm64_32/82b82416624d2658e5098eb0a28c15c5-common-args.resp -MMD -MT dependencies -MF /Users/admin/builder/spi-builder-workspace/.derivedData/Build/Intermediates.noindex/IndexStoreDB.build/Debug-watchos/IndexStoreDB_Support-t.build/Objects-normal/arm64_32/FilePathWatcher.d --serialize-diagnostics /Users/admin/builder/spi-builder-workspace/.derivedData/Build/Intermediates.noindex/IndexStoreDB.build/Debug-watchos/IndexStoreDB_Support-t.build/Objects-normal/arm64_32/FilePathWatcher.dia -c /Users/admin/builder/spi-builder-workspace/.dependencies/checkouts/indexstore-db/lib/Support/FilePathWatcher.cpp -o /Users/admin/builder/spi-builder-workspace/.derivedData/Build/Intermediates.noindex/IndexStoreDB.build/Debug-watchos/IndexStoreDB_Support-t.build/Objects-normal/arm64_32/FilePathWatcher.o -index-unit-output-path /IndexStoreDB.build/Debug-watchos/IndexStoreDB_Support-t.build/Objects-normal/arm64_32/FilePathWatcher.o
/Users/admin/builder/spi-builder-workspace/.dependencies/checkouts/indexstore-db/lib/Support/FilePathWatcher.cpp:23:3: error: unknown type name 'FSEventStreamRef'
23 | FSEventStreamRef EventStream = nullptr;
| ^
/Users/admin/builder/spi-builder-workspace/.dependencies/checkouts/indexstore-db/lib/Support/FilePathWatcher.cpp:58:24: error: unknown type name 'ConstFSEventStreamRef'
58 | ConstFSEventStreamRef stream,
| ^
/Users/admin/builder/spi-builder-workspace/.dependencies/checkouts/indexstore-db/lib/Support/FilePathWatcher.cpp:62:30: error: unknown type name 'FSEventStreamEventFlags'
62 | const FSEventStreamEventFlags eventFlags[],
| ^
/Users/admin/builder/spi-builder-workspace/.dependencies/checkouts/indexstore-db/lib/Support/FilePathWatcher.cpp:63:30: error: unknown type name 'FSEventStreamEventId'
63 | const FSEventStreamEventId eventIds[]) {
| ^
/Users/admin/builder/spi-builder-workspace/.dependencies/checkouts/indexstore-db/lib/Support/FilePathWatcher.cpp:91:3: error: unknown type name 'FSEventStreamContext'; did you mean 'EventStreamContextData'?
91 | FSEventStreamContext context;
| ^~~~~~~~~~~~~~~~~~~~
| EventStreamContextData
/Users/admin/builder/spi-builder-workspace/.dependencies/checkouts/indexstore-db/lib/Support/FilePathWatcher.cpp:48:8: note: 'EventStreamContextData' declared here
48 | struct EventStreamContextData {
| ^
/Users/admin/builder/spi-builder-workspace/.dependencies/checkouts/indexstore-db/lib/Support/FilePathWatcher.cpp:92:11: error: no member named 'version' in '(anonymous namespace)::EventStreamContextData'
92 | context.version = 0;
| ~~~~~~~ ^
/Users/admin/builder/spi-builder-workspace/.dependencies/checkouts/indexstore-db/lib/Support/FilePathWatcher.cpp:93:11: error: no member named 'info' in '(anonymous namespace)::EventStreamContextData'
93 | context.info = ctxData;
| ~~~~~~~ ^
/Users/admin/builder/spi-builder-workspace/.dependencies/checkouts/indexstore-db/lib/Support/FilePathWatcher.cpp:94:11: error: no member named 'retain' in '(anonymous namespace)::EventStreamContextData'
94 | context.retain = nullptr;
| ~~~~~~~ ^
/Users/admin/builder/spi-builder-workspace/.dependencies/checkouts/indexstore-db/lib/Support/FilePathWatcher.cpp:95:11: error: no member named 'release' in '(anonymous namespace)::EventStreamContextData'
95 | context.release = EventStreamContextData::dispose;
| ~~~~~~~ ^
/Users/admin/builder/spi-builder-workspace/.dependencies/checkouts/indexstore-db/lib/Support/FilePathWatcher.cpp:96:11: error: no member named 'copyDescription' in '(anonymous namespace)::EventStreamContextData'
96 | context.copyDescription = nullptr;
| ~~~~~~~ ^
/Users/admin/builder/spi-builder-workspace/.dependencies/checkouts/indexstore-db/lib/Support/FilePathWatcher.cpp:102:37: error: use of undeclared identifier 'kFSEventStreamEventIdSinceNow'
102 | kFSEventStreamEventIdSinceNow,
| ^~~~~~~~~~~~~~~~~~~~~~~~~~~~~
/Users/admin/builder/spi-builder-workspace/.dependencies/checkouts/indexstore-db/lib/Support/FilePathWatcher.cpp:104:37: error: use of undeclared identifier 'kFSEventStreamCreateFlagNone'
104 | kFSEventStreamCreateFlagNone);
| ^~~~~~~~~~~~~~~~~~~~~~~~~~~~
12 errors generated.
CompileC /Users/admin/builder/spi-builder-workspace/.derivedData/Build/Intermediates.noindex/IndexStoreDB.build/Debug-watchos/IndexStoreDB_Support-t.build/Objects-normal/arm64/Path.o /Users/admin/builder/spi-builder-workspace/.dependencies/checkouts/indexstore-db/lib/Support/Path.cpp normal arm64 c++ com.apple.compilers.llvm.clang.1_0.compiler (in target 'IndexStoreDB_Support' from project 'IndexStoreDB')
cd /Users/admin/builder/spi-builder-workspace/.swiftpm/xcode
Using response file: /Users/admin/builder/spi-builder-workspace/.derivedData/Build/Intermediates.noindex/IndexStoreDB.build/Debug-watchos/IndexStoreDB_Support-t.build/Objects-normal/arm64/82b82416624d2658e5098eb0a28c15c5-common-args.resp
/Applications/Xcode-27.0.0-Release.Candidate.app/Contents/Developer/Toolchains/XcodeDefault.xctoolchain/usr/bin/clang -x c++ -ivfsstatcache /Users/admin/builder/spi-builder-workspace/.derivedData/SDKStatCaches.noindex/watchos27.0-24R360-e829b21a6f8c9b70876ba0858053c04477534ef55a1706bf4c1112bbb242f0a2.sdkstatcache -target arm64-apple-watchos9.0 -fmessage-length\=0 -fdiagnostics-show-note-include-stack -fmacro-backtrace-limit\=0 -fno-color-diagnostics -fmodules-prune-interval\=86400 -fmodules-prune-after\=345600 -fbuild-session-file\=/Users/admin/builder/spi-builder-workspace/.derivedData/ModuleCache.noindex/Session.modulevalidation -fmodules-validate-once-per-build-session -Wnon-modular-include-in-framework-module -Werror\=non-modular-include-in-framework-module -Wno-trigraphs -Wno-missing-field-initializers -Wno-missing-prototypes -Wno-return-type -Wno-non-virtual-dtor -Wno-overloaded-virtual -Wno-exit-time-destructors -Wno-missing-braces -Wparentheses -Wswitch -Wno-unused-function -Wno-unused-label -Wno-unused-parameter -Wno-unused-variable -Wunused-value -Wno-empty-body -Wno-uninitialized -Wno-unknown-pragmas -w -Wno-shadow -Wno-four-char-constants -Wno-conversion -Wno-constant-conversion -Wno-int-conversion -Wno-bool-conversion -Wno-enum-conversion -Wno-float-conversion -Wno-non-literal-null-conversion -Wno-objc-literal-conversion -Wshorten-64-to-32 -Wno-newline-eof -Wno-c++11-extensions -Wno-implicit-fallthrough -isysroot /Applications/Xcode-27.0.0-Release.Candidate.app/Contents/Developer/Platforms/WatchOS.platform/Developer/SDKs/WatchOS27.0.sdk -fstrict-aliasing -Wdeprecated-declarations -Winvalid-offsetof -Wno-sign-conversion -Wno-infinite-recursion -Wno-move -Wno-comma -Wno-block-capture-autoreleasing -Wno-strict-prototypes -Wno-range-loop-analysis -Wno-semicolon-before-method-body -index-store-path /Users/admin/builder/spi-builder-workspace/.derivedData/Index.noindex/DataStore @/Users/admin/builder/spi-builder-workspace/.derivedData/Build/Intermediates.noindex/IndexStoreDB.build/Debug-watchos/IndexStoreDB_Support-t.build/Objects-normal/arm64/82b82416624d2658e5098eb0a28c15c5-common-args.resp -MMD -MT dependencies -MF /Users/admin/builder/spi-builder-workspace/.derivedData/Build/Intermediates.noindex/IndexStoreDB.build/Debug-watchos/IndexStoreDB_Support-t.build/Objects-normal/arm64/Path.d --serialize-diagnostics /Users/admin/builder/spi-builder-workspace/.derivedData/Build/Intermediates.noindex/IndexStoreDB.build/Debug-watchos/IndexStoreDB_Support-t.build/Objects-normal/arm64/Path.dia -c /Users/admin/builder/spi-builder-workspace/.dependencies/checkouts/indexstore-db/lib/Support/Path.cpp -o /Users/admin/builder/spi-builder-workspace/.derivedData/Build/Intermediates.noindex/IndexStoreDB.build/Debug-watchos/IndexStoreDB_Support-t.build/Objects-normal/arm64/Path.o -index-unit-output-path /IndexStoreDB.build/Debug-watchos/IndexStoreDB_Support-t.build/Objects-normal/arm64/Path.o
CompileC /Users/admin/builder/spi-builder-workspace/.derivedData/Build/Intermediates.noindex/IndexStoreDB.build/Debug-watchos/IndexStoreDB_Support-t.build/Objects-normal/arm64/Logging.o /Users/admin/builder/spi-builder-workspace/.dependencies/checkouts/indexstore-db/lib/Support/Logging.cpp normal arm64 c++ com.apple.compilers.llvm.clang.1_0.compiler (in target 'IndexStoreDB_Support' from project 'IndexStoreDB')
cd /Users/admin/builder/spi-builder-workspace/.swiftpm/xcode
Using response file: /Users/admin/builder/spi-builder-workspace/.derivedData/Build/Intermediates.noindex/IndexStoreDB.build/Debug-watchos/IndexStoreDB_Support-t.build/Objects-normal/arm64/82b82416624d2658e5098eb0a28c15c5-common-args.resp
/Applications/Xcode-27.0.0-Release.Candidate.app/Contents/Developer/Toolchains/XcodeDefault.xctoolchain/usr/bin/clang -x c++ -ivfsstatcache /Users/admin/builder/spi-builder-workspace/.derivedData/SDKStatCaches.noindex/watchos27.0-24R360-e829b21a6f8c9b70876ba0858053c04477534ef55a1706bf4c1112bbb242f0a2.sdkstatcache -target arm64-apple-watchos9.0 -fmessage-length\=0 -fdiagnostics-show-note-include-stack -fmacro-backtrace-limit\=0 -fno-color-diagnostics -fmodules-prune-interval\=86400 -fmodules-prune-after\=345600 -fbuild-session-file\=/Users/admin/builder/spi-builder-workspace/.derivedData/ModuleCache.noindex/Session.modulevalidation -fmodules-validate-once-per-build-session -Wnon-modular-include-in-framework-module -Werror\=non-modular-include-in-framework-module -Wno-trigraphs -Wno-missing-field-initializers -Wno-missing-prototypes -Wno-return-type -Wno-non-virtual-dtor -Wno-overloaded-virtual -Wno-exit-time-destructors -Wno-missing-braces -Wparentheses -Wswitch -Wno-unused-function -Wno-unused-label -Wno-unused-parameter -Wno-unused-variable -Wunused-value -Wno-empty-body -Wno-uninitialized -Wno-unknown-pragmas -w -Wno-shadow -Wno-four-char-constants -Wno-conversion -Wno-constant-conversion -Wno-int-conversion -Wno-bool-conversion -Wno-enum-conversion -Wno-float-conversion -Wno-non-literal-null-conversion -Wno-objc-literal-conversion -Wshorten-64-to-32 -Wno-newline-eof -Wno-c++11-extensions -Wno-implicit-fallthrough -isysroot /Applications/Xcode-27.0.0-Release.Candidate.app/Contents/Developer/Platforms/WatchOS.platform/Developer/SDKs/WatchOS27.0.sdk -fstrict-aliasing -Wdeprecated-declarations -Winvalid-offsetof -Wno-sign-conversion -Wno-infinite-recursion -Wno-move -Wno-comma -Wno-block-capture-autoreleasing -Wno-strict-prototypes -Wno-range-loop-analysis -Wno-semicolon-before-method-body -index-store-path /Users/admin/builder/spi-builder-workspace/.derivedData/Index.noindex/DataStore @/Users/admin/builder/spi-builder-workspace/.derivedData/Build/Intermediates.noindex/IndexStoreDB.build/Debug-watchos/IndexStoreDB_Support-t.build/Objects-normal/arm64/82b82416624d2658e5098eb0a28c15c5-common-args.resp -MMD -MT dependencies -MF /Users/admin/builder/spi-builder-workspace/.derivedData/Build/Intermediates.noindex/IndexStoreDB.build/Debug-watchos/IndexStoreDB_Support-t.build/Objects-normal/arm64/Logging.d --serialize-diagnostics /Users/admin/builder/spi-builder-workspace/.derivedData/Build/Intermediates.noindex/IndexStoreDB.build/Debug-watchos/IndexStoreDB_Support-t.build/Objects-normal/arm64/Logging.dia -c /Users/admin/builder/spi-builder-workspace/.dependencies/checkouts/indexstore-db/lib/Support/Logging.cpp -o /Users/admin/builder/spi-builder-workspace/.derivedData/Build/Intermediates.noindex/IndexStoreDB.build/Debug-watchos/IndexStoreDB_Support-t.build/Objects-normal/arm64/Logging.o -index-unit-output-path /IndexStoreDB.build/Debug-watchos/IndexStoreDB_Support-t.build/Objects-normal/arm64/Logging.o
SwiftExplicitDependencyGeneratePcm arm64_32 /Users/admin/builder/spi-builder-workspace/.derivedData/SDKExplicitPrecompiledModules/_DarwinFoundation3-3DUTYQDQSD9HUAAVY947NMWOI.pcm
SwiftExplicitDependencyGeneratePcm arm64_32 /Users/admin/builder/spi-builder-workspace/.derivedData/Build/Intermediates.noindex/SwiftExplicitPrecompiledModules/CIndexStoreDB-CWCNX0WVPYN4P8OMZUDWOESLW.pcm
<module-includes>:1:9: note: in file included from <module-includes>:1:
1 | #import "CIndexStoreDB.h"
| `- note: in file included from <module-includes>:1:
2 |
1 warning generated.
/Users/admin/builder/spi-builder-workspace/.dependencies/checkouts/indexstore-db/include/CIndexStoreDB/CIndexStoreDB.h:494:53: warning: pointer is missing a nullability type specifier (_Nonnull, _Nullable, or _Null_unspecified)
492 |
493 | INDEXSTOREDB_PUBLIC indexstoredb_symbol_provider_kind_t
494 | indexstoredb_symbol_occurrence_symbol_provider_kind(indexstoredb_symbol_occurrence_t occur);
| |- warning: pointer is missing a nullability type specifier (_Nonnull, _Nullable, or _Null_unspecified)
| |- note: insert '_Nullable' if the pointer may be null
| `- note: insert '_Nonnull' if the pointer should never be null
495 |
496 | /// Returns the kind of the given symbol.
SwiftExplicitDependencyGeneratePcm arm64 /Users/admin/builder/spi-builder-workspace/.derivedData/SDKExplicitPrecompiledModules/_Builtin_stdint-8XMILLJZEGRN2XG7XZUXZ5RLX.pcm
SwiftExplicitDependencyGeneratePcm arm64 /Users/admin/builder/spi-builder-workspace/.derivedData/SDKExplicitPrecompiledModules/sys_types-2KXQLI78OUCDP779AE68GZJ2.pcm
SwiftExplicitDependencyGeneratePcm arm64 /Users/admin/builder/spi-builder-workspace/.derivedData/SDKExplicitPrecompiledModules/string_h-E6PRXK75PHIPCZFWOFCQ3QBMK.pcm
CompileC /Users/admin/builder/spi-builder-workspace/.derivedData/Build/Intermediates.noindex/IndexStoreDB.build/Debug-watchos/IndexStoreDB_Support-t.build/Objects-normal/arm64/Logging-Mac.o /Users/admin/builder/spi-builder-workspace/.dependencies/checkouts/indexstore-db/lib/Support/Logging-Mac.mm normal arm64 objective-c++ com.apple.compilers.llvm.clang.1_0.compiler (in target 'IndexStoreDB_Support' from project 'IndexStoreDB')
cd /Users/admin/builder/spi-builder-workspace/.swiftpm/xcode
Using response file: /Users/admin/builder/spi-builder-workspace/.derivedData/Build/Intermediates.noindex/IndexStoreDB.build/Debug-watchos/IndexStoreDB_Support-t.build/Objects-normal/arm64/af3fcb34312c57c0f52879cdce924b91-common-args.resp
/Applications/Xcode-27.0.0-Release.Candidate.app/Contents/Developer/Toolchains/XcodeDefault.xctoolchain/usr/bin/clang -x objective-c++ -ivfsstatcache /Users/admin/builder/spi-builder-workspace/.derivedData/SDKStatCaches.noindex/watchos27.0-24R360-e829b21a6f8c9b70876ba0858053c04477534ef55a1706bf4c1112bbb242f0a2.sdkstatcache -target arm64-apple-watchos9.0 -fmessage-length\=0 -fdiagnostics-show-note-include-stack -fmacro-backtrace-limit\=0 -fno-color-diagnostics -fmodules-prune-interval\=86400 -fmodules-prune-after\=345600 -fbuild-session-file\=/Users/admin/builder/spi-builder-workspace/.derivedData/ModuleCache.noindex/Session.modulevalidation -fmodules-validate-once-per-build-session -Wnon-modular-include-in-framework-module -Werror\=non-modular-include-in-framework-module -Wno-trigraphs -Wno-missing-field-initializers -Wno-missing-prototypes -Wno-return-type -Wno-implicit-atomic-properties -Wno-objc-interface-ivars -Wno-arc-repeated-use-of-weak -Wno-non-virtual-dtor -Wno-overloaded-virtual -Wno-exit-time-destructors -Wno-missing-braces -Wparentheses -Wswitch -Wno-unused-function -Wno-unused-label -Wno-unused-parameter -Wno-unused-variable -Wunused-value -Wno-empty-body -Wno-uninitialized -Wno-unknown-pragmas -w -Wno-shadow -Wno-four-char-constants -Wno-conversion -Wno-constant-conversion -Wno-int-conversion -Wno-bool-conversion -Wno-enum-conversion -Wno-float-conversion -Wno-non-literal-null-conversion -Wno-objc-literal-conversion -Wshorten-64-to-32 -Wno-newline-eof -Wno-selector -Wno-strict-selector-match -Wno-undeclared-selector -Wno-deprecated-implementations -Wno-c++11-extensions -Wno-implicit-fallthrough -isysroot /Applications/Xcode-27.0.0-Release.Candidate.app/Contents/Developer/Platforms/WatchOS.platform/Developer/SDKs/WatchOS27.0.sdk -fstrict-aliasing -Wprotocol -Wdeprecated-declarations -Winvalid-offsetof -Wno-sign-conversion -Wno-infinite-recursion -Wno-move -Wno-comma -Wno-block-capture-autoreleasing -Wno-strict-prototypes -Wno-range-loop-analysis -Wno-semicolon-before-method-body -index-store-path /Users/admin/builder/spi-builder-workspace/.derivedData/Index.noindex/DataStore @/Users/admin/builder/spi-builder-workspace/.derivedData/Build/Intermediates.noindex/IndexStoreDB.build/Debug-watchos/IndexStoreDB_Support-t.build/Objects-normal/arm64/af3fcb34312c57c0f52879cdce924b91-common-args.resp -MMD -MT dependencies -MF /Users/admin/builder/spi-builder-workspace/.derivedData/Build/Intermediates.noindex/IndexStoreDB.build/Debug-watchos/IndexStoreDB_Support-t.build/Objects-normal/arm64/Logging-Mac.d --serialize-diagnostics /Users/admin/builder/spi-builder-workspace/.derivedData/Build/Intermediates.noindex/IndexStoreDB.build/Debug-watchos/IndexStoreDB_Support-t.build/Objects-normal/arm64/Logging-Mac.dia -c /Users/admin/builder/spi-builder-workspace/.dependencies/checkouts/indexstore-db/lib/Support/Logging-Mac.mm -o /Users/admin/builder/spi-builder-workspace/.derivedData/Build/Intermediates.noindex/IndexStoreDB.build/Debug-watchos/IndexStoreDB_Support-t.build/Objects-normal/arm64/Logging-Mac.o -index-unit-output-path /IndexStoreDB.build/Debug-watchos/IndexStoreDB_Support-t.build/Objects-normal/arm64/Logging-Mac.o
SwiftExplicitDependencyGeneratePcm arm64 /Users/admin/builder/spi-builder-workspace/.derivedData/Build/Intermediates.noindex/SwiftExplicitPrecompiledModules/CIndexStoreDB-2GBC3KF7V4W2JPBW0HS9WU9NX.pcm
<module-includes>:1:9: note: in file included from <module-includes>:1:
1 | #import "CIndexStoreDB.h"
| `- note: in file included from <module-includes>:1:
2 |
1 warning generated.
/Users/admin/builder/spi-builder-workspace/.dependencies/checkouts/indexstore-db/include/CIndexStoreDB/CIndexStoreDB.h:494:53: warning: pointer is missing a nullability type specifier (_Nonnull, _Nullable, or _Null_unspecified)
492 |
493 | INDEXSTOREDB_PUBLIC indexstoredb_symbol_provider_kind_t
494 | indexstoredb_symbol_occurrence_symbol_provider_kind(indexstoredb_symbol_occurrence_t occur);
| |- warning: pointer is missing a nullability type specifier (_Nonnull, _Nullable, or _Null_unspecified)
| |- note: insert '_Nullable' if the pointer may be null
| `- note: insert '_Nonnull' if the pointer should never be null
495 |
496 | /// Returns the kind of the given symbol.
SwiftExplicitDependencyGeneratePcm arm64 /Users/admin/builder/spi-builder-workspace/.derivedData/SDKExplicitPrecompiledModules/_DarwinFoundation3-B97LRG0E9GON2NUE65TVG81HU.pcm
CompileC /Users/admin/builder/spi-builder-workspace/.derivedData/Build/Intermediates.noindex/IndexStoreDB.build/Debug-watchos/IndexStoreDB_Support-t.build/Objects-normal/arm64/FilePathWatcher.o /Users/admin/builder/spi-builder-workspace/.dependencies/checkouts/indexstore-db/lib/Support/FilePathWatcher.cpp normal arm64 c++ com.apple.compilers.llvm.clang.1_0.compiler (in target 'IndexStoreDB_Support' from project 'IndexStoreDB')
cd /Users/admin/builder/spi-builder-workspace/.swiftpm/xcode
Using response file: /Users/admin/builder/spi-builder-workspace/.derivedData/Build/Intermediates.noindex/IndexStoreDB.build/Debug-watchos/IndexStoreDB_Support-t.build/Objects-normal/arm64/82b82416624d2658e5098eb0a28c15c5-common-args.resp
/Applications/Xcode-27.0.0-Release.Candidate.app/Contents/Developer/Toolchains/XcodeDefault.xctoolchain/usr/bin/clang -x c++ -ivfsstatcache /Users/admin/builder/spi-builder-workspace/.derivedData/SDKStatCaches.noindex/watchos27.0-24R360-e829b21a6f8c9b70876ba0858053c04477534ef55a1706bf4c1112bbb242f0a2.sdkstatcache -target arm64-apple-watchos9.0 -fmessage-length\=0 -fdiagnostics-show-note-include-stack -fmacro-backtrace-limit\=0 -fno-color-diagnostics -fmodules-prune-interval\=86400 -fmodules-prune-after\=345600 -fbuild-session-file\=/Users/admin/builder/spi-builder-workspace/.derivedData/ModuleCache.noindex/Session.modulevalidation -fmodules-validate-once-per-build-session -Wnon-modular-include-in-framework-module -Werror\=non-modular-include-in-framework-module -Wno-trigraphs -Wno-missing-field-initializers -Wno-missing-prototypes -Wno-return-type -Wno-non-virtual-dtor -Wno-overloaded-virtual -Wno-exit-time-destructors -Wno-missing-braces -Wparentheses -Wswitch -Wno-unused-function -Wno-unused-label -Wno-unused-parameter -Wno-unused-variable -Wunused-value -Wno-empty-body -Wno-uninitialized -Wno-unknown-pragmas -w -Wno-shadow -Wno-four-char-constants -Wno-conversion -Wno-constant-conversion -Wno-int-conversion -Wno-bool-conversion -Wno-enum-conversion -Wno-float-conversion -Wno-non-literal-null-conversion -Wno-objc-literal-conversion -Wshorten-64-to-32 -Wno-newline-eof -Wno-c++11-extensions -Wno-implicit-fallthrough -isysroot /Applications/Xcode-27.0.0-Release.Candidate.app/Contents/Developer/Platforms/WatchOS.platform/Developer/SDKs/WatchOS27.0.sdk -fstrict-aliasing -Wdeprecated-declarations -Winvalid-offsetof -Wno-sign-conversion -Wno-infinite-recursion -Wno-move -Wno-comma -Wno-block-capture-autoreleasing -Wno-strict-prototypes -Wno-range-loop-analysis -Wno-semicolon-before-method-body -index-store-path /Users/admin/builder/spi-builder-workspace/.derivedData/Index.noindex/DataStore @/Users/admin/builder/spi-builder-workspace/.derivedData/Build/Intermediates.noindex/IndexStoreDB.build/Debug-watchos/IndexStoreDB_Support-t.build/Objects-normal/arm64/82b82416624d2658e5098eb0a28c15c5-common-args.resp -MMD -MT dependencies -MF /Users/admin/builder/spi-builder-workspace/.derivedData/Build/Intermediates.noindex/IndexStoreDB.build/Debug-watchos/IndexStoreDB_Support-t.build/Objects-normal/arm64/FilePathWatcher.d --serialize-diagnostics /Users/admin/builder/spi-builder-workspace/.derivedData/Build/Intermediates.noindex/IndexStoreDB.build/Debug-watchos/IndexStoreDB_Support-t.build/Objects-normal/arm64/FilePathWatcher.dia -c /Users/admin/builder/spi-builder-workspace/.dependencies/checkouts/indexstore-db/lib/Support/FilePathWatcher.cpp -o /Users/admin/builder/spi-builder-workspace/.derivedData/Build/Intermediates.noindex/IndexStoreDB.build/Debug-watchos/IndexStoreDB_Support-t.build/Objects-normal/arm64/FilePathWatcher.o -index-unit-output-path /IndexStoreDB.build/Debug-watchos/IndexStoreDB_Support-t.build/Objects-normal/arm64/FilePathWatcher.o
SwiftExplicitDependencyGeneratePcm arm64_32 /Users/admin/builder/spi-builder-workspace/.derivedData/SDKExplicitPrecompiledModules/_Builtin_inttypes-D2KPCR4PEX9AQA33NGLUT5SBR.pcm
CompileC /Users/admin/builder/spi-builder-workspace/.derivedData/Build/Intermediates.noindex/IndexStoreDB.build/Debug-watchos/IndexStoreDB_Support-t.build/Objects-normal/arm64/Concurrency-Mac.o /Users/admin/builder/spi-builder-workspace/.dependencies/checkouts/indexstore-db/lib/Support/Concurrency-Mac.cpp normal arm64 c++ com.apple.compilers.llvm.clang.1_0.compiler (in target 'IndexStoreDB_Support' from project 'IndexStoreDB')
cd /Users/admin/builder/spi-builder-workspace/.swiftpm/xcode
Using response file: /Users/admin/builder/spi-builder-workspace/.derivedData/Build/Intermediates.noindex/IndexStoreDB.build/Debug-watchos/IndexStoreDB_Support-t.build/Objects-normal/arm64/82b82416624d2658e5098eb0a28c15c5-common-args.resp
/Applications/Xcode-27.0.0-Release.Candidate.app/Contents/Developer/Toolchains/XcodeDefault.xctoolchain/usr/bin/clang -x c++ -ivfsstatcache /Users/admin/builder/spi-builder-workspace/.derivedData/SDKStatCaches.noindex/watchos27.0-24R360-e829b21a6f8c9b70876ba0858053c04477534ef55a1706bf4c1112bbb242f0a2.sdkstatcache -target arm64-apple-watchos9.0 -fmessage-length\=0 -fdiagnostics-show-note-include-stack -fmacro-backtrace-limit\=0 -fno-color-diagnostics -fmodules-prune-interval\=86400 -fmodules-prune-after\=345600 -fbuild-session-file\=/Users/admin/builder/spi-builder-workspace/.derivedData/ModuleCache.noindex/Session.modulevalidation -fmodules-validate-once-per-build-session -Wnon-modular-include-in-framework-module -Werror\=non-modular-include-in-framework-module -Wno-trigraphs -Wno-missing-field-initializers -Wno-missing-prototypes -Wno-return-type -Wno-non-virtual-dtor -Wno-overloaded-virtual -Wno-exit-time-destructors -Wno-missing-braces -Wparentheses -Wswitch -Wno-unused-function -Wno-unused-label -Wno-unused-parameter -Wno-unused-variable -Wunused-value -Wno-empty-body -Wno-uninitialized -Wno-unknown-pragmas -w -Wno-shadow -Wno-four-char-constants -Wno-conversion -Wno-constant-conversion -Wno-int-conversion -Wno-bool-conversion -Wno-enum-conversion -Wno-float-conversion -Wno-non-literal-null-conversion -Wno-objc-literal-conversion -Wshorten-64-to-32 -Wno-newline-eof -Wno-c++11-extensions -Wno-implicit-fallthrough -isysroot /Applications/Xcode-27.0.0-Release.Candidate.app/Contents/Developer/Platforms/WatchOS.platform/Developer/SDKs/WatchOS27.0.sdk -fstrict-aliasing -Wdeprecated-declarations -Winvalid-offsetof -Wno-sign-conversion -Wno-infinite-recursion -Wno-move -Wno-comma -Wno-block-capture-autoreleasing -Wno-strict-prototypes -Wno-range-loop-analysis -Wno-semicolon-before-method-body -index-store-path /Users/admin/builder/spi-builder-workspace/.derivedData/Index.noindex/DataStore @/Users/admin/builder/spi-builder-workspace/.derivedData/Build/Intermediates.noindex/IndexStoreDB.build/Debug-watchos/IndexStoreDB_Support-t.build/Objects-normal/arm64/82b82416624d2658e5098eb0a28c15c5-common-args.resp -MMD -MT dependencies -MF /Users/admin/builder/spi-builder-workspace/.derivedData/Build/Intermediates.noindex/IndexStoreDB.build/Debug-watchos/IndexStoreDB_Support-t.build/Objects-normal/arm64/Concurrency-Mac.d --serialize-diagnostics /Users/admin/builder/spi-builder-workspace/.derivedData/Build/Intermediates.noindex/IndexStoreDB.build/Debug-watchos/IndexStoreDB_Support-t.build/Objects-normal/arm64/Concurrency-Mac.dia -c /Users/admin/builder/spi-builder-workspace/.dependencies/checkouts/indexstore-db/lib/Support/Concurrency-Mac.cpp -o /Users/admin/builder/spi-builder-workspace/.derivedData/Build/Intermediates.noindex/IndexStoreDB.build/Debug-watchos/IndexStoreDB_Support-t.build/Objects-normal/arm64/Concurrency-Mac.o -index-unit-output-path /IndexStoreDB.build/Debug-watchos/IndexStoreDB_Support-t.build/Objects-normal/arm64/Concurrency-Mac.o
CompileC /Users/admin/builder/spi-builder-workspace/.derivedData/Build/Intermediates.noindex/IndexStoreDB.build/Debug-watchos/IndexStoreDB_LLVMSupport-t.build/Objects-normal/arm64_32/raw_ostream.o /Users/admin/builder/spi-builder-workspace/.dependencies/checkouts/indexstore-db/lib/LLVMSupport/Support/raw_ostream.cpp normal arm64_32 c++ com.apple.compilers.llvm.clang.1_0.compiler (in target 'IndexStoreDB_LLVMSupport' from project 'IndexStoreDB')
cd /Users/admin/builder/spi-builder-workspace/.swiftpm/xcode
Using response file: /Users/admin/builder/spi-builder-workspace/.derivedData/Build/Intermediates.noindex/IndexStoreDB.build/Debug-watchos/IndexStoreDB_LLVMSupport-t.build/Objects-normal/arm64_32/82b82416624d2658e5098eb0a28c15c5-common-args.resp
/Applications/Xcode-27.0.0-Release.Candidate.app/Contents/Developer/Toolchains/XcodeDefault.xctoolchain/usr/bin/clang -x c++ -ivfsstatcache /Users/admin/builder/spi-builder-workspace/.derivedData/SDKStatCaches.noindex/watchos27.0-24R360-e829b21a6f8c9b70876ba0858053c04477534ef55a1706bf4c1112bbb242f0a2.sdkstatcache -target arm64_32-apple-watchos9.0 -fmessage-length\=0 -fdiagnostics-show-note-include-stack -fmacro-backtrace-limit\=0 -fno-color-diagnostics -fmodules-prune-interval\=86400 -fmodules-prune-after\=345600 -fbuild-session-file\=/Users/admin/builder/spi-builder-workspace/.derivedData/ModuleCache.noindex/Session.modulevalidation -fmodules-validate-once-per-build-session -Wnon-modular-include-in-framework-module -Werror\=non-modular-include-in-framework-module -Wno-trigraphs -Wno-missing-field-initializers -Wno-missing-prototypes -Wno-return-type -Wno-non-virtual-dtor -Wno-overloaded-virtual -Wno-exit-time-destructors -Wno-missing-braces -Wparentheses -Wswitch -Wno-unused-function -Wno-unused-label -Wno-unused-parameter -Wno-unused-variable -Wunused-value -Wno-empty-body -Wno-uninitialized -Wno-unknown-pragmas -w -Wno-shadow -Wno-four-char-constants -Wno-conversion -Wno-constant-conversion -Wno-int-conversion -Wno-bool-conversion -Wno-enum-conversion -Wno-float-conversion -Wno-non-literal-null-conversion -Wno-objc-literal-conversion -Wno-shorten-64-to-32 -Wno-newline-eof -Wno-c++11-extensions -Wno-implicit-fallthrough -isysroot /Applications/Xcode-27.0.0-Release.Candidate.app/Contents/Developer/Platforms/WatchOS.platform/Developer/SDKs/WatchOS27.0.sdk -fstrict-aliasing -Wdeprecated-declarations -Winvalid-offsetof -Wno-sign-conversion -Wno-infinite-recursion -Wno-move -Wno-comma -Wno-block-capture-autoreleasing -Wno-strict-prototypes -Wno-range-loop-analysis -Wno-semicolon-before-method-body -index-store-path /Users/admin/builder/spi-builder-workspace/.derivedData/Index.noindex/DataStore @/Users/admin/builder/spi-builder-workspace/.derivedData/Build/Intermediates.noindex/IndexStoreDB.build/Debug-watchos/IndexStoreDB_LLVMSupport-t.build/Objects-normal/arm64_32/82b82416624d2658e5098eb0a28c15c5-common-args.resp -MMD -MT dependencies -MF /Users/admin/builder/spi-builder-workspace/.derivedData/Build/Intermediates.noindex/IndexStoreDB.build/Debug-watchos/IndexStoreDB_LLVMSupport-t.build/Objects-normal/arm64_32/raw_ostream.d --serialize-diagnostics /Users/admin/builder/spi-builder-workspace/.derivedData/Build/Intermediates.noindex/IndexStoreDB.build/Debug-watchos/IndexStoreDB_LLVMSupport-t.build/Objects-normal/arm64_32/raw_ostream.dia -c /Users/admin/builder/spi-builder-workspace/.dependencies/checkouts/indexstore-db/lib/LLVMSupport/Support/raw_ostream.cpp -o /Users/admin/builder/spi-builder-workspace/.derivedData/Build/Intermediates.noindex/IndexStoreDB.build/Debug-watchos/IndexStoreDB_LLVMSupport-t.build/Objects-normal/arm64_32/raw_ostream.o -index-unit-output-path /IndexStoreDB.build/Debug-watchos/IndexStoreDB_LLVMSupport-t.build/Objects-normal/arm64_32/raw_ostream.o
SwiftExplicitDependencyGeneratePcm arm64_32 /Users/admin/builder/spi-builder-workspace/.derivedData/SDKExplicitPrecompiledModules/Darwin-3FVT1SKLN2ZQ5RVOABMTQBB34.pcm
SwiftExplicitDependencyGeneratePcm arm64 /Users/admin/builder/spi-builder-workspace/.derivedData/SDKExplicitPrecompiledModules/_Builtin_inttypes-3UQSCM7WNM9EK4HZML8TY5J3D.pcm
CompileC /Users/admin/builder/spi-builder-workspace/.derivedData/Build/Intermediates.noindex/IndexStoreDB.build/Debug-watchos/IndexStoreDB_LLVMSupport-t.build/Objects-normal/arm64_32/circular_raw_ostream.o /Users/admin/builder/spi-builder-workspace/.dependencies/checkouts/indexstore-db/lib/LLVMSupport/Support/circular_raw_ostream.cpp normal arm64_32 c++ com.apple.compilers.llvm.clang.1_0.compiler (in target 'IndexStoreDB_LLVMSupport' from project 'IndexStoreDB')
cd /Users/admin/builder/spi-builder-workspace/.swiftpm/xcode
Using response file: /Users/admin/builder/spi-builder-workspace/.derivedData/Build/Intermediates.noindex/IndexStoreDB.build/Debug-watchos/IndexStoreDB_LLVMSupport-t.build/Objects-normal/arm64_32/82b82416624d2658e5098eb0a28c15c5-common-args.resp
/Applications/Xcode-27.0.0-Release.Candidate.app/Contents/Developer/Toolchains/XcodeDefault.xctoolchain/usr/bin/clang -x c++ -ivfsstatcache /Users/admin/builder/spi-builder-workspace/.derivedData/SDKStatCaches.noindex/watchos27.0-24R360-e829b21a6f8c9b70876ba0858053c04477534ef55a1706bf4c1112bbb242f0a2.sdkstatcache -target arm64_32-apple-watchos9.0 -fmessage-length\=0 -fdiagnostics-show-note-include-stack -fmacro-backtrace-limit\=0 -fno-color-diagnostics -fmodules-prune-interval\=86400 -fmodules-prune-after\=345600 -fbuild-session-file\=/Users/admin/builder/spi-builder-workspace/.derivedData/ModuleCache.noindex/Session.modulevalidation -fmodules-validate-once-per-build-session -Wnon-modular-include-in-framework-module -Werror\=non-modular-include-in-framework-module -Wno-trigraphs -Wno-missing-field-initializers -Wno-missing-prototypes -Wno-return-type -Wno-non-virtual-dtor -Wno-overloaded-virtual -Wno-exit-time-destructors -Wno-missing-braces -Wparentheses -Wswitch -Wno-unused-function -Wno-unused-label -Wno-unused-parameter -Wno-unused-variable -Wunused-value -Wno-empty-body -Wno-uninitialized -Wno-unknown-pragmas -w -Wno-shadow -Wno-four-char-constants -Wno-conversion -Wno-constant-conversion -Wno-int-conversion -Wno-bool-conversion -Wno-enum-conversion -Wno-float-conversion -Wno-non-literal-null-conversion -Wno-objc-literal-conversion -Wno-shorten-64-to-32 -Wno-newline-eof -Wno-c++11-extensions -Wno-implicit-fallthrough -isysroot /Applications/Xcode-27.0.0-Release.Candidate.app/Contents/Developer/Platforms/WatchOS.platform/Developer/SDKs/WatchOS27.0.sdk -fstrict-aliasing -Wdeprecated-declarations -Winvalid-offsetof -Wno-sign-conversion -Wno-infinite-recursion -Wno-move -Wno-comma -Wno-block-capture-autoreleasing -Wno-strict-prototypes -Wno-range-loop-analysis -Wno-semicolon-before-method-body -index-store-path /Users/admin/builder/spi-builder-workspace/.derivedData/Index.noindex/DataStore @/Users/admin/builder/spi-builder-workspace/.derivedData/Build/Intermediates.noindex/IndexStoreDB.build/Debug-watchos/IndexStoreDB_LLVMSupport-t.build/Objects-normal/arm64_32/82b82416624d2658e5098eb0a28c15c5-common-args.resp -MMD -MT dependencies -MF /Users/admin/builder/spi-builder-workspace/.derivedData/Build/Intermediates.noindex/IndexStoreDB.build/Debug-watchos/IndexStoreDB_LLVMSupport-t.build/Objects-normal/arm64_32/circular_raw_ostream.d --serialize-diagnostics /Users/admin/builder/spi-builder-workspace/.derivedData/Build/Intermediates.noindex/IndexStoreDB.build/Debug-watchos/IndexStoreDB_LLVMSupport-t.build/Objects-normal/arm64_32/circular_raw_ostream.dia -c /Users/admin/builder/spi-builder-workspace/.dependencies/checkouts/indexstore-db/lib/LLVMSupport/Support/circular_raw_ostream.cpp -o /Users/admin/builder/spi-builder-workspace/.derivedData/Build/Intermediates.noindex/IndexStoreDB.build/Debug-watchos/IndexStoreDB_LLVMSupport-t.build/Objects-normal/arm64_32/circular_raw_ostream.o -index-unit-output-path /IndexStoreDB.build/Debug-watchos/IndexStoreDB_LLVMSupport-t.build/Objects-normal/arm64_32/circular_raw_ostream.o
SwiftExplicitDependencyGeneratePcm arm64 /Users/admin/builder/spi-builder-workspace/.derivedData/SDKExplicitPrecompiledModules/Darwin-3984OXKFNSPE77NT743WK8SEX.pcm
CompileC /Users/admin/builder/spi-builder-workspace/.derivedData/Build/Intermediates.noindex/IndexStoreDB.build/Debug-watchos/IndexStoreDB_LLVMSupport-t.build/Objects-normal/arm64_32/YAMLTraits.o /Users/admin/builder/spi-builder-workspace/.dependencies/checkouts/indexstore-db/lib/LLVMSupport/Support/YAMLTraits.cpp normal arm64_32 c++ com.apple.compilers.llvm.clang.1_0.compiler (in target 'IndexStoreDB_LLVMSupport' from project 'IndexStoreDB')
cd /Users/admin/builder/spi-builder-workspace/.swiftpm/xcode
Using response file: /Users/admin/builder/spi-builder-workspace/.derivedData/Build/Intermediates.noindex/IndexStoreDB.build/Debug-watchos/IndexStoreDB_LLVMSupport-t.build/Objects-normal/arm64_32/82b82416624d2658e5098eb0a28c15c5-common-args.resp
/Applications/Xcode-27.0.0-Release.Candidate.app/Contents/Developer/Toolchains/XcodeDefault.xctoolchain/usr/bin/clang -x c++ -ivfsstatcache /Users/admin/builder/spi-builder-workspace/.derivedData/SDKStatCaches.noindex/watchos27.0-24R360-e829b21a6f8c9b70876ba0858053c04477534ef55a1706bf4c1112bbb242f0a2.sdkstatcache -target arm64_32-apple-watchos9.0 -fmessage-length\=0 -fdiagnostics-show-note-include-stack -fmacro-backtrace-limit\=0 -fno-color-diagnostics -fmodules-prune-interval\=86400 -fmodules-prune-after\=345600 -fbuild-session-file\=/Users/admin/builder/spi-builder-workspace/.derivedData/ModuleCache.noindex/Session.modulevalidation -fmodules-validate-once-per-build-session -Wnon-modular-include-in-framework-module -Werror\=non-modular-include-in-framework-module -Wno-trigraphs -Wno-missing-field-initializers -Wno-missing-prototypes -Wno-return-type -Wno-non-virtual-dtor -Wno-overloaded-virtual -Wno-exit-time-destructors -Wno-missing-braces -Wparentheses -Wswitch -Wno-unused-function -Wno-unused-label -Wno-unused-parameter -Wno-unused-variable -Wunused-value -Wno-empty-body -Wno-uninitialized -Wno-unknown-pragmas -w -Wno-shadow -Wno-four-char-constants -Wno-conversion -Wno-constant-conversion -Wno-int-conversion -Wno-bool-conversion -Wno-enum-conversion -Wno-float-conversion -Wno-non-literal-null-conversion -Wno-objc-literal-conversion -Wno-shorten-64-to-32 -Wno-newline-eof -Wno-c++11-extensions -Wno-implicit-fallthrough -isysroot /Applications/Xcode-27.0.0-Release.Candidate.app/Contents/Developer/Platforms/WatchOS.platform/Developer/SDKs/WatchOS27.0.sdk -fstrict-aliasing -Wdeprecated-declarations -Winvalid-offsetof -Wno-sign-conversion -Wno-infinite-recursion -Wno-move -Wno-comma -Wno-block-capture-autoreleasing -Wno-strict-prototypes -Wno-range-loop-analysis -Wno-semicolon-before-method-body -index-store-path /Users/admin/builder/spi-builder-workspace/.derivedData/Index.noindex/DataStore @/Users/admin/builder/spi-builder-workspace/.derivedData/Build/Intermediates.noindex/IndexStoreDB.build/Debug-watchos/IndexStoreDB_LLVMSupport-t.build/Objects-normal/arm64_32/82b82416624d2658e5098eb0a28c15c5-common-args.resp -MMD -MT dependencies -MF /Users/admin/builder/spi-builder-workspace/.derivedData/Build/Intermediates.noindex/IndexStoreDB.build/Debug-watchos/IndexStoreDB_LLVMSupport-t.build/Objects-normal/arm64_32/YAMLTraits.d --serialize-diagnostics /Users/admin/builder/spi-builder-workspace/.derivedData/Build/Intermediates.noindex/IndexStoreDB.build/Debug-watchos/IndexStoreDB_LLVMSupport-t.build/Objects-normal/arm64_32/YAMLTraits.dia -c /Users/admin/builder/spi-builder-workspace/.dependencies/checkouts/indexstore-db/lib/LLVMSupport/Support/YAMLTraits.cpp -o /Users/admin/builder/spi-builder-workspace/.derivedData/Build/Intermediates.noindex/IndexStoreDB.build/Debug-watchos/IndexStoreDB_LLVMSupport-t.build/Objects-normal/arm64_32/YAMLTraits.o -index-unit-output-path /IndexStoreDB.build/Debug-watchos/IndexStoreDB_LLVMSupport-t.build/Objects-normal/arm64_32/YAMLTraits.o
SwiftExplicitDependencyGeneratePcm arm64_32 /Users/admin/builder/spi-builder-workspace/.derivedData/SDKExplicitPrecompiledModules/ObjectiveC-6IJNELR2E80E7LUKESVCP2KET.pcm
SwiftExplicitDependencyGeneratePcm arm64 /Users/admin/builder/spi-builder-workspace/.derivedData/SDKExplicitPrecompiledModules/ObjectiveC-72IVD3VS2RS8Q28D9PIMY0KQP.pcm
CompileC /Users/admin/builder/spi-builder-workspace/.derivedData/Build/Intermediates.noindex/IndexStoreDB.build/Debug-watchos/IndexStoreDB_LLVMSupport-t.build/Objects-normal/arm64_32/YAMLParser.o /Users/admin/builder/spi-builder-workspace/.dependencies/checkouts/indexstore-db/lib/LLVMSupport/Support/YAMLParser.cpp normal arm64_32 c++ com.apple.compilers.llvm.clang.1_0.compiler (in target 'IndexStoreDB_LLVMSupport' from project 'IndexStoreDB')
cd /Users/admin/builder/spi-builder-workspace/.swiftpm/xcode
Using response file: /Users/admin/builder/spi-builder-workspace/.derivedData/Build/Intermediates.noindex/IndexStoreDB.build/Debug-watchos/IndexStoreDB_LLVMSupport-t.build/Objects-normal/arm64_32/82b82416624d2658e5098eb0a28c15c5-common-args.resp
/Applications/Xcode-27.0.0-Release.Candidate.app/Contents/Developer/Toolchains/XcodeDefault.xctoolchain/usr/bin/clang -x c++ -ivfsstatcache /Users/admin/builder/spi-builder-workspace/.derivedData/SDKStatCaches.noindex/watchos27.0-24R360-e829b21a6f8c9b70876ba0858053c04477534ef55a1706bf4c1112bbb242f0a2.sdkstatcache -target arm64_32-apple-watchos9.0 -fmessage-length\=0 -fdiagnostics-show-note-include-stack -fmacro-backtrace-limit\=0 -fno-color-diagnostics -fmodules-prune-interval\=86400 -fmodules-prune-after\=345600 -fbuild-session-file\=/Users/admin/builder/spi-builder-workspace/.derivedData/ModuleCache.noindex/Session.modulevalidation -fmodules-validate-once-per-build-session -Wnon-modular-include-in-framework-module -Werror\=non-modular-include-in-framework-module -Wno-trigraphs -Wno-missing-field-initializers -Wno-missing-prototypes -Wno-return-type -Wno-non-virtual-dtor -Wno-overloaded-virtual -Wno-exit-time-destructors -Wno-missing-braces -Wparentheses -Wswitch -Wno-unused-function -Wno-unused-label -Wno-unused-parameter -Wno-unused-variable -Wunused-value -Wno-empty-body -Wno-uninitialized -Wno-unknown-pragmas -w -Wno-shadow -Wno-four-char-constants -Wno-conversion -Wno-constant-conversion -Wno-int-conversion -Wno-bool-conversion -Wno-enum-conversion -Wno-float-conversion -Wno-non-literal-null-conversion -Wno-objc-literal-conversion -Wno-shorten-64-to-32 -Wno-newline-eof -Wno-c++11-extensions -Wno-implicit-fallthrough -isysroot /Applications/Xcode-27.0.0-Release.Candidate.app/Contents/Developer/Platforms/WatchOS.platform/Developer/SDKs/WatchOS27.0.sdk -fstrict-aliasing -Wdeprecated-declarations -Winvalid-offsetof -Wno-sign-conversion -Wno-infinite-recursion -Wno-move -Wno-comma -Wno-block-capture-autoreleasing -Wno-strict-prototypes -Wno-range-loop-analysis -Wno-semicolon-before-method-body -index-store-path /Users/admin/builder/spi-builder-workspace/.derivedData/Index.noindex/DataStore @/Users/admin/builder/spi-builder-workspace/.derivedData/Build/Intermediates.noindex/IndexStoreDB.build/Debug-watchos/IndexStoreDB_LLVMSupport-t.build/Objects-normal/arm64_32/82b82416624d2658e5098eb0a28c15c5-common-args.resp -MMD -MT dependencies -MF /Users/admin/builder/spi-builder-workspace/.derivedData/Build/Intermediates.noindex/IndexStoreDB.build/Debug-watchos/IndexStoreDB_LLVMSupport-t.build/Objects-normal/arm64_32/YAMLParser.d --serialize-diagnostics /Users/admin/builder/spi-builder-workspace/.derivedData/Build/Intermediates.noindex/IndexStoreDB.build/Debug-watchos/IndexStoreDB_LLVMSupport-t.build/Objects-normal/arm64_32/YAMLParser.dia -c /Users/admin/builder/spi-builder-workspace/.dependencies/checkouts/indexstore-db/lib/LLVMSupport/Support/YAMLParser.cpp -o /Users/admin/builder/spi-builder-workspace/.derivedData/Build/Intermediates.noindex/IndexStoreDB.build/Debug-watchos/IndexStoreDB_LLVMSupport-t.build/Objects-normal/arm64_32/YAMLParser.o -index-unit-output-path /IndexStoreDB.build/Debug-watchos/IndexStoreDB_LLVMSupport-t.build/Objects-normal/arm64_32/YAMLParser.o
PruneExplicitPrecompiledModules /Users/admin/builder/spi-builder-workspace/.derivedData/Build/Intermediates.noindex/SwiftExplicitPrecompiledModules
PruneExplicitPrecompiledModules /Users/admin/builder/spi-builder-workspace/.derivedData/SDKExplicitPrecompiledModules
PruneExplicitPrecompiledModules /Users/admin/builder/spi-builder-workspace/.derivedData/Build/Intermediates.noindex/ExplicitPrecompiledModules
2026-09-22 14:35:31.516 xcodebuild[903:5331] [MT] IDERunDestination: Supported platforms for the buildables in the current scheme is empty.
2026-09-22 14:35:31.613 xcodebuild[903:5331] [MT] IDERunDestination: Supported platforms for the buildables in the current scheme is empty.
** BUILD FAILED **
The following build commands failed:
CompileC /Users/admin/builder/spi-builder-workspace/.derivedData/Build/Intermediates.noindex/IndexStoreDB.build/Debug-watchos/IndexStoreDB_Support-t.build/Objects-normal/arm64_32/FilePathWatcher.o /Users/admin/builder/spi-builder-workspace/.dependencies/checkouts/indexstore-db/lib/Support/FilePathWatcher.cpp normal arm64_32 c++ com.apple.compilers.llvm.clang.1_0.compiler (in target 'IndexStoreDB_Support' from project 'IndexStoreDB')
Building workspace xcresultowners with scheme xcresultowners-Package
(2 failures)
BUILD FAILURE 6.4 watchOS