Build Information
Failed to build NetworkSpectator, reference main (21093b), with Swift 6.1 for watchOS using Xcode 16.3 on 16 Jul 2026 16:35:17 UTC.
Build Command
env DEVELOPER_DIR=/Applications/Xcode-16.3.0.app xcrun xcodebuild -IDEClonedSourcePackagesDirPathOverride=$PWD/.dependencies -skipMacroValidation -skipPackagePluginValidation -derivedDataPath $PWD/.derivedData build -scheme NetworkSpectator-Package -destination generic/platform=watchOSBuild Log
SwiftDriverJobDiscovery normal arm64_32 Compiling HTTPMethod.swift, HTTPResponse.swift (in target 'NetworkSpectatorCore' from project 'NetworkSpectator')
Copy /Users/admin/builder/spi-builder-workspace/.derivedData/Build/Products/Debug-watchos/NetworkSpectatorCore.swiftmodule/Project/arm64-apple-watchos.swiftsourceinfo /Users/admin/builder/spi-builder-workspace/.derivedData/Build/Intermediates.noindex/NetworkSpectator.build/Debug-watchos/NetworkSpectatorCore.build/Objects-normal/arm64/NetworkSpectatorCore.swiftsourceinfo (in target 'NetworkSpectatorCore' from project 'NetworkSpectator')
cd /Users/admin/builder/spi-builder-workspace
builtin-copy -exclude .DS_Store -exclude CVS -exclude .svn -exclude .git -exclude .hg -resolve-src-symlinks -rename /Users/admin/builder/spi-builder-workspace/.derivedData/Build/Intermediates.noindex/NetworkSpectator.build/Debug-watchos/NetworkSpectatorCore.build/Objects-normal/arm64/NetworkSpectatorCore.swiftsourceinfo /Users/admin/builder/spi-builder-workspace/.derivedData/Build/Products/Debug-watchos/NetworkSpectatorCore.swiftmodule/Project/arm64-apple-watchos.swiftsourceinfo
SwiftCompile normal arm64_32 Compiling\ NetworkInterceptor.swift /Users/admin/builder/spi-builder-workspace/Sources/NetworkSpectator/Domain/Network/NetworkInterceptor.swift (in target 'NetworkSpectatorCore' from project 'NetworkSpectator')
SwiftCompile normal arm64_32 /Users/admin/builder/spi-builder-workspace/Sources/NetworkSpectator/Domain/Network/NetworkInterceptor.swift (in target 'NetworkSpectatorCore' from project 'NetworkSpectator')
cd /Users/admin/builder/spi-builder-workspace/.swiftpm/xcode
SwiftCompile normal arm64_32 Compiling\ NetworkLogMetrics.swift /Users/admin/builder/spi-builder-workspace/Sources/NetworkSpectator/Domain/Entities/NetworkLogMetrics.swift (in target 'NetworkSpectatorCore' from project 'NetworkSpectator')
SwiftCompile normal arm64_32 /Users/admin/builder/spi-builder-workspace/Sources/NetworkSpectator/Domain/Entities/NetworkLogMetrics.swift (in target 'NetworkSpectatorCore' from project 'NetworkSpectator')
cd /Users/admin/builder/spi-builder-workspace/.swiftpm/xcode
SwiftCompile normal arm64_32 Compiling\ MatchRule.swift /Users/admin/builder/spi-builder-workspace/Sources/NetworkSpectator/Domain/Rules/MatchRule.swift (in target 'NetworkSpectatorCore' from project 'NetworkSpectator')
SwiftCompile normal arm64_32 /Users/admin/builder/spi-builder-workspace/Sources/NetworkSpectator/Domain/Rules/MatchRule.swift (in target 'NetworkSpectatorCore' from project 'NetworkSpectator')
cd /Users/admin/builder/spi-builder-workspace/.swiftpm/xcode
SwiftDriverJobDiscovery normal arm64_32 Compiling ConsoleLogFormatter.swift, DebugConsoleLogger.swift (in target 'NetworkSpectatorCore' from project 'NetworkSpectator')
SwiftCompile normal arm64 Compiling\ NetworkURLProtocol.swift /Users/admin/builder/spi-builder-workspace/Sources/NetworkSpectator/Domain/Network/NetworkURLProtocol.swift (in target 'NetworkSpectatorCore' from project 'NetworkSpectator')
SwiftCompile normal arm64 /Users/admin/builder/spi-builder-workspace/Sources/NetworkSpectator/Domain/Network/NetworkURLProtocol.swift (in target 'NetworkSpectatorCore' from project 'NetworkSpectator')
cd /Users/admin/builder/spi-builder-workspace/.swiftpm/xcode
SwiftDriverJobDiscovery normal arm64 Compiling URLSessionConfiguration+Extension.swift (in target 'NetworkSpectatorCore' from project 'NetworkSpectator')
SwiftCompile normal arm64_32 Compiling\ LogItem.swift /Users/admin/builder/spi-builder-workspace/Sources/NetworkSpectator/Domain/Entities/LogItem.swift (in target 'NetworkSpectatorCore' from project 'NetworkSpectator')
SwiftCompile normal arm64_32 /Users/admin/builder/spi-builder-workspace/Sources/NetworkSpectator/Domain/Entities/LogItem.swift (in target 'NetworkSpectatorCore' from project 'NetworkSpectator')
cd /Users/admin/builder/spi-builder-workspace/.swiftpm/xcode
SwiftDriverJobDiscovery normal arm64 Compiling MatchRule.swift (in target 'NetworkSpectatorCore' from project 'NetworkSpectator')
SwiftCompile normal arm64_32 Compiling\ MimeType.swift /Users/admin/builder/spi-builder-workspace/Sources/NetworkSpectator/Domain/Entities/MimeType.swift (in target 'NetworkSpectatorCore' from project 'NetworkSpectator')
SwiftCompile normal arm64_32 /Users/admin/builder/spi-builder-workspace/Sources/NetworkSpectator/Domain/Entities/MimeType.swift (in target 'NetworkSpectatorCore' from project 'NetworkSpectator')
cd /Users/admin/builder/spi-builder-workspace/.swiftpm/xcode
SwiftDriverJobDiscovery normal arm64_32 Compiling URLSessionConfiguration+Extension.swift (in target 'NetworkSpectatorCore' from project 'NetworkSpectator')
SwiftCompile normal arm64 Compiling\ LogItem.swift /Users/admin/builder/spi-builder-workspace/Sources/NetworkSpectator/Domain/Entities/LogItem.swift (in target 'NetworkSpectatorCore' from project 'NetworkSpectator')
SwiftCompile normal arm64 /Users/admin/builder/spi-builder-workspace/Sources/NetworkSpectator/Domain/Entities/LogItem.swift (in target 'NetworkSpectatorCore' from project 'NetworkSpectator')
cd /Users/admin/builder/spi-builder-workspace/.swiftpm/xcode
SwiftDriverJobDiscovery normal arm64 Compiling MimeType.swift (in target 'NetworkSpectatorCore' from project 'NetworkSpectator')
SwiftCompile normal arm64 Compiling\ HTTPMethod.swift,\ HTTPResponse.swift /Users/admin/builder/spi-builder-workspace/Sources/NetworkSpectator/Domain/Entities/HTTPMethod.swift /Users/admin/builder/spi-builder-workspace/Sources/NetworkSpectator/Domain/Entities/HTTPResponse.swift (in target 'NetworkSpectatorCore' from project 'NetworkSpectator')
SwiftCompile normal arm64 /Users/admin/builder/spi-builder-workspace/Sources/NetworkSpectator/Domain/Entities/HTTPMethod.swift (in target 'NetworkSpectatorCore' from project 'NetworkSpectator')
cd /Users/admin/builder/spi-builder-workspace/.swiftpm/xcode
SwiftCompile normal arm64 /Users/admin/builder/spi-builder-workspace/Sources/NetworkSpectator/Domain/Entities/HTTPResponse.swift (in target 'NetworkSpectatorCore' from project 'NetworkSpectator')
cd /Users/admin/builder/spi-builder-workspace/.swiftpm/xcode
SwiftDriverJobDiscovery normal arm64 Compiling NetworkLogMetrics.swift (in target 'NetworkSpectatorCore' from project 'NetworkSpectator')
SwiftCompile normal arm64_32 Compiling\ NetworkURLProtocol.swift /Users/admin/builder/spi-builder-workspace/Sources/NetworkSpectator/Domain/Network/NetworkURLProtocol.swift (in target 'NetworkSpectatorCore' from project 'NetworkSpectator')
SwiftCompile normal arm64_32 /Users/admin/builder/spi-builder-workspace/Sources/NetworkSpectator/Domain/Network/NetworkURLProtocol.swift (in target 'NetworkSpectatorCore' from project 'NetworkSpectator')
cd /Users/admin/builder/spi-builder-workspace/.swiftpm/xcode
SwiftDriverJobDiscovery normal arm64 Compiling ConsoleLogFormatter.swift, DebugConsoleLogger.swift (in target 'NetworkSpectatorCore' from project 'NetworkSpectator')
SwiftCompile normal arm64_32 Compiling\ NetworkItemLogger.swift /Users/admin/builder/spi-builder-workspace/Sources/NetworkSpectator/Domain/Network/NetworkItemLogger.swift (in target 'NetworkSpectatorCore' from project 'NetworkSpectator')
SwiftCompile normal arm64_32 /Users/admin/builder/spi-builder-workspace/Sources/NetworkSpectator/Domain/Network/NetworkItemLogger.swift (in target 'NetworkSpectatorCore' from project 'NetworkSpectator')
cd /Users/admin/builder/spi-builder-workspace/.swiftpm/xcode
SwiftDriverJobDiscovery normal arm64 Compiling NetworkInterceptor.swift (in target 'NetworkSpectatorCore' from project 'NetworkSpectator')
SwiftDriverJobDiscovery normal arm64_32 Compiling NetworkItemLogger.swift (in target 'NetworkSpectatorCore' from project 'NetworkSpectator')
SwiftDriver NetworkSpectatorMocking normal arm64 com.apple.xcode.tools.swift.compiler (in target 'NetworkSpectatorMocking' from project 'NetworkSpectator')
cd /Users/admin/builder/spi-builder-workspace/.swiftpm/xcode
builtin-SwiftDriver -- /Applications/Xcode-16.3.0.app/Contents/Developer/Toolchains/XcodeDefault.xctoolchain/usr/bin/swiftc -module-name NetworkSpectatorMocking -Onone -enforce-exclusivity\=checked @/Users/admin/builder/spi-builder-workspace/.derivedData/Build/Intermediates.noindex/NetworkSpectator.build/Debug-watchos/NetworkSpectatorMocking.build/Objects-normal/arm64/NetworkSpectatorMocking.SwiftFileList -DSWIFT_PACKAGE -DDEBUG -stats-output-dir .stats -plugin-path /Applications/Xcode-16.3.0.app/Contents/Developer/Toolchains/XcodeDefault.xctoolchain/usr/lib/swift/host/plugins/testing -enable-experimental-feature DebugDescriptionMacro -sdk /Applications/Xcode-16.3.0.app/Contents/Developer/Platforms/WatchOS.platform/Developer/SDKs/WatchOS11.4.sdk -target arm64-apple-watchos9.0 -g -module-cache-path /Users/admin/builder/spi-builder-workspace/.derivedData/ModuleCache.noindex -Xfrontend -serialize-debugging-options -profile-coverage-mapping -profile-generate -enable-testing -index-store-path /Users/admin/builder/spi-builder-workspace/.derivedData/Index.noindex/DataStore -swift-version 6 -I /Users/admin/builder/spi-builder-workspace/.derivedData/Build/Products/Debug-watchos -I /Applications/Xcode-16.3.0.app/Contents/Developer/Platforms/WatchOS.platform/Developer/usr/lib -F /Users/admin/builder/spi-builder-workspace/.derivedData/Build/Products/Debug-watchos/PackageFrameworks -F /Users/admin/builder/spi-builder-workspace/.derivedData/Build/Products/Debug-watchos -F /Applications/Xcode-16.3.0.app/Contents/Developer/Platforms/WatchOS.platform/Developer/Library/Frameworks -F /Applications/Xcode-16.3.0.app/Contents/Developer/Platforms/WatchOS.platform/Developer/SDKs/WatchOS11.4.sdk/Developer/Library/Frameworks -c -j10 -enable-batch-mode -incremental -Xcc -ivfsstatcache -Xcc /Users/admin/builder/spi-builder-workspace/.derivedData/SDKStatCaches.noindex/watchos11.4-22T246-43efb940ff07ba2497b70ec94253f576.sdkstatcache -output-file-map /Users/admin/builder/spi-builder-workspace/.derivedData/Build/Intermediates.noindex/NetworkSpectator.build/Debug-watchos/NetworkSpectatorMocking.build/Objects-normal/arm64/NetworkSpectatorMocking-OutputFileMap.json -use-frontend-parseable-output -save-temps -no-color-diagnostics -serialize-diagnostics -emit-dependencies -emit-module -emit-module-path /Users/admin/builder/spi-builder-workspace/.derivedData/Build/Intermediates.noindex/NetworkSpectator.build/Debug-watchos/NetworkSpectatorMocking.build/Objects-normal/arm64/NetworkSpectatorMocking.swiftmodule -validate-clang-modules-once -clang-build-session-file /Users/admin/builder/spi-builder-workspace/.derivedData/ModuleCache.noindex/Session.modulevalidation -package-name spi_builder_workspace -Xcc -I/Users/admin/builder/spi-builder-workspace/.derivedData/Build/Intermediates.noindex/NetworkSpectator.build/Debug-watchos/NetworkSpectatorMocking.build/swift-overrides.hmap -emit-const-values -Xfrontend -const-gather-protocols-file -Xfrontend /Users/admin/builder/spi-builder-workspace/.derivedData/Build/Intermediates.noindex/NetworkSpectator.build/Debug-watchos/NetworkSpectatorMocking.build/Objects-normal/arm64/NetworkSpectatorMocking_const_extract_protocols.json -Xcc -I/Users/admin/builder/spi-builder-workspace/.derivedData/Build/Products/Debug-watchos/include -Xcc -I/Users/admin/builder/spi-builder-workspace/.derivedData/Build/Intermediates.noindex/NetworkSpectator.build/Debug-watchos/NetworkSpectatorMocking.build/DerivedSources-normal/arm64 -Xcc -I/Users/admin/builder/spi-builder-workspace/.derivedData/Build/Intermediates.noindex/NetworkSpectator.build/Debug-watchos/NetworkSpectatorMocking.build/DerivedSources/arm64 -Xcc -I/Users/admin/builder/spi-builder-workspace/.derivedData/Build/Intermediates.noindex/NetworkSpectator.build/Debug-watchos/NetworkSpectatorMocking.build/DerivedSources -Xcc -DSWIFT_PACKAGE -Xcc -DDEBUG\=1 -emit-objc-header -emit-objc-header-path /Users/admin/builder/spi-builder-workspace/.derivedData/Build/Intermediates.noindex/NetworkSpectator.build/Debug-watchos/NetworkSpectatorMocking.build/Objects-normal/arm64/NetworkSpectatorMocking-Swift.h -working-directory /Users/admin/builder/spi-builder-workspace/.swiftpm/xcode -experimental-emit-module-separately -disable-cmo
SwiftDriver NetworkSpectatorMocking normal arm64_32 com.apple.xcode.tools.swift.compiler (in target 'NetworkSpectatorMocking' from project 'NetworkSpectator')
cd /Users/admin/builder/spi-builder-workspace/.swiftpm/xcode
builtin-SwiftDriver -- /Applications/Xcode-16.3.0.app/Contents/Developer/Toolchains/XcodeDefault.xctoolchain/usr/bin/swiftc -module-name NetworkSpectatorMocking -Onone -enforce-exclusivity\=checked @/Users/admin/builder/spi-builder-workspace/.derivedData/Build/Intermediates.noindex/NetworkSpectator.build/Debug-watchos/NetworkSpectatorMocking.build/Objects-normal/arm64_32/NetworkSpectatorMocking.SwiftFileList -DSWIFT_PACKAGE -DDEBUG -stats-output-dir .stats -plugin-path /Applications/Xcode-16.3.0.app/Contents/Developer/Toolchains/XcodeDefault.xctoolchain/usr/lib/swift/host/plugins/testing -enable-experimental-feature DebugDescriptionMacro -sdk /Applications/Xcode-16.3.0.app/Contents/Developer/Platforms/WatchOS.platform/Developer/SDKs/WatchOS11.4.sdk -target arm64_32-apple-watchos9.0 -g -module-cache-path /Users/admin/builder/spi-builder-workspace/.derivedData/ModuleCache.noindex -Xfrontend -serialize-debugging-options -profile-coverage-mapping -profile-generate -enable-testing -index-store-path /Users/admin/builder/spi-builder-workspace/.derivedData/Index.noindex/DataStore -swift-version 6 -I /Users/admin/builder/spi-builder-workspace/.derivedData/Build/Products/Debug-watchos -I /Applications/Xcode-16.3.0.app/Contents/Developer/Platforms/WatchOS.platform/Developer/usr/lib -F /Users/admin/builder/spi-builder-workspace/.derivedData/Build/Products/Debug-watchos/PackageFrameworks -F /Users/admin/builder/spi-builder-workspace/.derivedData/Build/Products/Debug-watchos -F /Applications/Xcode-16.3.0.app/Contents/Developer/Platforms/WatchOS.platform/Developer/Library/Frameworks -F /Applications/Xcode-16.3.0.app/Contents/Developer/Platforms/WatchOS.platform/Developer/SDKs/WatchOS11.4.sdk/Developer/Library/Frameworks -c -j10 -enable-batch-mode -incremental -Xcc -ivfsstatcache -Xcc /Users/admin/builder/spi-builder-workspace/.derivedData/SDKStatCaches.noindex/watchos11.4-22T246-43efb940ff07ba2497b70ec94253f576.sdkstatcache -output-file-map /Users/admin/builder/spi-builder-workspace/.derivedData/Build/Intermediates.noindex/NetworkSpectator.build/Debug-watchos/NetworkSpectatorMocking.build/Objects-normal/arm64_32/NetworkSpectatorMocking-OutputFileMap.json -use-frontend-parseable-output -save-temps -no-color-diagnostics -serialize-diagnostics -emit-dependencies -emit-module -emit-module-path /Users/admin/builder/spi-builder-workspace/.derivedData/Build/Intermediates.noindex/NetworkSpectator.build/Debug-watchos/NetworkSpectatorMocking.build/Objects-normal/arm64_32/NetworkSpectatorMocking.swiftmodule -validate-clang-modules-once -clang-build-session-file /Users/admin/builder/spi-builder-workspace/.derivedData/ModuleCache.noindex/Session.modulevalidation -package-name spi_builder_workspace -Xcc -I/Users/admin/builder/spi-builder-workspace/.derivedData/Build/Intermediates.noindex/NetworkSpectator.build/Debug-watchos/NetworkSpectatorMocking.build/swift-overrides.hmap -emit-const-values -Xfrontend -const-gather-protocols-file -Xfrontend /Users/admin/builder/spi-builder-workspace/.derivedData/Build/Intermediates.noindex/NetworkSpectator.build/Debug-watchos/NetworkSpectatorMocking.build/Objects-normal/arm64_32/NetworkSpectatorMocking_const_extract_protocols.json -Xcc -I/Users/admin/builder/spi-builder-workspace/.derivedData/Build/Products/Debug-watchos/include -Xcc -I/Users/admin/builder/spi-builder-workspace/.derivedData/Build/Intermediates.noindex/NetworkSpectator.build/Debug-watchos/NetworkSpectatorMocking.build/DerivedSources-normal/arm64_32 -Xcc -I/Users/admin/builder/spi-builder-workspace/.derivedData/Build/Intermediates.noindex/NetworkSpectator.build/Debug-watchos/NetworkSpectatorMocking.build/DerivedSources/arm64_32 -Xcc -I/Users/admin/builder/spi-builder-workspace/.derivedData/Build/Intermediates.noindex/NetworkSpectator.build/Debug-watchos/NetworkSpectatorMocking.build/DerivedSources -Xcc -DSWIFT_PACKAGE -Xcc -DDEBUG\=1 -emit-objc-header -emit-objc-header-path /Users/admin/builder/spi-builder-workspace/.derivedData/Build/Intermediates.noindex/NetworkSpectator.build/Debug-watchos/NetworkSpectatorMocking.build/Objects-normal/arm64_32/NetworkSpectatorMocking-Swift.h -working-directory /Users/admin/builder/spi-builder-workspace/.swiftpm/xcode -experimental-emit-module-separately -disable-cmo
SwiftEmitModule normal arm64 Emitting\ module\ for\ NetworkSpectatorMocking (in target 'NetworkSpectatorMocking' from project 'NetworkSpectator')
EmitSwiftModule normal arm64 (in target 'NetworkSpectatorMocking' from project 'NetworkSpectator')
cd /Users/admin/builder/spi-builder-workspace/.swiftpm/xcode
SwiftEmitModule normal arm64_32 Emitting\ module\ for\ NetworkSpectatorMocking (in target 'NetworkSpectatorMocking' from project 'NetworkSpectator')
EmitSwiftModule normal arm64_32 (in target 'NetworkSpectatorMocking' from project 'NetworkSpectator')
cd /Users/admin/builder/spi-builder-workspace/.swiftpm/xcode
SwiftDriverJobDiscovery normal arm64_32 Compiling NetworkInterceptor.swift (in target 'NetworkSpectatorCore' from project 'NetworkSpectator')
SwiftCompile normal arm64 Compiling\ NetworkSpectatorMocking.swift /Users/admin/builder/spi-builder-workspace/Sources/NetworkSpectator/Mocking/NetworkSpectatorMocking.swift (in target 'NetworkSpectatorMocking' from project 'NetworkSpectator')
SwiftCompile normal arm64 /Users/admin/builder/spi-builder-workspace/Sources/NetworkSpectator/Mocking/NetworkSpectatorMocking.swift (in target 'NetworkSpectatorMocking' from project 'NetworkSpectator')
cd /Users/admin/builder/spi-builder-workspace/.swiftpm/xcode
SwiftDriverJobDiscovery normal arm64_32 Compiling MimeType.swift (in target 'NetworkSpectatorCore' from project 'NetworkSpectator')
SwiftCompile normal arm64_32 Compiling\ NetworkSpectatorMocking.swift /Users/admin/builder/spi-builder-workspace/Sources/NetworkSpectator/Mocking/NetworkSpectatorMocking.swift (in target 'NetworkSpectatorMocking' from project 'NetworkSpectator')
SwiftCompile normal arm64_32 /Users/admin/builder/spi-builder-workspace/Sources/NetworkSpectator/Mocking/NetworkSpectatorMocking.swift (in target 'NetworkSpectatorMocking' from project 'NetworkSpectator')
cd /Users/admin/builder/spi-builder-workspace/.swiftpm/xcode
SwiftDriverJobDiscovery normal arm64_32 Compiling MatchRule.swift (in target 'NetworkSpectatorCore' from project 'NetworkSpectator')
SwiftCompile normal arm64 Compiling\ Mock.swift /Users/admin/builder/spi-builder-workspace/Sources/NetworkSpectator/Mocking/Mock.swift (in target 'NetworkSpectatorMocking' from project 'NetworkSpectator')
SwiftCompile normal arm64 /Users/admin/builder/spi-builder-workspace/Sources/NetworkSpectator/Mocking/Mock.swift (in target 'NetworkSpectatorMocking' from project 'NetworkSpectator')
cd /Users/admin/builder/spi-builder-workspace/.swiftpm/xcode
SwiftDriverJobDiscovery normal arm64 Compiling NetworkURLProtocol.swift (in target 'NetworkSpectatorCore' from project 'NetworkSpectator')
SwiftCompile normal arm64_32 Compiling\ MockServer.swift /Users/admin/builder/spi-builder-workspace/Sources/NetworkSpectator/Mocking/MockServer.swift (in target 'NetworkSpectatorMocking' from project 'NetworkSpectator')
SwiftCompile normal arm64_32 /Users/admin/builder/spi-builder-workspace/Sources/NetworkSpectator/Mocking/MockServer.swift (in target 'NetworkSpectatorMocking' from project 'NetworkSpectator')
cd /Users/admin/builder/spi-builder-workspace/.swiftpm/xcode
SwiftDriverJobDiscovery normal arm64 Emitting module for NetworkSpectatorMocking (in target 'NetworkSpectatorMocking' from project 'NetworkSpectator')
SwiftDriver\ Compilation\ Requirements NetworkSpectatorMocking normal arm64 com.apple.xcode.tools.swift.compiler (in target 'NetworkSpectatorMocking' from project 'NetworkSpectator')
cd /Users/admin/builder/spi-builder-workspace/.swiftpm/xcode
builtin-Swift-Compilation-Requirements -- /Applications/Xcode-16.3.0.app/Contents/Developer/Toolchains/XcodeDefault.xctoolchain/usr/bin/swiftc -module-name NetworkSpectatorMocking -Onone -enforce-exclusivity\=checked @/Users/admin/builder/spi-builder-workspace/.derivedData/Build/Intermediates.noindex/NetworkSpectator.build/Debug-watchos/NetworkSpectatorMocking.build/Objects-normal/arm64/NetworkSpectatorMocking.SwiftFileList -DSWIFT_PACKAGE -DDEBUG -stats-output-dir .stats -plugin-path /Applications/Xcode-16.3.0.app/Contents/Developer/Toolchains/XcodeDefault.xctoolchain/usr/lib/swift/host/plugins/testing -enable-experimental-feature DebugDescriptionMacro -sdk /Applications/Xcode-16.3.0.app/Contents/Developer/Platforms/WatchOS.platform/Developer/SDKs/WatchOS11.4.sdk -target arm64-apple-watchos9.0 -g -module-cache-path /Users/admin/builder/spi-builder-workspace/.derivedData/ModuleCache.noindex -Xfrontend -serialize-debugging-options -profile-coverage-mapping -profile-generate -enable-testing -index-store-path /Users/admin/builder/spi-builder-workspace/.derivedData/Index.noindex/DataStore -swift-version 6 -I /Users/admin/builder/spi-builder-workspace/.derivedData/Build/Products/Debug-watchos -I /Applications/Xcode-16.3.0.app/Contents/Developer/Platforms/WatchOS.platform/Developer/usr/lib -F /Users/admin/builder/spi-builder-workspace/.derivedData/Build/Products/Debug-watchos/PackageFrameworks -F /Users/admin/builder/spi-builder-workspace/.derivedData/Build/Products/Debug-watchos -F /Applications/Xcode-16.3.0.app/Contents/Developer/Platforms/WatchOS.platform/Developer/Library/Frameworks -F /Applications/Xcode-16.3.0.app/Contents/Developer/Platforms/WatchOS.platform/Developer/SDKs/WatchOS11.4.sdk/Developer/Library/Frameworks -c -j10 -enable-batch-mode -incremental -Xcc -ivfsstatcache -Xcc /Users/admin/builder/spi-builder-workspace/.derivedData/SDKStatCaches.noindex/watchos11.4-22T246-43efb940ff07ba2497b70ec94253f576.sdkstatcache -output-file-map /Users/admin/builder/spi-builder-workspace/.derivedData/Build/Intermediates.noindex/NetworkSpectator.build/Debug-watchos/NetworkSpectatorMocking.build/Objects-normal/arm64/NetworkSpectatorMocking-OutputFileMap.json -use-frontend-parseable-output -save-temps -no-color-diagnostics -serialize-diagnostics -emit-dependencies -emit-module -emit-module-path /Users/admin/builder/spi-builder-workspace/.derivedData/Build/Intermediates.noindex/NetworkSpectator.build/Debug-watchos/NetworkSpectatorMocking.build/Objects-normal/arm64/NetworkSpectatorMocking.swiftmodule -validate-clang-modules-once -clang-build-session-file /Users/admin/builder/spi-builder-workspace/.derivedData/ModuleCache.noindex/Session.modulevalidation -package-name spi_builder_workspace -Xcc -I/Users/admin/builder/spi-builder-workspace/.derivedData/Build/Intermediates.noindex/NetworkSpectator.build/Debug-watchos/NetworkSpectatorMocking.build/swift-overrides.hmap -emit-const-values -Xfrontend -const-gather-protocols-file -Xfrontend /Users/admin/builder/spi-builder-workspace/.derivedData/Build/Intermediates.noindex/NetworkSpectator.build/Debug-watchos/NetworkSpectatorMocking.build/Objects-normal/arm64/NetworkSpectatorMocking_const_extract_protocols.json -Xcc -I/Users/admin/builder/spi-builder-workspace/.derivedData/Build/Products/Debug-watchos/include -Xcc -I/Users/admin/builder/spi-builder-workspace/.derivedData/Build/Intermediates.noindex/NetworkSpectator.build/Debug-watchos/NetworkSpectatorMocking.build/DerivedSources-normal/arm64 -Xcc -I/Users/admin/builder/spi-builder-workspace/.derivedData/Build/Intermediates.noindex/NetworkSpectator.build/Debug-watchos/NetworkSpectatorMocking.build/DerivedSources/arm64 -Xcc -I/Users/admin/builder/spi-builder-workspace/.derivedData/Build/Intermediates.noindex/NetworkSpectator.build/Debug-watchos/NetworkSpectatorMocking.build/DerivedSources -Xcc -DSWIFT_PACKAGE -Xcc -DDEBUG\=1 -emit-objc-header -emit-objc-header-path /Users/admin/builder/spi-builder-workspace/.derivedData/Build/Intermediates.noindex/NetworkSpectator.build/Debug-watchos/NetworkSpectatorMocking.build/Objects-normal/arm64/NetworkSpectatorMocking-Swift.h -working-directory /Users/admin/builder/spi-builder-workspace/.swiftpm/xcode -experimental-emit-module-separately -disable-cmo
SwiftDriverJobDiscovery normal arm64 Compiling NetworkSpectatorMocking.swift (in target 'NetworkSpectatorMocking' from project 'NetworkSpectator')
SwiftCompile normal arm64_32 Compiling\ Mock.swift /Users/admin/builder/spi-builder-workspace/Sources/NetworkSpectator/Mocking/Mock.swift (in target 'NetworkSpectatorMocking' from project 'NetworkSpectator')
SwiftCompile normal arm64_32 /Users/admin/builder/spi-builder-workspace/Sources/NetworkSpectator/Mocking/Mock.swift (in target 'NetworkSpectatorMocking' from project 'NetworkSpectator')
cd /Users/admin/builder/spi-builder-workspace/.swiftpm/xcode
SwiftCompile normal arm64 Compiling\ MockServer.swift /Users/admin/builder/spi-builder-workspace/Sources/NetworkSpectator/Mocking/MockServer.swift (in target 'NetworkSpectatorMocking' from project 'NetworkSpectator')
SwiftCompile normal arm64 /Users/admin/builder/spi-builder-workspace/Sources/NetworkSpectator/Mocking/MockServer.swift (in target 'NetworkSpectatorMocking' from project 'NetworkSpectator')
cd /Users/admin/builder/spi-builder-workspace/.swiftpm/xcode
SwiftDriverJobDiscovery normal arm64_32 Emitting module for NetworkSpectatorMocking (in target 'NetworkSpectatorMocking' from project 'NetworkSpectator')
SwiftDriverJobDiscovery normal arm64 Compiling HTTPMethod.swift, HTTPResponse.swift (in target 'NetworkSpectatorCore' from project 'NetworkSpectator')
SwiftDriver\ Compilation\ Requirements NetworkSpectatorMocking normal arm64_32 com.apple.xcode.tools.swift.compiler (in target 'NetworkSpectatorMocking' from project 'NetworkSpectator')
cd /Users/admin/builder/spi-builder-workspace/.swiftpm/xcode
builtin-Swift-Compilation-Requirements -- /Applications/Xcode-16.3.0.app/Contents/Developer/Toolchains/XcodeDefault.xctoolchain/usr/bin/swiftc -module-name NetworkSpectatorMocking -Onone -enforce-exclusivity\=checked @/Users/admin/builder/spi-builder-workspace/.derivedData/Build/Intermediates.noindex/NetworkSpectator.build/Debug-watchos/NetworkSpectatorMocking.build/Objects-normal/arm64_32/NetworkSpectatorMocking.SwiftFileList -DSWIFT_PACKAGE -DDEBUG -stats-output-dir .stats -plugin-path /Applications/Xcode-16.3.0.app/Contents/Developer/Toolchains/XcodeDefault.xctoolchain/usr/lib/swift/host/plugins/testing -enable-experimental-feature DebugDescriptionMacro -sdk /Applications/Xcode-16.3.0.app/Contents/Developer/Platforms/WatchOS.platform/Developer/SDKs/WatchOS11.4.sdk -target arm64_32-apple-watchos9.0 -g -module-cache-path /Users/admin/builder/spi-builder-workspace/.derivedData/ModuleCache.noindex -Xfrontend -serialize-debugging-options -profile-coverage-mapping -profile-generate -enable-testing -index-store-path /Users/admin/builder/spi-builder-workspace/.derivedData/Index.noindex/DataStore -swift-version 6 -I /Users/admin/builder/spi-builder-workspace/.derivedData/Build/Products/Debug-watchos -I /Applications/Xcode-16.3.0.app/Contents/Developer/Platforms/WatchOS.platform/Developer/usr/lib -F /Users/admin/builder/spi-builder-workspace/.derivedData/Build/Products/Debug-watchos/PackageFrameworks -F /Users/admin/builder/spi-builder-workspace/.derivedData/Build/Products/Debug-watchos -F /Applications/Xcode-16.3.0.app/Contents/Developer/Platforms/WatchOS.platform/Developer/Library/Frameworks -F /Applications/Xcode-16.3.0.app/Contents/Developer/Platforms/WatchOS.platform/Developer/SDKs/WatchOS11.4.sdk/Developer/Library/Frameworks -c -j10 -enable-batch-mode -incremental -Xcc -ivfsstatcache -Xcc /Users/admin/builder/spi-builder-workspace/.derivedData/SDKStatCaches.noindex/watchos11.4-22T246-43efb940ff07ba2497b70ec94253f576.sdkstatcache -output-file-map /Users/admin/builder/spi-builder-workspace/.derivedData/Build/Intermediates.noindex/NetworkSpectator.build/Debug-watchos/NetworkSpectatorMocking.build/Objects-normal/arm64_32/NetworkSpectatorMocking-OutputFileMap.json -use-frontend-parseable-output -save-temps -no-color-diagnostics -serialize-diagnostics -emit-dependencies -emit-module -emit-module-path /Users/admin/builder/spi-builder-workspace/.derivedData/Build/Intermediates.noindex/NetworkSpectator.build/Debug-watchos/NetworkSpectatorMocking.build/Objects-normal/arm64_32/NetworkSpectatorMocking.swiftmodule -validate-clang-modules-once -clang-build-session-file /Users/admin/builder/spi-builder-workspace/.derivedData/ModuleCache.noindex/Session.modulevalidation -package-name spi_builder_workspace -Xcc -I/Users/admin/builder/spi-builder-workspace/.derivedData/Build/Intermediates.noindex/NetworkSpectator.build/Debug-watchos/NetworkSpectatorMocking.build/swift-overrides.hmap -emit-const-values -Xfrontend -const-gather-protocols-file -Xfrontend /Users/admin/builder/spi-builder-workspace/.derivedData/Build/Intermediates.noindex/NetworkSpectator.build/Debug-watchos/NetworkSpectatorMocking.build/Objects-normal/arm64_32/NetworkSpectatorMocking_const_extract_protocols.json -Xcc -I/Users/admin/builder/spi-builder-workspace/.derivedData/Build/Products/Debug-watchos/include -Xcc -I/Users/admin/builder/spi-builder-workspace/.derivedData/Build/Intermediates.noindex/NetworkSpectator.build/Debug-watchos/NetworkSpectatorMocking.build/DerivedSources-normal/arm64_32 -Xcc -I/Users/admin/builder/spi-builder-workspace/.derivedData/Build/Intermediates.noindex/NetworkSpectator.build/Debug-watchos/NetworkSpectatorMocking.build/DerivedSources/arm64_32 -Xcc -I/Users/admin/builder/spi-builder-workspace/.derivedData/Build/Intermediates.noindex/NetworkSpectator.build/Debug-watchos/NetworkSpectatorMocking.build/DerivedSources -Xcc -DSWIFT_PACKAGE -Xcc -DDEBUG\=1 -emit-objc-header -emit-objc-header-path /Users/admin/builder/spi-builder-workspace/.derivedData/Build/Intermediates.noindex/NetworkSpectator.build/Debug-watchos/NetworkSpectatorMocking.build/Objects-normal/arm64_32/NetworkSpectatorMocking-Swift.h -working-directory /Users/admin/builder/spi-builder-workspace/.swiftpm/xcode -experimental-emit-module-separately -disable-cmo
Copy /Users/admin/builder/spi-builder-workspace/.derivedData/Build/Products/Debug-watchos/NetworkSpectatorMocking.swiftmodule/arm64-apple-watchos.swiftmodule /Users/admin/builder/spi-builder-workspace/.derivedData/Build/Intermediates.noindex/NetworkSpectator.build/Debug-watchos/NetworkSpectatorMocking.build/Objects-normal/arm64/NetworkSpectatorMocking.swiftmodule (in target 'NetworkSpectatorMocking' from project 'NetworkSpectator')
cd /Users/admin/builder/spi-builder-workspace
builtin-copy -exclude .DS_Store -exclude CVS -exclude .svn -exclude .git -exclude .hg -resolve-src-symlinks -rename /Users/admin/builder/spi-builder-workspace/.derivedData/Build/Intermediates.noindex/NetworkSpectator.build/Debug-watchos/NetworkSpectatorMocking.build/Objects-normal/arm64/NetworkSpectatorMocking.swiftmodule /Users/admin/builder/spi-builder-workspace/.derivedData/Build/Products/Debug-watchos/NetworkSpectatorMocking.swiftmodule/arm64-apple-watchos.swiftmodule
SwiftMergeGeneratedHeaders /Users/admin/builder/spi-builder-workspace/.derivedData/Build/Intermediates.noindex/GeneratedModuleMaps-watchos/NetworkSpectatorMocking-Swift.h /Users/admin/builder/spi-builder-workspace/.derivedData/Build/Intermediates.noindex/NetworkSpectator.build/Debug-watchos/NetworkSpectatorMocking.build/Objects-normal/arm64/NetworkSpectatorMocking-Swift.h /Users/admin/builder/spi-builder-workspace/.derivedData/Build/Intermediates.noindex/NetworkSpectator.build/Debug-watchos/NetworkSpectatorMocking.build/Objects-normal/arm64_32/NetworkSpectatorMocking-Swift.h (in target 'NetworkSpectatorMocking' from project 'NetworkSpectator')
cd /Users/admin/builder/spi-builder-workspace
builtin-swiftHeaderTool -arch arm64 /Users/admin/builder/spi-builder-workspace/.derivedData/Build/Intermediates.noindex/NetworkSpectator.build/Debug-watchos/NetworkSpectatorMocking.build/Objects-normal/arm64/NetworkSpectatorMocking-Swift.h -arch arm64_32 /Users/admin/builder/spi-builder-workspace/.derivedData/Build/Intermediates.noindex/NetworkSpectator.build/Debug-watchos/NetworkSpectatorMocking.build/Objects-normal/arm64_32/NetworkSpectatorMocking-Swift.h -o /Users/admin/builder/spi-builder-workspace/.derivedData/Build/Intermediates.noindex/GeneratedModuleMaps-watchos/NetworkSpectatorMocking-Swift.h
Copy /Users/admin/builder/spi-builder-workspace/.derivedData/Build/Products/Debug-watchos/NetworkSpectatorMocking.swiftmodule/arm64_32-apple-watchos.swiftmodule /Users/admin/builder/spi-builder-workspace/.derivedData/Build/Intermediates.noindex/NetworkSpectator.build/Debug-watchos/NetworkSpectatorMocking.build/Objects-normal/arm64_32/NetworkSpectatorMocking.swiftmodule (in target 'NetworkSpectatorMocking' from project 'NetworkSpectator')
cd /Users/admin/builder/spi-builder-workspace
builtin-copy -exclude .DS_Store -exclude CVS -exclude .svn -exclude .git -exclude .hg -resolve-src-symlinks -rename /Users/admin/builder/spi-builder-workspace/.derivedData/Build/Intermediates.noindex/NetworkSpectator.build/Debug-watchos/NetworkSpectatorMocking.build/Objects-normal/arm64_32/NetworkSpectatorMocking.swiftmodule /Users/admin/builder/spi-builder-workspace/.derivedData/Build/Products/Debug-watchos/NetworkSpectatorMocking.swiftmodule/arm64_32-apple-watchos.swiftmodule
Copy /Users/admin/builder/spi-builder-workspace/.derivedData/Build/Products/Debug-watchos/NetworkSpectatorMocking.swiftmodule/arm64_32-apple-watchos.swiftdoc /Users/admin/builder/spi-builder-workspace/.derivedData/Build/Intermediates.noindex/NetworkSpectator.build/Debug-watchos/NetworkSpectatorMocking.build/Objects-normal/arm64_32/NetworkSpectatorMocking.swiftdoc (in target 'NetworkSpectatorMocking' from project 'NetworkSpectator')
cd /Users/admin/builder/spi-builder-workspace
builtin-copy -exclude .DS_Store -exclude CVS -exclude .svn -exclude .git -exclude .hg -resolve-src-symlinks -rename /Users/admin/builder/spi-builder-workspace/.derivedData/Build/Intermediates.noindex/NetworkSpectator.build/Debug-watchos/NetworkSpectatorMocking.build/Objects-normal/arm64_32/NetworkSpectatorMocking.swiftdoc /Users/admin/builder/spi-builder-workspace/.derivedData/Build/Products/Debug-watchos/NetworkSpectatorMocking.swiftmodule/arm64_32-apple-watchos.swiftdoc
Copy /Users/admin/builder/spi-builder-workspace/.derivedData/Build/Products/Debug-watchos/NetworkSpectatorMocking.swiftmodule/arm64_32-apple-watchos.abi.json /Users/admin/builder/spi-builder-workspace/.derivedData/Build/Intermediates.noindex/NetworkSpectator.build/Debug-watchos/NetworkSpectatorMocking.build/Objects-normal/arm64_32/NetworkSpectatorMocking.abi.json (in target 'NetworkSpectatorMocking' from project 'NetworkSpectator')
cd /Users/admin/builder/spi-builder-workspace
builtin-copy -exclude .DS_Store -exclude CVS -exclude .svn -exclude .git -exclude .hg -resolve-src-symlinks -rename /Users/admin/builder/spi-builder-workspace/.derivedData/Build/Intermediates.noindex/NetworkSpectator.build/Debug-watchos/NetworkSpectatorMocking.build/Objects-normal/arm64_32/NetworkSpectatorMocking.abi.json /Users/admin/builder/spi-builder-workspace/.derivedData/Build/Products/Debug-watchos/NetworkSpectatorMocking.swiftmodule/arm64_32-apple-watchos.abi.json
Copy /Users/admin/builder/spi-builder-workspace/.derivedData/Build/Products/Debug-watchos/NetworkSpectatorMocking.swiftmodule/arm64-apple-watchos.swiftdoc /Users/admin/builder/spi-builder-workspace/.derivedData/Build/Intermediates.noindex/NetworkSpectator.build/Debug-watchos/NetworkSpectatorMocking.build/Objects-normal/arm64/NetworkSpectatorMocking.swiftdoc (in target 'NetworkSpectatorMocking' from project 'NetworkSpectator')
cd /Users/admin/builder/spi-builder-workspace
builtin-copy -exclude .DS_Store -exclude CVS -exclude .svn -exclude .git -exclude .hg -resolve-src-symlinks -rename /Users/admin/builder/spi-builder-workspace/.derivedData/Build/Intermediates.noindex/NetworkSpectator.build/Debug-watchos/NetworkSpectatorMocking.build/Objects-normal/arm64/NetworkSpectatorMocking.swiftdoc /Users/admin/builder/spi-builder-workspace/.derivedData/Build/Products/Debug-watchos/NetworkSpectatorMocking.swiftmodule/arm64-apple-watchos.swiftdoc
Copy /Users/admin/builder/spi-builder-workspace/.derivedData/Build/Products/Debug-watchos/NetworkSpectatorMocking.swiftmodule/arm64-apple-watchos.abi.json /Users/admin/builder/spi-builder-workspace/.derivedData/Build/Intermediates.noindex/NetworkSpectator.build/Debug-watchos/NetworkSpectatorMocking.build/Objects-normal/arm64/NetworkSpectatorMocking.abi.json (in target 'NetworkSpectatorMocking' from project 'NetworkSpectator')
cd /Users/admin/builder/spi-builder-workspace
builtin-copy -exclude .DS_Store -exclude CVS -exclude .svn -exclude .git -exclude .hg -resolve-src-symlinks -rename /Users/admin/builder/spi-builder-workspace/.derivedData/Build/Intermediates.noindex/NetworkSpectator.build/Debug-watchos/NetworkSpectatorMocking.build/Objects-normal/arm64/NetworkSpectatorMocking.abi.json /Users/admin/builder/spi-builder-workspace/.derivedData/Build/Products/Debug-watchos/NetworkSpectatorMocking.swiftmodule/arm64-apple-watchos.abi.json
Copy /Users/admin/builder/spi-builder-workspace/.derivedData/Build/Products/Debug-watchos/NetworkSpectatorMocking.swiftmodule/Project/arm64_32-apple-watchos.swiftsourceinfo /Users/admin/builder/spi-builder-workspace/.derivedData/Build/Intermediates.noindex/NetworkSpectator.build/Debug-watchos/NetworkSpectatorMocking.build/Objects-normal/arm64_32/NetworkSpectatorMocking.swiftsourceinfo (in target 'NetworkSpectatorMocking' from project 'NetworkSpectator')
cd /Users/admin/builder/spi-builder-workspace
builtin-copy -exclude .DS_Store -exclude CVS -exclude .svn -exclude .git -exclude .hg -resolve-src-symlinks -rename /Users/admin/builder/spi-builder-workspace/.derivedData/Build/Intermediates.noindex/NetworkSpectator.build/Debug-watchos/NetworkSpectatorMocking.build/Objects-normal/arm64_32/NetworkSpectatorMocking.swiftsourceinfo /Users/admin/builder/spi-builder-workspace/.derivedData/Build/Products/Debug-watchos/NetworkSpectatorMocking.swiftmodule/Project/arm64_32-apple-watchos.swiftsourceinfo
Copy /Users/admin/builder/spi-builder-workspace/.derivedData/Build/Products/Debug-watchos/NetworkSpectatorMocking.swiftmodule/Project/arm64-apple-watchos.swiftsourceinfo /Users/admin/builder/spi-builder-workspace/.derivedData/Build/Intermediates.noindex/NetworkSpectator.build/Debug-watchos/NetworkSpectatorMocking.build/Objects-normal/arm64/NetworkSpectatorMocking.swiftsourceinfo (in target 'NetworkSpectatorMocking' from project 'NetworkSpectator')
cd /Users/admin/builder/spi-builder-workspace
builtin-copy -exclude .DS_Store -exclude CVS -exclude .svn -exclude .git -exclude .hg -resolve-src-symlinks -rename /Users/admin/builder/spi-builder-workspace/.derivedData/Build/Intermediates.noindex/NetworkSpectator.build/Debug-watchos/NetworkSpectatorMocking.build/Objects-normal/arm64/NetworkSpectatorMocking.swiftsourceinfo /Users/admin/builder/spi-builder-workspace/.derivedData/Build/Products/Debug-watchos/NetworkSpectatorMocking.swiftmodule/Project/arm64-apple-watchos.swiftsourceinfo
SwiftDriver NetworkSpectatorLogging normal arm64 com.apple.xcode.tools.swift.compiler (in target 'NetworkSpectatorLogging' from project 'NetworkSpectator')
cd /Users/admin/builder/spi-builder-workspace/.swiftpm/xcode
builtin-SwiftDriver -- /Applications/Xcode-16.3.0.app/Contents/Developer/Toolchains/XcodeDefault.xctoolchain/usr/bin/swiftc -module-name NetworkSpectatorLogging -Onone -enforce-exclusivity\=checked @/Users/admin/builder/spi-builder-workspace/.derivedData/Build/Intermediates.noindex/NetworkSpectator.build/Debug-watchos/NetworkSpectatorLogging.build/Objects-normal/arm64/NetworkSpectatorLogging.SwiftFileList -DSWIFT_PACKAGE -DDEBUG -stats-output-dir .stats -plugin-path /Applications/Xcode-16.3.0.app/Contents/Developer/Toolchains/XcodeDefault.xctoolchain/usr/lib/swift/host/plugins/testing -enable-experimental-feature DebugDescriptionMacro -sdk /Applications/Xcode-16.3.0.app/Contents/Developer/Platforms/WatchOS.platform/Developer/SDKs/WatchOS11.4.sdk -target arm64-apple-watchos9.0 -g -module-cache-path /Users/admin/builder/spi-builder-workspace/.derivedData/ModuleCache.noindex -Xfrontend -serialize-debugging-options -profile-coverage-mapping -profile-generate -enable-testing -index-store-path /Users/admin/builder/spi-builder-workspace/.derivedData/Index.noindex/DataStore -swift-version 6 -I /Users/admin/builder/spi-builder-workspace/.derivedData/Build/Products/Debug-watchos -I /Applications/Xcode-16.3.0.app/Contents/Developer/Platforms/WatchOS.platform/Developer/usr/lib -F /Users/admin/builder/spi-builder-workspace/.derivedData/Build/Products/Debug-watchos/PackageFrameworks -F /Users/admin/builder/spi-builder-workspace/.derivedData/Build/Products/Debug-watchos/PackageFrameworks -F /Users/admin/builder/spi-builder-workspace/.derivedData/Build/Products/Debug-watchos -F /Applications/Xcode-16.3.0.app/Contents/Developer/Platforms/WatchOS.platform/Developer/Library/Frameworks -F /Applications/Xcode-16.3.0.app/Contents/Developer/Platforms/WatchOS.platform/Developer/SDKs/WatchOS11.4.sdk/Developer/Library/Frameworks -c -j10 -enable-batch-mode -incremental -Xcc -ivfsstatcache -Xcc /Users/admin/builder/spi-builder-workspace/.derivedData/SDKStatCaches.noindex/watchos11.4-22T246-43efb940ff07ba2497b70ec94253f576.sdkstatcache -output-file-map /Users/admin/builder/spi-builder-workspace/.derivedData/Build/Intermediates.noindex/NetworkSpectator.build/Debug-watchos/NetworkSpectatorLogging.build/Objects-normal/arm64/NetworkSpectatorLogging-OutputFileMap.json -use-frontend-parseable-output -save-temps -no-color-diagnostics -serialize-diagnostics -emit-dependencies -emit-module -emit-module-path /Users/admin/builder/spi-builder-workspace/.derivedData/Build/Intermediates.noindex/NetworkSpectator.build/Debug-watchos/NetworkSpectatorLogging.build/Objects-normal/arm64/NetworkSpectatorLogging.swiftmodule -validate-clang-modules-once -clang-build-session-file /Users/admin/builder/spi-builder-workspace/.derivedData/ModuleCache.noindex/Session.modulevalidation -package-name spi_builder_workspace -Xcc -I/Users/admin/builder/spi-builder-workspace/.derivedData/Build/Intermediates.noindex/NetworkSpectator.build/Debug-watchos/NetworkSpectatorLogging.build/swift-overrides.hmap -emit-const-values -Xfrontend -const-gather-protocols-file -Xfrontend /Users/admin/builder/spi-builder-workspace/.derivedData/Build/Intermediates.noindex/NetworkSpectator.build/Debug-watchos/NetworkSpectatorLogging.build/Objects-normal/arm64/NetworkSpectatorLogging_const_extract_protocols.json -Xcc -I/Users/admin/builder/spi-builder-workspace/.derivedData/Build/Products/Debug-watchos/include -Xcc -I/Users/admin/builder/spi-builder-workspace/.derivedData/Build/Intermediates.noindex/NetworkSpectator.build/Debug-watchos/NetworkSpectatorLogging.build/DerivedSources-normal/arm64 -Xcc -I/Users/admin/builder/spi-builder-workspace/.derivedData/Build/Intermediates.noindex/NetworkSpectator.build/Debug-watchos/NetworkSpectatorLogging.build/DerivedSources/arm64 -Xcc -I/Users/admin/builder/spi-builder-workspace/.derivedData/Build/Intermediates.noindex/NetworkSpectator.build/Debug-watchos/NetworkSpectatorLogging.build/DerivedSources -Xcc -DSWIFT_PACKAGE -Xcc -DDEBUG\=1 -emit-objc-header -emit-objc-header-path /Users/admin/builder/spi-builder-workspace/.derivedData/Build/Intermediates.noindex/NetworkSpectator.build/Debug-watchos/NetworkSpectatorLogging.build/Objects-normal/arm64/NetworkSpectatorLogging-Swift.h -working-directory /Users/admin/builder/spi-builder-workspace/.swiftpm/xcode -experimental-emit-module-separately -disable-cmo
SwiftDriver NetworkSpectatorLogging normal arm64_32 com.apple.xcode.tools.swift.compiler (in target 'NetworkSpectatorLogging' from project 'NetworkSpectator')
cd /Users/admin/builder/spi-builder-workspace/.swiftpm/xcode
builtin-SwiftDriver -- /Applications/Xcode-16.3.0.app/Contents/Developer/Toolchains/XcodeDefault.xctoolchain/usr/bin/swiftc -module-name NetworkSpectatorLogging -Onone -enforce-exclusivity\=checked @/Users/admin/builder/spi-builder-workspace/.derivedData/Build/Intermediates.noindex/NetworkSpectator.build/Debug-watchos/NetworkSpectatorLogging.build/Objects-normal/arm64_32/NetworkSpectatorLogging.SwiftFileList -DSWIFT_PACKAGE -DDEBUG -stats-output-dir .stats -plugin-path /Applications/Xcode-16.3.0.app/Contents/Developer/Toolchains/XcodeDefault.xctoolchain/usr/lib/swift/host/plugins/testing -enable-experimental-feature DebugDescriptionMacro -sdk /Applications/Xcode-16.3.0.app/Contents/Developer/Platforms/WatchOS.platform/Developer/SDKs/WatchOS11.4.sdk -target arm64_32-apple-watchos9.0 -g -module-cache-path /Users/admin/builder/spi-builder-workspace/.derivedData/ModuleCache.noindex -Xfrontend -serialize-debugging-options -profile-coverage-mapping -profile-generate -enable-testing -index-store-path /Users/admin/builder/spi-builder-workspace/.derivedData/Index.noindex/DataStore -swift-version 6 -I /Users/admin/builder/spi-builder-workspace/.derivedData/Build/Products/Debug-watchos -I /Applications/Xcode-16.3.0.app/Contents/Developer/Platforms/WatchOS.platform/Developer/usr/lib -F /Users/admin/builder/spi-builder-workspace/.derivedData/Build/Products/Debug-watchos/PackageFrameworks -F /Users/admin/builder/spi-builder-workspace/.derivedData/Build/Products/Debug-watchos/PackageFrameworks -F /Users/admin/builder/spi-builder-workspace/.derivedData/Build/Products/Debug-watchos -F /Applications/Xcode-16.3.0.app/Contents/Developer/Platforms/WatchOS.platform/Developer/Library/Frameworks -F /Applications/Xcode-16.3.0.app/Contents/Developer/Platforms/WatchOS.platform/Developer/SDKs/WatchOS11.4.sdk/Developer/Library/Frameworks -c -j10 -enable-batch-mode -incremental -Xcc -ivfsstatcache -Xcc /Users/admin/builder/spi-builder-workspace/.derivedData/SDKStatCaches.noindex/watchos11.4-22T246-43efb940ff07ba2497b70ec94253f576.sdkstatcache -output-file-map /Users/admin/builder/spi-builder-workspace/.derivedData/Build/Intermediates.noindex/NetworkSpectator.build/Debug-watchos/NetworkSpectatorLogging.build/Objects-normal/arm64_32/NetworkSpectatorLogging-OutputFileMap.json -use-frontend-parseable-output -save-temps -no-color-diagnostics -serialize-diagnostics -emit-dependencies -emit-module -emit-module-path /Users/admin/builder/spi-builder-workspace/.derivedData/Build/Intermediates.noindex/NetworkSpectator.build/Debug-watchos/NetworkSpectatorLogging.build/Objects-normal/arm64_32/NetworkSpectatorLogging.swiftmodule -validate-clang-modules-once -clang-build-session-file /Users/admin/builder/spi-builder-workspace/.derivedData/ModuleCache.noindex/Session.modulevalidation -package-name spi_builder_workspace -Xcc -I/Users/admin/builder/spi-builder-workspace/.derivedData/Build/Intermediates.noindex/NetworkSpectator.build/Debug-watchos/NetworkSpectatorLogging.build/swift-overrides.hmap -emit-const-values -Xfrontend -const-gather-protocols-file -Xfrontend /Users/admin/builder/spi-builder-workspace/.derivedData/Build/Intermediates.noindex/NetworkSpectator.build/Debug-watchos/NetworkSpectatorLogging.build/Objects-normal/arm64_32/NetworkSpectatorLogging_const_extract_protocols.json -Xcc -I/Users/admin/builder/spi-builder-workspace/.derivedData/Build/Products/Debug-watchos/include -Xcc -I/Users/admin/builder/spi-builder-workspace/.derivedData/Build/Intermediates.noindex/NetworkSpectator.build/Debug-watchos/NetworkSpectatorLogging.build/DerivedSources-normal/arm64_32 -Xcc -I/Users/admin/builder/spi-builder-workspace/.derivedData/Build/Intermediates.noindex/NetworkSpectator.build/Debug-watchos/NetworkSpectatorLogging.build/DerivedSources/arm64_32 -Xcc -I/Users/admin/builder/spi-builder-workspace/.derivedData/Build/Intermediates.noindex/NetworkSpectator.build/Debug-watchos/NetworkSpectatorLogging.build/DerivedSources -Xcc -DSWIFT_PACKAGE -Xcc -DDEBUG\=1 -emit-objc-header -emit-objc-header-path /Users/admin/builder/spi-builder-workspace/.derivedData/Build/Intermediates.noindex/NetworkSpectator.build/Debug-watchos/NetworkSpectatorLogging.build/Objects-normal/arm64_32/NetworkSpectatorLogging-Swift.h -working-directory /Users/admin/builder/spi-builder-workspace/.swiftpm/xcode -experimental-emit-module-separately -disable-cmo
SwiftDriverJobDiscovery normal arm64_32 Compiling NetworkURLProtocol.swift (in target 'NetworkSpectatorCore' from project 'NetworkSpectator')
SwiftEmitModule normal arm64 Emitting\ module\ for\ NetworkSpectatorLogging (in target 'NetworkSpectatorLogging' from project 'NetworkSpectator')
EmitSwiftModule normal arm64 (in target 'NetworkSpectatorLogging' from project 'NetworkSpectator')
cd /Users/admin/builder/spi-builder-workspace/.swiftpm/xcode
/Users/admin/builder/spi-builder-workspace/Sources/NetworkSpectator/Logging/Persistence/LogHistoryStorage.swift:21:1: warning: extension declares a conformance of imported type 'FileManager' to imported protocol 'Sendable'; this will not behave correctly if the owners of 'Foundation' introduce this conformance in the future
extension FileManager: FileStoreable {
^
/Users/admin/builder/spi-builder-workspace/Sources/NetworkSpectator/Logging/Persistence/LogHistoryStorage.swift:21:1: note: add '@retroactive' to silence this warning
extension FileManager: FileStoreable {
^
/Users/admin/builder/spi-builder-workspace/Sources/NetworkSpectator/Logging/Persistence/LogHistoryStorage.swift:21:1: error: conformance to 'Sendable' must occur in the same source file as class 'FileManager'; use '@unchecked Sendable' for retroactive conformance
extension FileManager: FileStoreable {
^
/Users/admin/builder/spi-builder-workspace/Sources/NetworkSpectator/Logging/Persistence/StorageManager.swift:26:1: warning: extension declares a conformance of imported type 'UserDefaults' to imported protocol 'Sendable'; this will not behave correctly if the owners of 'Foundation' introduce this conformance in the future
extension UserDefaults: Storeable { }
^
/Users/admin/builder/spi-builder-workspace/Sources/NetworkSpectator/Logging/Persistence/StorageManager.swift:26:1: note: add '@retroactive' to silence this warning
extension UserDefaults: Storeable { }
^
/Users/admin/builder/spi-builder-workspace/Sources/NetworkSpectator/Logging/Persistence/StorageManager.swift:26:1: error: conformance to 'Sendable' must occur in the same source file as class 'UserDefaults'; use '@unchecked Sendable' for retroactive conformance
extension UserDefaults: Storeable { }
^
Failed frontend command:
/Applications/Xcode-16.3.0.app/Contents/Developer/Toolchains/XcodeDefault.xctoolchain/usr/bin/swift-frontend -frontend -emit-module -experimental-skip-non-inlinable-function-bodies-without-types /Users/admin/builder/spi-builder-workspace/Sources/NetworkSpectator/Logging/Exclusion/LoggingExclusionManager.swift /Users/admin/builder/spi-builder-workspace/Sources/NetworkSpectator/Logging/Exclusion/LoggingExclusionRule.swift /Users/admin/builder/spi-builder-workspace/Sources/NetworkSpectator/Logging/Export/CSVExporter.swift /Users/admin/builder/spi-builder-workspace/Sources/NetworkSpectator/Logging/Export/ExportManager.swift /Users/admin/builder/spi-builder-workspace/Sources/NetworkSpectator/Logging/Export/PostmanExporter.swift /Users/admin/builder/spi-builder-workspace/Sources/NetworkSpectator/Logging/Export/TextExporter.swift /Users/admin/builder/spi-builder-workspace/Sources/NetworkSpectator/Logging/Logger/NetworkLogContainer.swift /Users/admin/builder/spi-builder-workspace/Sources/NetworkSpectator/Logging/Logger/NetworkLogItemLogger.swift /Users/admin/builder/spi-builder-workspace/Sources/NetworkSpectator/Logging/Logger/NetworkLogMonitor.swift /Users/admin/builder/spi-builder-workspace/Sources/NetworkSpectator/Logging/Logger/NetworkLogStore.swift /Users/admin/builder/spi-builder-workspace/Sources/NetworkSpectator/Logging/NetworkSpectatorLogging.swift /Users/admin/builder/spi-builder-workspace/Sources/NetworkSpectator/Logging/Persistence/EmptyStorage.swift /Users/admin/builder/spi-builder-workspace/Sources/NetworkSpectator/Logging/Persistence/HistoryItem.swift /Users/admin/builder/spi-builder-workspace/Sources/NetworkSpectator/Logging/Persistence/LogHistoryManager.swift /Users/admin/builder/spi-builder-workspace/Sources/NetworkSpectator/Logging/Persistence/LogHistoryStorage.swift /Users/admin/builder/spi-builder-workspace/Sources/NetworkSpectator/Logging/Persistence/PersistentMockServer.swift /Users/admin/builder/spi-builder-workspace/Sources/NetworkSpectator/Logging/Persistence/PreferenceStorage.swift /Users/admin/builder/spi-builder-workspace/Sources/NetworkSpectator/Logging/Persistence/StorageManager.swift -target arm64-apple-watchos9.0 -Xllvm -aarch64-use-tbi -enable-objc-interop -stack-check -sdk /Applications/Xcode-16.3.0.app/Contents/Developer/Platforms/WatchOS.platform/Developer/SDKs/WatchOS11.4.sdk -I /Users/admin/builder/spi-builder-workspace/.derivedData/Build/Products/Debug-watchos -I /Applications/Xcode-16.3.0.app/Contents/Developer/Platforms/WatchOS.platform/Developer/usr/lib -F /Users/admin/builder/spi-builder-workspace/.derivedData/Build/Products/Debug-watchos/PackageFrameworks -F /Users/admin/builder/spi-builder-workspace/.derivedData/Build/Products/Debug-watchos/PackageFrameworks -F /Users/admin/builder/spi-builder-workspace/.derivedData/Build/Products/Debug-watchos -F /Applications/Xcode-16.3.0.app/Contents/Developer/Platforms/WatchOS.platform/Developer/Library/Frameworks -F /Applications/Xcode-16.3.0.app/Contents/Developer/Platforms/WatchOS.platform/Developer/SDKs/WatchOS11.4.sdk/Developer/Library/Frameworks -no-color-diagnostics -enable-testing -g -debug-info-format\=dwarf -dwarf-version\=4 -module-cache-path /Users/admin/builder/spi-builder-workspace/.derivedData/ModuleCache.noindex -profile-generate -profile-coverage-mapping -swift-version 6 -enforce-exclusivity\=checked -stats-output-dir /Users/admin/builder/spi-builder-workspace/.swiftpm/xcode/.stats -Onone -D SWIFT_PACKAGE -D DEBUG -serialize-debugging-options -const-gather-protocols-file /Users/admin/builder/spi-builder-workspace/.derivedData/Build/Intermediates.noindex/NetworkSpectator.build/Debug-watchos/NetworkSpectatorLogging.build/Objects-normal/arm64/NetworkSpectatorLogging_const_extract_protocols.json -enable-experimental-feature DebugDescriptionMacro -empty-abi-descriptor -plugin-path /Applications/Xcode-16.3.0.app/Contents/Developer/Toolchains/XcodeDefault.xctoolchain/usr/lib/swift/host/plugins/testing -validate-clang-modules-once -clang-build-session-file /Users/admin/builder/spi-builder-workspace/.derivedData/ModuleCache.noindex/Session.modulevalidation -Xcc -working-directory -Xcc /Users/admin/builder/spi-builder-workspace/.swiftpm/xcode -resource-dir /Applications/Xcode-16.3.0.app/Contents/Developer/Toolchains/XcodeDefault.xctoolchain/usr/lib/swift -enable-anonymous-context-mangled-names -file-compilation-dir /Users/admin/builder/spi-builder-workspace/.swiftpm/xcode -Xcc -ivfsstatcache -Xcc /Users/admin/builder/spi-builder-workspace/.derivedData/SDKStatCaches.noindex/watchos11.4-22T246-43efb940ff07ba2497b70ec94253f576.sdkstatcache -Xcc -I/Users/admin/builder/spi-builder-workspace/.derivedData/Build/Intermediates.noindex/NetworkSpectator.build/Debug-watchos/NetworkSpectatorLogging.build/swift-overrides.hmap -Xcc -I/Users/admin/builder/spi-builder-workspace/.derivedData/Build/Products/Debug-watchos/include -Xcc -I/Users/admin/builder/spi-builder-workspace/.derivedData/Build/Intermediates.noindex/NetworkSpectator.build/Debug-watchos/NetworkSpectatorLogging.build/DerivedSources-normal/arm64 -Xcc -I/Users/admin/builder/spi-builder-workspace/.derivedData/Build/Intermediates.noindex/NetworkSpectator.build/Debug-watchos/NetworkSpectatorLogging.build/DerivedSources/arm64 -Xcc -I/Users/admin/builder/spi-builder-workspace/.derivedData/Build/Intermediates.noindex/NetworkSpectator.build/Debug-watchos/NetworkSpectatorLogging.build/DerivedSources -Xcc -DSWIFT_PACKAGE -Xcc -DDEBUG\=1 -module-name NetworkSpectatorLogging -package-name spi_builder_workspace -frontend-parseable-output -disable-clang-spi -target-sdk-version 11.4 -target-sdk-name watchos11.4 -external-plugin-path /Applications/Xcode-16.3.0.app/Contents/Developer/Platforms/WatchOS.platform/Developer/usr/lib/swift/host/plugins\#/Applications/Xcode-16.3.0.app/Contents/Developer/Platforms/WatchOS.platform/Developer/usr/bin/swift-plugin-server -external-plugin-path /Applications/Xcode-16.3.0.app/Contents/Developer/Platforms/WatchOS.platform/Developer/usr/local/lib/swift/host/plugins\#/Applications/Xcode-16.3.0.app/Contents/Developer/Platforms/WatchOS.platform/Developer/usr/bin/swift-plugin-server -in-process-plugin-server-path /Applications/Xcode-16.3.0.app/Contents/Developer/Toolchains/XcodeDefault.xctoolchain/usr/lib/swift/host/libSwiftInProcPluginServer.dylib -plugin-path /Applications/Xcode-16.3.0.app/Contents/Developer/Toolchains/XcodeDefault.xctoolchain/usr/lib/swift/host/plugins -plugin-path /Applications/Xcode-16.3.0.app/Contents/Developer/Toolchains/XcodeDefault.xctoolchain/usr/local/lib/swift/host/plugins -emit-module-doc-path /Users/admin/builder/spi-builder-workspace/.derivedData/Build/Intermediates.noindex/NetworkSpectator.build/Debug-watchos/NetworkSpectatorLogging.build/Objects-normal/arm64/NetworkSpectatorLogging.swiftdoc -emit-module-source-info-path /Users/admin/builder/spi-builder-workspace/.derivedData/Build/Intermediates.noindex/NetworkSpectator.build/Debug-watchos/NetworkSpectatorLogging.build/Objects-normal/arm64/NetworkSpectatorLogging.swiftsourceinfo -emit-objc-header-path /Users/admin/builder/spi-builder-workspace/.derivedData/Build/Intermediates.noindex/NetworkSpectator.build/Debug-watchos/NetworkSpectatorLogging.build/Objects-normal/arm64/NetworkSpectatorLogging-Swift.h -serialize-diagnostics-path /Users/admin/builder/spi-builder-workspace/.derivedData/Build/Intermediates.noindex/NetworkSpectator.build/Debug-watchos/NetworkSpectatorLogging.build/Objects-normal/arm64/NetworkSpectatorLogging-master-emit-module.dia -emit-dependencies-path /Users/admin/builder/spi-builder-workspace/.derivedData/Build/Intermediates.noindex/NetworkSpectator.build/Debug-watchos/NetworkSpectatorLogging.build/Objects-normal/arm64/NetworkSpectatorLogging-master-emit-module.d -o /Users/admin/builder/spi-builder-workspace/.derivedData/Build/Intermediates.noindex/NetworkSpectator.build/Debug-watchos/NetworkSpectatorLogging.build/Objects-normal/arm64/NetworkSpectatorLogging.swiftmodule -emit-abi-descriptor-path /Users/admin/builder/spi-builder-workspace/.derivedData/Build/Intermediates.noindex/NetworkSpectator.build/Debug-watchos/NetworkSpectatorLogging.build/Objects-normal/arm64/NetworkSpectatorLogging.abi.json
SwiftCompile normal arm64 Compiling\ NetworkLogMonitor.swift,\ NetworkLogStore.swift /Users/admin/builder/spi-builder-workspace/Sources/NetworkSpectator/Logging/Logger/NetworkLogMonitor.swift /Users/admin/builder/spi-builder-workspace/Sources/NetworkSpectator/Logging/Logger/NetworkLogStore.swift (in target 'NetworkSpectatorLogging' from project 'NetworkSpectator')
SwiftCompile normal arm64 /Users/admin/builder/spi-builder-workspace/Sources/NetworkSpectator/Logging/Logger/NetworkLogMonitor.swift (in target 'NetworkSpectatorLogging' from project 'NetworkSpectator')
cd /Users/admin/builder/spi-builder-workspace/.swiftpm/xcode
SwiftCompile normal arm64 /Users/admin/builder/spi-builder-workspace/Sources/NetworkSpectator/Logging/Logger/NetworkLogStore.swift (in target 'NetworkSpectatorLogging' from project 'NetworkSpectator')
cd /Users/admin/builder/spi-builder-workspace/.swiftpm/xcode
SwiftEmitModule normal arm64_32 Emitting\ module\ for\ NetworkSpectatorLogging (in target 'NetworkSpectatorLogging' from project 'NetworkSpectator')
EmitSwiftModule normal arm64_32 (in target 'NetworkSpectatorLogging' from project 'NetworkSpectator')
cd /Users/admin/builder/spi-builder-workspace/.swiftpm/xcode
SwiftDriverJobDiscovery normal arm64 Compiling LogItem.swift (in target 'NetworkSpectatorCore' from project 'NetworkSpectator')
SwiftCompile normal arm64_32 Compiling\ NetworkSpectatorLogging.swift,\ EmptyStorage.swift /Users/admin/builder/spi-builder-workspace/Sources/NetworkSpectator/Logging/NetworkSpectatorLogging.swift /Users/admin/builder/spi-builder-workspace/Sources/NetworkSpectator/Logging/Persistence/EmptyStorage.swift (in target 'NetworkSpectatorLogging' from project 'NetworkSpectator')
SwiftCompile normal arm64_32 /Users/admin/builder/spi-builder-workspace/Sources/NetworkSpectator/Logging/NetworkSpectatorLogging.swift (in target 'NetworkSpectatorLogging' from project 'NetworkSpectator')
cd /Users/admin/builder/spi-builder-workspace/.swiftpm/xcode
SwiftCompile normal arm64_32 /Users/admin/builder/spi-builder-workspace/Sources/NetworkSpectator/Logging/Persistence/EmptyStorage.swift (in target 'NetworkSpectatorLogging' from project 'NetworkSpectator')
cd /Users/admin/builder/spi-builder-workspace/.swiftpm/xcode
SwiftDriverJobDiscovery normal arm64_32 Compiling NetworkSpectatorMocking.swift (in target 'NetworkSpectatorMocking' from project 'NetworkSpectator')
SwiftCompile normal arm64_32 Compiling\ NetworkLogContainer.swift,\ NetworkLogItemLogger.swift /Users/admin/builder/spi-builder-workspace/Sources/NetworkSpectator/Logging/Logger/NetworkLogContainer.swift /Users/admin/builder/spi-builder-workspace/Sources/NetworkSpectator/Logging/Logger/NetworkLogItemLogger.swift (in target 'NetworkSpectatorLogging' from project 'NetworkSpectator')
SwiftCompile normal arm64_32 /Users/admin/builder/spi-builder-workspace/Sources/NetworkSpectator/Logging/Logger/NetworkLogContainer.swift (in target 'NetworkSpectatorLogging' from project 'NetworkSpectator')
cd /Users/admin/builder/spi-builder-workspace/.swiftpm/xcode
SwiftCompile normal arm64_32 /Users/admin/builder/spi-builder-workspace/Sources/NetworkSpectator/Logging/Logger/NetworkLogItemLogger.swift (in target 'NetworkSpectatorLogging' from project 'NetworkSpectator')
cd /Users/admin/builder/spi-builder-workspace/.swiftpm/xcode
SwiftDriverJobDiscovery normal arm64_32 Compiling LogItem.swift (in target 'NetworkSpectatorCore' from project 'NetworkSpectator')
SwiftCompile normal arm64_32 Compiling\ HistoryItem.swift,\ LogHistoryManager.swift /Users/admin/builder/spi-builder-workspace/Sources/NetworkSpectator/Logging/Persistence/HistoryItem.swift /Users/admin/builder/spi-builder-workspace/Sources/NetworkSpectator/Logging/Persistence/LogHistoryManager.swift (in target 'NetworkSpectatorLogging' from project 'NetworkSpectator')
SwiftCompile normal arm64_32 /Users/admin/builder/spi-builder-workspace/Sources/NetworkSpectator/Logging/Persistence/HistoryItem.swift (in target 'NetworkSpectatorLogging' from project 'NetworkSpectator')
cd /Users/admin/builder/spi-builder-workspace/.swiftpm/xcode
SwiftCompile normal arm64_32 /Users/admin/builder/spi-builder-workspace/Sources/NetworkSpectator/Logging/Persistence/LogHistoryManager.swift (in target 'NetworkSpectatorLogging' from project 'NetworkSpectator')
cd /Users/admin/builder/spi-builder-workspace/.swiftpm/xcode
SwiftDriverJobDiscovery normal arm64_32 Compiling NetworkLogMetrics.swift (in target 'NetworkSpectatorCore' from project 'NetworkSpectator')
SwiftCompile normal arm64_32 Compiling\ PostmanExporter.swift,\ TextExporter.swift /Users/admin/builder/spi-builder-workspace/Sources/NetworkSpectator/Logging/Export/PostmanExporter.swift /Users/admin/builder/spi-builder-workspace/Sources/NetworkSpectator/Logging/Export/TextExporter.swift (in target 'NetworkSpectatorLogging' from project 'NetworkSpectator')
SwiftCompile normal arm64_32 /Users/admin/builder/spi-builder-workspace/Sources/NetworkSpectator/Logging/Export/PostmanExporter.swift (in target 'NetworkSpectatorLogging' from project 'NetworkSpectator')
cd /Users/admin/builder/spi-builder-workspace/.swiftpm/xcode
SwiftCompile normal arm64_32 /Users/admin/builder/spi-builder-workspace/Sources/NetworkSpectator/Logging/Export/TextExporter.swift (in target 'NetworkSpectatorLogging' from project 'NetworkSpectator')
cd /Users/admin/builder/spi-builder-workspace/.swiftpm/xcode
SwiftDriverJobDiscovery normal arm64_32 Compiling MockServer.swift (in target 'NetworkSpectatorMocking' from project 'NetworkSpectator')
SwiftCompile normal arm64 Compiling\ HistoryItem.swift,\ LogHistoryManager.swift /Users/admin/builder/spi-builder-workspace/Sources/NetworkSpectator/Logging/Persistence/HistoryItem.swift /Users/admin/builder/spi-builder-workspace/Sources/NetworkSpectator/Logging/Persistence/LogHistoryManager.swift (in target 'NetworkSpectatorLogging' from project 'NetworkSpectator')
SwiftCompile normal arm64 /Users/admin/builder/spi-builder-workspace/Sources/NetworkSpectator/Logging/Persistence/HistoryItem.swift (in target 'NetworkSpectatorLogging' from project 'NetworkSpectator')
cd /Users/admin/builder/spi-builder-workspace/.swiftpm/xcode
SwiftCompile normal arm64 /Users/admin/builder/spi-builder-workspace/Sources/NetworkSpectator/Logging/Persistence/LogHistoryManager.swift (in target 'NetworkSpectatorLogging' from project 'NetworkSpectator')
cd /Users/admin/builder/spi-builder-workspace/.swiftpm/xcode
SwiftDriverJobDiscovery normal arm64 Compiling MockServer.swift (in target 'NetworkSpectatorMocking' from project 'NetworkSpectator')
SwiftCompile normal arm64_32 Compiling\ LoggingExclusionManager.swift,\ LoggingExclusionRule.swift /Users/admin/builder/spi-builder-workspace/Sources/NetworkSpectator/Logging/Exclusion/LoggingExclusionManager.swift /Users/admin/builder/spi-builder-workspace/Sources/NetworkSpectator/Logging/Exclusion/LoggingExclusionRule.swift (in target 'NetworkSpectatorLogging' from project 'NetworkSpectator')
SwiftCompile normal arm64_32 /Users/admin/builder/spi-builder-workspace/Sources/NetworkSpectator/Logging/Exclusion/LoggingExclusionManager.swift (in target 'NetworkSpectatorLogging' from project 'NetworkSpectator')
cd /Users/admin/builder/spi-builder-workspace/.swiftpm/xcode
SwiftCompile normal arm64_32 /Users/admin/builder/spi-builder-workspace/Sources/NetworkSpectator/Logging/Exclusion/LoggingExclusionRule.swift (in target 'NetworkSpectatorLogging' from project 'NetworkSpectator')
cd /Users/admin/builder/spi-builder-workspace/.swiftpm/xcode
SwiftDriverJobDiscovery normal arm64 Compiling Mock.swift (in target 'NetworkSpectatorMocking' from project 'NetworkSpectator')
SwiftDriver\ Compilation NetworkSpectatorMocking normal arm64 com.apple.xcode.tools.swift.compiler (in target 'NetworkSpectatorMocking' from project 'NetworkSpectator')
cd /Users/admin/builder/spi-builder-workspace/.swiftpm/xcode
builtin-Swift-Compilation -- /Applications/Xcode-16.3.0.app/Contents/Developer/Toolchains/XcodeDefault.xctoolchain/usr/bin/swiftc -module-name NetworkSpectatorMocking -Onone -enforce-exclusivity\=checked @/Users/admin/builder/spi-builder-workspace/.derivedData/Build/Intermediates.noindex/NetworkSpectator.build/Debug-watchos/NetworkSpectatorMocking.build/Objects-normal/arm64/NetworkSpectatorMocking.SwiftFileList -DSWIFT_PACKAGE -DDEBUG -stats-output-dir .stats -plugin-path /Applications/Xcode-16.3.0.app/Contents/Developer/Toolchains/XcodeDefault.xctoolchain/usr/lib/swift/host/plugins/testing -enable-experimental-feature DebugDescriptionMacro -sdk /Applications/Xcode-16.3.0.app/Contents/Developer/Platforms/WatchOS.platform/Developer/SDKs/WatchOS11.4.sdk -target arm64-apple-watchos9.0 -g -module-cache-path /Users/admin/builder/spi-builder-workspace/.derivedData/ModuleCache.noindex -Xfrontend -serialize-debugging-options -profile-coverage-mapping -profile-generate -enable-testing -index-store-path /Users/admin/builder/spi-builder-workspace/.derivedData/Index.noindex/DataStore -swift-version 6 -I /Users/admin/builder/spi-builder-workspace/.derivedData/Build/Products/Debug-watchos -I /Applications/Xcode-16.3.0.app/Contents/Developer/Platforms/WatchOS.platform/Developer/usr/lib -F /Users/admin/builder/spi-builder-workspace/.derivedData/Build/Products/Debug-watchos/PackageFrameworks -F /Users/admin/builder/spi-builder-workspace/.derivedData/Build/Products/Debug-watchos -F /Applications/Xcode-16.3.0.app/Contents/Developer/Platforms/WatchOS.platform/Developer/Library/Frameworks -F /Applications/Xcode-16.3.0.app/Contents/Developer/Platforms/WatchOS.platform/Developer/SDKs/WatchOS11.4.sdk/Developer/Library/Frameworks -c -j10 -enable-batch-mode -incremental -Xcc -ivfsstatcache -Xcc /Users/admin/builder/spi-builder-workspace/.derivedData/SDKStatCaches.noindex/watchos11.4-22T246-43efb940ff07ba2497b70ec94253f576.sdkstatcache -output-file-map /Users/admin/builder/spi-builder-workspace/.derivedData/Build/Intermediates.noindex/NetworkSpectator.build/Debug-watchos/NetworkSpectatorMocking.build/Objects-normal/arm64/NetworkSpectatorMocking-OutputFileMap.json -use-frontend-parseable-output -save-temps -no-color-diagnostics -serialize-diagnostics -emit-dependencies -emit-module -emit-module-path /Users/admin/builder/spi-builder-workspace/.derivedData/Build/Intermediates.noindex/NetworkSpectator.build/Debug-watchos/NetworkSpectatorMocking.build/Objects-normal/arm64/NetworkSpectatorMocking.swiftmodule -validate-clang-modules-once -clang-build-session-file /Users/admin/builder/spi-builder-workspace/.derivedData/ModuleCache.noindex/Session.modulevalidation -package-name spi_builder_workspace -Xcc -I/Users/admin/builder/spi-builder-workspace/.derivedData/Build/Intermediates.noindex/NetworkSpectator.build/Debug-watchos/NetworkSpectatorMocking.build/swift-overrides.hmap -emit-const-values -Xfrontend -const-gather-protocols-file -Xfrontend /Users/admin/builder/spi-builder-workspace/.derivedData/Build/Intermediates.noindex/NetworkSpectator.build/Debug-watchos/NetworkSpectatorMocking.build/Objects-normal/arm64/NetworkSpectatorMocking_const_extract_protocols.json -Xcc -I/Users/admin/builder/spi-builder-workspace/.derivedData/Build/Products/Debug-watchos/include -Xcc -I/Users/admin/builder/spi-builder-workspace/.derivedData/Build/Intermediates.noindex/NetworkSpectator.build/Debug-watchos/NetworkSpectatorMocking.build/DerivedSources-normal/arm64 -Xcc -I/Users/admin/builder/spi-builder-workspace/.derivedData/Build/Intermediates.noindex/NetworkSpectator.build/Debug-watchos/NetworkSpectatorMocking.build/DerivedSources/arm64 -Xcc -I/Users/admin/builder/spi-builder-workspace/.derivedData/Build/Intermediates.noindex/NetworkSpectator.build/Debug-watchos/NetworkSpectatorMocking.build/DerivedSources -Xcc -DSWIFT_PACKAGE -Xcc -DDEBUG\=1 -emit-objc-header -emit-objc-header-path /Users/admin/builder/spi-builder-workspace/.derivedData/Build/Intermediates.noindex/NetworkSpectator.build/Debug-watchos/NetworkSpectatorMocking.build/Objects-normal/arm64/NetworkSpectatorMocking-Swift.h -working-directory /Users/admin/builder/spi-builder-workspace/.swiftpm/xcode -experimental-emit-module-separately -disable-cmo
SwiftDriverJobDiscovery normal arm64_32 Compiling Mock.swift (in target 'NetworkSpectatorMocking' from project 'NetworkSpectator')
SwiftCompile normal arm64_32 Compiling\ LogHistoryStorage.swift,\ PersistentMockServer.swift /Users/admin/builder/spi-builder-workspace/Sources/NetworkSpectator/Logging/Persistence/LogHistoryStorage.swift /Users/admin/builder/spi-builder-workspace/Sources/NetworkSpectator/Logging/Persistence/PersistentMockServer.swift (in target 'NetworkSpectatorLogging' from project 'NetworkSpectator')
SwiftCompile normal arm64_32 /Users/admin/builder/spi-builder-workspace/Sources/NetworkSpectator/Logging/Persistence/LogHistoryStorage.swift (in target 'NetworkSpectatorLogging' from project 'NetworkSpectator')
cd /Users/admin/builder/spi-builder-workspace/.swiftpm/xcode
SwiftCompile normal arm64_32 /Users/admin/builder/spi-builder-workspace/Sources/NetworkSpectator/Logging/Persistence/PersistentMockServer.swift (in target 'NetworkSpectatorLogging' from project 'NetworkSpectator')
cd /Users/admin/builder/spi-builder-workspace/.swiftpm/xcode
SwiftDriver\ Compilation NetworkSpectatorMocking normal arm64_32 com.apple.xcode.tools.swift.compiler (in target 'NetworkSpectatorMocking' from project 'NetworkSpectator')
cd /Users/admin/builder/spi-builder-workspace/.swiftpm/xcode
builtin-Swift-Compilation -- /Applications/Xcode-16.3.0.app/Contents/Developer/Toolchains/XcodeDefault.xctoolchain/usr/bin/swiftc -module-name NetworkSpectatorMocking -Onone -enforce-exclusivity\=checked @/Users/admin/builder/spi-builder-workspace/.derivedData/Build/Intermediates.noindex/NetworkSpectator.build/Debug-watchos/NetworkSpectatorMocking.build/Objects-normal/arm64_32/NetworkSpectatorMocking.SwiftFileList -DSWIFT_PACKAGE -DDEBUG -stats-output-dir .stats -plugin-path /Applications/Xcode-16.3.0.app/Contents/Developer/Toolchains/XcodeDefault.xctoolchain/usr/lib/swift/host/plugins/testing -enable-experimental-feature DebugDescriptionMacro -sdk /Applications/Xcode-16.3.0.app/Contents/Developer/Platforms/WatchOS.platform/Developer/SDKs/WatchOS11.4.sdk -target arm64_32-apple-watchos9.0 -g -module-cache-path /Users/admin/builder/spi-builder-workspace/.derivedData/ModuleCache.noindex -Xfrontend -serialize-debugging-options -profile-coverage-mapping -profile-generate -enable-testing -index-store-path /Users/admin/builder/spi-builder-workspace/.derivedData/Index.noindex/DataStore -swift-version 6 -I /Users/admin/builder/spi-builder-workspace/.derivedData/Build/Products/Debug-watchos -I /Applications/Xcode-16.3.0.app/Contents/Developer/Platforms/WatchOS.platform/Developer/usr/lib -F /Users/admin/builder/spi-builder-workspace/.derivedData/Build/Products/Debug-watchos/PackageFrameworks -F /Users/admin/builder/spi-builder-workspace/.derivedData/Build/Products/Debug-watchos -F /Applications/Xcode-16.3.0.app/Contents/Developer/Platforms/WatchOS.platform/Developer/Library/Frameworks -F /Applications/Xcode-16.3.0.app/Contents/Developer/Platforms/WatchOS.platform/Developer/SDKs/WatchOS11.4.sdk/Developer/Library/Frameworks -c -j10 -enable-batch-mode -incremental -Xcc -ivfsstatcache -Xcc /Users/admin/builder/spi-builder-workspace/.derivedData/SDKStatCaches.noindex/watchos11.4-22T246-43efb940ff07ba2497b70ec94253f576.sdkstatcache -output-file-map /Users/admin/builder/spi-builder-workspace/.derivedData/Build/Intermediates.noindex/NetworkSpectator.build/Debug-watchos/NetworkSpectatorMocking.build/Objects-normal/arm64_32/NetworkSpectatorMocking-OutputFileMap.json -use-frontend-parseable-output -save-temps -no-color-diagnostics -serialize-diagnostics -emit-dependencies -emit-module -emit-module-path /Users/admin/builder/spi-builder-workspace/.derivedData/Build/Intermediates.noindex/NetworkSpectator.build/Debug-watchos/NetworkSpectatorMocking.build/Objects-normal/arm64_32/NetworkSpectatorMocking.swiftmodule -validate-clang-modules-once -clang-build-session-file /Users/admin/builder/spi-builder-workspace/.derivedData/ModuleCache.noindex/Session.modulevalidation -package-name spi_builder_workspace -Xcc -I/Users/admin/builder/spi-builder-workspace/.derivedData/Build/Intermediates.noindex/NetworkSpectator.build/Debug-watchos/NetworkSpectatorMocking.build/swift-overrides.hmap -emit-const-values -Xfrontend -const-gather-protocols-file -Xfrontend /Users/admin/builder/spi-builder-workspace/.derivedData/Build/Intermediates.noindex/NetworkSpectator.build/Debug-watchos/NetworkSpectatorMocking.build/Objects-normal/arm64_32/NetworkSpectatorMocking_const_extract_protocols.json -Xcc -I/Users/admin/builder/spi-builder-workspace/.derivedData/Build/Products/Debug-watchos/include -Xcc -I/Users/admin/builder/spi-builder-workspace/.derivedData/Build/Intermediates.noindex/NetworkSpectator.build/Debug-watchos/NetworkSpectatorMocking.build/DerivedSources-normal/arm64_32 -Xcc -I/Users/admin/builder/spi-builder-workspace/.derivedData/Build/Intermediates.noindex/NetworkSpectator.build/Debug-watchos/NetworkSpectatorMocking.build/DerivedSources/arm64_32 -Xcc -I/Users/admin/builder/spi-builder-workspace/.derivedData/Build/Intermediates.noindex/NetworkSpectator.build/Debug-watchos/NetworkSpectatorMocking.build/DerivedSources -Xcc -DSWIFT_PACKAGE -Xcc -DDEBUG\=1 -emit-objc-header -emit-objc-header-path /Users/admin/builder/spi-builder-workspace/.derivedData/Build/Intermediates.noindex/NetworkSpectator.build/Debug-watchos/NetworkSpectatorMocking.build/Objects-normal/arm64_32/NetworkSpectatorMocking-Swift.h -working-directory /Users/admin/builder/spi-builder-workspace/.swiftpm/xcode -experimental-emit-module-separately -disable-cmo
SwiftDriver\ Compilation\ Requirements NetworkSpectatorLogging normal arm64 com.apple.xcode.tools.swift.compiler (in target 'NetworkSpectatorLogging' from project 'NetworkSpectator')
cd /Users/admin/builder/spi-builder-workspace/.swiftpm/xcode
builtin-Swift-Compilation-Requirements -- /Applications/Xcode-16.3.0.app/Contents/Developer/Toolchains/XcodeDefault.xctoolchain/usr/bin/swiftc -module-name NetworkSpectatorLogging -Onone -enforce-exclusivity\=checked @/Users/admin/builder/spi-builder-workspace/.derivedData/Build/Intermediates.noindex/NetworkSpectator.build/Debug-watchos/NetworkSpectatorLogging.build/Objects-normal/arm64/NetworkSpectatorLogging.SwiftFileList -DSWIFT_PACKAGE -DDEBUG -stats-output-dir .stats -plugin-path /Applications/Xcode-16.3.0.app/Contents/Developer/Toolchains/XcodeDefault.xctoolchain/usr/lib/swift/host/plugins/testing -enable-experimental-feature DebugDescriptionMacro -sdk /Applications/Xcode-16.3.0.app/Contents/Developer/Platforms/WatchOS.platform/Developer/SDKs/WatchOS11.4.sdk -target arm64-apple-watchos9.0 -g -module-cache-path /Users/admin/builder/spi-builder-workspace/.derivedData/ModuleCache.noindex -Xfrontend -serialize-debugging-options -profile-coverage-mapping -profile-generate -enable-testing -index-store-path /Users/admin/builder/spi-builder-workspace/.derivedData/Index.noindex/DataStore -swift-version 6 -I /Users/admin/builder/spi-builder-workspace/.derivedData/Build/Products/Debug-watchos -I /Applications/Xcode-16.3.0.app/Contents/Developer/Platforms/WatchOS.platform/Developer/usr/lib -F /Users/admin/builder/spi-builder-workspace/.derivedData/Build/Products/Debug-watchos/PackageFrameworks -F /Users/admin/builder/spi-builder-workspace/.derivedData/Build/Products/Debug-watchos/PackageFrameworks -F /Users/admin/builder/spi-builder-workspace/.derivedData/Build/Products/Debug-watchos -F /Applications/Xcode-16.3.0.app/Contents/Developer/Platforms/WatchOS.platform/Developer/Library/Frameworks -F /Applications/Xcode-16.3.0.app/Contents/Developer/Platforms/WatchOS.platform/Developer/SDKs/WatchOS11.4.sdk/Developer/Library/Frameworks -c -j10 -enable-batch-mode -incremental -Xcc -ivfsstatcache -Xcc /Users/admin/builder/spi-builder-workspace/.derivedData/SDKStatCaches.noindex/watchos11.4-22T246-43efb940ff07ba2497b70ec94253f576.sdkstatcache -output-file-map /Users/admin/builder/spi-builder-workspace/.derivedData/Build/Intermediates.noindex/NetworkSpectator.build/Debug-watchos/NetworkSpectatorLogging.build/Objects-normal/arm64/NetworkSpectatorLogging-OutputFileMap.json -use-frontend-parseable-output -save-temps -no-color-diagnostics -serialize-diagnostics -emit-dependencies -emit-module -emit-module-path /Users/admin/builder/spi-builder-workspace/.derivedData/Build/Intermediates.noindex/NetworkSpectator.build/Debug-watchos/NetworkSpectatorLogging.build/Objects-normal/arm64/NetworkSpectatorLogging.swiftmodule -validate-clang-modules-once -clang-build-session-file /Users/admin/builder/spi-builder-workspace/.derivedData/ModuleCache.noindex/Session.modulevalidation -package-name spi_builder_workspace -Xcc -I/Users/admin/builder/spi-builder-workspace/.derivedData/Build/Intermediates.noindex/NetworkSpectator.build/Debug-watchos/NetworkSpectatorLogging.build/swift-overrides.hmap -emit-const-values -Xfrontend -const-gather-protocols-file -Xfrontend /Users/admin/builder/spi-builder-workspace/.derivedData/Build/Intermediates.noindex/NetworkSpectator.build/Debug-watchos/NetworkSpectatorLogging.build/Objects-normal/arm64/NetworkSpectatorLogging_const_extract_protocols.json -Xcc -I/Users/admin/builder/spi-builder-workspace/.derivedData/Build/Products/Debug-watchos/include -Xcc -I/Users/admin/builder/spi-builder-workspace/.derivedData/Build/Intermediates.noindex/NetworkSpectator.build/Debug-watchos/NetworkSpectatorLogging.build/DerivedSources-normal/arm64 -Xcc -I/Users/admin/builder/spi-builder-workspace/.derivedData/Build/Intermediates.noindex/NetworkSpectator.build/Debug-watchos/NetworkSpectatorLogging.build/DerivedSources/arm64 -Xcc -I/Users/admin/builder/spi-builder-workspace/.derivedData/Build/Intermediates.noindex/NetworkSpectator.build/Debug-watchos/NetworkSpectatorLogging.build/DerivedSources -Xcc -DSWIFT_PACKAGE -Xcc -DDEBUG\=1 -emit-objc-header -emit-objc-header-path /Users/admin/builder/spi-builder-workspace/.derivedData/Build/Intermediates.noindex/NetworkSpectator.build/Debug-watchos/NetworkSpectatorLogging.build/Objects-normal/arm64/NetworkSpectatorLogging-Swift.h -working-directory /Users/admin/builder/spi-builder-workspace/.swiftpm/xcode -experimental-emit-module-separately -disable-cmo
SwiftDriverJobDiscovery normal arm64_32 Compiling NetworkSpectatorLogging.swift, EmptyStorage.swift (in target 'NetworkSpectatorLogging' from project 'NetworkSpectator')
** BUILD FAILED **
The following build commands failed:
EmitSwiftModule normal arm64 (in target 'NetworkSpectatorLogging' from project 'NetworkSpectator')
SwiftEmitModule normal arm64 Emitting\ module\ for\ NetworkSpectatorLogging (in target 'NetworkSpectatorLogging' from project 'NetworkSpectator')
Building workspace spi-builder-workspace with scheme NetworkSpectator-Package
(3 failures)
Command line invocation:
/Applications/Xcode-16.3.0.app/Contents/Developer/usr/bin/xcodebuild -IDEClonedSourcePackagesDirPathOverride=/Users/admin/builder/spi-builder-workspace/.dependencies -resolvePackageDependencies
Resolve Package Graph
Resolved source packages:
NetworkSpectator: /Users/admin/builder/spi-builder-workspace
resolved source packages: NetworkSpectator
{
"dependencies" : [
],
"manifest_display_name" : "NetworkSpectator",
"name" : "NetworkSpectator",
"path" : "/Users/admin/builder/spi-builder-workspace",
"platforms" : [
{
"name" : "ios",
"version" : "16.0"
},
{
"name" : "macos",
"version" : "13.0"
}
],
"products" : [
{
"name" : "NetworkSpectator",
"targets" : [
"NetworkSpectator"
],
"type" : {
"library" : [
"automatic"
]
}
},
{
"name" : "NetworkSpectatorCore",
"targets" : [
"NetworkSpectatorCore"
],
"type" : {
"library" : [
"automatic"
]
}
},
{
"name" : "NetworkSpectatorMocking",
"targets" : [
"NetworkSpectatorMocking"
],
"type" : {
"library" : [
"automatic"
]
}
},
{
"name" : "NetworkSpectatorLogging",
"targets" : [
"NetworkSpectatorLogging"
],
"type" : {
"library" : [
"automatic"
]
}
},
{
"name" : "NetworkSpectatorUI",
"targets" : [
"NetworkSpectatorUI"
],
"type" : {
"library" : [
"automatic"
]
}
}
],
"targets" : [
{
"c99name" : "NetworkSpectatorUITests",
"module_type" : "SwiftTarget",
"name" : "NetworkSpectatorUITests",
"path" : "Tests/NetworkSpectatorUITests",
"sources" : [
"AddRuleItemTests.swift",
"ChartItemFactoryTests.swift",
"HTTPInputConverterTests.swift",
"InsightsDataSourceTests.swift",
"RootContentDataSourceTests.swift"
],
"target_dependencies" : [
"NetworkSpectatorCore",
"NetworkSpectatorMocking",
"NetworkSpectatorLogging",
"NetworkSpectatorUI"
],
"type" : "test"
},
{
"c99name" : "NetworkSpectatorUI",
"module_type" : "SwiftTarget",
"name" : "NetworkSpectatorUI",
"path" : "Sources/NetworkSpectator",
"product_memberships" : [
"NetworkSpectator",
"NetworkSpectatorUI"
],
"sources" : [
"Presentation/Insights/AnalyticsDashboardView.swift",
"Presentation/Insights/ChartParameter.swift",
"Presentation/Insights/HTTPMethodPieChartView.swift",
"Presentation/Insights/HostsChartView.swift",
"Presentation/Insights/InsightsDataSource.swift",
"Presentation/Insights/RequestBarChartView.swift",
"Presentation/Insights/StatusCodeChartView.swift",
"Presentation/LogDetails/JSONBodyLineView.swift",
"Presentation/LogDetails/LogBasicDetailsView.swift",
"Presentation/LogDetails/LogDetailsContainerView.swift",
"Presentation/LogDetails/LogHeadersDetailsView.swift",
"Presentation/LogDetails/LogMetricsView.swift",
"Presentation/LogDetails/LogRequestDetailsView.swift",
"Presentation/LogDetails/LogResponseDetailsView.swift",
"Presentation/LogDetails/ResponseImageView.swift",
"Presentation/LogDetails/ViewModels/JSONBodyLineViewModel.swift",
"Presentation/LogDetails/ViewModels/LogBasicDetailsViewModel.swift",
"Presentation/LogDetails/ViewModels/LogMetricsViewModel.swift",
"Presentation/LogList/EmptyStateView.swift",
"Presentation/LogList/FilterChipsView.swift",
"Presentation/LogList/FilterSheetView.swift",
"Presentation/LogList/LogListDataSource.swift",
"Presentation/LogList/LogListItemView.swift",
"Presentation/LogList/LogListView.swift",
"Presentation/Root/RootView.swift",
"Presentation/Settings/AddRuleItemView.swift",
"Presentation/Settings/LogHistoryView.swift",
"Presentation/Settings/ManageLoggingExclusionView.swift",
"Presentation/Settings/MockManagementView.swift",
"Presentation/Settings/Models/AddRuleItem.swift",
"Presentation/Settings/Models/HTTPInputConverter.swift",
"Presentation/Settings/SettingsView.swift",
"Presentation/ShareActivity/Models/ShareExportedItem.swift",
"Presentation/ShareActivity/ShareActivityView.swift",
"Presentation/Shared/CopyableModifier.swift",
"Presentation/Shared/EmptyStateModifier.swift",
"Presentation/Shared/HTTPMethodColor.swift",
"Presentation/Shared/LoadingOverlayModifier.swift",
"Presentation/Shared/StatusCodeColor.swift"
],
"target_dependencies" : [
"NetworkSpectatorCore",
"NetworkSpectatorMocking",
"NetworkSpectatorLogging"
],
"type" : "library"
},
{
"c99name" : "NetworkSpectatorMockingTests",
"module_type" : "SwiftTarget",
"name" : "NetworkSpectatorMockingTests",
"path" : "Tests/NetworkSpectatorMockingTests",
"sources" : [
"MockTests.swift"
],
"target_dependencies" : [
"NetworkSpectatorCore",
"NetworkSpectatorMocking"
],
"type" : "test"
},
{
"c99name" : "NetworkSpectatorMocking",
"module_type" : "SwiftTarget",
"name" : "NetworkSpectatorMocking",
"path" : "Sources/NetworkSpectator",
"product_memberships" : [
"NetworkSpectator",
"NetworkSpectatorMocking",
"NetworkSpectatorLogging",
"NetworkSpectatorUI"
],
"sources" : [
"Mocking/Mock.swift",
"Mocking/MockServer.swift",
"Mocking/NetworkSpectatorMocking.swift"
],
"target_dependencies" : [
"NetworkSpectatorCore"
],
"type" : "library"
},
{
"c99name" : "NetworkSpectatorLoggingTests",
"module_type" : "SwiftTarget",
"name" : "NetworkSpectatorLoggingTests",
"path" : "Tests/NetworkSpectatorLoggingTests",
"sources" : [
"CSVExporterTests.swift",
"ExportManagerTests.swift",
"LogHistoryItemsTests.swift",
"LogHistoryStorageTests.swift",
"LogSessionManagerTests.swift",
"MockServerPersistenceTests.swift",
"MonitorPreferenceStorageTests.swift",
"PostmanExporterTests.swift",
"SkipRequestPersistenceTests.swift",
"StorageManagerTests.swift",
"TextExporterTests.swift"
],
"target_dependencies" : [
"NetworkSpectatorCore",
"NetworkSpectatorMocking",
"NetworkSpectatorLogging"
],
"type" : "test"
},
{
"c99name" : "NetworkSpectatorLogging",
"module_type" : "SwiftTarget",
"name" : "NetworkSpectatorLogging",
"path" : "Sources/NetworkSpectator",
"product_memberships" : [
"NetworkSpectator",
"NetworkSpectatorLogging",
"NetworkSpectatorUI"
],
"sources" : [
"Logging/Exclusion/LoggingExclusionManager.swift",
"Logging/Exclusion/LoggingExclusionRule.swift",
"Logging/Export/CSVExporter.swift",
"Logging/Export/ExportManager.swift",
"Logging/Export/PostmanExporter.swift",
"Logging/Export/TextExporter.swift",
"Logging/Logger/NetworkLogContainer.swift",
"Logging/Logger/NetworkLogItemLogger.swift",
"Logging/Logger/NetworkLogMonitor.swift",
"Logging/Logger/NetworkLogStore.swift",
"Logging/NetworkSpectatorLogging.swift",
"Logging/Persistence/EmptyStorage.swift",
"Logging/Persistence/HistoryItem.swift",
"Logging/Persistence/LogHistoryManager.swift",
"Logging/Persistence/LogHistoryStorage.swift",
"Logging/Persistence/PersistentMockServer.swift",
"Logging/Persistence/PreferenceStorage.swift",
"Logging/Persistence/StorageManager.swift"
],
"target_dependencies" : [
"NetworkSpectatorCore",
"NetworkSpectatorMocking"
],
"type" : "library"
},
{
"c99name" : "NetworkSpectatorIntegrationTests",
"module_type" : "SwiftTarget",
"name" : "NetworkSpectatorIntegrationTests",
"path" : "Tests/NetworkSpectatorIntegrationTests",
"sources" : [
"NetworkLogStoreTests.swift"
],
"target_dependencies" : [
"NetworkSpectator",
"NetworkSpectatorCore",
"NetworkSpectatorMocking",
"NetworkSpectatorLogging",
"NetworkSpectatorUI"
],
"type" : "test"
},
{
"c99name" : "NetworkSpectatorCoreTests",
"module_type" : "SwiftTarget",
"name" : "NetworkSpectatorCoreTests",
"path" : "Tests/NetworkSpectatorCoreTests",
"sources" : [
"LogItemTests.swift",
"MatchRuleTests.swift"
],
"target_dependencies" : [
"NetworkSpectatorCore"
],
"type" : "test"
},
{
"c99name" : "NetworkSpectatorCore",
"module_type" : "SwiftTarget",
"name" : "NetworkSpectatorCore",
"path" : "Sources/NetworkSpectator",
"product_memberships" : [
"NetworkSpectator",
"NetworkSpectatorCore",
"NetworkSpectatorMocking",
"NetworkSpectatorLogging",
"NetworkSpectatorUI"
],
"sources" : [
"Domain/ConsoleLogging/ConsoleLogFormatter.swift",
"Domain/ConsoleLogging/DebugConsoleLogger.swift",
"Domain/Entities/HTTPMethod.swift",
"Domain/Entities/HTTPResponse.swift",
"Domain/Entities/LogItem.swift",
"Domain/Entities/MimeType.swift",
"Domain/Entities/NetworkLogMetrics.swift",
"Domain/Network/NetworkInterceptor.swift",
"Domain/Network/NetworkItemLogger.swift",
"Domain/Network/NetworkURLProtocol.swift",
"Domain/Network/URLSessionConfiguration+Extension.swift",
"Domain/Rules/MatchRule.swift"
],
"type" : "library"
},
{
"c99name" : "NetworkSpectator",
"module_type" : "SwiftTarget",
"name" : "NetworkSpectator",
"path" : "Sources/NetworkSpectator",
"product_memberships" : [
"NetworkSpectator"
],
"sources" : [
"NetworkSpectator.swift"
],
"target_dependencies" : [
"NetworkSpectatorCore",
"NetworkSpectatorMocking",
"NetworkSpectatorLogging",
"NetworkSpectatorUI"
],
"type" : "library"
}
],
"tools_version" : "6.0"
}
{
"workspace" : {
"name" : "spi-builder-workspace",
"schemes" : [
"NetworkSpectator",
"NetworkSpectator-Package",
"NetworkSpectatorCore",
"NetworkSpectatorLogging",
"NetworkSpectatorMocking",
"NetworkSpectatorUI"
]
}
}
Running build ...
env DEVELOPER_DIR=/Applications/Xcode-16.3.0.app xcrun xcodebuild -IDEClonedSourcePackagesDirPathOverride=$PWD/.dependencies -skipMacroValidation -skipPackagePluginValidation -derivedDataPath $PWD/.derivedData build -scheme NetworkSpectator-Package -destination generic/platform=watchOS
Command line invocation:
/Applications/Xcode-16.3.0.app/Contents/Developer/usr/bin/xcodebuild -IDEClonedSourcePackagesDirPathOverride=/Users/admin/builder/spi-builder-workspace/.dependencies -skipMacroValidation -skipPackagePluginValidation -derivedDataPath /Users/admin/builder/spi-builder-workspace/.derivedData build -scheme NetworkSpectator-Package -destination generic/platform=watchOS
Resolve Package Graph
Resolved source packages:
NetworkSpectator: /Users/admin/builder/spi-builder-workspace
ComputePackagePrebuildTargetDependencyGraph
Prepare packages
CreateBuildRequest
SendProjectDescription
CreateBuildOperation
ComputeTargetDependencyGraph
note: Building targets in dependency order
note: Target dependency graph (10 targets)
Target 'NetworkSpectatorUI' in project 'NetworkSpectator'
➜ Explicit dependency on target 'NetworkSpectatorUI' in project 'NetworkSpectator'
➜ Explicit dependency on target 'NetworkSpectatorCore' in project 'NetworkSpectator'
➜ Explicit dependency on target 'NetworkSpectatorMocking' in project 'NetworkSpectator'
➜ Explicit dependency on target 'NetworkSpectatorLogging' in project 'NetworkSpectator'
Target 'NetworkSpectatorMocking' in project 'NetworkSpectator'
➜ Explicit dependency on target 'NetworkSpectatorMocking' in project 'NetworkSpectator'
➜ Explicit dependency on target 'NetworkSpectatorCore' in project 'NetworkSpectator'
Target 'NetworkSpectatorLogging' in project 'NetworkSpectator'
➜ Explicit dependency on target 'NetworkSpectatorLogging' in project 'NetworkSpectator'
➜ Explicit dependency on target 'NetworkSpectatorCore' in project 'NetworkSpectator'
➜ Explicit dependency on target 'NetworkSpectatorMocking' in project 'NetworkSpectator'
Target 'NetworkSpectatorCore' in project 'NetworkSpectator'
➜ Explicit dependency on target 'NetworkSpectatorCore' in project 'NetworkSpectator'
Target 'NetworkSpectator' in project 'NetworkSpectator'
➜ Explicit dependency on target 'NetworkSpectator' in project 'NetworkSpectator'
➜ Explicit dependency on target 'NetworkSpectatorCore' in project 'NetworkSpectator'
➜ Explicit dependency on target 'NetworkSpectatorMocking' in project 'NetworkSpectator'
➜ Explicit dependency on target 'NetworkSpectatorLogging' in project 'NetworkSpectator'
➜ Explicit dependency on target 'NetworkSpectatorUI' in project 'NetworkSpectator'
Target 'NetworkSpectator' in project 'NetworkSpectator'
➜ Explicit dependency on target 'NetworkSpectatorCore' in project 'NetworkSpectator'
➜ Explicit dependency on target 'NetworkSpectatorMocking' in project 'NetworkSpectator'
➜ Explicit dependency on target 'NetworkSpectatorLogging' in project 'NetworkSpectator'
➜ Explicit dependency on target 'NetworkSpectatorUI' in project 'NetworkSpectator'
Target 'NetworkSpectatorUI' in project 'NetworkSpectator'
➜ Explicit dependency on target 'NetworkSpectatorCore' in project 'NetworkSpectator'
➜ Explicit dependency on target 'NetworkSpectatorMocking' in project 'NetworkSpectator'
➜ Explicit dependency on target 'NetworkSpectatorLogging' in project 'NetworkSpectator'
Target 'NetworkSpectatorLogging' in project 'NetworkSpectator'
➜ Explicit dependency on target 'NetworkSpectatorCore' in project 'NetworkSpectator'
➜ Explicit dependency on target 'NetworkSpectatorMocking' in project 'NetworkSpectator'
Target 'NetworkSpectatorMocking' in project 'NetworkSpectator'
➜ Explicit dependency on target 'NetworkSpectatorCore' in project 'NetworkSpectator'
Target 'NetworkSpectatorCore' in project 'NetworkSpectator' (no dependencies)
GatherProvisioningInputs
CreateBuildDescription
ExecuteExternalTool /Applications/Xcode-16.3.0.app/Contents/Developer/Toolchains/XcodeDefault.xctoolchain/usr/bin/swiftc --version
ExecuteExternalTool /Applications/Xcode-16.3.0.app/Contents/Developer/Toolchains/XcodeDefault.xctoolchain/usr/bin/clang -v -E -dM -isysroot /Applications/Xcode-16.3.0.app/Contents/Developer/Platforms/WatchOS.platform/Developer/SDKs/WatchOS11.4.sdk -x c -c /dev/null
ExecuteExternalTool /Applications/Xcode-16.3.0.app/Contents/Developer/Toolchains/XcodeDefault.xctoolchain/usr/bin/ld -version_details
Build description signature: e52ce5b79502da711750e9801edd0a36
Build description path: /Users/admin/builder/spi-builder-workspace/.derivedData/Build/Intermediates.noindex/XCBuildData/e52ce5b79502da711750e9801edd0a36.xcbuilddata
ClangStatCache /Applications/Xcode-16.3.0.app/Contents/Developer/Toolchains/XcodeDefault.xctoolchain/usr/bin/clang-stat-cache /Applications/Xcode-16.3.0.app/Contents/Developer/Platforms/WatchOS.platform/Developer/SDKs/WatchOS11.4.sdk /Users/admin/builder/spi-builder-workspace/.derivedData/SDKStatCaches.noindex/watchos11.4-22T246-43efb940ff07ba2497b70ec94253f576.sdkstatcache
cd /Users/admin/builder/spi-builder-workspace/.swiftpm/xcode
/Applications/Xcode-16.3.0.app/Contents/Developer/Toolchains/XcodeDefault.xctoolchain/usr/bin/clang-stat-cache /Applications/Xcode-16.3.0.app/Contents/Developer/Platforms/WatchOS.platform/Developer/SDKs/WatchOS11.4.sdk -o /Users/admin/builder/spi-builder-workspace/.derivedData/SDKStatCaches.noindex/watchos11.4-22T246-43efb940ff07ba2497b70ec94253f576.sdkstatcache
SwiftDriver NetworkSpectatorCore normal arm64_32 com.apple.xcode.tools.swift.compiler (in target 'NetworkSpectatorCore' from project 'NetworkSpectator')
cd /Users/admin/builder/spi-builder-workspace/.swiftpm/xcode
builtin-SwiftDriver -- /Applications/Xcode-16.3.0.app/Contents/Developer/Toolchains/XcodeDefault.xctoolchain/usr/bin/swiftc -module-name NetworkSpectatorCore -Onone -enforce-exclusivity\=checked @/Users/admin/builder/spi-builder-workspace/.derivedData/Build/Intermediates.noindex/NetworkSpectator.build/Debug-watchos/NetworkSpectatorCore.build/Objects-normal/arm64_32/NetworkSpectatorCore.SwiftFileList -DSWIFT_PACKAGE -DDEBUG -DXcode -plugin-path /Applications/Xcode-16.3.0.app/Contents/Developer/Toolchains/XcodeDefault.xctoolchain/usr/lib/swift/host/plugins/testing -enable-experimental-feature DebugDescriptionMacro -sdk /Applications/Xcode-16.3.0.app/Contents/Developer/Platforms/WatchOS.platform/Developer/SDKs/WatchOS11.4.sdk -target arm64_32-apple-watchos9.0 -g -module-cache-path /Users/admin/builder/spi-builder-workspace/.derivedData/ModuleCache.noindex -Xfrontend -serialize-debugging-options -profile-coverage-mapping -profile-generate -enable-testing -index-store-path /Users/admin/builder/spi-builder-workspace/.derivedData/Index.noindex/DataStore -swift-version 6 -I /Users/admin/builder/spi-builder-workspace/.derivedData/Build/Products/Debug-watchos -I /Applications/Xcode-16.3.0.app/Contents/Developer/Platforms/WatchOS.platform/Developer/usr/lib -F /Users/admin/builder/spi-builder-workspace/.derivedData/Build/Products/Debug-watchos -F /Applications/Xcode-16.3.0.app/Contents/Developer/Platforms/WatchOS.platform/Developer/Library/Frameworks -F /Applications/Xcode-16.3.0.app/Contents/Developer/Platforms/WatchOS.platform/Developer/SDKs/WatchOS11.4.sdk/Developer/Library/Frameworks -c -j10 -enable-batch-mode -incremental -Xcc -ivfsstatcache -Xcc /Users/admin/builder/spi-builder-workspace/.derivedData/SDKStatCaches.noindex/watchos11.4-22T246-43efb940ff07ba2497b70ec94253f576.sdkstatcache -output-file-map /Users/admin/builder/spi-builder-workspace/.derivedData/Build/Intermediates.noindex/NetworkSpectator.build/Debug-watchos/NetworkSpectatorCore.build/Objects-normal/arm64_32/NetworkSpectatorCore-OutputFileMap.json -use-frontend-parseable-output -save-temps -no-color-diagnostics -serialize-diagnostics -emit-dependencies -emit-module -emit-module-path /Users/admin/builder/spi-builder-workspace/.derivedData/Build/Intermediates.noindex/NetworkSpectator.build/Debug-watchos/NetworkSpectatorCore.build/Objects-normal/arm64_32/NetworkSpectatorCore.swiftmodule -validate-clang-modules-once -clang-build-session-file /Users/admin/builder/spi-builder-workspace/.derivedData/ModuleCache.noindex/Session.modulevalidation -package-name spi_builder_workspace -Xcc -I/Users/admin/builder/spi-builder-workspace/.derivedData/Build/Intermediates.noindex/NetworkSpectator.build/Debug-watchos/NetworkSpectatorCore.build/swift-overrides.hmap -emit-const-values -Xfrontend -const-gather-protocols-file -Xfrontend /Users/admin/builder/spi-builder-workspace/.derivedData/Build/Intermediates.noindex/NetworkSpectator.build/Debug-watchos/NetworkSpectatorCore.build/Objects-normal/arm64_32/NetworkSpectatorCore_const_extract_protocols.json -Xcc -I/Users/admin/builder/spi-builder-workspace/.derivedData/Build/Products/Debug-watchos/include -Xcc -I/Users/admin/builder/spi-builder-workspace/.derivedData/Build/Intermediates.noindex/NetworkSpectator.build/Debug-watchos/NetworkSpectatorCore.build/DerivedSources-normal/arm64_32 -Xcc -I/Users/admin/builder/spi-builder-workspace/.derivedData/Build/Intermediates.noindex/NetworkSpectator.build/Debug-watchos/NetworkSpectatorCore.build/DerivedSources/arm64_32 -Xcc -I/Users/admin/builder/spi-builder-workspace/.derivedData/Build/Intermediates.noindex/NetworkSpectator.build/Debug-watchos/NetworkSpectatorCore.build/DerivedSources -Xcc -DSWIFT_PACKAGE -Xcc -DDEBUG\=1 -emit-objc-header -emit-objc-header-path /Users/admin/builder/spi-builder-workspace/.derivedData/Build/Intermediates.noindex/NetworkSpectator.build/Debug-watchos/NetworkSpectatorCore.build/Objects-normal/arm64_32/NetworkSpectatorCore-Swift.h -working-directory /Users/admin/builder/spi-builder-workspace/.swiftpm/xcode -experimental-emit-module-separately -disable-cmo
SwiftDriver NetworkSpectatorCore normal arm64 com.apple.xcode.tools.swift.compiler (in target 'NetworkSpectatorCore' from project 'NetworkSpectator')
cd /Users/admin/builder/spi-builder-workspace/.swiftpm/xcode
builtin-SwiftDriver -- /Applications/Xcode-16.3.0.app/Contents/Developer/Toolchains/XcodeDefault.xctoolchain/usr/bin/swiftc -module-name NetworkSpectatorCore -Onone -enforce-exclusivity\=checked @/Users/admin/builder/spi-builder-workspace/.derivedData/Build/Intermediates.noindex/NetworkSpectator.build/Debug-watchos/NetworkSpectatorCore.build/Objects-normal/arm64/NetworkSpectatorCore.SwiftFileList -DSWIFT_PACKAGE -DDEBUG -DXcode -plugin-path /Applications/Xcode-16.3.0.app/Contents/Developer/Toolchains/XcodeDefault.xctoolchain/usr/lib/swift/host/plugins/testing -enable-experimental-feature DebugDescriptionMacro -sdk /Applications/Xcode-16.3.0.app/Contents/Developer/Platforms/WatchOS.platform/Developer/SDKs/WatchOS11.4.sdk -target arm64-apple-watchos9.0 -g -module-cache-path /Users/admin/builder/spi-builder-workspace/.derivedData/ModuleCache.noindex -Xfrontend -serialize-debugging-options -profile-coverage-mapping -profile-generate -enable-testing -index-store-path /Users/admin/builder/spi-builder-workspace/.derivedData/Index.noindex/DataStore -swift-version 6 -I /Users/admin/builder/spi-builder-workspace/.derivedData/Build/Products/Debug-watchos -I /Applications/Xcode-16.3.0.app/Contents/Developer/Platforms/WatchOS.platform/Developer/usr/lib -F /Users/admin/builder/spi-builder-workspace/.derivedData/Build/Products/Debug-watchos -F /Applications/Xcode-16.3.0.app/Contents/Developer/Platforms/WatchOS.platform/Developer/Library/Frameworks -F /Applications/Xcode-16.3.0.app/Contents/Developer/Platforms/WatchOS.platform/Developer/SDKs/WatchOS11.4.sdk/Developer/Library/Frameworks -c -j10 -enable-batch-mode -incremental -Xcc -ivfsstatcache -Xcc /Users/admin/builder/spi-builder-workspace/.derivedData/SDKStatCaches.noindex/watchos11.4-22T246-43efb940ff07ba2497b70ec94253f576.sdkstatcache -output-file-map /Users/admin/builder/spi-builder-workspace/.derivedData/Build/Intermediates.noindex/NetworkSpectator.build/Debug-watchos/NetworkSpectatorCore.build/Objects-normal/arm64/NetworkSpectatorCore-OutputFileMap.json -use-frontend-parseable-output -save-temps -no-color-diagnostics -serialize-diagnostics -emit-dependencies -emit-module -emit-module-path /Users/admin/builder/spi-builder-workspace/.derivedData/Build/Intermediates.noindex/NetworkSpectator.build/Debug-watchos/NetworkSpectatorCore.build/Objects-normal/arm64/NetworkSpectatorCore.swiftmodule -validate-clang-modules-once -clang-build-session-file /Users/admin/builder/spi-builder-workspace/.derivedData/ModuleCache.noindex/Session.modulevalidation -package-name spi_builder_workspace -Xcc -I/Users/admin/builder/spi-builder-workspace/.derivedData/Build/Intermediates.noindex/NetworkSpectator.build/Debug-watchos/NetworkSpectatorCore.build/swift-overrides.hmap -emit-const-values -Xfrontend -const-gather-protocols-file -Xfrontend /Users/admin/builder/spi-builder-workspace/.derivedData/Build/Intermediates.noindex/NetworkSpectator.build/Debug-watchos/NetworkSpectatorCore.build/Objects-normal/arm64/NetworkSpectatorCore_const_extract_protocols.json -Xcc -I/Users/admin/builder/spi-builder-workspace/.derivedData/Build/Products/Debug-watchos/include -Xcc -I/Users/admin/builder/spi-builder-workspace/.derivedData/Build/Intermediates.noindex/NetworkSpectator.build/Debug-watchos/NetworkSpectatorCore.build/DerivedSources-normal/arm64 -Xcc -I/Users/admin/builder/spi-builder-workspace/.derivedData/Build/Intermediates.noindex/NetworkSpectator.build/Debug-watchos/NetworkSpectatorCore.build/DerivedSources/arm64 -Xcc -I/Users/admin/builder/spi-builder-workspace/.derivedData/Build/Intermediates.noindex/NetworkSpectator.build/Debug-watchos/NetworkSpectatorCore.build/DerivedSources -Xcc -DSWIFT_PACKAGE -Xcc -DDEBUG\=1 -emit-objc-header -emit-objc-header-path /Users/admin/builder/spi-builder-workspace/.derivedData/Build/Intermediates.noindex/NetworkSpectator.build/Debug-watchos/NetworkSpectatorCore.build/Objects-normal/arm64/NetworkSpectatorCore-Swift.h -working-directory /Users/admin/builder/spi-builder-workspace/.swiftpm/xcode -experimental-emit-module-separately -disable-cmo
SwiftCompile normal arm64_32 Compiling\ HTTPMethod.swift,\ HTTPResponse.swift /Users/admin/builder/spi-builder-workspace/Sources/NetworkSpectator/Domain/Entities/HTTPMethod.swift /Users/admin/builder/spi-builder-workspace/Sources/NetworkSpectator/Domain/Entities/HTTPResponse.swift (in target 'NetworkSpectatorCore' from project 'NetworkSpectator')
SwiftCompile normal arm64_32 /Users/admin/builder/spi-builder-workspace/Sources/NetworkSpectator/Domain/Entities/HTTPMethod.swift (in target 'NetworkSpectatorCore' from project 'NetworkSpectator')
cd /Users/admin/builder/spi-builder-workspace/.swiftpm/xcode
SwiftCompile normal arm64_32 /Users/admin/builder/spi-builder-workspace/Sources/NetworkSpectator/Domain/Entities/HTTPResponse.swift (in target 'NetworkSpectatorCore' from project 'NetworkSpectator')
cd /Users/admin/builder/spi-builder-workspace/.swiftpm/xcode
SwiftCompile normal arm64_32 Compiling\ LogItem.swift /Users/admin/builder/spi-builder-workspace/Sources/NetworkSpectator/Domain/Entities/LogItem.swift (in target 'NetworkSpectatorCore' from project 'NetworkSpectator')
SwiftCompile normal arm64_32 /Users/admin/builder/spi-builder-workspace/Sources/NetworkSpectator/Domain/Entities/LogItem.swift (in target 'NetworkSpectatorCore' from project 'NetworkSpectator')
cd /Users/admin/builder/spi-builder-workspace/.swiftpm/xcode
SwiftCompile normal arm64_32 Compiling\ URLSessionConfiguration+Extension.swift /Users/admin/builder/spi-builder-workspace/Sources/NetworkSpectator/Domain/Network/URLSessionConfiguration+Extension.swift (in target 'NetworkSpectatorCore' from project 'NetworkSpectator')
SwiftCompile normal arm64_32 /Users/admin/builder/spi-builder-workspace/Sources/NetworkSpectator/Domain/Network/URLSessionConfiguration+Extension.swift (in target 'NetworkSpectatorCore' from project 'NetworkSpectator')
cd /Users/admin/builder/spi-builder-workspace/.swiftpm/xcode
SwiftCompile normal arm64_32 Compiling\ NetworkInterceptor.swift /Users/admin/builder/spi-builder-workspace/Sources/NetworkSpectator/Domain/Network/NetworkInterceptor.swift (in target 'NetworkSpectatorCore' from project 'NetworkSpectator')
SwiftCompile normal arm64_32 /Users/admin/builder/spi-builder-workspace/Sources/NetworkSpectator/Domain/Network/NetworkInterceptor.swift (in target 'NetworkSpectatorCore' from project 'NetworkSpectator')
cd /Users/admin/builder/spi-builder-workspace/.swiftpm/xcode
SwiftCompile normal arm64_32 Compiling\ ConsoleLogFormatter.swift,\ DebugConsoleLogger.swift /Users/admin/builder/spi-builder-workspace/Sources/NetworkSpectator/Domain/ConsoleLogging/ConsoleLogFormatter.swift /Users/admin/builder/spi-builder-workspace/Sources/NetworkSpectator/Domain/ConsoleLogging/DebugConsoleLogger.swift (in target 'NetworkSpectatorCore' from project 'NetworkSpectator')
SwiftCompile normal arm64_32 /Users/admin/builder/spi-builder-workspace/Sources/NetworkSpectator/Domain/ConsoleLogging/ConsoleLogFormatter.swift (in target 'NetworkSpectatorCore' from project 'NetworkSpectator')
cd /Users/admin/builder/spi-builder-workspace/.swiftpm/xcode
SwiftCompile normal arm64_32 /Users/admin/builder/spi-builder-workspace/Sources/NetworkSpectator/Domain/ConsoleLogging/DebugConsoleLogger.swift (in target 'NetworkSpectatorCore' from project 'NetworkSpectator')
cd /Users/admin/builder/spi-builder-workspace/.swiftpm/xcode
SwiftCompile normal arm64_32 Compiling\ NetworkLogMetrics.swift /Users/admin/builder/spi-builder-workspace/Sources/NetworkSpectator/Domain/Entities/NetworkLogMetrics.swift (in target 'NetworkSpectatorCore' from project 'NetworkSpectator')
SwiftCompile normal arm64_32 /Users/admin/builder/spi-builder-workspace/Sources/NetworkSpectator/Domain/Entities/NetworkLogMetrics.swift (in target 'NetworkSpectatorCore' from project 'NetworkSpectator')
cd /Users/admin/builder/spi-builder-workspace/.swiftpm/xcode
SwiftCompile normal arm64_32 Compiling\ MimeType.swift /Users/admin/builder/spi-builder-workspace/Sources/NetworkSpectator/Domain/Entities/MimeType.swift (in target 'NetworkSpectatorCore' from project 'NetworkSpectator')
SwiftCompile normal arm64_32 /Users/admin/builder/spi-builder-workspace/Sources/NetworkSpectator/Domain/Entities/MimeType.swift (in target 'NetworkSpectatorCore' from project 'NetworkSpectator')
cd /Users/admin/builder/spi-builder-workspace/.swiftpm/xcode
SwiftEmitModule normal arm64_32 Emitting\ module\ for\ NetworkSpectatorCore (in target 'NetworkSpectatorCore' from project 'NetworkSpectator')
EmitSwiftModule normal arm64_32 (in target 'NetworkSpectatorCore' from project 'NetworkSpectator')
cd /Users/admin/builder/spi-builder-workspace/.swiftpm/xcode
SwiftEmitModule normal arm64 Emitting\ module\ for\ NetworkSpectatorCore (in target 'NetworkSpectatorCore' from project 'NetworkSpectator')
EmitSwiftModule normal arm64 (in target 'NetworkSpectatorCore' from project 'NetworkSpectator')
cd /Users/admin/builder/spi-builder-workspace/.swiftpm/xcode
SwiftCompile normal arm64 Compiling\ NetworkURLProtocol.swift /Users/admin/builder/spi-builder-workspace/Sources/NetworkSpectator/Domain/Network/NetworkURLProtocol.swift (in target 'NetworkSpectatorCore' from project 'NetworkSpectator')
SwiftCompile normal arm64 /Users/admin/builder/spi-builder-workspace/Sources/NetworkSpectator/Domain/Network/NetworkURLProtocol.swift (in target 'NetworkSpectatorCore' from project 'NetworkSpectator')
cd /Users/admin/builder/spi-builder-workspace/.swiftpm/xcode
SwiftCompile normal arm64 Compiling\ HTTPMethod.swift,\ HTTPResponse.swift /Users/admin/builder/spi-builder-workspace/Sources/NetworkSpectator/Domain/Entities/HTTPMethod.swift /Users/admin/builder/spi-builder-workspace/Sources/NetworkSpectator/Domain/Entities/HTTPResponse.swift (in target 'NetworkSpectatorCore' from project 'NetworkSpectator')
SwiftCompile normal arm64 /Users/admin/builder/spi-builder-workspace/Sources/NetworkSpectator/Domain/Entities/HTTPMethod.swift (in target 'NetworkSpectatorCore' from project 'NetworkSpectator')
cd /Users/admin/builder/spi-builder-workspace/.swiftpm/xcode
SwiftCompile normal arm64 /Users/admin/builder/spi-builder-workspace/Sources/NetworkSpectator/Domain/Entities/HTTPResponse.swift (in target 'NetworkSpectatorCore' from project 'NetworkSpectator')
cd /Users/admin/builder/spi-builder-workspace/.swiftpm/xcode
SwiftDriverJobDiscovery normal arm64_32 Compiling NetworkInterceptor.swift (in target 'NetworkSpectatorCore' from project 'NetworkSpectator')
SwiftCompile normal arm64 Compiling\ MimeType.swift /Users/admin/builder/spi-builder-workspace/Sources/NetworkSpectator/Domain/Entities/MimeType.swift (in target 'NetworkSpectatorCore' from project 'NetworkSpectator')
SwiftCompile normal arm64 /Users/admin/builder/spi-builder-workspace/Sources/NetworkSpectator/Domain/Entities/MimeType.swift (in target 'NetworkSpectatorCore' from project 'NetworkSpectator')
cd /Users/admin/builder/spi-builder-workspace/.swiftpm/xcode
SwiftDriverJobDiscovery normal arm64_32 Compiling URLSessionConfiguration+Extension.swift (in target 'NetworkSpectatorCore' from project 'NetworkSpectator')
SwiftCompile normal arm64 Compiling\ NetworkInterceptor.swift /Users/admin/builder/spi-builder-workspace/Sources/NetworkSpectator/Domain/Network/NetworkInterceptor.swift (in target 'NetworkSpectatorCore' from project 'NetworkSpectator')
SwiftCompile normal arm64 /Users/admin/builder/spi-builder-workspace/Sources/NetworkSpectator/Domain/Network/NetworkInterceptor.swift (in target 'NetworkSpectatorCore' from project 'NetworkSpectator')
cd /Users/admin/builder/spi-builder-workspace/.swiftpm/xcode
SwiftDriverJobDiscovery normal arm64_32 Compiling MimeType.swift (in target 'NetworkSpectatorCore' from project 'NetworkSpectator')
SwiftCompile normal arm64 Compiling\ NetworkItemLogger.swift /Users/admin/builder/spi-builder-workspace/Sources/NetworkSpectator/Domain/Network/NetworkItemLogger.swift (in target 'NetworkSpectatorCore' from project 'NetworkSpectator')
SwiftCompile normal arm64 /Users/admin/builder/spi-builder-workspace/Sources/NetworkSpectator/Domain/Network/NetworkItemLogger.swift (in target 'NetworkSpectatorCore' from project 'NetworkSpectator')
cd /Users/admin/builder/spi-builder-workspace/.swiftpm/xcode
SwiftDriverJobDiscovery normal arm64_32 Compiling ConsoleLogFormatter.swift, DebugConsoleLogger.swift (in target 'NetworkSpectatorCore' from project 'NetworkSpectator')
SwiftCompile normal arm64 Compiling\ MatchRule.swift /Users/admin/builder/spi-builder-workspace/Sources/NetworkSpectator/Domain/Rules/MatchRule.swift (in target 'NetworkSpectatorCore' from project 'NetworkSpectator')
SwiftCompile normal arm64 /Users/admin/builder/spi-builder-workspace/Sources/NetworkSpectator/Domain/Rules/MatchRule.swift (in target 'NetworkSpectatorCore' from project 'NetworkSpectator')
cd /Users/admin/builder/spi-builder-workspace/.swiftpm/xcode
SwiftDriverJobDiscovery normal arm64_32 Emitting module for NetworkSpectatorCore (in target 'NetworkSpectatorCore' from project 'NetworkSpectator')
SwiftDriver\ Compilation\ Requirements NetworkSpectatorCore normal arm64_32 com.apple.xcode.tools.swift.compiler (in target 'NetworkSpectatorCore' from project 'NetworkSpectator')
cd /Users/admin/builder/spi-builder-workspace/.swiftpm/xcode
builtin-Swift-Compilation-Requirements -- /Applications/Xcode-16.3.0.app/Contents/Developer/Toolchains/XcodeDefault.xctoolchain/usr/bin/swiftc -module-name NetworkSpectatorCore -Onone -enforce-exclusivity\=checked @/Users/admin/builder/spi-builder-workspace/.derivedData/Build/Intermediates.noindex/NetworkSpectator.build/Debug-watchos/NetworkSpectatorCore.build/Objects-normal/arm64_32/NetworkSpectatorCore.SwiftFileList -DSWIFT_PACKAGE -DDEBUG -DXcode -plugin-path /Applications/Xcode-16.3.0.app/Contents/Developer/Toolchains/XcodeDefault.xctoolchain/usr/lib/swift/host/plugins/testing -enable-experimental-feature DebugDescriptionMacro -sdk /Applications/Xcode-16.3.0.app/Contents/Developer/Platforms/WatchOS.platform/Developer/SDKs/WatchOS11.4.sdk -target arm64_32-apple-watchos9.0 -g -module-cache-path /Users/admin/builder/spi-builder-workspace/.derivedData/ModuleCache.noindex -Xfrontend -serialize-debugging-options -profile-coverage-mapping -profile-generate -enable-testing -index-store-path /Users/admin/builder/spi-builder-workspace/.derivedData/Index.noindex/DataStore -swift-version 6 -I /Users/admin/builder/spi-builder-workspace/.derivedData/Build/Products/Debug-watchos -I /Applications/Xcode-16.3.0.app/Contents/Developer/Platforms/WatchOS.platform/Developer/usr/lib -F /Users/admin/builder/spi-builder-workspace/.derivedData/Build/Products/Debug-watchos -F /Applications/Xcode-16.3.0.app/Contents/Developer/Platforms/WatchOS.platform/Developer/Library/Frameworks -F /Applications/Xcode-16.3.0.app/Contents/Developer/Platforms/WatchOS.platform/Developer/SDKs/WatchOS11.4.sdk/Developer/Library/Frameworks -c -j10 -enable-batch-mode -incremental -Xcc -ivfsstatcache -Xcc /Users/admin/builder/spi-builder-workspace/.derivedData/SDKStatCaches.noindex/watchos11.4-22T246-43efb940ff07ba2497b70ec94253f576.sdkstatcache -output-file-map /Users/admin/builder/spi-builder-workspace/.derivedData/Build/Intermediates.noindex/NetworkSpectator.build/Debug-watchos/NetworkSpectatorCore.build/Objects-normal/arm64_32/NetworkSpectatorCore-OutputFileMap.json -use-frontend-parseable-output -save-temps -no-color-diagnostics -serialize-diagnostics -emit-dependencies -emit-module -emit-module-path /Users/admin/builder/spi-builder-workspace/.derivedData/Build/Intermediates.noindex/NetworkSpectator.build/Debug-watchos/NetworkSpectatorCore.build/Objects-normal/arm64_32/NetworkSpectatorCore.swiftmodule -validate-clang-modules-once -clang-build-session-file /Users/admin/builder/spi-builder-workspace/.derivedData/ModuleCache.noindex/Session.modulevalidation -package-name spi_builder_workspace -Xcc -I/Users/admin/builder/spi-builder-workspace/.derivedData/Build/Intermediates.noindex/NetworkSpectator.build/Debug-watchos/NetworkSpectatorCore.build/swift-overrides.hmap -emit-const-values -Xfrontend -const-gather-protocols-file -Xfrontend /Users/admin/builder/spi-builder-workspace/.derivedData/Build/Intermediates.noindex/NetworkSpectator.build/Debug-watchos/NetworkSpectatorCore.build/Objects-normal/arm64_32/NetworkSpectatorCore_const_extract_protocols.json -Xcc -I/Users/admin/builder/spi-builder-workspace/.derivedData/Build/Products/Debug-watchos/include -Xcc -I/Users/admin/builder/spi-builder-workspace/.derivedData/Build/Intermediates.noindex/NetworkSpectator.build/Debug-watchos/NetworkSpectatorCore.build/DerivedSources-normal/arm64_32 -Xcc -I/Users/admin/builder/spi-builder-workspace/.derivedData/Build/Intermediates.noindex/NetworkSpectator.build/Debug-watchos/NetworkSpectatorCore.build/DerivedSources/arm64_32 -Xcc -I/Users/admin/builder/spi-builder-workspace/.derivedData/Build/Intermediates.noindex/NetworkSpectator.build/Debug-watchos/NetworkSpectatorCore.build/DerivedSources -Xcc -DSWIFT_PACKAGE -Xcc -DDEBUG\=1 -emit-objc-header -emit-objc-header-path /Users/admin/builder/spi-builder-workspace/.derivedData/Build/Intermediates.noindex/NetworkSpectator.build/Debug-watchos/NetworkSpectatorCore.build/Objects-normal/arm64_32/NetworkSpectatorCore-Swift.h -working-directory /Users/admin/builder/spi-builder-workspace/.swiftpm/xcode -experimental-emit-module-separately -disable-cmo
SwiftDriverJobDiscovery normal arm64 Emitting module for NetworkSpectatorCore (in target 'NetworkSpectatorCore' from project 'NetworkSpectator')
SwiftCompile normal arm64 Compiling\ LogItem.swift /Users/admin/builder/spi-builder-workspace/Sources/NetworkSpectator/Domain/Entities/LogItem.swift (in target 'NetworkSpectatorCore' from project 'NetworkSpectator')
SwiftCompile normal arm64 /Users/admin/builder/spi-builder-workspace/Sources/NetworkSpectator/Domain/Entities/LogItem.swift (in target 'NetworkSpectatorCore' from project 'NetworkSpectator')
cd /Users/admin/builder/spi-builder-workspace/.swiftpm/xcode
SwiftDriver\ Compilation\ Requirements NetworkSpectatorCore normal arm64 com.apple.xcode.tools.swift.compiler (in target 'NetworkSpectatorCore' from project 'NetworkSpectator')
cd /Users/admin/builder/spi-builder-workspace/.swiftpm/xcode
builtin-Swift-Compilation-Requirements -- /Applications/Xcode-16.3.0.app/Contents/Developer/Toolchains/XcodeDefault.xctoolchain/usr/bin/swiftc -module-name NetworkSpectatorCore -Onone -enforce-exclusivity\=checked @/Users/admin/builder/spi-builder-workspace/.derivedData/Build/Intermediates.noindex/NetworkSpectator.build/Debug-watchos/NetworkSpectatorCore.build/Objects-normal/arm64/NetworkSpectatorCore.SwiftFileList -DSWIFT_PACKAGE -DDEBUG -DXcode -plugin-path /Applications/Xcode-16.3.0.app/Contents/Developer/Toolchains/XcodeDefault.xctoolchain/usr/lib/swift/host/plugins/testing -enable-experimental-feature DebugDescriptionMacro -sdk /Applications/Xcode-16.3.0.app/Contents/Developer/Platforms/WatchOS.platform/Developer/SDKs/WatchOS11.4.sdk -target arm64-apple-watchos9.0 -g -module-cache-path /Users/admin/builder/spi-builder-workspace/.derivedData/ModuleCache.noindex -Xfrontend -serialize-debugging-options -profile-coverage-mapping -profile-generate -enable-testing -index-store-path /Users/admin/builder/spi-builder-workspace/.derivedData/Index.noindex/DataStore -swift-version 6 -I /Users/admin/builder/spi-builder-workspace/.derivedData/Build/Products/Debug-watchos -I /Applications/Xcode-16.3.0.app/Contents/Developer/Platforms/WatchOS.platform/Developer/usr/lib -F /Users/admin/builder/spi-builder-workspace/.derivedData/Build/Products/Debug-watchos -F /Applications/Xcode-16.3.0.app/Contents/Developer/Platforms/WatchOS.platform/Developer/Library/Frameworks -F /Applications/Xcode-16.3.0.app/Contents/Developer/Platforms/WatchOS.platform/Developer/SDKs/WatchOS11.4.sdk/Developer/Library/Frameworks -c -j10 -enable-batch-mode -incremental -Xcc -ivfsstatcache -Xcc /Users/admin/builder/spi-builder-workspace/.derivedData/SDKStatCaches.noindex/watchos11.4-22T246-43efb940ff07ba2497b70ec94253f576.sdkstatcache -output-file-map /Users/admin/builder/spi-builder-workspace/.derivedData/Build/Intermediates.noindex/NetworkSpectator.build/Debug-watchos/NetworkSpectatorCore.build/Objects-normal/arm64/NetworkSpectatorCore-OutputFileMap.json -use-frontend-parseable-output -save-temps -no-color-diagnostics -serialize-diagnostics -emit-dependencies -emit-module -emit-module-path /Users/admin/builder/spi-builder-workspace/.derivedData/Build/Intermediates.noindex/NetworkSpectator.build/Debug-watchos/NetworkSpectatorCore.build/Objects-normal/arm64/NetworkSpectatorCore.swiftmodule -validate-clang-modules-once -clang-build-session-file /Users/admin/builder/spi-builder-workspace/.derivedData/ModuleCache.noindex/Session.modulevalidation -package-name spi_builder_workspace -Xcc -I/Users/admin/builder/spi-builder-workspace/.derivedData/Build/Intermediates.noindex/NetworkSpectator.build/Debug-watchos/NetworkSpectatorCore.build/swift-overrides.hmap -emit-const-values -Xfrontend -const-gather-protocols-file -Xfrontend /Users/admin/builder/spi-builder-workspace/.derivedData/Build/Intermediates.noindex/NetworkSpectator.build/Debug-watchos/NetworkSpectatorCore.build/Objects-normal/arm64/NetworkSpectatorCore_const_extract_protocols.json -Xcc -I/Users/admin/builder/spi-builder-workspace/.derivedData/Build/Products/Debug-watchos/include -Xcc -I/Users/admin/builder/spi-builder-workspace/.derivedData/Build/Intermediates.noindex/NetworkSpectator.build/Debug-watchos/NetworkSpectatorCore.build/DerivedSources-normal/arm64 -Xcc -I/Users/admin/builder/spi-builder-workspace/.derivedData/Build/Intermediates.noindex/NetworkSpectator.build/Debug-watchos/NetworkSpectatorCore.build/DerivedSources/arm64 -Xcc -I/Users/admin/builder/spi-builder-workspace/.derivedData/Build/Intermediates.noindex/NetworkSpectator.build/Debug-watchos/NetworkSpectatorCore.build/DerivedSources -Xcc -DSWIFT_PACKAGE -Xcc -DDEBUG\=1 -emit-objc-header -emit-objc-header-path /Users/admin/builder/spi-builder-workspace/.derivedData/Build/Intermediates.noindex/NetworkSpectator.build/Debug-watchos/NetworkSpectatorCore.build/Objects-normal/arm64/NetworkSpectatorCore-Swift.h -working-directory /Users/admin/builder/spi-builder-workspace/.swiftpm/xcode -experimental-emit-module-separately -disable-cmo
SwiftDriverJobDiscovery normal arm64_32 Compiling LogItem.swift (in target 'NetworkSpectatorCore' from project 'NetworkSpectator')
Copy /Users/admin/builder/spi-builder-workspace/.derivedData/Build/Products/Debug-watchos/NetworkSpectatorCore.swiftmodule/arm64_32-apple-watchos.abi.json /Users/admin/builder/spi-builder-workspace/.derivedData/Build/Intermediates.noindex/NetworkSpectator.build/Debug-watchos/NetworkSpectatorCore.build/Objects-normal/arm64_32/NetworkSpectatorCore.abi.json (in target 'NetworkSpectatorCore' from project 'NetworkSpectator')
cd /Users/admin/builder/spi-builder-workspace
builtin-copy -exclude .DS_Store -exclude CVS -exclude .svn -exclude .git -exclude .hg -resolve-src-symlinks -rename /Users/admin/builder/spi-builder-workspace/.derivedData/Build/Intermediates.noindex/NetworkSpectator.build/Debug-watchos/NetworkSpectatorCore.build/Objects-normal/arm64_32/NetworkSpectatorCore.abi.json /Users/admin/builder/spi-builder-workspace/.derivedData/Build/Products/Debug-watchos/NetworkSpectatorCore.swiftmodule/arm64_32-apple-watchos.abi.json
SwiftCompile normal arm64 Compiling\ URLSessionConfiguration+Extension.swift /Users/admin/builder/spi-builder-workspace/Sources/NetworkSpectator/Domain/Network/URLSessionConfiguration+Extension.swift (in target 'NetworkSpectatorCore' from project 'NetworkSpectator')
SwiftCompile normal arm64 /Users/admin/builder/spi-builder-workspace/Sources/NetworkSpectator/Domain/Network/URLSessionConfiguration+Extension.swift (in target 'NetworkSpectatorCore' from project 'NetworkSpectator')
cd /Users/admin/builder/spi-builder-workspace/.swiftpm/xcode
Copy /Users/admin/builder/spi-builder-workspace/.derivedData/Build/Products/Debug-watchos/NetworkSpectatorCore.swiftmodule/arm64-apple-watchos.abi.json /Users/admin/builder/spi-builder-workspace/.derivedData/Build/Intermediates.noindex/NetworkSpectator.build/Debug-watchos/NetworkSpectatorCore.build/Objects-normal/arm64/NetworkSpectatorCore.abi.json (in target 'NetworkSpectatorCore' from project 'NetworkSpectator')
cd /Users/admin/builder/spi-builder-workspace
builtin-copy -exclude .DS_Store -exclude CVS -exclude .svn -exclude .git -exclude .hg -resolve-src-symlinks -rename /Users/admin/builder/spi-builder-workspace/.derivedData/Build/Intermediates.noindex/NetworkSpectator.build/Debug-watchos/NetworkSpectatorCore.build/Objects-normal/arm64/NetworkSpectatorCore.abi.json /Users/admin/builder/spi-builder-workspace/.derivedData/Build/Products/Debug-watchos/NetworkSpectatorCore.swiftmodule/arm64-apple-watchos.abi.json
SwiftDriverJobDiscovery normal arm64 Compiling NetworkURLProtocol.swift (in target 'NetworkSpectatorCore' from project 'NetworkSpectator')
SwiftCompile normal arm64 Compiling\ ConsoleLogFormatter.swift,\ DebugConsoleLogger.swift /Users/admin/builder/spi-builder-workspace/Sources/NetworkSpectator/Domain/ConsoleLogging/ConsoleLogFormatter.swift /Users/admin/builder/spi-builder-workspace/Sources/NetworkSpectator/Domain/ConsoleLogging/DebugConsoleLogger.swift (in target 'NetworkSpectatorCore' from project 'NetworkSpectator')
SwiftCompile normal arm64 /Users/admin/builder/spi-builder-workspace/Sources/NetworkSpectator/Domain/ConsoleLogging/ConsoleLogFormatter.swift (in target 'NetworkSpectatorCore' from project 'NetworkSpectator')
cd /Users/admin/builder/spi-builder-workspace/.swiftpm/xcode
SwiftCompile normal arm64 /Users/admin/builder/spi-builder-workspace/Sources/NetworkSpectator/Domain/ConsoleLogging/DebugConsoleLogger.swift (in target 'NetworkSpectatorCore' from project 'NetworkSpectator')
cd /Users/admin/builder/spi-builder-workspace/.swiftpm/xcode
SwiftCompile normal arm64_32 Compiling\ MatchRule.swift /Users/admin/builder/spi-builder-workspace/Sources/NetworkSpectator/Domain/Rules/MatchRule.swift (in target 'NetworkSpectatorCore' from project 'NetworkSpectator')
SwiftCompile normal arm64_32 /Users/admin/builder/spi-builder-workspace/Sources/NetworkSpectator/Domain/Rules/MatchRule.swift (in target 'NetworkSpectatorCore' from project 'NetworkSpectator')
cd /Users/admin/builder/spi-builder-workspace/.swiftpm/xcode
SwiftDriverJobDiscovery normal arm64 Compiling MimeType.swift (in target 'NetworkSpectatorCore' from project 'NetworkSpectator')
SwiftCompile normal arm64_32 Compiling\ NetworkURLProtocol.swift /Users/admin/builder/spi-builder-workspace/Sources/NetworkSpectator/Domain/Network/NetworkURLProtocol.swift (in target 'NetworkSpectatorCore' from project 'NetworkSpectator')
SwiftCompile normal arm64_32 /Users/admin/builder/spi-builder-workspace/Sources/NetworkSpectator/Domain/Network/NetworkURLProtocol.swift (in target 'NetworkSpectatorCore' from project 'NetworkSpectator')
cd /Users/admin/builder/spi-builder-workspace/.swiftpm/xcode
SwiftCompile normal arm64_32 Compiling\ NetworkItemLogger.swift /Users/admin/builder/spi-builder-workspace/Sources/NetworkSpectator/Domain/Network/NetworkItemLogger.swift (in target 'NetworkSpectatorCore' from project 'NetworkSpectator')
SwiftCompile normal arm64_32 /Users/admin/builder/spi-builder-workspace/Sources/NetworkSpectator/Domain/Network/NetworkItemLogger.swift (in target 'NetworkSpectatorCore' from project 'NetworkSpectator')
cd /Users/admin/builder/spi-builder-workspace/.swiftpm/xcode
SwiftDriverJobDiscovery normal arm64_32 Compiling HTTPMethod.swift, HTTPResponse.swift (in target 'NetworkSpectatorCore' from project 'NetworkSpectator')
SwiftDriverJobDiscovery normal arm64_32 Compiling NetworkLogMetrics.swift (in target 'NetworkSpectatorCore' from project 'NetworkSpectator')
SwiftDriver NetworkSpectatorMocking normal arm64_32 com.apple.xcode.tools.swift.compiler (in target 'NetworkSpectatorMocking' from project 'NetworkSpectator')
cd /Users/admin/builder/spi-builder-workspace/.swiftpm/xcode
builtin-SwiftDriver -- /Applications/Xcode-16.3.0.app/Contents/Developer/Toolchains/XcodeDefault.xctoolchain/usr/bin/swiftc -module-name NetworkSpectatorMocking -Onone -enforce-exclusivity\=checked @/Users/admin/builder/spi-builder-workspace/.derivedData/Build/Intermediates.noindex/NetworkSpectator.build/Debug-watchos/NetworkSpectatorMocking.build/Objects-normal/arm64_32/NetworkSpectatorMocking.SwiftFileList -DSWIFT_PACKAGE -DDEBUG -DXcode -plugin-path /Applications/Xcode-16.3.0.app/Contents/Developer/Toolchains/XcodeDefault.xctoolchain/usr/lib/swift/host/plugins/testing -enable-experimental-feature DebugDescriptionMacro -sdk /Applications/Xcode-16.3.0.app/Contents/Developer/Platforms/WatchOS.platform/Developer/SDKs/WatchOS11.4.sdk -target arm64_32-apple-watchos9.0 -g -module-cache-path /Users/admin/builder/spi-builder-workspace/.derivedData/ModuleCache.noindex -Xfrontend -serialize-debugging-options -profile-coverage-mapping -profile-generate -enable-testing -index-store-path /Users/admin/builder/spi-builder-workspace/.derivedData/Index.noindex/DataStore -swift-version 6 -I /Users/admin/builder/spi-builder-workspace/.derivedData/Build/Products/Debug-watchos -I /Applications/Xcode-16.3.0.app/Contents/Developer/Platforms/WatchOS.platform/Developer/usr/lib -F /Users/admin/builder/spi-builder-workspace/.derivedData/Build/Products/Debug-watchos/PackageFrameworks -F /Users/admin/builder/spi-builder-workspace/.derivedData/Build/Products/Debug-watchos -F /Applications/Xcode-16.3.0.app/Contents/Developer/Platforms/WatchOS.platform/Developer/Library/Frameworks -F /Applications/Xcode-16.3.0.app/Contents/Developer/Platforms/WatchOS.platform/Developer/SDKs/WatchOS11.4.sdk/Developer/Library/Frameworks -c -j10 -enable-batch-mode -incremental -Xcc -ivfsstatcache -Xcc /Users/admin/builder/spi-builder-workspace/.derivedData/SDKStatCaches.noindex/watchos11.4-22T246-43efb940ff07ba2497b70ec94253f576.sdkstatcache -output-file-map /Users/admin/builder/spi-builder-workspace/.derivedData/Build/Intermediates.noindex/NetworkSpectator.build/Debug-watchos/NetworkSpectatorMocking.build/Objects-normal/arm64_32/NetworkSpectatorMocking-OutputFileMap.json -use-frontend-parseable-output -save-temps -no-color-diagnostics -serialize-diagnostics -emit-dependencies -emit-module -emit-module-path /Users/admin/builder/spi-builder-workspace/.derivedData/Build/Intermediates.noindex/NetworkSpectator.build/Debug-watchos/NetworkSpectatorMocking.build/Objects-normal/arm64_32/NetworkSpectatorMocking.swiftmodule -validate-clang-modules-once -clang-build-session-file /Users/admin/builder/spi-builder-workspace/.derivedData/ModuleCache.noindex/Session.modulevalidation -package-name spi_builder_workspace -Xcc -I/Users/admin/builder/spi-builder-workspace/.derivedData/Build/Intermediates.noindex/NetworkSpectator.build/Debug-watchos/NetworkSpectatorMocking.build/swift-overrides.hmap -emit-const-values -Xfrontend -const-gather-protocols-file -Xfrontend /Users/admin/builder/spi-builder-workspace/.derivedData/Build/Intermediates.noindex/NetworkSpectator.build/Debug-watchos/NetworkSpectatorMocking.build/Objects-normal/arm64_32/NetworkSpectatorMocking_const_extract_protocols.json -Xcc -I/Users/admin/builder/spi-builder-workspace/.derivedData/Build/Products/Debug-watchos/include -Xcc -I/Users/admin/builder/spi-builder-workspace/.derivedData/Build/Intermediates.noindex/NetworkSpectator.build/Debug-watchos/NetworkSpectatorMocking.build/DerivedSources-normal/arm64_32 -Xcc -I/Users/admin/builder/spi-builder-workspace/.derivedData/Build/Intermediates.noindex/NetworkSpectator.build/Debug-watchos/NetworkSpectatorMocking.build/DerivedSources/arm64_32 -Xcc -I/Users/admin/builder/spi-builder-workspace/.derivedData/Build/Intermediates.noindex/NetworkSpectator.build/Debug-watchos/NetworkSpectatorMocking.build/DerivedSources -Xcc -DSWIFT_PACKAGE -Xcc -DDEBUG\=1 -emit-objc-header -emit-objc-header-path /Users/admin/builder/spi-builder-workspace/.derivedData/Build/Intermediates.noindex/NetworkSpectator.build/Debug-watchos/NetworkSpectatorMocking.build/Objects-normal/arm64_32/NetworkSpectatorMocking-Swift.h -working-directory /Users/admin/builder/spi-builder-workspace/.swiftpm/xcode -experimental-emit-module-separately -disable-cmo
SwiftDriverJobDiscovery normal arm64 Compiling NetworkItemLogger.swift (in target 'NetworkSpectatorCore' from project 'NetworkSpectator')
SwiftDriver NetworkSpectatorMocking normal arm64 com.apple.xcode.tools.swift.compiler (in target 'NetworkSpectatorMocking' from project 'NetworkSpectator')
cd /Users/admin/builder/spi-builder-workspace/.swiftpm/xcode
builtin-SwiftDriver -- /Applications/Xcode-16.3.0.app/Contents/Developer/Toolchains/XcodeDefault.xctoolchain/usr/bin/swiftc -module-name NetworkSpectatorMocking -Onone -enforce-exclusivity\=checked @/Users/admin/builder/spi-builder-workspace/.derivedData/Build/Intermediates.noindex/NetworkSpectator.build/Debug-watchos/NetworkSpectatorMocking.build/Objects-normal/arm64/NetworkSpectatorMocking.SwiftFileList -DSWIFT_PACKAGE -DDEBUG -DXcode -plugin-path /Applications/Xcode-16.3.0.app/Contents/Developer/Toolchains/XcodeDefault.xctoolchain/usr/lib/swift/host/plugins/testing -enable-experimental-feature DebugDescriptionMacro -sdk /Applications/Xcode-16.3.0.app/Contents/Developer/Platforms/WatchOS.platform/Developer/SDKs/WatchOS11.4.sdk -target arm64-apple-watchos9.0 -g -module-cache-path /Users/admin/builder/spi-builder-workspace/.derivedData/ModuleCache.noindex -Xfrontend -serialize-debugging-options -profile-coverage-mapping -profile-generate -enable-testing -index-store-path /Users/admin/builder/spi-builder-workspace/.derivedData/Index.noindex/DataStore -swift-version 6 -I /Users/admin/builder/spi-builder-workspace/.derivedData/Build/Products/Debug-watchos -I /Applications/Xcode-16.3.0.app/Contents/Developer/Platforms/WatchOS.platform/Developer/usr/lib -F /Users/admin/builder/spi-builder-workspace/.derivedData/Build/Products/Debug-watchos/PackageFrameworks -F /Users/admin/builder/spi-builder-workspace/.derivedData/Build/Products/Debug-watchos -F /Applications/Xcode-16.3.0.app/Contents/Developer/Platforms/WatchOS.platform/Developer/Library/Frameworks -F /Applications/Xcode-16.3.0.app/Contents/Developer/Platforms/WatchOS.platform/Developer/SDKs/WatchOS11.4.sdk/Developer/Library/Frameworks -c -j10 -enable-batch-mode -incremental -Xcc -ivfsstatcache -Xcc /Users/admin/builder/spi-builder-workspace/.derivedData/SDKStatCaches.noindex/watchos11.4-22T246-43efb940ff07ba2497b70ec94253f576.sdkstatcache -output-file-map /Users/admin/builder/spi-builder-workspace/.derivedData/Build/Intermediates.noindex/NetworkSpectator.build/Debug-watchos/NetworkSpectatorMocking.build/Objects-normal/arm64/NetworkSpectatorMocking-OutputFileMap.json -use-frontend-parseable-output -save-temps -no-color-diagnostics -serialize-diagnostics -emit-dependencies -emit-module -emit-module-path /Users/admin/builder/spi-builder-workspace/.derivedData/Build/Intermediates.noindex/NetworkSpectator.build/Debug-watchos/NetworkSpectatorMocking.build/Objects-normal/arm64/NetworkSpectatorMocking.swiftmodule -validate-clang-modules-once -clang-build-session-file /Users/admin/builder/spi-builder-workspace/.derivedData/ModuleCache.noindex/Session.modulevalidation -package-name spi_builder_workspace -Xcc -I/Users/admin/builder/spi-builder-workspace/.derivedData/Build/Intermediates.noindex/NetworkSpectator.build/Debug-watchos/NetworkSpectatorMocking.build/swift-overrides.hmap -emit-const-values -Xfrontend -const-gather-protocols-file -Xfrontend /Users/admin/builder/spi-builder-workspace/.derivedData/Build/Intermediates.noindex/NetworkSpectator.build/Debug-watchos/NetworkSpectatorMocking.build/Objects-normal/arm64/NetworkSpectatorMocking_const_extract_protocols.json -Xcc -I/Users/admin/builder/spi-builder-workspace/.derivedData/Build/Products/Debug-watchos/include -Xcc -I/Users/admin/builder/spi-builder-workspace/.derivedData/Build/Intermediates.noindex/NetworkSpectator.build/Debug-watchos/NetworkSpectatorMocking.build/DerivedSources-normal/arm64 -Xcc -I/Users/admin/builder/spi-builder-workspace/.derivedData/Build/Intermediates.noindex/NetworkSpectator.build/Debug-watchos/NetworkSpectatorMocking.build/DerivedSources/arm64 -Xcc -I/Users/admin/builder/spi-builder-workspace/.derivedData/Build/Intermediates.noindex/NetworkSpectator.build/Debug-watchos/NetworkSpectatorMocking.build/DerivedSources -Xcc -DSWIFT_PACKAGE -Xcc -DDEBUG\=1 -emit-objc-header -emit-objc-header-path /Users/admin/builder/spi-builder-workspace/.derivedData/Build/Intermediates.noindex/NetworkSpectator.build/Debug-watchos/NetworkSpectatorMocking.build/Objects-normal/arm64/NetworkSpectatorMocking-Swift.h -working-directory /Users/admin/builder/spi-builder-workspace/.swiftpm/xcode -experimental-emit-module-separately -disable-cmo
SwiftEmitModule normal arm64_32 Emitting\ module\ for\ NetworkSpectatorMocking (in target 'NetworkSpectatorMocking' from project 'NetworkSpectator')
EmitSwiftModule normal arm64_32 (in target 'NetworkSpectatorMocking' from project 'NetworkSpectator')
cd /Users/admin/builder/spi-builder-workspace/.swiftpm/xcode
SwiftDriverJobDiscovery normal arm64 Compiling NetworkInterceptor.swift (in target 'NetworkSpectatorCore' from project 'NetworkSpectator')
SwiftCompile normal arm64_32 Compiling\ MockServer.swift /Users/admin/builder/spi-builder-workspace/Sources/NetworkSpectator/Mocking/MockServer.swift (in target 'NetworkSpectatorMocking' from project 'NetworkSpectator')
SwiftCompile normal arm64_32 /Users/admin/builder/spi-builder-workspace/Sources/NetworkSpectator/Mocking/MockServer.swift (in target 'NetworkSpectatorMocking' from project 'NetworkSpectator')
cd /Users/admin/builder/spi-builder-workspace/.swiftpm/xcode
SwiftEmitModule normal arm64 Emitting\ module\ for\ NetworkSpectatorMocking (in target 'NetworkSpectatorMocking' from project 'NetworkSpectator')
EmitSwiftModule normal arm64 (in target 'NetworkSpectatorMocking' from project 'NetworkSpectator')
cd /Users/admin/builder/spi-builder-workspace/.swiftpm/xcode
SwiftDriverJobDiscovery normal arm64 Compiling URLSessionConfiguration+Extension.swift (in target 'NetworkSpectatorCore' from project 'NetworkSpectator')
SwiftCompile normal arm64_32 Compiling\ NetworkSpectatorMocking.swift /Users/admin/builder/spi-builder-workspace/Sources/NetworkSpectator/Mocking/NetworkSpectatorMocking.swift (in target 'NetworkSpectatorMocking' from project 'NetworkSpectator')
SwiftCompile normal arm64_32 /Users/admin/builder/spi-builder-workspace/Sources/NetworkSpectator/Mocking/NetworkSpectatorMocking.swift (in target 'NetworkSpectatorMocking' from project 'NetworkSpectator')
cd /Users/admin/builder/spi-builder-workspace/.swiftpm/xcode
SwiftDriverJobDiscovery normal arm64 Compiling HTTPMethod.swift, HTTPResponse.swift (in target 'NetworkSpectatorCore' from project 'NetworkSpectator')
SwiftCompile normal arm64_32 Compiling\ Mock.swift /Users/admin/builder/spi-builder-workspace/Sources/NetworkSpectator/Mocking/Mock.swift (in target 'NetworkSpectatorMocking' from project 'NetworkSpectator')
SwiftCompile normal arm64_32 /Users/admin/builder/spi-builder-workspace/Sources/NetworkSpectator/Mocking/Mock.swift (in target 'NetworkSpectatorMocking' from project 'NetworkSpectator')
cd /Users/admin/builder/spi-builder-workspace/.swiftpm/xcode
SwiftDriverJobDiscovery normal arm64_32 Compiling NetworkItemLogger.swift (in target 'NetworkSpectatorCore' from project 'NetworkSpectator')
SwiftCompile normal arm64 Compiling\ Mock.swift /Users/admin/builder/spi-builder-workspace/Sources/NetworkSpectator/Mocking/Mock.swift (in target 'NetworkSpectatorMocking' from project 'NetworkSpectator')
SwiftCompile normal arm64 /Users/admin/builder/spi-builder-workspace/Sources/NetworkSpectator/Mocking/Mock.swift (in target 'NetworkSpectatorMocking' from project 'NetworkSpectator')
cd /Users/admin/builder/spi-builder-workspace/.swiftpm/xcode
SwiftDriverJobDiscovery normal arm64 Compiling MatchRule.swift (in target 'NetworkSpectatorCore' from project 'NetworkSpectator')
SwiftCompile normal arm64 Compiling\ NetworkSpectatorMocking.swift /Users/admin/builder/spi-builder-workspace/Sources/NetworkSpectator/Mocking/NetworkSpectatorMocking.swift (in target 'NetworkSpectatorMocking' from project 'NetworkSpectator')
SwiftCompile normal arm64 /Users/admin/builder/spi-builder-workspace/Sources/NetworkSpectator/Mocking/NetworkSpectatorMocking.swift (in target 'NetworkSpectatorMocking' from project 'NetworkSpectator')
cd /Users/admin/builder/spi-builder-workspace/.swiftpm/xcode
SwiftDriverJobDiscovery normal arm64_32 Emitting module for NetworkSpectatorMocking (in target 'NetworkSpectatorMocking' from project 'NetworkSpectator')
SwiftDriver\ Compilation\ Requirements NetworkSpectatorMocking normal arm64_32 com.apple.xcode.tools.swift.compiler (in target 'NetworkSpectatorMocking' from project 'NetworkSpectator')
cd /Users/admin/builder/spi-builder-workspace/.swiftpm/xcode
builtin-Swift-Compilation-Requirements -- /Applications/Xcode-16.3.0.app/Contents/Developer/Toolchains/XcodeDefault.xctoolchain/usr/bin/swiftc -module-name NetworkSpectatorMocking -Onone -enforce-exclusivity\=checked @/Users/admin/builder/spi-builder-workspace/.derivedData/Build/Intermediates.noindex/NetworkSpectator.build/Debug-watchos/NetworkSpectatorMocking.build/Objects-normal/arm64_32/NetworkSpectatorMocking.SwiftFileList -DSWIFT_PACKAGE -DDEBUG -DXcode -plugin-path /Applications/Xcode-16.3.0.app/Contents/Developer/Toolchains/XcodeDefault.xctoolchain/usr/lib/swift/host/plugins/testing -enable-experimental-feature DebugDescriptionMacro -sdk /Applications/Xcode-16.3.0.app/Contents/Developer/Platforms/WatchOS.platform/Developer/SDKs/WatchOS11.4.sdk -target arm64_32-apple-watchos9.0 -g -module-cache-path /Users/admin/builder/spi-builder-workspace/.derivedData/ModuleCache.noindex -Xfrontend -serialize-debugging-options -profile-coverage-mapping -profile-generate -enable-testing -index-store-path /Users/admin/builder/spi-builder-workspace/.derivedData/Index.noindex/DataStore -swift-version 6 -I /Users/admin/builder/spi-builder-workspace/.derivedData/Build/Products/Debug-watchos -I /Applications/Xcode-16.3.0.app/Contents/Developer/Platforms/WatchOS.platform/Developer/usr/lib -F /Users/admin/builder/spi-builder-workspace/.derivedData/Build/Products/Debug-watchos/PackageFrameworks -F /Users/admin/builder/spi-builder-workspace/.derivedData/Build/Products/Debug-watchos -F /Applications/Xcode-16.3.0.app/Contents/Developer/Platforms/WatchOS.platform/Developer/Library/Frameworks -F /Applications/Xcode-16.3.0.app/Contents/Developer/Platforms/WatchOS.platform/Developer/SDKs/WatchOS11.4.sdk/Developer/Library/Frameworks -c -j10 -enable-batch-mode -incremental -Xcc -ivfsstatcache -Xcc /Users/admin/builder/spi-builder-workspace/.derivedData/SDKStatCaches.noindex/watchos11.4-22T246-43efb940ff07ba2497b70ec94253f576.sdkstatcache -output-file-map /Users/admin/builder/spi-builder-workspace/.derivedData/Build/Intermediates.noindex/NetworkSpectator.build/Debug-watchos/NetworkSpectatorMocking.build/Objects-normal/arm64_32/NetworkSpectatorMocking-OutputFileMap.json -use-frontend-parseable-output -save-temps -no-color-diagnostics -serialize-diagnostics -emit-dependencies -emit-module -emit-module-path /Users/admin/builder/spi-builder-workspace/.derivedData/Build/Intermediates.noindex/NetworkSpectator.build/Debug-watchos/NetworkSpectatorMocking.build/Objects-normal/arm64_32/NetworkSpectatorMocking.swiftmodule -validate-clang-modules-once -clang-build-session-file /Users/admin/builder/spi-builder-workspace/.derivedData/ModuleCache.noindex/Session.modulevalidation -package-name spi_builder_workspace -Xcc -I/Users/admin/builder/spi-builder-workspace/.derivedData/Build/Intermediates.noindex/NetworkSpectator.build/Debug-watchos/NetworkSpectatorMocking.build/swift-overrides.hmap -emit-const-values -Xfrontend -const-gather-protocols-file -Xfrontend /Users/admin/builder/spi-builder-workspace/.derivedData/Build/Intermediates.noindex/NetworkSpectator.build/Debug-watchos/NetworkSpectatorMocking.build/Objects-normal/arm64_32/NetworkSpectatorMocking_const_extract_protocols.json -Xcc -I/Users/admin/builder/spi-builder-workspace/.derivedData/Build/Products/Debug-watchos/include -Xcc -I/Users/admin/builder/spi-builder-workspace/.derivedData/Build/Intermediates.noindex/NetworkSpectator.build/Debug-watchos/NetworkSpectatorMocking.build/DerivedSources-normal/arm64_32 -Xcc -I/Users/admin/builder/spi-builder-workspace/.derivedData/Build/Intermediates.noindex/NetworkSpectator.build/Debug-watchos/NetworkSpectatorMocking.build/DerivedSources/arm64_32 -Xcc -I/Users/admin/builder/spi-builder-workspace/.derivedData/Build/Intermediates.noindex/NetworkSpectator.build/Debug-watchos/NetworkSpectatorMocking.build/DerivedSources -Xcc -DSWIFT_PACKAGE -Xcc -DDEBUG\=1 -emit-objc-header -emit-objc-header-path /Users/admin/builder/spi-builder-workspace/.derivedData/Build/Intermediates.noindex/NetworkSpectator.build/Debug-watchos/NetworkSpectatorMocking.build/Objects-normal/arm64_32/NetworkSpectatorMocking-Swift.h -working-directory /Users/admin/builder/spi-builder-workspace/.swiftpm/xcode -experimental-emit-module-separately -disable-cmo
SwiftDriverJobDiscovery normal arm64 Compiling ConsoleLogFormatter.swift, DebugConsoleLogger.swift (in target 'NetworkSpectatorCore' from project 'NetworkSpectator')
SwiftCompile normal arm64 Compiling\ MockServer.swift /Users/admin/builder/spi-builder-workspace/Sources/NetworkSpectator/Mocking/MockServer.swift (in target 'NetworkSpectatorMocking' from project 'NetworkSpectator')
SwiftCompile normal arm64 /Users/admin/builder/spi-builder-workspace/Sources/NetworkSpectator/Mocking/MockServer.swift (in target 'NetworkSpectatorMocking' from project 'NetworkSpectator')
cd /Users/admin/builder/spi-builder-workspace/.swiftpm/xcode
Copy /Users/admin/builder/spi-builder-workspace/.derivedData/Build/Products/Debug-watchos/NetworkSpectatorMocking.swiftmodule/arm64_32-apple-watchos.abi.json /Users/admin/builder/spi-builder-workspace/.derivedData/Build/Intermediates.noindex/NetworkSpectator.build/Debug-watchos/NetworkSpectatorMocking.build/Objects-normal/arm64_32/NetworkSpectatorMocking.abi.json (in target 'NetworkSpectatorMocking' from project 'NetworkSpectator')
cd /Users/admin/builder/spi-builder-workspace
builtin-copy -exclude .DS_Store -exclude CVS -exclude .svn -exclude .git -exclude .hg -resolve-src-symlinks -rename /Users/admin/builder/spi-builder-workspace/.derivedData/Build/Intermediates.noindex/NetworkSpectator.build/Debug-watchos/NetworkSpectatorMocking.build/Objects-normal/arm64_32/NetworkSpectatorMocking.abi.json /Users/admin/builder/spi-builder-workspace/.derivedData/Build/Products/Debug-watchos/NetworkSpectatorMocking.swiftmodule/arm64_32-apple-watchos.abi.json
SwiftDriverJobDiscovery normal arm64_32 Compiling MockServer.swift (in target 'NetworkSpectatorMocking' from project 'NetworkSpectator')
SwiftCompile normal arm64 Compiling\ NetworkLogMetrics.swift /Users/admin/builder/spi-builder-workspace/Sources/NetworkSpectator/Domain/Entities/NetworkLogMetrics.swift (in target 'NetworkSpectatorCore' from project 'NetworkSpectator')
SwiftCompile normal arm64 /Users/admin/builder/spi-builder-workspace/Sources/NetworkSpectator/Domain/Entities/NetworkLogMetrics.swift (in target 'NetworkSpectatorCore' from project 'NetworkSpectator')
cd /Users/admin/builder/spi-builder-workspace/.swiftpm/xcode
SwiftDriverJobDiscovery normal arm64 Compiling LogItem.swift (in target 'NetworkSpectatorCore' from project 'NetworkSpectator')
SwiftDriverJobDiscovery normal arm64 Emitting module for NetworkSpectatorMocking (in target 'NetworkSpectatorMocking' from project 'NetworkSpectator')
SwiftDriverJobDiscovery normal arm64_32 Compiling NetworkSpectatorMocking.swift (in target 'NetworkSpectatorMocking' from project 'NetworkSpectator')
SwiftDriver\ Compilation\ Requirements NetworkSpectatorMocking normal arm64 com.apple.xcode.tools.swift.compiler (in target 'NetworkSpectatorMocking' from project 'NetworkSpectator')
cd /Users/admin/builder/spi-builder-workspace/.swiftpm/xcode
builtin-Swift-Compilation-Requirements -- /Applications/Xcode-16.3.0.app/Contents/Developer/Toolchains/XcodeDefault.xctoolchain/usr/bin/swiftc -module-name NetworkSpectatorMocking -Onone -enforce-exclusivity\=checked @/Users/admin/builder/spi-builder-workspace/.derivedData/Build/Intermediates.noindex/NetworkSpectator.build/Debug-watchos/NetworkSpectatorMocking.build/Objects-normal/arm64/NetworkSpectatorMocking.SwiftFileList -DSWIFT_PACKAGE -DDEBUG -DXcode -plugin-path /Applications/Xcode-16.3.0.app/Contents/Developer/Toolchains/XcodeDefault.xctoolchain/usr/lib/swift/host/plugins/testing -enable-experimental-feature DebugDescriptionMacro -sdk /Applications/Xcode-16.3.0.app/Contents/Developer/Platforms/WatchOS.platform/Developer/SDKs/WatchOS11.4.sdk -target arm64-apple-watchos9.0 -g -module-cache-path /Users/admin/builder/spi-builder-workspace/.derivedData/ModuleCache.noindex -Xfrontend -serialize-debugging-options -profile-coverage-mapping -profile-generate -enable-testing -index-store-path /Users/admin/builder/spi-builder-workspace/.derivedData/Index.noindex/DataStore -swift-version 6 -I /Users/admin/builder/spi-builder-workspace/.derivedData/Build/Products/Debug-watchos -I /Applications/Xcode-16.3.0.app/Contents/Developer/Platforms/WatchOS.platform/Developer/usr/lib -F /Users/admin/builder/spi-builder-workspace/.derivedData/Build/Products/Debug-watchos/PackageFrameworks -F /Users/admin/builder/spi-builder-workspace/.derivedData/Build/Products/Debug-watchos -F /Applications/Xcode-16.3.0.app/Contents/Developer/Platforms/WatchOS.platform/Developer/Library/Frameworks -F /Applications/Xcode-16.3.0.app/Contents/Developer/Platforms/WatchOS.platform/Developer/SDKs/WatchOS11.4.sdk/Developer/Library/Frameworks -c -j10 -enable-batch-mode -incremental -Xcc -ivfsstatcache -Xcc /Users/admin/builder/spi-builder-workspace/.derivedData/SDKStatCaches.noindex/watchos11.4-22T246-43efb940ff07ba2497b70ec94253f576.sdkstatcache -output-file-map /Users/admin/builder/spi-builder-workspace/.derivedData/Build/Intermediates.noindex/NetworkSpectator.build/Debug-watchos/NetworkSpectatorMocking.build/Objects-normal/arm64/NetworkSpectatorMocking-OutputFileMap.json -use-frontend-parseable-output -save-temps -no-color-diagnostics -serialize-diagnostics -emit-dependencies -emit-module -emit-module-path /Users/admin/builder/spi-builder-workspace/.derivedData/Build/Intermediates.noindex/NetworkSpectator.build/Debug-watchos/NetworkSpectatorMocking.build/Objects-normal/arm64/NetworkSpectatorMocking.swiftmodule -validate-clang-modules-once -clang-build-session-file /Users/admin/builder/spi-builder-workspace/.derivedData/ModuleCache.noindex/Session.modulevalidation -package-name spi_builder_workspace -Xcc -I/Users/admin/builder/spi-builder-workspace/.derivedData/Build/Intermediates.noindex/NetworkSpectator.build/Debug-watchos/NetworkSpectatorMocking.build/swift-overrides.hmap -emit-const-values -Xfrontend -const-gather-protocols-file -Xfrontend /Users/admin/builder/spi-builder-workspace/.derivedData/Build/Intermediates.noindex/NetworkSpectator.build/Debug-watchos/NetworkSpectatorMocking.build/Objects-normal/arm64/NetworkSpectatorMocking_const_extract_protocols.json -Xcc -I/Users/admin/builder/spi-builder-workspace/.derivedData/Build/Products/Debug-watchos/include -Xcc -I/Users/admin/builder/spi-builder-workspace/.derivedData/Build/Intermediates.noindex/NetworkSpectator.build/Debug-watchos/NetworkSpectatorMocking.build/DerivedSources-normal/arm64 -Xcc -I/Users/admin/builder/spi-builder-workspace/.derivedData/Build/Intermediates.noindex/NetworkSpectator.build/Debug-watchos/NetworkSpectatorMocking.build/DerivedSources/arm64 -Xcc -I/Users/admin/builder/spi-builder-workspace/.derivedData/Build/Intermediates.noindex/NetworkSpectator.build/Debug-watchos/NetworkSpectatorMocking.build/DerivedSources -Xcc -DSWIFT_PACKAGE -Xcc -DDEBUG\=1 -emit-objc-header -emit-objc-header-path /Users/admin/builder/spi-builder-workspace/.derivedData/Build/Intermediates.noindex/NetworkSpectator.build/Debug-watchos/NetworkSpectatorMocking.build/Objects-normal/arm64/NetworkSpectatorMocking-Swift.h -working-directory /Users/admin/builder/spi-builder-workspace/.swiftpm/xcode -experimental-emit-module-separately -disable-cmo
Copy /Users/admin/builder/spi-builder-workspace/.derivedData/Build/Products/Debug-watchos/NetworkSpectatorMocking.swiftmodule/arm64-apple-watchos.abi.json /Users/admin/builder/spi-builder-workspace/.derivedData/Build/Intermediates.noindex/NetworkSpectator.build/Debug-watchos/NetworkSpectatorMocking.build/Objects-normal/arm64/NetworkSpectatorMocking.abi.json (in target 'NetworkSpectatorMocking' from project 'NetworkSpectator')
cd /Users/admin/builder/spi-builder-workspace
builtin-copy -exclude .DS_Store -exclude CVS -exclude .svn -exclude .git -exclude .hg -resolve-src-symlinks -rename /Users/admin/builder/spi-builder-workspace/.derivedData/Build/Intermediates.noindex/NetworkSpectator.build/Debug-watchos/NetworkSpectatorMocking.build/Objects-normal/arm64/NetworkSpectatorMocking.abi.json /Users/admin/builder/spi-builder-workspace/.derivedData/Build/Products/Debug-watchos/NetworkSpectatorMocking.swiftmodule/arm64-apple-watchos.abi.json
SwiftDriver NetworkSpectatorLogging normal arm64 com.apple.xcode.tools.swift.compiler (in target 'NetworkSpectatorLogging' from project 'NetworkSpectator')
cd /Users/admin/builder/spi-builder-workspace/.swiftpm/xcode
builtin-SwiftDriver -- /Applications/Xcode-16.3.0.app/Contents/Developer/Toolchains/XcodeDefault.xctoolchain/usr/bin/swiftc -module-name NetworkSpectatorLogging -Onone -enforce-exclusivity\=checked @/Users/admin/builder/spi-builder-workspace/.derivedData/Build/Intermediates.noindex/NetworkSpectator.build/Debug-watchos/NetworkSpectatorLogging.build/Objects-normal/arm64/NetworkSpectatorLogging.SwiftFileList -DSWIFT_PACKAGE -DDEBUG -DXcode -plugin-path /Applications/Xcode-16.3.0.app/Contents/Developer/Toolchains/XcodeDefault.xctoolchain/usr/lib/swift/host/plugins/testing -enable-experimental-feature DebugDescriptionMacro -sdk /Applications/Xcode-16.3.0.app/Contents/Developer/Platforms/WatchOS.platform/Developer/SDKs/WatchOS11.4.sdk -target arm64-apple-watchos9.0 -g -module-cache-path /Users/admin/builder/spi-builder-workspace/.derivedData/ModuleCache.noindex -Xfrontend -serialize-debugging-options -profile-coverage-mapping -profile-generate -enable-testing -index-store-path /Users/admin/builder/spi-builder-workspace/.derivedData/Index.noindex/DataStore -swift-version 6 -I /Users/admin/builder/spi-builder-workspace/.derivedData/Build/Products/Debug-watchos -I /Applications/Xcode-16.3.0.app/Contents/Developer/Platforms/WatchOS.platform/Developer/usr/lib -F /Users/admin/builder/spi-builder-workspace/.derivedData/Build/Products/Debug-watchos/PackageFrameworks -F /Users/admin/builder/spi-builder-workspace/.derivedData/Build/Products/Debug-watchos/PackageFrameworks -F /Users/admin/builder/spi-builder-workspace/.derivedData/Build/Products/Debug-watchos -F /Applications/Xcode-16.3.0.app/Contents/Developer/Platforms/WatchOS.platform/Developer/Library/Frameworks -F /Applications/Xcode-16.3.0.app/Contents/Developer/Platforms/WatchOS.platform/Developer/SDKs/WatchOS11.4.sdk/Developer/Library/Frameworks -c -j10 -enable-batch-mode -incremental -Xcc -ivfsstatcache -Xcc /Users/admin/builder/spi-builder-workspace/.derivedData/SDKStatCaches.noindex/watchos11.4-22T246-43efb940ff07ba2497b70ec94253f576.sdkstatcache -output-file-map /Users/admin/builder/spi-builder-workspace/.derivedData/Build/Intermediates.noindex/NetworkSpectator.build/Debug-watchos/NetworkSpectatorLogging.build/Objects-normal/arm64/NetworkSpectatorLogging-OutputFileMap.json -use-frontend-parseable-output -save-temps -no-color-diagnostics -serialize-diagnostics -emit-dependencies -emit-module -emit-module-path /Users/admin/builder/spi-builder-workspace/.derivedData/Build/Intermediates.noindex/NetworkSpectator.build/Debug-watchos/NetworkSpectatorLogging.build/Objects-normal/arm64/NetworkSpectatorLogging.swiftmodule -validate-clang-modules-once -clang-build-session-file /Users/admin/builder/spi-builder-workspace/.derivedData/ModuleCache.noindex/Session.modulevalidation -package-name spi_builder_workspace -Xcc -I/Users/admin/builder/spi-builder-workspace/.derivedData/Build/Intermediates.noindex/NetworkSpectator.build/Debug-watchos/NetworkSpectatorLogging.build/swift-overrides.hmap -emit-const-values -Xfrontend -const-gather-protocols-file -Xfrontend /Users/admin/builder/spi-builder-workspace/.derivedData/Build/Intermediates.noindex/NetworkSpectator.build/Debug-watchos/NetworkSpectatorLogging.build/Objects-normal/arm64/NetworkSpectatorLogging_const_extract_protocols.json -Xcc -I/Users/admin/builder/spi-builder-workspace/.derivedData/Build/Products/Debug-watchos/include -Xcc -I/Users/admin/builder/spi-builder-workspace/.derivedData/Build/Intermediates.noindex/NetworkSpectator.build/Debug-watchos/NetworkSpectatorLogging.build/DerivedSources-normal/arm64 -Xcc -I/Users/admin/builder/spi-builder-workspace/.derivedData/Build/Intermediates.noindex/NetworkSpectator.build/Debug-watchos/NetworkSpectatorLogging.build/DerivedSources/arm64 -Xcc -I/Users/admin/builder/spi-builder-workspace/.derivedData/Build/Intermediates.noindex/NetworkSpectator.build/Debug-watchos/NetworkSpectatorLogging.build/DerivedSources -Xcc -DSWIFT_PACKAGE -Xcc -DDEBUG\=1 -emit-objc-header -emit-objc-header-path /Users/admin/builder/spi-builder-workspace/.derivedData/Build/Intermediates.noindex/NetworkSpectator.build/Debug-watchos/NetworkSpectatorLogging.build/Objects-normal/arm64/NetworkSpectatorLogging-Swift.h -working-directory /Users/admin/builder/spi-builder-workspace/.swiftpm/xcode -experimental-emit-module-separately -disable-cmo
SwiftDriver NetworkSpectatorLogging normal arm64_32 com.apple.xcode.tools.swift.compiler (in target 'NetworkSpectatorLogging' from project 'NetworkSpectator')
cd /Users/admin/builder/spi-builder-workspace/.swiftpm/xcode
builtin-SwiftDriver -- /Applications/Xcode-16.3.0.app/Contents/Developer/Toolchains/XcodeDefault.xctoolchain/usr/bin/swiftc -module-name NetworkSpectatorLogging -Onone -enforce-exclusivity\=checked @/Users/admin/builder/spi-builder-workspace/.derivedData/Build/Intermediates.noindex/NetworkSpectator.build/Debug-watchos/NetworkSpectatorLogging.build/Objects-normal/arm64_32/NetworkSpectatorLogging.SwiftFileList -DSWIFT_PACKAGE -DDEBUG -DXcode -plugin-path /Applications/Xcode-16.3.0.app/Contents/Developer/Toolchains/XcodeDefault.xctoolchain/usr/lib/swift/host/plugins/testing -enable-experimental-feature DebugDescriptionMacro -sdk /Applications/Xcode-16.3.0.app/Contents/Developer/Platforms/WatchOS.platform/Developer/SDKs/WatchOS11.4.sdk -target arm64_32-apple-watchos9.0 -g -module-cache-path /Users/admin/builder/spi-builder-workspace/.derivedData/ModuleCache.noindex -Xfrontend -serialize-debugging-options -profile-coverage-mapping -profile-generate -enable-testing -index-store-path /Users/admin/builder/spi-builder-workspace/.derivedData/Index.noindex/DataStore -swift-version 6 -I /Users/admin/builder/spi-builder-workspace/.derivedData/Build/Products/Debug-watchos -I /Applications/Xcode-16.3.0.app/Contents/Developer/Platforms/WatchOS.platform/Developer/usr/lib -F /Users/admin/builder/spi-builder-workspace/.derivedData/Build/Products/Debug-watchos/PackageFrameworks -F /Users/admin/builder/spi-builder-workspace/.derivedData/Build/Products/Debug-watchos/PackageFrameworks -F /Users/admin/builder/spi-builder-workspace/.derivedData/Build/Products/Debug-watchos -F /Applications/Xcode-16.3.0.app/Contents/Developer/Platforms/WatchOS.platform/Developer/Library/Frameworks -F /Applications/Xcode-16.3.0.app/Contents/Developer/Platforms/WatchOS.platform/Developer/SDKs/WatchOS11.4.sdk/Developer/Library/Frameworks -c -j10 -enable-batch-mode -incremental -Xcc -ivfsstatcache -Xcc /Users/admin/builder/spi-builder-workspace/.derivedData/SDKStatCaches.noindex/watchos11.4-22T246-43efb940ff07ba2497b70ec94253f576.sdkstatcache -output-file-map /Users/admin/builder/spi-builder-workspace/.derivedData/Build/Intermediates.noindex/NetworkSpectator.build/Debug-watchos/NetworkSpectatorLogging.build/Objects-normal/arm64_32/NetworkSpectatorLogging-OutputFileMap.json -use-frontend-parseable-output -save-temps -no-color-diagnostics -serialize-diagnostics -emit-dependencies -emit-module -emit-module-path /Users/admin/builder/spi-builder-workspace/.derivedData/Build/Intermediates.noindex/NetworkSpectator.build/Debug-watchos/NetworkSpectatorLogging.build/Objects-normal/arm64_32/NetworkSpectatorLogging.swiftmodule -validate-clang-modules-once -clang-build-session-file /Users/admin/builder/spi-builder-workspace/.derivedData/ModuleCache.noindex/Session.modulevalidation -package-name spi_builder_workspace -Xcc -I/Users/admin/builder/spi-builder-workspace/.derivedData/Build/Intermediates.noindex/NetworkSpectator.build/Debug-watchos/NetworkSpectatorLogging.build/swift-overrides.hmap -emit-const-values -Xfrontend -const-gather-protocols-file -Xfrontend /Users/admin/builder/spi-builder-workspace/.derivedData/Build/Intermediates.noindex/NetworkSpectator.build/Debug-watchos/NetworkSpectatorLogging.build/Objects-normal/arm64_32/NetworkSpectatorLogging_const_extract_protocols.json -Xcc -I/Users/admin/builder/spi-builder-workspace/.derivedData/Build/Products/Debug-watchos/include -Xcc -I/Users/admin/builder/spi-builder-workspace/.derivedData/Build/Intermediates.noindex/NetworkSpectator.build/Debug-watchos/NetworkSpectatorLogging.build/DerivedSources-normal/arm64_32 -Xcc -I/Users/admin/builder/spi-builder-workspace/.derivedData/Build/Intermediates.noindex/NetworkSpectator.build/Debug-watchos/NetworkSpectatorLogging.build/DerivedSources/arm64_32 -Xcc -I/Users/admin/builder/spi-builder-workspace/.derivedData/Build/Intermediates.noindex/NetworkSpectator.build/Debug-watchos/NetworkSpectatorLogging.build/DerivedSources -Xcc -DSWIFT_PACKAGE -Xcc -DDEBUG\=1 -emit-objc-header -emit-objc-header-path /Users/admin/builder/spi-builder-workspace/.derivedData/Build/Intermediates.noindex/NetworkSpectator.build/Debug-watchos/NetworkSpectatorLogging.build/Objects-normal/arm64_32/NetworkSpectatorLogging-Swift.h -working-directory /Users/admin/builder/spi-builder-workspace/.swiftpm/xcode -experimental-emit-module-separately -disable-cmo
SwiftDriverJobDiscovery normal arm64_32 Compiling MatchRule.swift (in target 'NetworkSpectatorCore' from project 'NetworkSpectator')
SwiftDriverJobDiscovery normal arm64_32 Compiling NetworkURLProtocol.swift (in target 'NetworkSpectatorCore' from project 'NetworkSpectator')
SwiftDriver\ Compilation NetworkSpectatorCore normal arm64_32 com.apple.xcode.tools.swift.compiler (in target 'NetworkSpectatorCore' from project 'NetworkSpectator')
cd /Users/admin/builder/spi-builder-workspace/.swiftpm/xcode
builtin-Swift-Compilation -- /Applications/Xcode-16.3.0.app/Contents/Developer/Toolchains/XcodeDefault.xctoolchain/usr/bin/swiftc -module-name NetworkSpectatorCore -Onone -enforce-exclusivity\=checked @/Users/admin/builder/spi-builder-workspace/.derivedData/Build/Intermediates.noindex/NetworkSpectator.build/Debug-watchos/NetworkSpectatorCore.build/Objects-normal/arm64_32/NetworkSpectatorCore.SwiftFileList -DSWIFT_PACKAGE -DDEBUG -DXcode -plugin-path /Applications/Xcode-16.3.0.app/Contents/Developer/Toolchains/XcodeDefault.xctoolchain/usr/lib/swift/host/plugins/testing -enable-experimental-feature DebugDescriptionMacro -sdk /Applications/Xcode-16.3.0.app/Contents/Developer/Platforms/WatchOS.platform/Developer/SDKs/WatchOS11.4.sdk -target arm64_32-apple-watchos9.0 -g -module-cache-path /Users/admin/builder/spi-builder-workspace/.derivedData/ModuleCache.noindex -Xfrontend -serialize-debugging-options -profile-coverage-mapping -profile-generate -enable-testing -index-store-path /Users/admin/builder/spi-builder-workspace/.derivedData/Index.noindex/DataStore -swift-version 6 -I /Users/admin/builder/spi-builder-workspace/.derivedData/Build/Products/Debug-watchos -I /Applications/Xcode-16.3.0.app/Contents/Developer/Platforms/WatchOS.platform/Developer/usr/lib -F /Users/admin/builder/spi-builder-workspace/.derivedData/Build/Products/Debug-watchos -F /Applications/Xcode-16.3.0.app/Contents/Developer/Platforms/WatchOS.platform/Developer/Library/Frameworks -F /Applications/Xcode-16.3.0.app/Contents/Developer/Platforms/WatchOS.platform/Developer/SDKs/WatchOS11.4.sdk/Developer/Library/Frameworks -c -j10 -enable-batch-mode -incremental -Xcc -ivfsstatcache -Xcc /Users/admin/builder/spi-builder-workspace/.derivedData/SDKStatCaches.noindex/watchos11.4-22T246-43efb940ff07ba2497b70ec94253f576.sdkstatcache -output-file-map /Users/admin/builder/spi-builder-workspace/.derivedData/Build/Intermediates.noindex/NetworkSpectator.build/Debug-watchos/NetworkSpectatorCore.build/Objects-normal/arm64_32/NetworkSpectatorCore-OutputFileMap.json -use-frontend-parseable-output -save-temps -no-color-diagnostics -serialize-diagnostics -emit-dependencies -emit-module -emit-module-path /Users/admin/builder/spi-builder-workspace/.derivedData/Build/Intermediates.noindex/NetworkSpectator.build/Debug-watchos/NetworkSpectatorCore.build/Objects-normal/arm64_32/NetworkSpectatorCore.swiftmodule -validate-clang-modules-once -clang-build-session-file /Users/admin/builder/spi-builder-workspace/.derivedData/ModuleCache.noindex/Session.modulevalidation -package-name spi_builder_workspace -Xcc -I/Users/admin/builder/spi-builder-workspace/.derivedData/Build/Intermediates.noindex/NetworkSpectator.build/Debug-watchos/NetworkSpectatorCore.build/swift-overrides.hmap -emit-const-values -Xfrontend -const-gather-protocols-file -Xfrontend /Users/admin/builder/spi-builder-workspace/.derivedData/Build/Intermediates.noindex/NetworkSpectator.build/Debug-watchos/NetworkSpectatorCore.build/Objects-normal/arm64_32/NetworkSpectatorCore_const_extract_protocols.json -Xcc -I/Users/admin/builder/spi-builder-workspace/.derivedData/Build/Products/Debug-watchos/include -Xcc -I/Users/admin/builder/spi-builder-workspace/.derivedData/Build/Intermediates.noindex/NetworkSpectator.build/Debug-watchos/NetworkSpectatorCore.build/DerivedSources-normal/arm64_32 -Xcc -I/Users/admin/builder/spi-builder-workspace/.derivedData/Build/Intermediates.noindex/NetworkSpectator.build/Debug-watchos/NetworkSpectatorCore.build/DerivedSources/arm64_32 -Xcc -I/Users/admin/builder/spi-builder-workspace/.derivedData/Build/Intermediates.noindex/NetworkSpectator.build/Debug-watchos/NetworkSpectatorCore.build/DerivedSources -Xcc -DSWIFT_PACKAGE -Xcc -DDEBUG\=1 -emit-objc-header -emit-objc-header-path /Users/admin/builder/spi-builder-workspace/.derivedData/Build/Intermediates.noindex/NetworkSpectator.build/Debug-watchos/NetworkSpectatorCore.build/Objects-normal/arm64_32/NetworkSpectatorCore-Swift.h -working-directory /Users/admin/builder/spi-builder-workspace/.swiftpm/xcode -experimental-emit-module-separately -disable-cmo
Ld /Users/admin/builder/spi-builder-workspace/.derivedData/Build/Intermediates.noindex/NetworkSpectator.build/Debug-watchos/NetworkSpectatorCore.build/Objects-normal/arm64_32/Binary/NetworkSpectatorCore.o normal arm64_32 (in target 'NetworkSpectatorCore' from project 'NetworkSpectator')
cd /Users/admin/builder/spi-builder-workspace
/Applications/Xcode-16.3.0.app/Contents/Developer/Toolchains/XcodeDefault.xctoolchain/usr/bin/clang -Xlinker -reproducible -target arm64_32-apple-watchos9.0 -r -isysroot /Applications/Xcode-16.3.0.app/Contents/Developer/Platforms/WatchOS.platform/Developer/SDKs/WatchOS11.4.sdk -O0 -L/Users/admin/builder/spi-builder-workspace/.derivedData/Build/Intermediates.noindex/EagerLinkingTBDs/Debug-watchos -L/Users/admin/builder/spi-builder-workspace/.derivedData/Build/Products/Debug-watchos -L/Applications/Xcode-16.3.0.app/Contents/Developer/Platforms/WatchOS.platform/Developer/usr/lib -F/Users/admin/builder/spi-builder-workspace/.derivedData/Build/Intermediates.noindex/EagerLinkingTBDs/Debug-watchos -F/Users/admin/builder/spi-builder-workspace/.derivedData/Build/Products/Debug-watchos -iframework /Applications/Xcode-16.3.0.app/Contents/Developer/Platforms/WatchOS.platform/Developer/Library/Frameworks -iframework /Applications/Xcode-16.3.0.app/Contents/Developer/Platforms/WatchOS.platform/Developer/SDKs/WatchOS11.4.sdk/Developer/Library/Frameworks -filelist /Users/admin/builder/spi-builder-workspace/.derivedData/Build/Intermediates.noindex/NetworkSpectator.build/Debug-watchos/NetworkSpectatorCore.build/Objects-normal/arm64_32/NetworkSpectatorCore.LinkFileList -nostdlib -Xlinker -object_path_lto -Xlinker /Users/admin/builder/spi-builder-workspace/.derivedData/Build/Intermediates.noindex/NetworkSpectator.build/Debug-watchos/NetworkSpectatorCore.build/Objects-normal/arm64_32/NetworkSpectatorCore_lto.o -rdynamic -Xlinker -no_deduplicate -Xlinker -debug_variant -Xlinker -dependency_info -Xlinker /Users/admin/builder/spi-builder-workspace/.derivedData/Build/Intermediates.noindex/NetworkSpectator.build/Debug-watchos/NetworkSpectatorCore.build/Objects-normal/arm64_32/NetworkSpectatorCore_dependency_info.dat -fobjc-link-runtime -L/Applications/Xcode-16.3.0.app/Contents/Developer/Toolchains/XcodeDefault.xctoolchain/usr/lib/swift/watchos -L/usr/lib/swift -Xlinker -add_ast_path -Xlinker /Users/admin/builder/spi-builder-workspace/.derivedData/Build/Intermediates.noindex/NetworkSpectator.build/Debug-watchos/NetworkSpectatorCore.build/Objects-normal/arm64_32/NetworkSpectatorCore.swiftmodule -o /Users/admin/builder/spi-builder-workspace/.derivedData/Build/Intermediates.noindex/NetworkSpectator.build/Debug-watchos/NetworkSpectatorCore.build/Objects-normal/arm64_32/Binary/NetworkSpectatorCore.o
SwiftCompile normal arm64 Compiling\ NetworkLogMonitor.swift,\ NetworkLogStore.swift /Users/admin/builder/spi-builder-workspace/Sources/NetworkSpectator/Logging/Logger/NetworkLogMonitor.swift /Users/admin/builder/spi-builder-workspace/Sources/NetworkSpectator/Logging/Logger/NetworkLogStore.swift (in target 'NetworkSpectatorLogging' from project 'NetworkSpectator')
SwiftCompile normal arm64 /Users/admin/builder/spi-builder-workspace/Sources/NetworkSpectator/Logging/Logger/NetworkLogMonitor.swift (in target 'NetworkSpectatorLogging' from project 'NetworkSpectator')
cd /Users/admin/builder/spi-builder-workspace/.swiftpm/xcode
SwiftCompile normal arm64 /Users/admin/builder/spi-builder-workspace/Sources/NetworkSpectator/Logging/Logger/NetworkLogStore.swift (in target 'NetworkSpectatorLogging' from project 'NetworkSpectator')
cd /Users/admin/builder/spi-builder-workspace/.swiftpm/xcode
SwiftCompile normal arm64 Compiling\ PreferenceStorage.swift /Users/admin/builder/spi-builder-workspace/Sources/NetworkSpectator/Logging/Persistence/PreferenceStorage.swift (in target 'NetworkSpectatorLogging' from project 'NetworkSpectator')
SwiftCompile normal arm64 /Users/admin/builder/spi-builder-workspace/Sources/NetworkSpectator/Logging/Persistence/PreferenceStorage.swift (in target 'NetworkSpectatorLogging' from project 'NetworkSpectator')
cd /Users/admin/builder/spi-builder-workspace/.swiftpm/xcode
SwiftEmitModule normal arm64 Emitting\ module\ for\ NetworkSpectatorLogging (in target 'NetworkSpectatorLogging' from project 'NetworkSpectator')
EmitSwiftModule normal arm64 (in target 'NetworkSpectatorLogging' from project 'NetworkSpectator')
cd /Users/admin/builder/spi-builder-workspace/.swiftpm/xcode
SwiftCompile normal arm64 Compiling\ StorageManager.swift /Users/admin/builder/spi-builder-workspace/Sources/NetworkSpectator/Logging/Persistence/StorageManager.swift (in target 'NetworkSpectatorLogging' from project 'NetworkSpectator')
Failed frontend command:
/Applications/Xcode-16.3.0.app/Contents/Developer/Toolchains/XcodeDefault.xctoolchain/usr/bin/swift-frontend -frontend -c /Users/admin/builder/spi-builder-workspace/Sources/NetworkSpectator/Logging/Exclusion/LoggingExclusionManager.swift /Users/admin/builder/spi-builder-workspace/Sources/NetworkSpectator/Logging/Exclusion/LoggingExclusionRule.swift /Users/admin/builder/spi-builder-workspace/Sources/NetworkSpectator/Logging/Export/CSVExporter.swift /Users/admin/builder/spi-builder-workspace/Sources/NetworkSpectator/Logging/Export/ExportManager.swift /Users/admin/builder/spi-builder-workspace/Sources/NetworkSpectator/Logging/Export/PostmanExporter.swift /Users/admin/builder/spi-builder-workspace/Sources/NetworkSpectator/Logging/Export/TextExporter.swift /Users/admin/builder/spi-builder-workspace/Sources/NetworkSpectator/Logging/Logger/NetworkLogContainer.swift /Users/admin/builder/spi-builder-workspace/Sources/NetworkSpectator/Logging/Logger/NetworkLogItemLogger.swift /Users/admin/builder/spi-builder-workspace/Sources/NetworkSpectator/Logging/Logger/NetworkLogMonitor.swift /Users/admin/builder/spi-builder-workspace/Sources/NetworkSpectator/Logging/Logger/NetworkLogStore.swift /Users/admin/builder/spi-builder-workspace/Sources/NetworkSpectator/Logging/NetworkSpectatorLogging.swift /Users/admin/builder/spi-builder-workspace/Sources/NetworkSpectator/Logging/Persistence/EmptyStorage.swift /Users/admin/builder/spi-builder-workspace/Sources/NetworkSpectator/Logging/Persistence/HistoryItem.swift /Users/admin/builder/spi-builder-workspace/Sources/NetworkSpectator/Logging/Persistence/LogHistoryManager.swift /Users/admin/builder/spi-builder-workspace/Sources/NetworkSpectator/Logging/Persistence/LogHistoryStorage.swift /Users/admin/builder/spi-builder-workspace/Sources/NetworkSpectator/Logging/Persistence/PersistentMockServer.swift /Users/admin/builder/spi-builder-workspace/Sources/NetworkSpectator/Logging/Persistence/PreferenceStorage.swift -primary-file /Users/admin/builder/spi-builder-workspace/Sources/NetworkSpectator/Logging/Persistence/StorageManager.swift -emit-dependencies-path /Users/admin/builder/spi-builder-workspace/.derivedData/Build/Intermediates.noindex/NetworkSpectator.build/Debug-watchos/NetworkSpectatorLogging.build/Objects-normal/arm64/StorageManager.d -emit-const-values-path /Users/admin/builder/spi-builder-workspace/.derivedData/Build/Intermediates.noindex/NetworkSpectator.build/Debug-watchos/NetworkSpectatorLogging.build/Objects-normal/arm64/StorageManager.swiftconstvalues -emit-reference-dependencies-path /Users/admin/builder/spi-builder-workspace/.derivedData/Build/Intermediates.noindex/NetworkSpectator.build/Debug-watchos/NetworkSpectatorLogging.build/Objects-normal/arm64/StorageManager.swiftdeps -serialize-diagnostics-path /Users/admin/builder/spi-builder-workspace/.derivedData/Build/Intermediates.noindex/NetworkSpectator.build/Debug-watchos/NetworkSpectatorLogging.build/Objects-normal/arm64/StorageManager.dia -target arm64-apple-watchos9.0 -Xllvm -aarch64-use-tbi -enable-objc-interop -stack-check -sdk /Applications/Xcode-16.3.0.app/Contents/Developer/Platforms/WatchOS.platform/Developer/SDKs/WatchOS11.4.sdk -I /Users/admin/builder/spi-builder-workspace/.derivedData/Build/Products/Debug-watchos -I /Applications/Xcode-16.3.0.app/Contents/Developer/Platforms/WatchOS.platform/Developer/usr/lib -F /Users/admin/builder/spi-builder-workspace/.derivedData/Build/Products/Debug-watchos/PackageFrameworks -F /Users/admin/builder/spi-builder-workspace/.derivedData/Build/Products/Debug-watchos/PackageFrameworks -F /Users/admin/builder/spi-builder-workspace/.derivedData/Build/Products/Debug-watchos -F /Applications/Xcode-16.3.0.app/Contents/Developer/Platforms/WatchOS.platform/Developer/Library/Frameworks -F /Applications/Xcode-16.3.0.app/Contents/Developer/Platforms/WatchOS.platform/Developer/SDKs/WatchOS11.4.sdk/Developer/Library/Frameworks -no-color-diagnostics -enable-testing -g -debug-info-format\=dwarf -dwarf-version\=4 -module-cache-path /Users/admin/builder/spi-builder-workspace/.derivedData/ModuleCache.noindex -profile-generate -profile-coverage-mapping -swift-version 6 -enforce-exclusivity\=checked -Onone -D SWIFT_PACKAGE -D DEBUG -D Xcode -serialize-debugging-options -const-gather-protocols-file /Users/admin/builder/spi-builder-workspace/.derivedData/Build/Intermediates.noindex/NetworkSpectator.build/Debug-watchos/NetworkSpectatorLogging.build/Objects-normal/arm64/NetworkSpectatorLogging_const_extract_protocols.json -enable-experimental-feature DebugDescriptionMacro -empty-abi-descriptor -plugin-path /Applications/Xcode-16.3.0.app/Contents/Developer/Toolchains/XcodeDefault.xctoolchain/usr/lib/swift/host/plugins/testing -validate-clang-modules-once -clang-build-session-file /Users/admin/builder/spi-builder-workspace/.derivedData/ModuleCache.noindex/Session.modulevalidation -Xcc -working-directory -Xcc /Users/admin/builder/spi-builder-workspace/.swiftpm/xcode -resource-dir /Applications/Xcode-16.3.0.app/Contents/Developer/Toolchains/XcodeDefault.xctoolchain/usr/lib/swift -enable-anonymous-context-mangled-names -file-compilation-dir /Users/admin/builder/spi-builder-workspace/.swiftpm/xcode -Xcc -ivfsstatcache -Xcc /Users/admin/builder/spi-builder-workspace/.derivedData/SDKStatCaches.noindex/watchos11.4-22T246-43efb940ff07ba2497b70ec94253f576.sdkstatcache -Xcc -I/Users/admin/builder/spi-builder-workspace/.derivedData/Build/Intermediates.noindex/NetworkSpectator.build/Debug-watchos/NetworkSpectatorLogging.build/swift-overrides.hmap -Xcc -I/Users/admin/builder/spi-builder-workspace/.derivedData/Build/Products/Debug-watchos/include -Xcc -I/Users/admin/builder/spi-builder-workspace/.derivedData/Build/Intermediates.noindex/NetworkSpectator.build/Debug-watchos/NetworkSpectatorLogging.build/DerivedSources-normal/arm64 -Xcc -I/Users/admin/builder/spi-builder-workspace/.derivedData/Build/Intermediates.noindex/NetworkSpectator.build/Debug-watchos/NetworkSpectatorLogging.build/DerivedSources/arm64 -Xcc -I/Users/admin/builder/spi-builder-workspace/.derivedData/Build/Intermediates.noindex/NetworkSpectator.build/Debug-watchos/NetworkSpectatorLogging.build/DerivedSources -Xcc -DSWIFT_PACKAGE -Xcc -DDEBUG\=1 -module-name NetworkSpectatorLogging -package-name spi_builder_workspace -frontend-parseable-output -disable-clang-spi -target-sdk-version 11.4 -target-sdk-name watchos11.4 -external-plugin-path /Applications/Xcode-16.3.0.app/Contents/Developer/Platforms/WatchOS.platform/Developer/usr/lib/swift/host/plugins\#/Applications/Xcode-16.3.0.app/Contents/Developer/Platforms/WatchOS.platform/Developer/usr/bin/swift-plugin-server -external-plugin-path /Applications/Xcode-16.3.0.app/Contents/Developer/Platforms/WatchOS.platform/Developer/usr/local/lib/swift/host/plugins\#/Applications/Xcode-16.3.0.app/Contents/Developer/Platforms/WatchOS.platform/Developer/usr/bin/swift-plugin-server -in-process-plugin-server-path /Applications/Xcode-16.3.0.app/Contents/Developer/Toolchains/XcodeDefault.xctoolchain/usr/lib/swift/host/libSwiftInProcPluginServer.dylib -plugin-path /Applications/Xcode-16.3.0.app/Contents/Developer/Toolchains/XcodeDefault.xctoolchain/usr/lib/swift/host/plugins -plugin-path /Applications/Xcode-16.3.0.app/Contents/Developer/Toolchains/XcodeDefault.xctoolchain/usr/local/lib/swift/host/plugins -o /Users/admin/builder/spi-builder-workspace/.derivedData/Build/Intermediates.noindex/NetworkSpectator.build/Debug-watchos/NetworkSpectatorLogging.build/Objects-normal/arm64/StorageManager.o -index-unit-output-path /NetworkSpectator.build/Debug-watchos/NetworkSpectatorLogging.build/Objects-normal/arm64/StorageManager.o -index-store-path /Users/admin/builder/spi-builder-workspace/.derivedData/Index.noindex/DataStore -index-system-modules
SwiftCompile normal arm64 /Users/admin/builder/spi-builder-workspace/Sources/NetworkSpectator/Logging/Persistence/StorageManager.swift (in target 'NetworkSpectatorLogging' from project 'NetworkSpectator')
cd /Users/admin/builder/spi-builder-workspace/.swiftpm/xcode
/Users/admin/builder/spi-builder-workspace/Sources/NetworkSpectator/Logging/Persistence/StorageManager.swift:26:1: warning: extension declares a conformance of imported type 'UserDefaults' to imported protocol 'Sendable'; this will not behave correctly if the owners of 'Foundation' introduce this conformance in the future
extension UserDefaults: Storeable { }
^
/Users/admin/builder/spi-builder-workspace/Sources/NetworkSpectator/Logging/Persistence/StorageManager.swift:26:1: note: add '@retroactive' to silence this warning
extension UserDefaults: Storeable { }
^
/Users/admin/builder/spi-builder-workspace/Sources/NetworkSpectator/Logging/Persistence/StorageManager.swift:26:1: error: conformance to 'Sendable' must occur in the same source file as class 'UserDefaults'; use '@unchecked Sendable' for retroactive conformance
extension UserDefaults: Storeable { }
^
SwiftEmitModule normal arm64_32 Emitting\ module\ for\ NetworkSpectatorLogging (in target 'NetworkSpectatorLogging' from project 'NetworkSpectator')
EmitSwiftModule normal arm64_32 (in target 'NetworkSpectatorLogging' from project 'NetworkSpectator')
cd /Users/admin/builder/spi-builder-workspace/.swiftpm/xcode
SwiftDriverJobDiscovery normal arm64 Compiling NetworkSpectatorMocking.swift (in target 'NetworkSpectatorMocking' from project 'NetworkSpectator')
SwiftCompile normal arm64_32 Compiling\ PostmanExporter.swift,\ TextExporter.swift /Users/admin/builder/spi-builder-workspace/Sources/NetworkSpectator/Logging/Export/PostmanExporter.swift /Users/admin/builder/spi-builder-workspace/Sources/NetworkSpectator/Logging/Export/TextExporter.swift (in target 'NetworkSpectatorLogging' from project 'NetworkSpectator')
SwiftCompile normal arm64_32 /Users/admin/builder/spi-builder-workspace/Sources/NetworkSpectator/Logging/Export/PostmanExporter.swift (in target 'NetworkSpectatorLogging' from project 'NetworkSpectator')
cd /Users/admin/builder/spi-builder-workspace/.swiftpm/xcode
SwiftCompile normal arm64_32 /Users/admin/builder/spi-builder-workspace/Sources/NetworkSpectator/Logging/Export/TextExporter.swift (in target 'NetworkSpectatorLogging' from project 'NetworkSpectator')
cd /Users/admin/builder/spi-builder-workspace/.swiftpm/xcode
SwiftDriverJobDiscovery normal arm64_32 Compiling Mock.swift (in target 'NetworkSpectatorMocking' from project 'NetworkSpectator')
SwiftDriver\ Compilation NetworkSpectatorMocking normal arm64_32 com.apple.xcode.tools.swift.compiler (in target 'NetworkSpectatorMocking' from project 'NetworkSpectator')
cd /Users/admin/builder/spi-builder-workspace/.swiftpm/xcode
builtin-Swift-Compilation -- /Applications/Xcode-16.3.0.app/Contents/Developer/Toolchains/XcodeDefault.xctoolchain/usr/bin/swiftc -module-name NetworkSpectatorMocking -Onone -enforce-exclusivity\=checked @/Users/admin/builder/spi-builder-workspace/.derivedData/Build/Intermediates.noindex/NetworkSpectator.build/Debug-watchos/NetworkSpectatorMocking.build/Objects-normal/arm64_32/NetworkSpectatorMocking.SwiftFileList -DSWIFT_PACKAGE -DDEBUG -DXcode -plugin-path /Applications/Xcode-16.3.0.app/Contents/Developer/Toolchains/XcodeDefault.xctoolchain/usr/lib/swift/host/plugins/testing -enable-experimental-feature DebugDescriptionMacro -sdk /Applications/Xcode-16.3.0.app/Contents/Developer/Platforms/WatchOS.platform/Developer/SDKs/WatchOS11.4.sdk -target arm64_32-apple-watchos9.0 -g -module-cache-path /Users/admin/builder/spi-builder-workspace/.derivedData/ModuleCache.noindex -Xfrontend -serialize-debugging-options -profile-coverage-mapping -profile-generate -enable-testing -index-store-path /Users/admin/builder/spi-builder-workspace/.derivedData/Index.noindex/DataStore -swift-version 6 -I /Users/admin/builder/spi-builder-workspace/.derivedData/Build/Products/Debug-watchos -I /Applications/Xcode-16.3.0.app/Contents/Developer/Platforms/WatchOS.platform/Developer/usr/lib -F /Users/admin/builder/spi-builder-workspace/.derivedData/Build/Products/Debug-watchos/PackageFrameworks -F /Users/admin/builder/spi-builder-workspace/.derivedData/Build/Products/Debug-watchos -F /Applications/Xcode-16.3.0.app/Contents/Developer/Platforms/WatchOS.platform/Developer/Library/Frameworks -F /Applications/Xcode-16.3.0.app/Contents/Developer/Platforms/WatchOS.platform/Developer/SDKs/WatchOS11.4.sdk/Developer/Library/Frameworks -c -j10 -enable-batch-mode -incremental -Xcc -ivfsstatcache -Xcc /Users/admin/builder/spi-builder-workspace/.derivedData/SDKStatCaches.noindex/watchos11.4-22T246-43efb940ff07ba2497b70ec94253f576.sdkstatcache -output-file-map /Users/admin/builder/spi-builder-workspace/.derivedData/Build/Intermediates.noindex/NetworkSpectator.build/Debug-watchos/NetworkSpectatorMocking.build/Objects-normal/arm64_32/NetworkSpectatorMocking-OutputFileMap.json -use-frontend-parseable-output -save-temps -no-color-diagnostics -serialize-diagnostics -emit-dependencies -emit-module -emit-module-path /Users/admin/builder/spi-builder-workspace/.derivedData/Build/Intermediates.noindex/NetworkSpectator.build/Debug-watchos/NetworkSpectatorMocking.build/Objects-normal/arm64_32/NetworkSpectatorMocking.swiftmodule -validate-clang-modules-once -clang-build-session-file /Users/admin/builder/spi-builder-workspace/.derivedData/ModuleCache.noindex/Session.modulevalidation -package-name spi_builder_workspace -Xcc -I/Users/admin/builder/spi-builder-workspace/.derivedData/Build/Intermediates.noindex/NetworkSpectator.build/Debug-watchos/NetworkSpectatorMocking.build/swift-overrides.hmap -emit-const-values -Xfrontend -const-gather-protocols-file -Xfrontend /Users/admin/builder/spi-builder-workspace/.derivedData/Build/Intermediates.noindex/NetworkSpectator.build/Debug-watchos/NetworkSpectatorMocking.build/Objects-normal/arm64_32/NetworkSpectatorMocking_const_extract_protocols.json -Xcc -I/Users/admin/builder/spi-builder-workspace/.derivedData/Build/Products/Debug-watchos/include -Xcc -I/Users/admin/builder/spi-builder-workspace/.derivedData/Build/Intermediates.noindex/NetworkSpectator.build/Debug-watchos/NetworkSpectatorMocking.build/DerivedSources-normal/arm64_32 -Xcc -I/Users/admin/builder/spi-builder-workspace/.derivedData/Build/Intermediates.noindex/NetworkSpectator.build/Debug-watchos/NetworkSpectatorMocking.build/DerivedSources/arm64_32 -Xcc -I/Users/admin/builder/spi-builder-workspace/.derivedData/Build/Intermediates.noindex/NetworkSpectator.build/Debug-watchos/NetworkSpectatorMocking.build/DerivedSources -Xcc -DSWIFT_PACKAGE -Xcc -DDEBUG\=1 -emit-objc-header -emit-objc-header-path /Users/admin/builder/spi-builder-workspace/.derivedData/Build/Intermediates.noindex/NetworkSpectator.build/Debug-watchos/NetworkSpectatorMocking.build/Objects-normal/arm64_32/NetworkSpectatorMocking-Swift.h -working-directory /Users/admin/builder/spi-builder-workspace/.swiftpm/xcode -experimental-emit-module-separately -disable-cmo
SwiftCompile normal arm64 Compiling\ LoggingExclusionManager.swift,\ LoggingExclusionRule.swift /Users/admin/builder/spi-builder-workspace/Sources/NetworkSpectator/Logging/Exclusion/LoggingExclusionManager.swift /Users/admin/builder/spi-builder-workspace/Sources/NetworkSpectator/Logging/Exclusion/LoggingExclusionRule.swift (in target 'NetworkSpectatorLogging' from project 'NetworkSpectator')
SwiftCompile normal arm64 /Users/admin/builder/spi-builder-workspace/Sources/NetworkSpectator/Logging/Exclusion/LoggingExclusionManager.swift (in target 'NetworkSpectatorLogging' from project 'NetworkSpectator')
cd /Users/admin/builder/spi-builder-workspace/.swiftpm/xcode
SwiftCompile normal arm64 /Users/admin/builder/spi-builder-workspace/Sources/NetworkSpectator/Logging/Exclusion/LoggingExclusionRule.swift (in target 'NetworkSpectatorLogging' from project 'NetworkSpectator')
cd /Users/admin/builder/spi-builder-workspace/.swiftpm/xcode
SwiftCompile normal arm64_32 Compiling\ PreferenceStorage.swift /Users/admin/builder/spi-builder-workspace/Sources/NetworkSpectator/Logging/Persistence/PreferenceStorage.swift (in target 'NetworkSpectatorLogging' from project 'NetworkSpectator')
SwiftCompile normal arm64_32 /Users/admin/builder/spi-builder-workspace/Sources/NetworkSpectator/Logging/Persistence/PreferenceStorage.swift (in target 'NetworkSpectatorLogging' from project 'NetworkSpectator')
cd /Users/admin/builder/spi-builder-workspace/.swiftpm/xcode
SwiftDriverJobDiscovery normal arm64 Compiling MockServer.swift (in target 'NetworkSpectatorMocking' from project 'NetworkSpectator')
SwiftCompile normal arm64 Compiling\ NetworkLogContainer.swift,\ NetworkLogItemLogger.swift /Users/admin/builder/spi-builder-workspace/Sources/NetworkSpectator/Logging/Logger/NetworkLogContainer.swift /Users/admin/builder/spi-builder-workspace/Sources/NetworkSpectator/Logging/Logger/NetworkLogItemLogger.swift (in target 'NetworkSpectatorLogging' from project 'NetworkSpectator')
SwiftCompile normal arm64 /Users/admin/builder/spi-builder-workspace/Sources/NetworkSpectator/Logging/Logger/NetworkLogContainer.swift (in target 'NetworkSpectatorLogging' from project 'NetworkSpectator')
cd /Users/admin/builder/spi-builder-workspace/.swiftpm/xcode
SwiftCompile normal arm64 /Users/admin/builder/spi-builder-workspace/Sources/NetworkSpectator/Logging/Logger/NetworkLogItemLogger.swift (in target 'NetworkSpectatorLogging' from project 'NetworkSpectator')
cd /Users/admin/builder/spi-builder-workspace/.swiftpm/xcode
SwiftDriverJobDiscovery normal arm64 Compiling Mock.swift (in target 'NetworkSpectatorMocking' from project 'NetworkSpectator')
SwiftDriver\ Compilation NetworkSpectatorMocking normal arm64 com.apple.xcode.tools.swift.compiler (in target 'NetworkSpectatorMocking' from project 'NetworkSpectator')
cd /Users/admin/builder/spi-builder-workspace/.swiftpm/xcode
builtin-Swift-Compilation -- /Applications/Xcode-16.3.0.app/Contents/Developer/Toolchains/XcodeDefault.xctoolchain/usr/bin/swiftc -module-name NetworkSpectatorMocking -Onone -enforce-exclusivity\=checked @/Users/admin/builder/spi-builder-workspace/.derivedData/Build/Intermediates.noindex/NetworkSpectator.build/Debug-watchos/NetworkSpectatorMocking.build/Objects-normal/arm64/NetworkSpectatorMocking.SwiftFileList -DSWIFT_PACKAGE -DDEBUG -DXcode -plugin-path /Applications/Xcode-16.3.0.app/Contents/Developer/Toolchains/XcodeDefault.xctoolchain/usr/lib/swift/host/plugins/testing -enable-experimental-feature DebugDescriptionMacro -sdk /Applications/Xcode-16.3.0.app/Contents/Developer/Platforms/WatchOS.platform/Developer/SDKs/WatchOS11.4.sdk -target arm64-apple-watchos9.0 -g -module-cache-path /Users/admin/builder/spi-builder-workspace/.derivedData/ModuleCache.noindex -Xfrontend -serialize-debugging-options -profile-coverage-mapping -profile-generate -enable-testing -index-store-path /Users/admin/builder/spi-builder-workspace/.derivedData/Index.noindex/DataStore -swift-version 6 -I /Users/admin/builder/spi-builder-workspace/.derivedData/Build/Products/Debug-watchos -I /Applications/Xcode-16.3.0.app/Contents/Developer/Platforms/WatchOS.platform/Developer/usr/lib -F /Users/admin/builder/spi-builder-workspace/.derivedData/Build/Products/Debug-watchos/PackageFrameworks -F /Users/admin/builder/spi-builder-workspace/.derivedData/Build/Products/Debug-watchos -F /Applications/Xcode-16.3.0.app/Contents/Developer/Platforms/WatchOS.platform/Developer/Library/Frameworks -F /Applications/Xcode-16.3.0.app/Contents/Developer/Platforms/WatchOS.platform/Developer/SDKs/WatchOS11.4.sdk/Developer/Library/Frameworks -c -j10 -enable-batch-mode -incremental -Xcc -ivfsstatcache -Xcc /Users/admin/builder/spi-builder-workspace/.derivedData/SDKStatCaches.noindex/watchos11.4-22T246-43efb940ff07ba2497b70ec94253f576.sdkstatcache -output-file-map /Users/admin/builder/spi-builder-workspace/.derivedData/Build/Intermediates.noindex/NetworkSpectator.build/Debug-watchos/NetworkSpectatorMocking.build/Objects-normal/arm64/NetworkSpectatorMocking-OutputFileMap.json -use-frontend-parseable-output -save-temps -no-color-diagnostics -serialize-diagnostics -emit-dependencies -emit-module -emit-module-path /Users/admin/builder/spi-builder-workspace/.derivedData/Build/Intermediates.noindex/NetworkSpectator.build/Debug-watchos/NetworkSpectatorMocking.build/Objects-normal/arm64/NetworkSpectatorMocking.swiftmodule -validate-clang-modules-once -clang-build-session-file /Users/admin/builder/spi-builder-workspace/.derivedData/ModuleCache.noindex/Session.modulevalidation -package-name spi_builder_workspace -Xcc -I/Users/admin/builder/spi-builder-workspace/.derivedData/Build/Intermediates.noindex/NetworkSpectator.build/Debug-watchos/NetworkSpectatorMocking.build/swift-overrides.hmap -emit-const-values -Xfrontend -const-gather-protocols-file -Xfrontend /Users/admin/builder/spi-builder-workspace/.derivedData/Build/Intermediates.noindex/NetworkSpectator.build/Debug-watchos/NetworkSpectatorMocking.build/Objects-normal/arm64/NetworkSpectatorMocking_const_extract_protocols.json -Xcc -I/Users/admin/builder/spi-builder-workspace/.derivedData/Build/Products/Debug-watchos/include -Xcc -I/Users/admin/builder/spi-builder-workspace/.derivedData/Build/Intermediates.noindex/NetworkSpectator.build/Debug-watchos/NetworkSpectatorMocking.build/DerivedSources-normal/arm64 -Xcc -I/Users/admin/builder/spi-builder-workspace/.derivedData/Build/Intermediates.noindex/NetworkSpectator.build/Debug-watchos/NetworkSpectatorMocking.build/DerivedSources/arm64 -Xcc -I/Users/admin/builder/spi-builder-workspace/.derivedData/Build/Intermediates.noindex/NetworkSpectator.build/Debug-watchos/NetworkSpectatorMocking.build/DerivedSources -Xcc -DSWIFT_PACKAGE -Xcc -DDEBUG\=1 -emit-objc-header -emit-objc-header-path /Users/admin/builder/spi-builder-workspace/.derivedData/Build/Intermediates.noindex/NetworkSpectator.build/Debug-watchos/NetworkSpectatorMocking.build/Objects-normal/arm64/NetworkSpectatorMocking-Swift.h -working-directory /Users/admin/builder/spi-builder-workspace/.swiftpm/xcode -experimental-emit-module-separately -disable-cmo
SwiftDriverJobDiscovery normal arm64 Compiling NetworkLogMetrics.swift (in target 'NetworkSpectatorCore' from project 'NetworkSpectator')
SwiftCompile normal arm64 Compiling\ CSVExporter.swift,\ ExportManager.swift /Users/admin/builder/spi-builder-workspace/Sources/NetworkSpectator/Logging/Export/CSVExporter.swift /Users/admin/builder/spi-builder-workspace/Sources/NetworkSpectator/Logging/Export/ExportManager.swift (in target 'NetworkSpectatorLogging' from project 'NetworkSpectator')
SwiftCompile normal arm64 /Users/admin/builder/spi-builder-workspace/Sources/NetworkSpectator/Logging/Export/CSVExporter.swift (in target 'NetworkSpectatorLogging' from project 'NetworkSpectator')
cd /Users/admin/builder/spi-builder-workspace/.swiftpm/xcode
SwiftCompile normal arm64 /Users/admin/builder/spi-builder-workspace/Sources/NetworkSpectator/Logging/Export/ExportManager.swift (in target 'NetworkSpectatorLogging' from project 'NetworkSpectator')
cd /Users/admin/builder/spi-builder-workspace/.swiftpm/xcode
SwiftCompile normal arm64 Compiling\ NetworkSpectatorLogging.swift,\ EmptyStorage.swift /Users/admin/builder/spi-builder-workspace/Sources/NetworkSpectator/Logging/NetworkSpectatorLogging.swift /Users/admin/builder/spi-builder-workspace/Sources/NetworkSpectator/Logging/Persistence/EmptyStorage.swift (in target 'NetworkSpectatorLogging' from project 'NetworkSpectator')
Command SwiftCompile failed with a nonzero exit code
** BUILD FAILED **
The following build commands failed:
SwiftCompile normal arm64 Compiling\ StorageManager.swift /Users/admin/builder/spi-builder-workspace/Sources/NetworkSpectator/Logging/Persistence/StorageManager.swift (in target 'NetworkSpectatorLogging' from project 'NetworkSpectator')
SwiftCompile normal arm64 /Users/admin/builder/spi-builder-workspace/Sources/NetworkSpectator/Logging/Persistence/StorageManager.swift (in target 'NetworkSpectatorLogging' from project 'NetworkSpectator')
SwiftCompile normal arm64 Compiling\ NetworkSpectatorLogging.swift,\ EmptyStorage.swift /Users/admin/builder/spi-builder-workspace/Sources/NetworkSpectator/Logging/NetworkSpectatorLogging.swift /Users/admin/builder/spi-builder-workspace/Sources/NetworkSpectator/Logging/Persistence/EmptyStorage.swift (in target 'NetworkSpectatorLogging' from project 'NetworkSpectator')
Building workspace spi-builder-workspace with scheme NetworkSpectator-Package
(4 failures)
BUILD FAILURE 6.1 watchOS