The Swift Package Index logo.Swift Package Index

Build Information

Failed to build PathSlider, reference 1.0.0 (e4b264), with Swift 6.4 for tvOS using Xcode 27.0 on 21 Sep 2026 15:23:59 UTC.

Build Command

env DEVELOPER_DIR=/Applications/Xcode-27.0.0-Release.Candidate.app xcrun xcodebuild -IDEClonedSourcePackagesDirPathOverride=$PWD/.dependencies -skipMacroValidation -skipPackagePluginValidation -derivedDataPath $PWD/.derivedData build -scheme PathSlider -destination generic/platform=tvOS

Build Log

========================================
RunAll
========================================
Builder version: 5.1.0
Interrupt handler set up.
========================================
Checkout
========================================
Clone URL: https://github.com/atreat/PathSlider.git
Reference: 1.0.0
Initialized empty Git repository in /Users/admin/builder/spi-builder-workspace/.git/
From https://github.com/atreat/PathSlider
 * tag               1.0.0      -> FETCH_HEAD
HEAD is now at e4b264b Adds PathSwap example view to show behavior when Path changes entirely
Cloned https://github.com/atreat/PathSlider.git
Revision (git rev-parse @):
e4b264bfac47d7334b8b3bc41f5d9dcbbdd61125
SUCCESS checkout https://github.com/atreat/PathSlider.git at 1.0.0
========================================
Build
========================================
Selected platform:         tvOS
Swift version:             6.4
Building package at path:  $PWD
https://github.com/atreat/PathSlider.git
Command line invocation:
    /Applications/Xcode-27.0.0-Release.Candidate.app/Contents/Developer/usr/bin/xcodebuild -IDEClonedSourcePackagesDirPathOverride=/Users/admin/builder/spi-builder-workspace/.dependencies -resolvePackageDependencies
Resolve Package Graph
Resolve Package Graph
Resolved source packages:
  PathSlider: /Users/admin/builder/spi-builder-workspace
resolved source packages: PathSlider
2026-09-21 11:23:06.381 xcodebuild[525:2991] [MT] IDERunDestination: Supported platforms for the buildables in the current scheme is empty.
2026-09-21 11:23:06.533 xcodebuild[525:2991] [MT] IDERunDestination: Supported platforms for the buildables in the current scheme is empty.
2026-09-21 11:23:08.124 xcodebuild[525:2991] [MT] IDERunDestination: Supported platforms for the buildables in the current scheme is empty.
{
  "dependencies" : [
  ],
  "manifest_display_name" : "PathSlider",
  "name" : "PathSlider",
  "path" : "/Users/admin/builder/spi-builder-workspace",
  "platforms" : [
    {
      "name" : "ios",
      "version" : "16.0"
    },
    {
      "name" : "watchos",
      "version" : "9.0"
    },
    {
      "name" : "tvos",
      "version" : "16.0"
    },
    {
      "name" : "visionos",
      "version" : "1.0"
    },
    {
      "name" : "macos",
      "version" : "11.0"
    }
  ],
  "products" : [
    {
      "name" : "PathSlider",
      "targets" : [
        "PathSlider"
      ],
      "type" : {
        "library" : [
          "automatic"
        ]
      }
    }
  ],
  "targets" : [
    {
      "c99name" : "PathSliderTests",
      "module_type" : "SwiftTarget",
      "name" : "PathSliderTests",
      "path" : "Tests/PathSliderTests",
      "sources" : [
        "Extensions/ClosedRange+PercentageTests.swift"
      ],
      "target_dependencies" : [
        "PathSlider"
      ],
      "type" : "test"
    },
    {
      "c99name" : "PathSlider",
      "module_type" : "SwiftTarget",
      "name" : "PathSlider",
      "path" : "Sources/PathSlider",
      "product_memberships" : [
        "PathSlider"
      ],
      "sources" : [
        "Extensions/CGPoint+Distance.swift",
        "Extensions/CGPoint+Hashable.swift",
        "Extensions/ClosedRange+Percentage.swift",
        "Path/Path+Interpolation.swift",
        "Path/PathModel.swift",
        "Path/PathSliderViewModel.swift",
        "PathSlider+Public.swift",
        "PathSlider.swift",
        "Shape/Shape+PathSlider.swift"
      ],
      "type" : "library"
    }
  ],
  "tools_version" : "6.0"
}
{
  "workspace" : {
    "name" : "PathSlider",
    "schemes" : [
      "PathSlider"
    ]
  }
}
2026-09-21 11:23:44.433 xcodebuild[622:3781] [MT] IDERunDestination: Supported platforms for the buildables in the current scheme is empty.
2026-09-21 11:23:44.574 xcodebuild[622:3781] [MT] IDERunDestination: Supported platforms for the buildables in the current scheme is empty.
Running build ...
env DEVELOPER_DIR=/Applications/Xcode-27.0.0-Release.Candidate.app xcrun xcodebuild -IDEClonedSourcePackagesDirPathOverride=$PWD/.dependencies -skipMacroValidation -skipPackagePluginValidation -derivedDataPath $PWD/.derivedData build -scheme PathSlider -destination generic/platform=tvOS
Command line invocation:
    /Applications/Xcode-27.0.0-Release.Candidate.app/Contents/Developer/usr/bin/xcodebuild -IDEClonedSourcePackagesDirPathOverride=/Users/admin/builder/spi-builder-workspace/.dependencies -skipMacroValidation -skipPackagePluginValidation -derivedDataPath /Users/admin/builder/spi-builder-workspace/.derivedData build -scheme PathSlider -destination generic/platform=tvOS
Resolve Package Graph
Resolved source packages:
  PathSlider: /Users/admin/builder/spi-builder-workspace
ComputePackagePrebuildTargetDependencyGraph
Prepare packages
CreateBuildRequest
SendProjectDescription
CreateBuildOperation
ComputeTargetDependencyGraph
note: Building targets in dependency order
note: Target dependency graph (2 targets)
    Target 'PathSlider-product' in project 'PathSlider'
        ➜ Explicit dependency on target 'PathSlider' in project 'PathSlider'
    Target 'PathSlider' in project 'PathSlider' (no dependencies)
GatherProvisioningInputs
CreateBuildDescription
ExecuteExternalTool /Applications/Xcode-27.0.0-Release.Candidate.app/Contents/Developer/Toolchains/XcodeDefault.xctoolchain/usr/bin/clang -v -E -dM -isysroot /Applications/Xcode-27.0.0-Release.Candidate.app/Contents/Developer/Platforms/AppleTVOS.platform/Developer/SDKs/AppleTVOS27.0.sdk -x c -c /dev/null
ExecuteExternalTool /Applications/Xcode-27.0.0-Release.Candidate.app/Contents/Developer/Toolchains/XcodeDefault.xctoolchain/usr/bin/swiftc --version
ExecuteExternalTool /Applications/Xcode-27.0.0-Release.Candidate.app/Contents/Developer/Toolchains/XcodeDefault.xctoolchain/usr/bin/ld -version_details
Build description signature: 8794ae02e76e9073df7b7e2ed42a2270
Build description path: /Users/admin/builder/spi-builder-workspace/.derivedData/Build/Intermediates.noindex/XCBuildData/8794ae02e76e9073df7b7e2ed42a2270.xcbuilddata
CreateBuildDirectory /Users/admin/builder/spi-builder-workspace/.derivedData/SDKExplicitPrecompiledModules
    cd /Users/admin/builder/spi-builder-workspace/.swiftpm/xcode
    builtin-create-build-directory /Users/admin/builder/spi-builder-workspace/.derivedData/SDKExplicitPrecompiledModules
CreateBuildDirectory /Users/admin/builder/spi-builder-workspace/.derivedData/ModuleCache.noindex
    cd /Users/admin/builder/spi-builder-workspace/.swiftpm/xcode
    builtin-create-build-directory /Users/admin/builder/spi-builder-workspace/.derivedData/ModuleCache.noindex
CreateBuildDirectory /Users/admin/builder/spi-builder-workspace/.derivedData/CompilationCache.noindex
    cd /Users/admin/builder/spi-builder-workspace/.swiftpm/xcode
    builtin-create-build-directory /Users/admin/builder/spi-builder-workspace/.derivedData/CompilationCache.noindex
ClangStatCache /Applications/Xcode-27.0.0-Release.Candidate.app/Contents/Developer/Toolchains/XcodeDefault.xctoolchain/usr/bin/clang-stat-cache /Applications/Xcode-27.0.0-Release.Candidate.app/Contents/Developer/Platforms/AppleTVOS.platform/Developer/SDKs/AppleTVOS27.0.sdk /Users/admin/builder/spi-builder-workspace/.derivedData/SDKStatCaches.noindex/appletvos27.0-24J360-e829b21a6f8c9b70876ba0858053c044b32bfd8d43560033f8d89884cdb90028.sdkstatcache
    cd /Users/admin/builder/spi-builder-workspace/.swiftpm/xcode
    /Applications/Xcode-27.0.0-Release.Candidate.app/Contents/Developer/Toolchains/XcodeDefault.xctoolchain/usr/bin/clang-stat-cache /Applications/Xcode-27.0.0-Release.Candidate.app/Contents/Developer/Platforms/AppleTVOS.platform/Developer/SDKs/AppleTVOS27.0.sdk -o /Users/admin/builder/spi-builder-workspace/.derivedData/SDKStatCaches.noindex/appletvos27.0-24J360-e829b21a6f8c9b70876ba0858053c044b32bfd8d43560033f8d89884cdb90028.sdkstatcache
CreateBuildDirectory /Users/admin/builder/spi-builder-workspace/.derivedData/Build/Products
    cd /Users/admin/builder/spi-builder-workspace/.swiftpm/xcode
    builtin-create-build-directory /Users/admin/builder/spi-builder-workspace/.derivedData/Build/Products
CreateBuildDirectory /Users/admin/builder/spi-builder-workspace/.derivedData/Build/Intermediates.noindex
    cd /Users/admin/builder/spi-builder-workspace/.swiftpm/xcode
    builtin-create-build-directory /Users/admin/builder/spi-builder-workspace/.derivedData/Build/Intermediates.noindex
CreateBuildDirectory /Users/admin/builder/spi-builder-workspace/.derivedData/Build/Intermediates.noindex/SwiftExplicitPrecompiledModules
    cd /Users/admin/builder/spi-builder-workspace/.swiftpm/xcode
    builtin-create-build-directory /Users/admin/builder/spi-builder-workspace/.derivedData/Build/Intermediates.noindex/SwiftExplicitPrecompiledModules
CreateBuildDirectory /Users/admin/builder/spi-builder-workspace/.derivedData/Build/Intermediates.noindex/PrecompiledHeaders
    cd /Users/admin/builder/spi-builder-workspace/.swiftpm/xcode
    builtin-create-build-directory /Users/admin/builder/spi-builder-workspace/.derivedData/Build/Intermediates.noindex/PrecompiledHeaders
CreateBuildDirectory /Users/admin/builder/spi-builder-workspace/.derivedData/Build/Intermediates.noindex/ExplicitPrecompiledModules
    cd /Users/admin/builder/spi-builder-workspace/.swiftpm/xcode
    builtin-create-build-directory /Users/admin/builder/spi-builder-workspace/.derivedData/Build/Intermediates.noindex/ExplicitPrecompiledModules
CreateBuildDirectory /Users/admin/builder/spi-builder-workspace/.derivedData/Build/Intermediates.noindex/EagerLinkingTBDs/Debug-appletvos
    cd /Users/admin/builder/spi-builder-workspace/.swiftpm/xcode
    builtin-create-build-directory /Users/admin/builder/spi-builder-workspace/.derivedData/Build/Intermediates.noindex/EagerLinkingTBDs/Debug-appletvos
CreateBuildDirectory /Users/admin/builder/spi-builder-workspace/.derivedData/Build/Products/Debug-appletvos
    cd /Users/admin/builder/spi-builder-workspace/.swiftpm/xcode
    builtin-create-build-directory /Users/admin/builder/spi-builder-workspace/.derivedData/Build/Products/Debug-appletvos
CreateBuildDirectory /Users/admin/builder/spi-builder-workspace/.derivedData/Build/Products/Debug-appletvos/PackageFrameworks
    cd /Users/admin/builder/spi-builder-workspace/.swiftpm/xcode
    builtin-create-build-directory /Users/admin/builder/spi-builder-workspace/.derivedData/Build/Products/Debug-appletvos/PackageFrameworks
WriteAuxiliaryFile /Users/admin/builder/spi-builder-workspace/.derivedData/Build/Intermediates.noindex/PathSlider.build/Debug-appletvos/PathSlider-t.build/PathSlider.DependencyStaticMetadataFileList (in target 'PathSlider' from project 'PathSlider')
    cd /Users/admin/builder/spi-builder-workspace
    write-file /Users/admin/builder/spi-builder-workspace/.derivedData/Build/Intermediates.noindex/PathSlider.build/Debug-appletvos/PathSlider-t.build/PathSlider.DependencyStaticMetadataFileList
WriteAuxiliaryFile /Users/admin/builder/spi-builder-workspace/.derivedData/Build/Intermediates.noindex/PathSlider.build/Debug-appletvos/PathSlider-t.build/PathSlider.DependencyMetadataFileList (in target 'PathSlider' from project 'PathSlider')
    cd /Users/admin/builder/spi-builder-workspace
    write-file /Users/admin/builder/spi-builder-workspace/.derivedData/Build/Intermediates.noindex/PathSlider.build/Debug-appletvos/PathSlider-t.build/PathSlider.DependencyMetadataFileList
WriteAuxiliaryFile /Users/admin/builder/spi-builder-workspace/.derivedData/Build/Intermediates.noindex/PathSlider.build/Debug-appletvos/PathSlider-t.build/PathSlider.modulemap (in target 'PathSlider' from project 'PathSlider')
    cd /Users/admin/builder/spi-builder-workspace
    write-file /Users/admin/builder/spi-builder-workspace/.derivedData/Build/Intermediates.noindex/PathSlider.build/Debug-appletvos/PathSlider-t.build/PathSlider.modulemap
WriteAuxiliaryFile /Users/admin/builder/spi-builder-workspace/.derivedData/Build/Intermediates.noindex/PathSlider.build/Debug-appletvos/PathSlider-t.build/Objects-normal/arm64/PathSlider.SwiftFileList (in target 'PathSlider' from project 'PathSlider')
    cd /Users/admin/builder/spi-builder-workspace
    write-file /Users/admin/builder/spi-builder-workspace/.derivedData/Build/Intermediates.noindex/PathSlider.build/Debug-appletvos/PathSlider-t.build/Objects-normal/arm64/PathSlider.SwiftFileList
WriteAuxiliaryFile /Users/admin/builder/spi-builder-workspace/.derivedData/Build/Intermediates.noindex/PathSlider.build/Debug-appletvos/PathSlider-t.build/Objects-normal/arm64/PathSlider_const_extract_protocols.json (in target 'PathSlider' from project 'PathSlider')
    cd /Users/admin/builder/spi-builder-workspace
    write-file /Users/admin/builder/spi-builder-workspace/.derivedData/Build/Intermediates.noindex/PathSlider.build/Debug-appletvos/PathSlider-t.build/Objects-normal/arm64/PathSlider_const_extract_protocols.json
WriteAuxiliaryFile /Users/admin/builder/spi-builder-workspace/.derivedData/Build/Intermediates.noindex/PathSlider.build/Debug-appletvos/PathSlider-t.build/Objects-normal/arm64/PathSlider.SwiftConstValuesFileList (in target 'PathSlider' from project 'PathSlider')
    cd /Users/admin/builder/spi-builder-workspace
    write-file /Users/admin/builder/spi-builder-workspace/.derivedData/Build/Intermediates.noindex/PathSlider.build/Debug-appletvos/PathSlider-t.build/Objects-normal/arm64/PathSlider.SwiftConstValuesFileList
WriteAuxiliaryFile /Users/admin/builder/spi-builder-workspace/.derivedData/Build/Intermediates.noindex/PathSlider.build/Debug-appletvos/PathSlider-t.build/Objects-normal/arm64/PathSlider.LinkFileList (in target 'PathSlider' from project 'PathSlider')
    cd /Users/admin/builder/spi-builder-workspace
    write-file /Users/admin/builder/spi-builder-workspace/.derivedData/Build/Intermediates.noindex/PathSlider.build/Debug-appletvos/PathSlider-t.build/Objects-normal/arm64/PathSlider.LinkFileList
WriteAuxiliaryFile /Users/admin/builder/spi-builder-workspace/.derivedData/Build/Intermediates.noindex/PathSlider.build/Debug-appletvos/PathSlider-t.build/Objects-normal/arm64/PathSlider-OutputFileMap.json (in target 'PathSlider' from project 'PathSlider')
    cd /Users/admin/builder/spi-builder-workspace
    write-file /Users/admin/builder/spi-builder-workspace/.derivedData/Build/Intermediates.noindex/PathSlider.build/Debug-appletvos/PathSlider-t.build/Objects-normal/arm64/PathSlider-OutputFileMap.json
Copy /Users/admin/builder/spi-builder-workspace/.derivedData/Build/Intermediates.noindex/GeneratedModuleMaps-appletvos/PathSlider.modulemap /Users/admin/builder/spi-builder-workspace/.derivedData/Build/Intermediates.noindex/PathSlider.build/Debug-appletvos/PathSlider-t.build/PathSlider.modulemap (in target 'PathSlider' from project 'PathSlider')
    cd /Users/admin/builder/spi-builder-workspace
    builtin-copy -exclude .DS_Store -exclude CVS -exclude .svn -exclude .git -exclude .hg -resolve-src-symlinks /Users/admin/builder/spi-builder-workspace/.derivedData/Build/Intermediates.noindex/PathSlider.build/Debug-appletvos/PathSlider-t.build/PathSlider.modulemap /Users/admin/builder/spi-builder-workspace/.derivedData/Build/Intermediates.noindex/GeneratedModuleMaps-appletvos
SwiftDriver PathSlider normal arm64 com.apple.xcode.tools.swift.compiler (in target 'PathSlider' from project 'PathSlider')
    cd /Users/admin/builder/spi-builder-workspace/.swiftpm/xcode
    builtin-SwiftDriver -- /Applications/Xcode-27.0.0-Release.Candidate.app/Contents/Developer/Toolchains/XcodeDefault.xctoolchain/usr/bin/swiftc -parse-as-library -module-name PathSlider -Onone @/Users/admin/builder/spi-builder-workspace/.derivedData/Build/Intermediates.noindex/PathSlider.build/Debug-appletvos/PathSlider-t.build/Objects-normal/arm64/PathSlider.SwiftFileList -DSWIFT_PACKAGE -DDEBUG -DSWIFT_MODULE_RESOURCE_BUNDLE_UNAVAILABLE -DXcode -plugin-path /Applications/Xcode-27.0.0-Release.Candidate.app/Contents/Developer/Toolchains/XcodeDefault.xctoolchain/usr/lib/swift/host/plugins/testing -enable-experimental-feature DebugDescriptionMacro -sdk /Applications/Xcode-27.0.0-Release.Candidate.app/Contents/Developer/Platforms/AppleTVOS.platform/Developer/SDKs/AppleTVOS27.0.sdk -target arm64-apple-tvos16.0 -g -module-cache-path /Users/admin/builder/spi-builder-workspace/.derivedData/ModuleCache.noindex -Xfrontend -serialize-debugging-options -profile-coverage-mapping -profile-generate -enable-testing -index-store-path /Users/admin/builder/spi-builder-workspace/.derivedData/Index.noindex/DataStore -Xcc -D_LIBCPP_HARDENING_MODE\=_LIBCPP_HARDENING_MODE_DEBUG -swift-version 6 -I /Users/admin/builder/spi-builder-workspace/.derivedData/Build/Products/Debug-appletvos -Isystem /Applications/Xcode-27.0.0-Release.Candidate.app/Contents/Developer/Platforms/AppleTVOS.platform/Developer/usr/lib -F /Users/admin/builder/spi-builder-workspace/.derivedData/Build/Products/Debug-appletvos -F /Applications/Xcode-27.0.0-Release.Candidate.app/Contents/Developer/Platforms/AppleTVOS.platform/Developer/Library/Frameworks -F /Applications/Xcode-27.0.0-Release.Candidate.app/Contents/Developer/Platforms/AppleTVOS.platform/Developer/SDKs/AppleTVOS27.0.sdk/Developer/Library/Frameworks -c -j10 -enable-batch-mode -incremental -Xcc -ivfsstatcache -Xcc /Users/admin/builder/spi-builder-workspace/.derivedData/SDKStatCaches.noindex/appletvos27.0-24J360-e829b21a6f8c9b70876ba0858053c044b32bfd8d43560033f8d89884cdb90028.sdkstatcache -output-file-map /Users/admin/builder/spi-builder-workspace/.derivedData/Build/Intermediates.noindex/PathSlider.build/Debug-appletvos/PathSlider-t.build/Objects-normal/arm64/PathSlider-OutputFileMap.json -save-temps -no-color-diagnostics -explicit-module-build -module-cache-path /Users/admin/builder/spi-builder-workspace/.derivedData/Build/Intermediates.noindex/SwiftExplicitPrecompiledModules -clang-scanner-module-cache-path /Users/admin/builder/spi-builder-workspace/.derivedData/ModuleCache.noindex -sdk-module-cache-path /Users/admin/builder/spi-builder-workspace/.derivedData/SDKExplicitPrecompiledModules -emit-dependencies -emit-module -emit-module-path /Users/admin/builder/spi-builder-workspace/.derivedData/Build/Intermediates.noindex/PathSlider.build/Debug-appletvos/PathSlider-t.build/Objects-normal/arm64/PathSlider.swiftmodule -serialize-diagnostics -dependency-scan-serialize-diagnostics-path /Users/admin/builder/spi-builder-workspace/.derivedData/Build/Intermediates.noindex/PathSlider.build/Debug-appletvos/PathSlider-t.build/Objects-normal/arm64/PathSlider-dependency-scan.dia -validate-clang-modules-once -clang-build-session-file /Users/admin/builder/spi-builder-workspace/.derivedData/ModuleCache.noindex/Session.modulevalidation -Xcc -fmodules-prune-interval\=86400 -Xcc -fmodules-prune-after\=345600 -package-name spi_builder_workspace -emit-const-values -const-gather-protocols-list /Users/admin/builder/spi-builder-workspace/.derivedData/Build/Intermediates.noindex/PathSlider.build/Debug-appletvos/PathSlider-t.build/Objects-normal/arm64/PathSlider_const_extract_protocols.json -Xcc -I/Users/admin/builder/spi-builder-workspace/.derivedData/Build/Products/Debug-appletvos/include -Xcc -I/Users/admin/builder/spi-builder-workspace/.derivedData/Build/Intermediates.noindex/PathSlider.build/Debug-appletvos/PathSlider-t.build/DerivedSources-normal/arm64 -Xcc -I/Users/admin/builder/spi-builder-workspace/.derivedData/Build/Intermediates.noindex/PathSlider.build/Debug-appletvos/PathSlider-t.build/DerivedSources/arm64 -Xcc -I/Users/admin/builder/spi-builder-workspace/.derivedData/Build/Intermediates.noindex/PathSlider.build/Debug-appletvos/PathSlider-t.build/DerivedSources -Xcc -DSWIFT_PACKAGE -Xcc -DDEBUG\=1 -emit-objc-header -emit-objc-header-path /Users/admin/builder/spi-builder-workspace/.derivedData/Build/Intermediates.noindex/PathSlider.build/Debug-appletvos/PathSlider-t.build/Objects-normal/arm64/PathSlider-Swift.h -working-directory /Users/admin/builder/spi-builder-workspace/.swiftpm/xcode -experimental-emit-module-separately -disable-cmo
SwiftExplicitDependencyGeneratePcm arm64 /Users/admin/builder/spi-builder-workspace/.derivedData/SDKExplicitPrecompiledModules/_Builtin_float-3RF4B70MBHPP952AX3GNZ8W3H.pcm
SwiftExplicitDependencyGeneratePcm arm64 /Users/admin/builder/spi-builder-workspace/.derivedData/SDKExplicitPrecompiledModules/ptrauth-EMKXYE8GN9BK4M3ODSTVDUJU2.pcm
SwiftExplicitDependencyGeneratePcm arm64 /Users/admin/builder/spi-builder-workspace/.derivedData/SDKExplicitPrecompiledModules/_SwiftConcurrencyShims-3HZGHPZQL3GY71QUHDRB0P39S.pcm
SwiftExplicitDependencyGeneratePcm arm64 /Users/admin/builder/spi-builder-workspace/.derivedData/SDKExplicitPrecompiledModules/_AvailabilityInternal-99L1JVU5TYE8S0FGGB7E09QQS.pcm
SwiftExplicitDependencyGeneratePcm arm64 /Users/admin/builder/spi-builder-workspace/.derivedData/SDKExplicitPrecompiledModules/_Builtin_stdbool-4UUPXTY52W6RPSB0N2WGGLTJT.pcm
SwiftExplicitDependencyGeneratePcm arm64 /Users/admin/builder/spi-builder-workspace/.derivedData/SDKExplicitPrecompiledModules/DeveloperToolsSupport-CJV8SY9BXJUTONPFWMLQEGTXA.pcm
SwiftExplicitDependencyGeneratePcm arm64 /Users/admin/builder/spi-builder-workspace/.derivedData/SDKExplicitPrecompiledModules/SwiftShims-73G9EXEO9PVWB6PL1BR4TAJ0B.pcm
SwiftExplicitDependencyGeneratePcm arm64 /Users/admin/builder/spi-builder-workspace/.derivedData/SDKExplicitPrecompiledModules/ptrcheck-BA65H1NXYZJ0BLLWO9HZOAZ6Y.pcm
SwiftExplicitDependencyGeneratePcm arm64 /Users/admin/builder/spi-builder-workspace/.derivedData/SDKExplicitPrecompiledModules/_Builtin_stdarg-719DH4G2R3NRP3HRX5HE8WX08.pcm
SwiftExplicitDependencyGeneratePcm arm64 /Users/admin/builder/spi-builder-workspace/.derivedData/SDKExplicitPrecompiledModules/_Builtin_stddef-1MAO6P3OSQFGZFQEPM31XXNSS.pcm
SwiftExplicitDependencyGeneratePcm arm64 /Users/admin/builder/spi-builder-workspace/.derivedData/SDKExplicitPrecompiledModules/_DarwinFoundation1-90NUFDXQ765U5FR62173FT21A.pcm
SwiftExplicitDependencyGeneratePcm arm64 /Users/admin/builder/spi-builder-workspace/.derivedData/SDKExplicitPrecompiledModules/math_h-AZERKBBEOE1DTC6VO5JYW9L3B.pcm
SwiftExplicitDependencyGeneratePcm arm64 /Users/admin/builder/spi-builder-workspace/.derivedData/SDKExplicitPrecompiledModules/_Builtin_limits-3JICJWOCEYXXXNXAMEJBF6UQN.pcm
SwiftExplicitDependencyGeneratePcm arm64 /Users/admin/builder/spi-builder-workspace/.derivedData/SDKExplicitPrecompiledModules/_DarwinFoundation2-EPKSYG5WMVE7WSPFQB4C0UC59.pcm
SwiftExplicitDependencyGeneratePcm arm64 /Users/admin/builder/spi-builder-workspace/.derivedData/SDKExplicitPrecompiledModules/sys_types-CATSGLJDZ8UZUMKHO6M4I4PJT.pcm
SwiftExplicitDependencyGeneratePcm arm64 /Users/admin/builder/spi-builder-workspace/.derivedData/SDKExplicitPrecompiledModules/_Builtin_tgmath-320K271Z6IM134IWIB7S3LTD.pcm
SwiftExplicitDependencyGeneratePcm arm64 /Users/admin/builder/spi-builder-workspace/.derivedData/SDKExplicitPrecompiledModules/string_h-B6D36UOVIZC2Y0YE3KEZLZAP6.pcm
SwiftExplicitDependencyGeneratePcm arm64 /Users/admin/builder/spi-builder-workspace/.derivedData/SDKExplicitPrecompiledModules/_Builtin_stdint-A8OKY0NXO26BZ4GWYKP79TKL9.pcm
SwiftExplicitDependencyGeneratePcm arm64 /Users/admin/builder/spi-builder-workspace/.derivedData/SDKExplicitPrecompiledModules/_Builtin_stdatomic-71DQV8BR56LNANL900GGEC9KO.pcm
SwiftExplicitDependencyGeneratePcm arm64 /Users/admin/builder/spi-builder-workspace/.derivedData/SDKExplicitPrecompiledModules/_Builtin_intrinsics-AQDFY8KQQX9Z38C6EI15S53EQ.pcm
SwiftExplicitDependencyGeneratePcm arm64 /Users/admin/builder/spi-builder-workspace/.derivedData/SDKExplicitPrecompiledModules/_DarwinFoundation3-63L5I5VCGX6CLI6HI7OWUXJN6.pcm
SwiftExplicitDependencyGeneratePcm arm64 /Users/admin/builder/spi-builder-workspace/.derivedData/SDKExplicitPrecompiledModules/_Builtin_inttypes-80RS02PM2X81SP8N0Q7X05540.pcm
SwiftExplicitDependencyGeneratePcm arm64 /Users/admin/builder/spi-builder-workspace/.derivedData/SDKExplicitPrecompiledModules/Darwin-1VTILT8KA42CNDAUB0H1FM7MC.pcm
SwiftExplicitDependencyGeneratePcm arm64 /Users/admin/builder/spi-builder-workspace/.derivedData/SDKExplicitPrecompiledModules/simd-D50CDGAQRFNF5E2BA2UWCCHLJ.pcm
SwiftExplicitDependencyGeneratePcm arm64 /Users/admin/builder/spi-builder-workspace/.derivedData/SDKExplicitPrecompiledModules/ObjectiveC-CC0BYHG21IQMMT48PGDNSK7G6.pcm
SwiftExplicitDependencyGeneratePcm arm64 /Users/admin/builder/spi-builder-workspace/.derivedData/SDKExplicitPrecompiledModules/MachO-A5KLTMTLJD1DPHEYPZHUSRJ4O.pcm
SwiftExplicitDependencyGeneratePcm arm64 /Users/admin/builder/spi-builder-workspace/.derivedData/SDKExplicitPrecompiledModules/os_object-1TJLDNS7X3UT7Y5TM4QQ2RN6G.pcm
SwiftExplicitDependencyGeneratePcm arm64 /Users/admin/builder/spi-builder-workspace/.derivedData/SDKExplicitPrecompiledModules/os_workgroup-E61GF9E8FAHZGKXVOV9QHUD27.pcm
SwiftExplicitDependencyGeneratePcm arm64 /Users/admin/builder/spi-builder-workspace/.derivedData/SDKExplicitPrecompiledModules/Spatial-2KZFBWN278VTZL619Y96SAJC9.pcm
SwiftExplicitDependencyGeneratePcm arm64 /Users/admin/builder/spi-builder-workspace/.derivedData/SDKExplicitPrecompiledModules/Dispatch-F564M6B2H1RRD83XZ8EBWFSHE.pcm
SwiftExplicitDependencyGeneratePcm arm64 /Users/admin/builder/spi-builder-workspace/.derivedData/SDKExplicitPrecompiledModules/XPC-2WVXL0UION0MYZOZAJZC6DUXD.pcm
SwiftExplicitDependencyGeneratePcm arm64 /Users/admin/builder/spi-builder-workspace/.derivedData/SDKExplicitPrecompiledModules/CoreFoundation-A4LOYEEJIFQKOPZRDOG9M3N2K.pcm
SwiftExplicitDependencyGeneratePcm arm64 /Users/admin/builder/spi-builder-workspace/.derivedData/SDKExplicitPrecompiledModules/os-4NLIUP5HHN7FW5ML70YLEU8QE.pcm
SwiftExplicitDependencyGeneratePcm arm64 /Users/admin/builder/spi-builder-workspace/.derivedData/SDKExplicitPrecompiledModules/CoreAudioTypes-3D575H9KXE9GWSK6ZWEWBV9TM.pcm
SwiftExplicitDependencyGeneratePcm arm64 /Users/admin/builder/spi-builder-workspace/.derivedData/SDKExplicitPrecompiledModules/CoreGraphics-D8Y0X4J52BHG7HHUQLTX6SXE1.pcm
SwiftExplicitDependencyGeneratePcm arm64 /Users/admin/builder/spi-builder-workspace/.derivedData/SDKExplicitPrecompiledModules/Security-6KU6X9W8QDIJW83JUF0DRES83.pcm
SwiftExplicitDependencyGeneratePcm arm64 /Users/admin/builder/spi-builder-workspace/.derivedData/SDKExplicitPrecompiledModules/CFNetwork-8S7XZ5SI3TWM2JOZPDZPRY8W9.pcm
SwiftExplicitDependencyGeneratePcm arm64 /Users/admin/builder/spi-builder-workspace/.derivedData/SDKExplicitPrecompiledModules/CoreAudio-46JNU59TK6U76A9ILN06CT9NS.pcm
SwiftExplicitDependencyGeneratePcm arm64 /Users/admin/builder/spi-builder-workspace/.derivedData/SDKExplicitPrecompiledModules/Foundation-1AS5K10MY6XENLLR2NDUCKYTM.pcm
SwiftExplicitDependencyGeneratePcm arm64 /Users/admin/builder/spi-builder-workspace/.derivedData/SDKExplicitPrecompiledModules/ImageIO-48DA7ET77Q34HPZP9CPHI9VS4.pcm
SwiftExplicitDependencyGeneratePcm arm64 /Users/admin/builder/spi-builder-workspace/.derivedData/SDKExplicitPrecompiledModules/CoreText-E0GG8D3D527TJX7D2QEHFQLM2.pcm
SwiftExplicitDependencyGeneratePcm arm64 /Users/admin/builder/spi-builder-workspace/.derivedData/SDKExplicitPrecompiledModules/UIUtilities-9NQVCWATNLLVY125LB74695HY.pcm
SwiftExplicitDependencyGeneratePcm arm64 /Users/admin/builder/spi-builder-workspace/.derivedData/SDKExplicitPrecompiledModules/UniformTypeIdentifiers-DQ77M7R0D7VCBK0YUO3VHCRB1.pcm
SwiftExplicitDependencyGeneratePcm arm64 /Users/admin/builder/spi-builder-workspace/.derivedData/SDKExplicitPrecompiledModules/UserNotifications-AKH3GC0FQWUK55FNTW4WEMFQE.pcm
SwiftExplicitDependencyGeneratePcm arm64 /Users/admin/builder/spi-builder-workspace/.derivedData/SDKExplicitPrecompiledModules/OSLog-1UX1YGRJSIOEO9YC3MNFFD818.pcm
SwiftExplicitDependencyGeneratePcm arm64 /Users/admin/builder/spi-builder-workspace/.derivedData/SDKExplicitPrecompiledModules/Symbols-9TNA7JIKOEYVTYC7A16HCS4Z8.pcm
SwiftExplicitDependencyGeneratePcm arm64 /Users/admin/builder/spi-builder-workspace/.derivedData/SDKExplicitPrecompiledModules/Accessibility-EAPB6A95K5V0S27QNKR6ATG7F.pcm
SwiftExplicitDependencyGeneratePcm arm64 /Users/admin/builder/spi-builder-workspace/.derivedData/SDKExplicitPrecompiledModules/IOSurface-DEQULTJ8SC21O986FDCNTM8FX.pcm
SwiftExplicitDependencyGeneratePcm arm64 /Users/admin/builder/spi-builder-workspace/.derivedData/SDKExplicitPrecompiledModules/CoreData-3R0N6HKKQMVS32U7KOKR14383.pcm
SwiftExplicitDependencyGeneratePcm arm64 /Users/admin/builder/spi-builder-workspace/.derivedData/SDKExplicitPrecompiledModules/_LocationEssentials-2OY9351FRBO717MIULOKMYA9E.pcm
SwiftExplicitDependencyGeneratePcm arm64 /Users/admin/builder/spi-builder-workspace/.derivedData/SDKExplicitPrecompiledModules/CoreTransferable-84B3V3M9DHRIQERK179SSQO5U.pcm
SwiftExplicitDependencyGeneratePcm arm64 /Users/admin/builder/spi-builder-workspace/.derivedData/SDKExplicitPrecompiledModules/DataDetection-9IX0C1MAX33MS6TCZDSNKXEO8.pcm
SwiftExplicitDependencyGeneratePcm arm64 /Users/admin/builder/spi-builder-workspace/.derivedData/SDKExplicitPrecompiledModules/CoreLocation-6939X9DMB2SA43P0TYB7Z14Z5.pcm
SwiftExplicitDependencyGeneratePcm arm64 /Users/admin/builder/spi-builder-workspace/.derivedData/SDKExplicitPrecompiledModules/Metal-52GB3RCZ6A2WEZ7RWCXV2WL0N.pcm
SwiftExplicitDependencyGeneratePcm arm64 /Users/admin/builder/spi-builder-workspace/.derivedData/SDKExplicitPrecompiledModules/OpenGLES-6Y33D4DDPO1R82EJXT1SIGNPS.pcm
SwiftExplicitDependencyGeneratePcm arm64 /Users/admin/builder/spi-builder-workspace/.derivedData/SDKExplicitPrecompiledModules/CoreVideo-5G4VAY32QMJB00PUALI6188LK.pcm
SwiftExplicitDependencyGeneratePcm arm64 /Users/admin/builder/spi-builder-workspace/.derivedData/SDKExplicitPrecompiledModules/CoreMedia-43BPYBY7ZACBDCUTAJXJFLTBP.pcm
SwiftExplicitDependencyGeneratePcm arm64 /Users/admin/builder/spi-builder-workspace/.derivedData/SDKExplicitPrecompiledModules/CoreImage-ATUQ374FIDJPA1DF5BLR644CG.pcm
SwiftExplicitDependencyGeneratePcm arm64 /Users/admin/builder/spi-builder-workspace/.derivedData/SDKExplicitPrecompiledModules/QuartzCore-DSNZZA81DYNK4OK1ANRR6HM7G.pcm
SwiftExplicitDependencyGeneratePcm arm64 /Users/admin/builder/spi-builder-workspace/.derivedData/SDKExplicitPrecompiledModules/SwiftUICore-7SJQ9GB90ACGZV5NB09LFJIRX.pcm
SwiftExplicitDependencyGeneratePcm arm64 /Users/admin/builder/spi-builder-workspace/.derivedData/SDKExplicitPrecompiledModules/UIKit-42T2ZGON9LDZUXRIAUKELQ554.pcm
SwiftExplicitDependencyGeneratePcm arm64 /Users/admin/builder/spi-builder-workspace/.derivedData/SDKExplicitPrecompiledModules/SwiftUI-B634212FU5XQXG1OEBY2WYYH3.pcm
SwiftCompile normal arm64 Compiling\ PathSliderViewModel.swift /Users/admin/builder/spi-builder-workspace/Sources/PathSlider/Path/PathSliderViewModel.swift (in target 'PathSlider' from project 'PathSlider')
SwiftCompile normal arm64 /Users/admin/builder/spi-builder-workspace/Sources/PathSlider/Path/PathSliderViewModel.swift (in target 'PathSlider' from project 'PathSlider')
    cd /Users/admin/builder/spi-builder-workspace/.swiftpm/xcode
    builtin-SwiftPerFileCompile PathSliderViewModel.swift
SwiftEmitModule normal arm64 Emitting\ module\ for\ PathSlider (in target 'PathSlider' from project 'PathSlider')
/Users/admin/builder/spi-builder-workspace/Sources/PathSlider/PathSlider+Public.swift:21:37: warning: cannot use default expression for inference of 'ClosedRange<V>' because it is inferrable from parameters #1, #2; this will be an error in a future Swift language mode
19 |         path: Path,
20 |         value: Binding<V>,
21 |         in bounds: ClosedRange<V> = 0...1,
   |                                     `- warning: cannot use default expression for inference of 'ClosedRange<V>' because it is inferrable from parameters #1, #2; this will be an error in a future Swift language mode
22 |         indicator: @escaping () -> Indicator,
23 |         @ViewBuilder track: @escaping (Path) -> Track
/Users/admin/builder/spi-builder-workspace/Sources/PathSlider/PathSlider+Public.swift:68:37: warning: cannot use default expression for inference of 'ClosedRange<V>' because it is inferrable from parameters #1, #2; this will be an error in a future Swift language mode
66 |         path: Path,
67 |         value: Binding<V>,
68 |         in bounds: ClosedRange<V> = 0...1,
   |                                     `- warning: cannot use default expression for inference of 'ClosedRange<V>' because it is inferrable from parameters #1, #2; this will be an error in a future Swift language mode
69 |         pathPoint: Binding<CGPoint>,
70 |         indicator: @escaping () -> Indicator,
/Users/admin/builder/spi-builder-workspace/Sources/PathSlider/Shape/Shape+PathSlider.swift:22:37: warning: cannot use default expression for inference of 'ClosedRange<V>' because it is inferrable from parameters #0, #1; this will be an error in a future Swift language mode
20 |     public func slider<Indicator: View, Track: View, V: Strideable>(
21 |         value: Binding<V>,
22 |         in bounds: ClosedRange<V> = 0...1,
   |                                     `- warning: cannot use default expression for inference of 'ClosedRange<V>' because it is inferrable from parameters #0, #1; this will be an error in a future Swift language mode
23 |         pathPoint: Binding<CGPoint>,
24 |         indicator: @escaping () -> Indicator,
/Users/admin/builder/spi-builder-workspace/Sources/PathSlider/Shape/Shape+PathSlider.swift:49:37: warning: cannot use default expression for inference of 'ClosedRange<V>' because it is inferrable from parameters #0, #1; this will be an error in a future Swift language mode
47 |     public func slider<Indicator: View, Track: View, V: Strideable>(
48 |         value: Binding<V>,
49 |         in bounds: ClosedRange<V> = 0...1,
   |                                     `- warning: cannot use default expression for inference of 'ClosedRange<V>' because it is inferrable from parameters #0, #1; this will be an error in a future Swift language mode
50 |         indicator: @escaping () -> Indicator,
51 |         @ViewBuilder track: @escaping (Path) -> Track
SwiftCompile normal arm64 (in target 'PathSlider' from project 'PathSlider')
    cd /Users/admin/builder/spi-builder-workspace/.swiftpm/xcode

SwiftCompile normal arm64 Compiling\ Shape+PathSlider.swift /Users/admin/builder/spi-builder-workspace/Sources/PathSlider/Shape/Shape+PathSlider.swift (in target 'PathSlider' from project 'PathSlider')
/Users/admin/builder/spi-builder-workspace/Sources/PathSlider/Shape/Shape+PathSlider.swift:22:37: warning: cannot use default expression for inference of 'ClosedRange<V>' because it is inferrable from parameters #0, #1; this will be an error in a future Swift language mode
20 |     public func slider<Indicator: View, Track: View, V: Strideable>(
21 |         value: Binding<V>,
22 |         in bounds: ClosedRange<V> = 0...1,
   |                                     `- warning: cannot use default expression for inference of 'ClosedRange<V>' because it is inferrable from parameters #0, #1; this will be an error in a future Swift language mode
23 |         pathPoint: Binding<CGPoint>,
24 |         indicator: @escaping () -> Indicator,
SwiftCompile normal arm64 /Users/admin/builder/spi-builder-workspace/Sources/PathSlider/Shape/Shape+PathSlider.swift (in target 'PathSlider' from project 'PathSlider')
    cd /Users/admin/builder/spi-builder-workspace/.swiftpm/xcode
    builtin-SwiftPerFileCompile Shape+PathSlider.swift
SwiftCompile normal arm64 Compiling\ PathSlider.swift /Users/admin/builder/spi-builder-workspace/Sources/PathSlider/PathSlider.swift (in target 'PathSlider' from project 'PathSlider')
/Users/admin/builder/spi-builder-workspace/Sources/PathSlider/PathSlider.swift:61:13: error: 'DragGesture' is unavailable in tvOS
 59 |         .coordinateSpace(name: "path-slider")
 60 |         .gesture(
 61 |             DragGesture(minimumDistance: 0, coordinateSpace: .named("path-slider"))
    |             `- error: 'DragGesture' is unavailable in tvOS
 62 |                 .onChanged { value in
 63 |                     update(with: value.location)
SwiftUI.DragGesture:3:42: note: 'DragGesture' has been explicitly marked unavailable here
 1 | @available(iOS 13.0, macOS 10.15, watchOS 6.0, *)
 2 | @available(tvOS, unavailable)
 3 | @MainActor @preconcurrency public struct DragGesture : Gesture, ~Sendable {
   |                                          `- note: 'DragGesture' has been explicitly marked unavailable here
 4 |     public struct Value : Equatable, Sendable {
 5 |         public var time: Date
/Users/admin/builder/spi-builder-workspace/Sources/PathSlider/PathSlider.swift:61:13: error: 'init(minimumDistance:coordinateSpace:)' is unavailable in tvOS
 59 |         .coordinateSpace(name: "path-slider")
 60 |         .gesture(
 61 |             DragGesture(minimumDistance: 0, coordinateSpace: .named("path-slider"))
    |             `- error: 'init(minimumDistance:coordinateSpace:)' is unavailable in tvOS
 62 |                 .onChanged { value in
 63 |                     update(with: value.location)
SwiftUI.DragGesture.init:7:37: note: 'init(minimumDistance:coordinateSpace:)' has been explicitly marked unavailable here
5 |   @available(visionOS, introduced: 1.0, deprecated: 100000.0, message: "use overload that accepts a CoordinateSpaceProtocol instead")
6 |   @available(tvOS, unavailable)
7 |   @MainActor @preconcurrency public init(minimumDistance: CGFloat = 10, coordinateSpace: CoordinateSpace = .local)}
  |                                     `- note: 'init(minimumDistance:coordinateSpace:)' has been explicitly marked unavailable here
8 |
Failed frontend command:
/Applications/Xcode-27.0.0-Release.Candidate.app/Contents/Developer/Toolchains/XcodeDefault.xctoolchain/usr/bin/swift-frontend -frontend -c /Users/admin/builder/spi-builder-workspace/Sources/PathSlider/Extensions/CGPoint+Distance.swift /Users/admin/builder/spi-builder-workspace/Sources/PathSlider/Extensions/CGPoint+Hashable.swift /Users/admin/builder/spi-builder-workspace/Sources/PathSlider/Extensions/ClosedRange+Percentage.swift /Users/admin/builder/spi-builder-workspace/Sources/PathSlider/Path/Path+Interpolation.swift /Users/admin/builder/spi-builder-workspace/Sources/PathSlider/Path/PathModel.swift /Users/admin/builder/spi-builder-workspace/Sources/PathSlider/Path/PathSliderViewModel.swift /Users/admin/builder/spi-builder-workspace/Sources/PathSlider/PathSlider+Public.swift -primary-file /Users/admin/builder/spi-builder-workspace/Sources/PathSlider/PathSlider.swift /Users/admin/builder/spi-builder-workspace/Sources/PathSlider/Shape/Shape+PathSlider.swift -emit-dependencies-path /Users/admin/builder/spi-builder-workspace/.derivedData/Build/Intermediates.noindex/PathSlider.build/Debug-appletvos/PathSlider-t.build/Objects-normal/arm64/PathSlider.d -emit-const-values-path /Users/admin/builder/spi-builder-workspace/.derivedData/Build/Intermediates.noindex/PathSlider.build/Debug-appletvos/PathSlider-t.build/Objects-normal/arm64/PathSlider.swiftconstvalues -emit-reference-dependencies-path /Users/admin/builder/spi-builder-workspace/.derivedData/Build/Intermediates.noindex/PathSlider.build/Debug-appletvos/PathSlider-t.build/Objects-normal/arm64/PathSlider.swiftdeps -serialize-diagnostics-path /Users/admin/builder/spi-builder-workspace/.derivedData/Build/Intermediates.noindex/PathSlider.build/Debug-appletvos/PathSlider-t.build/Objects-normal/arm64/PathSlider.dia -target arm64-apple-tvos16.0 -disable-cross-import-overlay-search -load-resolved-plugin /Applications/Xcode-27.0.0-Release.Candidate.app/Contents/Developer/Platforms/AppleTVOS.platform/Developer/usr/lib/swift/host/plugins/libFoundationMacros.dylib\#/Applications/Xcode-27.0.0-Release.Candidate.app/Contents/Developer/Platforms/AppleTVOS.platform/Developer/usr/bin/swift-plugin-server\#FoundationMacros -load-resolved-plugin /Applications/Xcode-27.0.0-Release.Candidate.app/Contents/Developer/Platforms/AppleTVOS.platform/Developer/usr/lib/swift/host/plugins/libObservationMacros.dylib\#/Applications/Xcode-27.0.0-Release.Candidate.app/Contents/Developer/Platforms/AppleTVOS.platform/Developer/usr/bin/swift-plugin-server\#ObservationMacros -load-resolved-plugin /Applications/Xcode-27.0.0-Release.Candidate.app/Contents/Developer/Platforms/AppleTVOS.platform/Developer/usr/lib/swift/host/plugins/libPreviewsMacros.dylib\#/Applications/Xcode-27.0.0-Release.Candidate.app/Contents/Developer/Platforms/AppleTVOS.platform/Developer/usr/bin/swift-plugin-server\#PreviewsMacros -load-resolved-plugin /Applications/Xcode-27.0.0-Release.Candidate.app/Contents/Developer/Platforms/AppleTVOS.platform/Developer/usr/lib/swift/host/plugins/libSwiftMacros.dylib\#/Applications/Xcode-27.0.0-Release.Candidate.app/Contents/Developer/Platforms/AppleTVOS.platform/Developer/usr/bin/swift-plugin-server\#SwiftMacros -load-resolved-plugin /Applications/Xcode-27.0.0-Release.Candidate.app/Contents/Developer/Platforms/AppleTVOS.platform/Developer/usr/lib/swift/host/plugins/libSwiftUIMacros.dylib\#/Applications/Xcode-27.0.0-Release.Candidate.app/Contents/Developer/Platforms/AppleTVOS.platform/Developer/usr/bin/swift-plugin-server\#SwiftUIMacros -disable-implicit-swift-modules -Xcc -fno-implicit-modules -Xcc -fno-implicit-module-maps -explicit-swift-module-map-file /Users/admin/builder/spi-builder-workspace/.derivedData/Build/Intermediates.noindex/PathSlider.build/Debug-appletvos/PathSlider-t.build/Objects-normal/arm64/PathSlider-dependencies-1.json -Xllvm -aarch64-use-tbi -enable-objc-interop -stack-check -sdk /Applications/Xcode-27.0.0-Release.Candidate.app/Contents/Developer/Platforms/AppleTVOS.platform/Developer/SDKs/AppleTVOS27.0.sdk -I /Users/admin/builder/spi-builder-workspace/.derivedData/Build/Products/Debug-appletvos -Isystem /Applications/Xcode-27.0.0-Release.Candidate.app/Contents/Developer/Platforms/AppleTVOS.platform/Developer/usr/lib -F /Users/admin/builder/spi-builder-workspace/.derivedData/Build/Products/Debug-appletvos -F /Applications/Xcode-27.0.0-Release.Candidate.app/Contents/Developer/Platforms/AppleTVOS.platform/Developer/Library/Frameworks -F /Applications/Xcode-27.0.0-Release.Candidate.app/Contents/Developer/Platforms/AppleTVOS.platform/Developer/SDKs/AppleTVOS27.0.sdk/Developer/Library/Frameworks -module-cache-path /Users/admin/builder/spi-builder-workspace/.derivedData/Build/Intermediates.noindex/SwiftExplicitPrecompiledModules -no-color-diagnostics -Xcc -fno-color-diagnostics -enable-testing -g -debug-info-format\=dwarf -dwarf-version\=4 -profile-generate -profile-coverage-mapping -swift-version 6 -Onone -D SWIFT_PACKAGE -D DEBUG -D SWIFT_MODULE_RESOURCE_BUNDLE_UNAVAILABLE -D Xcode -serialize-debugging-options -enable-experimental-feature DebugDescriptionMacro -empty-abi-descriptor -validate-clang-modules-once -clang-build-session-file /Users/admin/builder/spi-builder-workspace/.derivedData/ModuleCache.noindex/Session.modulevalidation -Xcc -working-directory -Xcc /Users/admin/builder/spi-builder-workspace/.swiftpm/xcode -enable-anonymous-context-mangled-names -file-compilation-dir /Users/admin/builder/spi-builder-workspace/.swiftpm/xcode -Xcc -D_LIBCPP_HARDENING_MODE\=_LIBCPP_HARDENING_MODE_DEBUG -Xcc -ivfsstatcache -Xcc /Users/admin/builder/spi-builder-workspace/.derivedData/SDKStatCaches.noindex/appletvos27.0-24J360-e829b21a6f8c9b70876ba0858053c044b32bfd8d43560033f8d89884cdb90028.sdkstatcache -Xcc -fmodules-prune-interval\=86400 -Xcc -fmodules-prune-after\=345600 -Xcc -I/Users/admin/builder/spi-builder-workspace/.derivedData/Build/Products/Debug-appletvos/include -Xcc -I/Users/admin/builder/spi-builder-workspace/.derivedData/Build/Intermediates.noindex/PathSlider.build/Debug-appletvos/PathSlider-t.build/DerivedSources-normal/arm64 -Xcc -I/Users/admin/builder/spi-builder-workspace/.derivedData/Build/Intermediates.noindex/PathSlider.build/Debug-appletvos/PathSlider-t.build/DerivedSources/arm64 -Xcc -I/Users/admin/builder/spi-builder-workspace/.derivedData/Build/Intermediates.noindex/PathSlider.build/Debug-appletvos/PathSlider-t.build/DerivedSources -Xcc -DSWIFT_PACKAGE -Xcc -DDEBUG\=1 -no-auto-bridging-header-chaining -module-name PathSlider -package-name spi_builder_workspace -const-gather-protocols-file /Users/admin/builder/spi-builder-workspace/.derivedData/Build/Intermediates.noindex/PathSlider.build/Debug-appletvos/PathSlider-t.build/Objects-normal/arm64/PathSlider_const_extract_protocols.json -disable-clang-spi -clang-target arm64-apple-tvos27.0 -target-sdk-version 27.0 -target-sdk-name appletvos27.0 -in-process-plugin-server-path /Applications/Xcode-27.0.0-Release.Candidate.app/Contents/Developer/Toolchains/XcodeDefault.xctoolchain/usr/lib/swift/host/libSwiftInProcPluginServer.dylib -parse-as-library -o /Users/admin/builder/spi-builder-workspace/.derivedData/Build/Intermediates.noindex/PathSlider.build/Debug-appletvos/PathSlider-t.build/Objects-normal/arm64/PathSlider.o -debug-module-path /Users/admin/builder/spi-builder-workspace/.derivedData/Build/Intermediates.noindex/PathSlider.build/Debug-appletvos/PathSlider-t.build/Objects-normal/arm64/PathSlider.swiftmodule -index-unit-output-path /PathSlider.build/Debug-appletvos/PathSlider-t.build/Objects-normal/arm64/PathSlider.o -index-store-path /Users/admin/builder/spi-builder-workspace/.derivedData/Index.noindex/DataStore -index-system-modules
SwiftCompile normal arm64 /Users/admin/builder/spi-builder-workspace/Sources/PathSlider/PathSlider.swift (in target 'PathSlider' from project 'PathSlider')
    cd /Users/admin/builder/spi-builder-workspace/.swiftpm/xcode
    builtin-SwiftPerFileCompile PathSlider.swift
SwiftCompile normal arm64 Compiling\ PathModel.swift /Users/admin/builder/spi-builder-workspace/Sources/PathSlider/Path/PathModel.swift (in target 'PathSlider' from project 'PathSlider')
SwiftCompile normal arm64 /Users/admin/builder/spi-builder-workspace/Sources/PathSlider/Path/PathModel.swift (in target 'PathSlider' from project 'PathSlider')
    cd /Users/admin/builder/spi-builder-workspace/.swiftpm/xcode
    builtin-SwiftPerFileCompile PathModel.swift
SwiftCompile normal arm64 Compiling\ PathSlider+Public.swift /Users/admin/builder/spi-builder-workspace/Sources/PathSlider/PathSlider+Public.swift (in target 'PathSlider' from project 'PathSlider')
/Users/admin/builder/spi-builder-workspace/Sources/PathSlider/PathSlider+Public.swift:21:37: warning: cannot use default expression for inference of 'ClosedRange<V>' because it is inferrable from parameters #1, #2; this will be an error in a future Swift language mode
19 |         path: Path,
20 |         value: Binding<V>,
21 |         in bounds: ClosedRange<V> = 0...1,
   |                                     `- warning: cannot use default expression for inference of 'ClosedRange<V>' because it is inferrable from parameters #1, #2; this will be an error in a future Swift language mode
22 |         indicator: @escaping () -> Indicator,
23 |         @ViewBuilder track: @escaping (Path) -> Track
SwiftCompile normal arm64 /Users/admin/builder/spi-builder-workspace/Sources/PathSlider/PathSlider+Public.swift (in target 'PathSlider' from project 'PathSlider')
    cd /Users/admin/builder/spi-builder-workspace/.swiftpm/xcode
    builtin-SwiftPerFileCompile PathSlider+Public.swift
SwiftCompile normal arm64 Compiling\ CGPoint+Distance.swift /Users/admin/builder/spi-builder-workspace/Sources/PathSlider/Extensions/CGPoint+Distance.swift (in target 'PathSlider' from project 'PathSlider')
SwiftCompile normal arm64 /Users/admin/builder/spi-builder-workspace/Sources/PathSlider/Extensions/CGPoint+Distance.swift (in target 'PathSlider' from project 'PathSlider')
    cd /Users/admin/builder/spi-builder-workspace/.swiftpm/xcode
    builtin-SwiftPerFileCompile CGPoint+Distance.swift
SwiftCompile normal arm64 Compiling\ ClosedRange+Percentage.swift /Users/admin/builder/spi-builder-workspace/Sources/PathSlider/Extensions/ClosedRange+Percentage.swift (in target 'PathSlider' from project 'PathSlider')
SwiftCompile normal arm64 /Users/admin/builder/spi-builder-workspace/Sources/PathSlider/Extensions/ClosedRange+Percentage.swift (in target 'PathSlider' from project 'PathSlider')
    cd /Users/admin/builder/spi-builder-workspace/.swiftpm/xcode
    builtin-SwiftPerFileCompile ClosedRange+Percentage.swift
SwiftCompile normal arm64 Compiling\ Path+Interpolation.swift /Users/admin/builder/spi-builder-workspace/Sources/PathSlider/Path/Path+Interpolation.swift (in target 'PathSlider' from project 'PathSlider')
SwiftCompile normal arm64 /Users/admin/builder/spi-builder-workspace/Sources/PathSlider/Path/Path+Interpolation.swift (in target 'PathSlider' from project 'PathSlider')
    cd /Users/admin/builder/spi-builder-workspace/.swiftpm/xcode
    builtin-SwiftPerFileCompile Path+Interpolation.swift
SwiftCompile normal arm64 Compiling\ CGPoint+Hashable.swift /Users/admin/builder/spi-builder-workspace/Sources/PathSlider/Extensions/CGPoint+Hashable.swift (in target 'PathSlider' from project 'PathSlider')
SwiftCompile normal arm64 /Users/admin/builder/spi-builder-workspace/Sources/PathSlider/Extensions/CGPoint+Hashable.swift (in target 'PathSlider' from project 'PathSlider')
    cd /Users/admin/builder/spi-builder-workspace/.swiftpm/xcode
    builtin-SwiftPerFileCompile CGPoint+Hashable.swift
SwiftDriverJobDiscovery normal arm64 Emitting module for PathSlider (in target 'PathSlider' from project 'PathSlider')
SwiftDriver\ Compilation\ Requirements PathSlider normal arm64 com.apple.xcode.tools.swift.compiler (in target 'PathSlider' from project 'PathSlider')
    cd /Users/admin/builder/spi-builder-workspace/.swiftpm/xcode
    builtin-Swift-Compilation-Requirements -- /Applications/Xcode-27.0.0-Release.Candidate.app/Contents/Developer/Toolchains/XcodeDefault.xctoolchain/usr/bin/swiftc -parse-as-library -module-name PathSlider -Onone @/Users/admin/builder/spi-builder-workspace/.derivedData/Build/Intermediates.noindex/PathSlider.build/Debug-appletvos/PathSlider-t.build/Objects-normal/arm64/PathSlider.SwiftFileList -DSWIFT_PACKAGE -DDEBUG -DSWIFT_MODULE_RESOURCE_BUNDLE_UNAVAILABLE -DXcode -plugin-path /Applications/Xcode-27.0.0-Release.Candidate.app/Contents/Developer/Toolchains/XcodeDefault.xctoolchain/usr/lib/swift/host/plugins/testing -enable-experimental-feature DebugDescriptionMacro -sdk /Applications/Xcode-27.0.0-Release.Candidate.app/Contents/Developer/Platforms/AppleTVOS.platform/Developer/SDKs/AppleTVOS27.0.sdk -target arm64-apple-tvos16.0 -g -module-cache-path /Users/admin/builder/spi-builder-workspace/.derivedData/ModuleCache.noindex -Xfrontend -serialize-debugging-options -profile-coverage-mapping -profile-generate -enable-testing -index-store-path /Users/admin/builder/spi-builder-workspace/.derivedData/Index.noindex/DataStore -Xcc -D_LIBCPP_HARDENING_MODE\=_LIBCPP_HARDENING_MODE_DEBUG -swift-version 6 -I /Users/admin/builder/spi-builder-workspace/.derivedData/Build/Products/Debug-appletvos -Isystem /Applications/Xcode-27.0.0-Release.Candidate.app/Contents/Developer/Platforms/AppleTVOS.platform/Developer/usr/lib -F /Users/admin/builder/spi-builder-workspace/.derivedData/Build/Products/Debug-appletvos -F /Applications/Xcode-27.0.0-Release.Candidate.app/Contents/Developer/Platforms/AppleTVOS.platform/Developer/Library/Frameworks -F /Applications/Xcode-27.0.0-Release.Candidate.app/Contents/Developer/Platforms/AppleTVOS.platform/Developer/SDKs/AppleTVOS27.0.sdk/Developer/Library/Frameworks -c -j10 -enable-batch-mode -incremental -Xcc -ivfsstatcache -Xcc /Users/admin/builder/spi-builder-workspace/.derivedData/SDKStatCaches.noindex/appletvos27.0-24J360-e829b21a6f8c9b70876ba0858053c044b32bfd8d43560033f8d89884cdb90028.sdkstatcache -output-file-map /Users/admin/builder/spi-builder-workspace/.derivedData/Build/Intermediates.noindex/PathSlider.build/Debug-appletvos/PathSlider-t.build/Objects-normal/arm64/PathSlider-OutputFileMap.json -save-temps -no-color-diagnostics -explicit-module-build -module-cache-path /Users/admin/builder/spi-builder-workspace/.derivedData/Build/Intermediates.noindex/SwiftExplicitPrecompiledModules -clang-scanner-module-cache-path /Users/admin/builder/spi-builder-workspace/.derivedData/ModuleCache.noindex -sdk-module-cache-path /Users/admin/builder/spi-builder-workspace/.derivedData/SDKExplicitPrecompiledModules -emit-dependencies -emit-module -emit-module-path /Users/admin/builder/spi-builder-workspace/.derivedData/Build/Intermediates.noindex/PathSlider.build/Debug-appletvos/PathSlider-t.build/Objects-normal/arm64/PathSlider.swiftmodule -serialize-diagnostics -dependency-scan-serialize-diagnostics-path /Users/admin/builder/spi-builder-workspace/.derivedData/Build/Intermediates.noindex/PathSlider.build/Debug-appletvos/PathSlider-t.build/Objects-normal/arm64/PathSlider-dependency-scan.dia -validate-clang-modules-once -clang-build-session-file /Users/admin/builder/spi-builder-workspace/.derivedData/ModuleCache.noindex/Session.modulevalidation -Xcc -fmodules-prune-interval\=86400 -Xcc -fmodules-prune-after\=345600 -package-name spi_builder_workspace -emit-const-values -const-gather-protocols-list /Users/admin/builder/spi-builder-workspace/.derivedData/Build/Intermediates.noindex/PathSlider.build/Debug-appletvos/PathSlider-t.build/Objects-normal/arm64/PathSlider_const_extract_protocols.json -Xcc -I/Users/admin/builder/spi-builder-workspace/.derivedData/Build/Products/Debug-appletvos/include -Xcc -I/Users/admin/builder/spi-builder-workspace/.derivedData/Build/Intermediates.noindex/PathSlider.build/Debug-appletvos/PathSlider-t.build/DerivedSources-normal/arm64 -Xcc -I/Users/admin/builder/spi-builder-workspace/.derivedData/Build/Intermediates.noindex/PathSlider.build/Debug-appletvos/PathSlider-t.build/DerivedSources/arm64 -Xcc -I/Users/admin/builder/spi-builder-workspace/.derivedData/Build/Intermediates.noindex/PathSlider.build/Debug-appletvos/PathSlider-t.build/DerivedSources -Xcc -DSWIFT_PACKAGE -Xcc -DDEBUG\=1 -emit-objc-header -emit-objc-header-path /Users/admin/builder/spi-builder-workspace/.derivedData/Build/Intermediates.noindex/PathSlider.build/Debug-appletvos/PathSlider-t.build/Objects-normal/arm64/PathSlider-Swift.h -working-directory /Users/admin/builder/spi-builder-workspace/.swiftpm/xcode -experimental-emit-module-separately -disable-cmo
SwiftMergeGeneratedHeaders /Users/admin/builder/spi-builder-workspace/.derivedData/Build/Intermediates.noindex/GeneratedModuleMaps-appletvos/PathSlider-Swift.h /Users/admin/builder/spi-builder-workspace/.derivedData/Build/Intermediates.noindex/PathSlider.build/Debug-appletvos/PathSlider-t.build/Objects-normal/arm64/PathSlider-Swift.h (in target 'PathSlider' from project 'PathSlider')
    cd /Users/admin/builder/spi-builder-workspace
    builtin-swiftHeaderTool -arch arm64 /Users/admin/builder/spi-builder-workspace/.derivedData/Build/Intermediates.noindex/PathSlider.build/Debug-appletvos/PathSlider-t.build/Objects-normal/arm64/PathSlider-Swift.h -o /Users/admin/builder/spi-builder-workspace/.derivedData/Build/Intermediates.noindex/GeneratedModuleMaps-appletvos/PathSlider-Swift.h
Copy /Users/admin/builder/spi-builder-workspace/.derivedData/Build/Products/Debug-appletvos/PathSlider.swiftmodule/arm64-apple-tvos.swiftmodule /Users/admin/builder/spi-builder-workspace/.derivedData/Build/Intermediates.noindex/PathSlider.build/Debug-appletvos/PathSlider-t.build/Objects-normal/arm64/PathSlider.swiftmodule (in target 'PathSlider' from project 'PathSlider')
    cd /Users/admin/builder/spi-builder-workspace
    builtin-copy -exclude .DS_Store -exclude CVS -exclude .svn -exclude .git -exclude .hg -resolve-src-symlinks -rename /Users/admin/builder/spi-builder-workspace/.derivedData/Build/Intermediates.noindex/PathSlider.build/Debug-appletvos/PathSlider-t.build/Objects-normal/arm64/PathSlider.swiftmodule /Users/admin/builder/spi-builder-workspace/.derivedData/Build/Products/Debug-appletvos/PathSlider.swiftmodule/arm64-apple-tvos.swiftmodule
Copy /Users/admin/builder/spi-builder-workspace/.derivedData/Build/Products/Debug-appletvos/PathSlider.swiftmodule/arm64-apple-tvos.swiftdoc /Users/admin/builder/spi-builder-workspace/.derivedData/Build/Intermediates.noindex/PathSlider.build/Debug-appletvos/PathSlider-t.build/Objects-normal/arm64/PathSlider.swiftdoc (in target 'PathSlider' from project 'PathSlider')
    cd /Users/admin/builder/spi-builder-workspace
    builtin-copy -exclude .DS_Store -exclude CVS -exclude .svn -exclude .git -exclude .hg -resolve-src-symlinks -rename /Users/admin/builder/spi-builder-workspace/.derivedData/Build/Intermediates.noindex/PathSlider.build/Debug-appletvos/PathSlider-t.build/Objects-normal/arm64/PathSlider.swiftdoc /Users/admin/builder/spi-builder-workspace/.derivedData/Build/Products/Debug-appletvos/PathSlider.swiftmodule/arm64-apple-tvos.swiftdoc
Copy /Users/admin/builder/spi-builder-workspace/.derivedData/Build/Products/Debug-appletvos/PathSlider.swiftmodule/arm64-apple-tvos.abi.json /Users/admin/builder/spi-builder-workspace/.derivedData/Build/Intermediates.noindex/PathSlider.build/Debug-appletvos/PathSlider-t.build/Objects-normal/arm64/PathSlider.abi.json (in target 'PathSlider' from project 'PathSlider')
    cd /Users/admin/builder/spi-builder-workspace
    builtin-copy -exclude .DS_Store -exclude CVS -exclude .svn -exclude .git -exclude .hg -resolve-src-symlinks -rename /Users/admin/builder/spi-builder-workspace/.derivedData/Build/Intermediates.noindex/PathSlider.build/Debug-appletvos/PathSlider-t.build/Objects-normal/arm64/PathSlider.abi.json /Users/admin/builder/spi-builder-workspace/.derivedData/Build/Products/Debug-appletvos/PathSlider.swiftmodule/arm64-apple-tvos.abi.json
Copy /Users/admin/builder/spi-builder-workspace/.derivedData/Build/Products/Debug-appletvos/PathSlider.swiftmodule/Project/arm64-apple-tvos.swiftsourceinfo /Users/admin/builder/spi-builder-workspace/.derivedData/Build/Intermediates.noindex/PathSlider.build/Debug-appletvos/PathSlider-t.build/Objects-normal/arm64/PathSlider.swiftsourceinfo (in target 'PathSlider' from project 'PathSlider')
    cd /Users/admin/builder/spi-builder-workspace
    builtin-copy -exclude .DS_Store -exclude CVS -exclude .svn -exclude .git -exclude .hg -resolve-src-symlinks -rename /Users/admin/builder/spi-builder-workspace/.derivedData/Build/Intermediates.noindex/PathSlider.build/Debug-appletvos/PathSlider-t.build/Objects-normal/arm64/PathSlider.swiftsourceinfo /Users/admin/builder/spi-builder-workspace/.derivedData/Build/Products/Debug-appletvos/PathSlider.swiftmodule/Project/arm64-apple-tvos.swiftsourceinfo
SwiftDriverJobDiscovery normal arm64 Compiling ClosedRange+Percentage.swift (in target 'PathSlider' from project 'PathSlider')
SwiftDriverJobDiscovery normal arm64 Compiling CGPoint+Distance.swift (in target 'PathSlider' from project 'PathSlider')
SwiftDriverJobDiscovery normal arm64 Compiling CGPoint+Hashable.swift (in target 'PathSlider' from project 'PathSlider')
PruneExplicitPrecompiledModules /Users/admin/builder/spi-builder-workspace/.derivedData/Build/Intermediates.noindex/ExplicitPrecompiledModules
PruneExplicitPrecompiledModules /Users/admin/builder/spi-builder-workspace/.derivedData/Build/Intermediates.noindex/SwiftExplicitPrecompiledModules
PruneExplicitPrecompiledModules /Users/admin/builder/spi-builder-workspace/.derivedData/SDKExplicitPrecompiledModules
2026-09-21 11:23:45.399 xcodebuild[623:3824] [MT] IDERunDestination: Supported platforms for the buildables in the current scheme is empty.
2026-09-21 11:23:45.517 xcodebuild[623:3824] [MT] IDERunDestination: Supported platforms for the buildables in the current scheme is empty.
** BUILD FAILED **
The following build commands failed:
	SwiftCompile normal arm64 Compiling\ PathSlider.swift /Users/admin/builder/spi-builder-workspace/Sources/PathSlider/PathSlider.swift (in target 'PathSlider' from project 'PathSlider')
	SwiftCompile normal arm64 /Users/admin/builder/spi-builder-workspace/Sources/PathSlider/PathSlider.swift (in target 'PathSlider' from project 'PathSlider')
	Building workspace PathSlider with scheme PathSlider
(3 failures)
Command line invocation:
    /Applications/Xcode-27.0.0-Release.Candidate.app/Contents/Developer/usr/bin/xcodebuild -IDEClonedSourcePackagesDirPathOverride=/Users/admin/builder/spi-builder-workspace/.dependencies -resolvePackageDependencies
Resolve Package Graph
Resolved source packages:
  PathSlider: /Users/admin/builder/spi-builder-workspace
resolved source packages: PathSlider
2026-09-21 11:23:55.945 xcodebuild[745:4430] [MT] IDERunDestination: Supported platforms for the buildables in the current scheme is empty.
2026-09-21 11:23:56.047 xcodebuild[745:4430] [MT] IDERunDestination: Supported platforms for the buildables in the current scheme is empty.
{
  "dependencies" : [
  ],
  "manifest_display_name" : "PathSlider",
  "name" : "PathSlider",
  "path" : "/Users/admin/builder/spi-builder-workspace",
  "platforms" : [
    {
      "name" : "ios",
      "version" : "16.0"
    },
    {
      "name" : "watchos",
      "version" : "9.0"
    },
    {
      "name" : "tvos",
      "version" : "16.0"
    },
    {
      "name" : "visionos",
      "version" : "1.0"
    },
    {
      "name" : "macos",
      "version" : "11.0"
    }
  ],
  "products" : [
    {
      "name" : "PathSlider",
      "targets" : [
        "PathSlider"
      ],
      "type" : {
        "library" : [
          "automatic"
        ]
      }
    }
  ],
  "targets" : [
    {
      "c99name" : "PathSliderTests",
      "module_type" : "SwiftTarget",
      "name" : "PathSliderTests",
      "path" : "Tests/PathSliderTests",
      "sources" : [
        "Extensions/ClosedRange+PercentageTests.swift"
      ],
      "target_dependencies" : [
        "PathSlider"
      ],
      "type" : "test"
    },
    {
      "c99name" : "PathSlider",
      "module_type" : "SwiftTarget",
      "name" : "PathSlider",
      "path" : "Sources/PathSlider",
      "product_memberships" : [
        "PathSlider"
      ],
      "sources" : [
        "Extensions/CGPoint+Distance.swift",
        "Extensions/CGPoint+Hashable.swift",
        "Extensions/ClosedRange+Percentage.swift",
        "Path/Path+Interpolation.swift",
        "Path/PathModel.swift",
        "Path/PathSliderViewModel.swift",
        "PathSlider+Public.swift",
        "PathSlider.swift",
        "Shape/Shape+PathSlider.swift"
      ],
      "type" : "library"
    }
  ],
  "tools_version" : "6.0"
}
{
  "workspace" : {
    "name" : "PathSlider",
    "schemes" : [
      "PathSlider"
    ]
  }
}
2026-09-21 11:23:57.186 xcodebuild[753:4504] [MT] IDERunDestination: Supported platforms for the buildables in the current scheme is empty.
2026-09-21 11:23:57.289 xcodebuild[753:4504] [MT] IDERunDestination: Supported platforms for the buildables in the current scheme is empty.
Running build ...
env DEVELOPER_DIR=/Applications/Xcode-27.0.0-Release.Candidate.app xcrun xcodebuild -IDEClonedSourcePackagesDirPathOverride=$PWD/.dependencies -skipMacroValidation -skipPackagePluginValidation -derivedDataPath $PWD/.derivedData build -scheme PathSlider -destination generic/platform=tvOS
Command line invocation:
    /Applications/Xcode-27.0.0-Release.Candidate.app/Contents/Developer/usr/bin/xcodebuild -IDEClonedSourcePackagesDirPathOverride=/Users/admin/builder/spi-builder-workspace/.dependencies -skipMacroValidation -skipPackagePluginValidation -derivedDataPath /Users/admin/builder/spi-builder-workspace/.derivedData build -scheme PathSlider -destination generic/platform=tvOS
Resolve Package Graph
Resolved source packages:
  PathSlider: /Users/admin/builder/spi-builder-workspace
ComputePackagePrebuildTargetDependencyGraph
Prepare packages
CreateBuildRequest
SendProjectDescription
CreateBuildOperation
ComputeTargetDependencyGraph
note: Building targets in dependency order
note: Target dependency graph (2 targets)
    Target 'PathSlider-product' in project 'PathSlider'
        ➜ Explicit dependency on target 'PathSlider' in project 'PathSlider'
    Target 'PathSlider' in project 'PathSlider' (no dependencies)
GatherProvisioningInputs
CreateBuildDescription
ClangStatCache /Applications/Xcode-27.0.0-Release.Candidate.app/Contents/Developer/Toolchains/XcodeDefault.xctoolchain/usr/bin/clang-stat-cache /Applications/Xcode-27.0.0-Release.Candidate.app/Contents/Developer/Platforms/AppleTVOS.platform/Developer/SDKs/AppleTVOS27.0.sdk /Users/admin/builder/spi-builder-workspace/.derivedData/SDKStatCaches.noindex/appletvos27.0-24J360-e829b21a6f8c9b70876ba0858053c044b32bfd8d43560033f8d89884cdb90028.sdkstatcache
    cd /Users/admin/builder/spi-builder-workspace/.swiftpm/xcode
    /Applications/Xcode-27.0.0-Release.Candidate.app/Contents/Developer/Toolchains/XcodeDefault.xctoolchain/usr/bin/clang-stat-cache /Applications/Xcode-27.0.0-Release.Candidate.app/Contents/Developer/Platforms/AppleTVOS.platform/Developer/SDKs/AppleTVOS27.0.sdk -o /Users/admin/builder/spi-builder-workspace/.derivedData/SDKStatCaches.noindex/appletvos27.0-24J360-e829b21a6f8c9b70876ba0858053c044b32bfd8d43560033f8d89884cdb90028.sdkstatcache
SwiftDriver PathSlider normal arm64 com.apple.xcode.tools.swift.compiler (in target 'PathSlider' from project 'PathSlider')
    cd /Users/admin/builder/spi-builder-workspace/.swiftpm/xcode
    builtin-SwiftDriver -- /Applications/Xcode-27.0.0-Release.Candidate.app/Contents/Developer/Toolchains/XcodeDefault.xctoolchain/usr/bin/swiftc -parse-as-library -module-name PathSlider -Onone @/Users/admin/builder/spi-builder-workspace/.derivedData/Build/Intermediates.noindex/PathSlider.build/Debug-appletvos/PathSlider-t.build/Objects-normal/arm64/PathSlider.SwiftFileList -DSWIFT_PACKAGE -DDEBUG -DSWIFT_MODULE_RESOURCE_BUNDLE_UNAVAILABLE -DXcode -plugin-path /Applications/Xcode-27.0.0-Release.Candidate.app/Contents/Developer/Toolchains/XcodeDefault.xctoolchain/usr/lib/swift/host/plugins/testing -enable-experimental-feature DebugDescriptionMacro -sdk /Applications/Xcode-27.0.0-Release.Candidate.app/Contents/Developer/Platforms/AppleTVOS.platform/Developer/SDKs/AppleTVOS27.0.sdk -target arm64-apple-tvos16.0 -g -module-cache-path /Users/admin/builder/spi-builder-workspace/.derivedData/ModuleCache.noindex -Xfrontend -serialize-debugging-options -profile-coverage-mapping -profile-generate -enable-testing -index-store-path /Users/admin/builder/spi-builder-workspace/.derivedData/Index.noindex/DataStore -Xcc -D_LIBCPP_HARDENING_MODE\=_LIBCPP_HARDENING_MODE_DEBUG -swift-version 6 -I /Users/admin/builder/spi-builder-workspace/.derivedData/Build/Products/Debug-appletvos -Isystem /Applications/Xcode-27.0.0-Release.Candidate.app/Contents/Developer/Platforms/AppleTVOS.platform/Developer/usr/lib -F /Users/admin/builder/spi-builder-workspace/.derivedData/Build/Products/Debug-appletvos -F /Applications/Xcode-27.0.0-Release.Candidate.app/Contents/Developer/Platforms/AppleTVOS.platform/Developer/Library/Frameworks -F /Applications/Xcode-27.0.0-Release.Candidate.app/Contents/Developer/Platforms/AppleTVOS.platform/Developer/SDKs/AppleTVOS27.0.sdk/Developer/Library/Frameworks -c -j10 -enable-batch-mode -incremental -Xcc -ivfsstatcache -Xcc /Users/admin/builder/spi-builder-workspace/.derivedData/SDKStatCaches.noindex/appletvos27.0-24J360-e829b21a6f8c9b70876ba0858053c044b32bfd8d43560033f8d89884cdb90028.sdkstatcache -output-file-map /Users/admin/builder/spi-builder-workspace/.derivedData/Build/Intermediates.noindex/PathSlider.build/Debug-appletvos/PathSlider-t.build/Objects-normal/arm64/PathSlider-OutputFileMap.json -save-temps -no-color-diagnostics -explicit-module-build -module-cache-path /Users/admin/builder/spi-builder-workspace/.derivedData/Build/Intermediates.noindex/SwiftExplicitPrecompiledModules -clang-scanner-module-cache-path /Users/admin/builder/spi-builder-workspace/.derivedData/ModuleCache.noindex -sdk-module-cache-path /Users/admin/builder/spi-builder-workspace/.derivedData/SDKExplicitPrecompiledModules -emit-dependencies -emit-module -emit-module-path /Users/admin/builder/spi-builder-workspace/.derivedData/Build/Intermediates.noindex/PathSlider.build/Debug-appletvos/PathSlider-t.build/Objects-normal/arm64/PathSlider.swiftmodule -serialize-diagnostics -dependency-scan-serialize-diagnostics-path /Users/admin/builder/spi-builder-workspace/.derivedData/Build/Intermediates.noindex/PathSlider.build/Debug-appletvos/PathSlider-t.build/Objects-normal/arm64/PathSlider-dependency-scan.dia -validate-clang-modules-once -clang-build-session-file /Users/admin/builder/spi-builder-workspace/.derivedData/ModuleCache.noindex/Session.modulevalidation -Xcc -fmodules-prune-interval\=86400 -Xcc -fmodules-prune-after\=345600 -package-name spi_builder_workspace -emit-const-values -const-gather-protocols-list /Users/admin/builder/spi-builder-workspace/.derivedData/Build/Intermediates.noindex/PathSlider.build/Debug-appletvos/PathSlider-t.build/Objects-normal/arm64/PathSlider_const_extract_protocols.json -Xcc -I/Users/admin/builder/spi-builder-workspace/.derivedData/Build/Products/Debug-appletvos/include -Xcc -I/Users/admin/builder/spi-builder-workspace/.derivedData/Build/Intermediates.noindex/PathSlider.build/Debug-appletvos/PathSlider-t.build/DerivedSources-normal/arm64 -Xcc -I/Users/admin/builder/spi-builder-workspace/.derivedData/Build/Intermediates.noindex/PathSlider.build/Debug-appletvos/PathSlider-t.build/DerivedSources/arm64 -Xcc -I/Users/admin/builder/spi-builder-workspace/.derivedData/Build/Intermediates.noindex/PathSlider.build/Debug-appletvos/PathSlider-t.build/DerivedSources -Xcc -DSWIFT_PACKAGE -Xcc -DDEBUG\=1 -emit-objc-header -emit-objc-header-path /Users/admin/builder/spi-builder-workspace/.derivedData/Build/Intermediates.noindex/PathSlider.build/Debug-appletvos/PathSlider-t.build/Objects-normal/arm64/PathSlider-Swift.h -working-directory /Users/admin/builder/spi-builder-workspace/.swiftpm/xcode -experimental-emit-module-separately -disable-cmo
SwiftCompile normal arm64 Compiling\ PathModel.swift /Users/admin/builder/spi-builder-workspace/Sources/PathSlider/Path/PathModel.swift (in target 'PathSlider' from project 'PathSlider')
SwiftCompile normal arm64 /Users/admin/builder/spi-builder-workspace/Sources/PathSlider/Path/PathModel.swift (in target 'PathSlider' from project 'PathSlider')
    cd /Users/admin/builder/spi-builder-workspace/.swiftpm/xcode
    builtin-SwiftPerFileCompile PathModel.swift
SwiftCompile normal arm64 Compiling\ Path+Interpolation.swift /Users/admin/builder/spi-builder-workspace/Sources/PathSlider/Path/Path+Interpolation.swift (in target 'PathSlider' from project 'PathSlider')
SwiftCompile normal arm64 /Users/admin/builder/spi-builder-workspace/Sources/PathSlider/Path/Path+Interpolation.swift (in target 'PathSlider' from project 'PathSlider')
    cd /Users/admin/builder/spi-builder-workspace/.swiftpm/xcode
    builtin-SwiftPerFileCompile Path+Interpolation.swift
SwiftCompile normal arm64 Compiling\ PathSliderViewModel.swift /Users/admin/builder/spi-builder-workspace/Sources/PathSlider/Path/PathSliderViewModel.swift (in target 'PathSlider' from project 'PathSlider')
SwiftCompile normal arm64 /Users/admin/builder/spi-builder-workspace/Sources/PathSlider/Path/PathSliderViewModel.swift (in target 'PathSlider' from project 'PathSlider')
    cd /Users/admin/builder/spi-builder-workspace/.swiftpm/xcode
    builtin-SwiftPerFileCompile PathSliderViewModel.swift
SwiftEmitModule normal arm64 Emitting\ module\ for\ PathSlider (in target 'PathSlider' from project 'PathSlider')
/Users/admin/builder/spi-builder-workspace/Sources/PathSlider/PathSlider+Public.swift:21:37: warning: cannot use default expression for inference of 'ClosedRange<V>' because it is inferrable from parameters #1, #2; this will be an error in a future Swift language mode
19 |         path: Path,
20 |         value: Binding<V>,
21 |         in bounds: ClosedRange<V> = 0...1,
   |                                     `- warning: cannot use default expression for inference of 'ClosedRange<V>' because it is inferrable from parameters #1, #2; this will be an error in a future Swift language mode
22 |         indicator: @escaping () -> Indicator,
23 |         @ViewBuilder track: @escaping (Path) -> Track
/Users/admin/builder/spi-builder-workspace/Sources/PathSlider/PathSlider+Public.swift:68:37: warning: cannot use default expression for inference of 'ClosedRange<V>' because it is inferrable from parameters #1, #2; this will be an error in a future Swift language mode
66 |         path: Path,
67 |         value: Binding<V>,
68 |         in bounds: ClosedRange<V> = 0...1,
   |                                     `- warning: cannot use default expression for inference of 'ClosedRange<V>' because it is inferrable from parameters #1, #2; this will be an error in a future Swift language mode
69 |         pathPoint: Binding<CGPoint>,
70 |         indicator: @escaping () -> Indicator,
/Users/admin/builder/spi-builder-workspace/Sources/PathSlider/Shape/Shape+PathSlider.swift:22:37: warning: cannot use default expression for inference of 'ClosedRange<V>' because it is inferrable from parameters #0, #1; this will be an error in a future Swift language mode
20 |     public func slider<Indicator: View, Track: View, V: Strideable>(
21 |         value: Binding<V>,
22 |         in bounds: ClosedRange<V> = 0...1,
   |                                     `- warning: cannot use default expression for inference of 'ClosedRange<V>' because it is inferrable from parameters #0, #1; this will be an error in a future Swift language mode
23 |         pathPoint: Binding<CGPoint>,
24 |         indicator: @escaping () -> Indicator,
/Users/admin/builder/spi-builder-workspace/Sources/PathSlider/Shape/Shape+PathSlider.swift:49:37: warning: cannot use default expression for inference of 'ClosedRange<V>' because it is inferrable from parameters #0, #1; this will be an error in a future Swift language mode
47 |     public func slider<Indicator: View, Track: View, V: Strideable>(
48 |         value: Binding<V>,
49 |         in bounds: ClosedRange<V> = 0...1,
   |                                     `- warning: cannot use default expression for inference of 'ClosedRange<V>' because it is inferrable from parameters #0, #1; this will be an error in a future Swift language mode
50 |         indicator: @escaping () -> Indicator,
51 |         @ViewBuilder track: @escaping (Path) -> Track
SwiftCompile normal arm64 (in target 'PathSlider' from project 'PathSlider')
    cd /Users/admin/builder/spi-builder-workspace/.swiftpm/xcode

SwiftCompile normal arm64 Compiling\ Shape+PathSlider.swift /Users/admin/builder/spi-builder-workspace/Sources/PathSlider/Shape/Shape+PathSlider.swift (in target 'PathSlider' from project 'PathSlider')
/Users/admin/builder/spi-builder-workspace/Sources/PathSlider/Shape/Shape+PathSlider.swift:22:37: warning: cannot use default expression for inference of 'ClosedRange<V>' because it is inferrable from parameters #0, #1; this will be an error in a future Swift language mode
20 |     public func slider<Indicator: View, Track: View, V: Strideable>(
21 |         value: Binding<V>,
22 |         in bounds: ClosedRange<V> = 0...1,
   |                                     `- warning: cannot use default expression for inference of 'ClosedRange<V>' because it is inferrable from parameters #0, #1; this will be an error in a future Swift language mode
23 |         pathPoint: Binding<CGPoint>,
24 |         indicator: @escaping () -> Indicator,
/Users/admin/builder/spi-builder-workspace/Sources/PathSlider/Shape/Shape+PathSlider.swift:49:37: warning: cannot use default expression for inference of 'ClosedRange<V>' because it is inferrable from parameters #0, #1; this will be an error in a future Swift language mode
47 |     public func slider<Indicator: View, Track: View, V: Strideable>(
48 |         value: Binding<V>,
49 |         in bounds: ClosedRange<V> = 0...1,
   |                                     `- warning: cannot use default expression for inference of 'ClosedRange<V>' because it is inferrable from parameters #0, #1; this will be an error in a future Swift language mode
50 |         indicator: @escaping () -> Indicator,
51 |         @ViewBuilder track: @escaping (Path) -> Track
SwiftCompile normal arm64 /Users/admin/builder/spi-builder-workspace/Sources/PathSlider/Shape/Shape+PathSlider.swift (in target 'PathSlider' from project 'PathSlider')
    cd /Users/admin/builder/spi-builder-workspace/.swiftpm/xcode
    builtin-SwiftPerFileCompile Shape+PathSlider.swift
SwiftCompile normal arm64 Compiling\ PathSlider.swift /Users/admin/builder/spi-builder-workspace/Sources/PathSlider/PathSlider.swift (in target 'PathSlider' from project 'PathSlider')
SwiftCompile normal arm64 /Users/admin/builder/spi-builder-workspace/Sources/PathSlider/PathSlider.swift (in target 'PathSlider' from project 'PathSlider')
    cd /Users/admin/builder/spi-builder-workspace/.swiftpm/xcode
    builtin-SwiftPerFileCompile PathSlider.swift
/Users/admin/builder/spi-builder-workspace/Sources/PathSlider/PathSlider.swift:61:13: error: 'DragGesture' is unavailable in tvOS
 59 |         .coordinateSpace(name: "path-slider")
 60 |         .gesture(
 61 |             DragGesture(minimumDistance: 0, coordinateSpace: .named("path-slider"))
    |             `- error: 'DragGesture' is unavailable in tvOS
 62 |                 .onChanged { value in
 63 |                     update(with: value.location)
SwiftUI.DragGesture:3:42: note: 'DragGesture' has been explicitly marked unavailable here
 1 | @available(iOS 13.0, macOS 10.15, watchOS 6.0, *)
 2 | @available(tvOS, unavailable)
 3 | @MainActor @preconcurrency public struct DragGesture : Gesture, ~Sendable {
   |                                          `- note: 'DragGesture' has been explicitly marked unavailable here
 4 |     public struct Value : Equatable, Sendable {
 5 |         public var time: Date
/Users/admin/builder/spi-builder-workspace/Sources/PathSlider/PathSlider.swift:61:13: error: 'init(minimumDistance:coordinateSpace:)' is unavailable in tvOS
 59 |         .coordinateSpace(name: "path-slider")
 60 |         .gesture(
 61 |             DragGesture(minimumDistance: 0, coordinateSpace: .named("path-slider"))
    |             `- error: 'init(minimumDistance:coordinateSpace:)' is unavailable in tvOS
 62 |                 .onChanged { value in
 63 |                     update(with: value.location)
SwiftUI.DragGesture.init:7:37: note: 'init(minimumDistance:coordinateSpace:)' has been explicitly marked unavailable here
5 |   @available(visionOS, introduced: 1.0, deprecated: 100000.0, message: "use overload that accepts a CoordinateSpaceProtocol instead")
6 |   @available(tvOS, unavailable)
7 |   @MainActor @preconcurrency public init(minimumDistance: CGFloat = 10, coordinateSpace: CoordinateSpace = .local)}
  |                                     `- note: 'init(minimumDistance:coordinateSpace:)' has been explicitly marked unavailable here
8 |
Failed frontend command:
/Applications/Xcode-27.0.0-Release.Candidate.app/Contents/Developer/Toolchains/XcodeDefault.xctoolchain/usr/bin/swift-frontend -frontend -c /Users/admin/builder/spi-builder-workspace/Sources/PathSlider/Extensions/CGPoint+Distance.swift /Users/admin/builder/spi-builder-workspace/Sources/PathSlider/Extensions/CGPoint+Hashable.swift /Users/admin/builder/spi-builder-workspace/Sources/PathSlider/Extensions/ClosedRange+Percentage.swift /Users/admin/builder/spi-builder-workspace/Sources/PathSlider/Path/Path+Interpolation.swift /Users/admin/builder/spi-builder-workspace/Sources/PathSlider/Path/PathModel.swift /Users/admin/builder/spi-builder-workspace/Sources/PathSlider/Path/PathSliderViewModel.swift /Users/admin/builder/spi-builder-workspace/Sources/PathSlider/PathSlider+Public.swift -primary-file /Users/admin/builder/spi-builder-workspace/Sources/PathSlider/PathSlider.swift /Users/admin/builder/spi-builder-workspace/Sources/PathSlider/Shape/Shape+PathSlider.swift -emit-dependencies-path /Users/admin/builder/spi-builder-workspace/.derivedData/Build/Intermediates.noindex/PathSlider.build/Debug-appletvos/PathSlider-t.build/Objects-normal/arm64/PathSlider.d -emit-const-values-path /Users/admin/builder/spi-builder-workspace/.derivedData/Build/Intermediates.noindex/PathSlider.build/Debug-appletvos/PathSlider-t.build/Objects-normal/arm64/PathSlider.swiftconstvalues -emit-reference-dependencies-path /Users/admin/builder/spi-builder-workspace/.derivedData/Build/Intermediates.noindex/PathSlider.build/Debug-appletvos/PathSlider-t.build/Objects-normal/arm64/PathSlider.swiftdeps -serialize-diagnostics-path /Users/admin/builder/spi-builder-workspace/.derivedData/Build/Intermediates.noindex/PathSlider.build/Debug-appletvos/PathSlider-t.build/Objects-normal/arm64/PathSlider.dia -target arm64-apple-tvos16.0 -disable-cross-import-overlay-search -load-resolved-plugin /Applications/Xcode-27.0.0-Release.Candidate.app/Contents/Developer/Platforms/AppleTVOS.platform/Developer/usr/lib/swift/host/plugins/libFoundationMacros.dylib\#/Applications/Xcode-27.0.0-Release.Candidate.app/Contents/Developer/Platforms/AppleTVOS.platform/Developer/usr/bin/swift-plugin-server\#FoundationMacros -load-resolved-plugin /Applications/Xcode-27.0.0-Release.Candidate.app/Contents/Developer/Platforms/AppleTVOS.platform/Developer/usr/lib/swift/host/plugins/libObservationMacros.dylib\#/Applications/Xcode-27.0.0-Release.Candidate.app/Contents/Developer/Platforms/AppleTVOS.platform/Developer/usr/bin/swift-plugin-server\#ObservationMacros -load-resolved-plugin /Applications/Xcode-27.0.0-Release.Candidate.app/Contents/Developer/Platforms/AppleTVOS.platform/Developer/usr/lib/swift/host/plugins/libPreviewsMacros.dylib\#/Applications/Xcode-27.0.0-Release.Candidate.app/Contents/Developer/Platforms/AppleTVOS.platform/Developer/usr/bin/swift-plugin-server\#PreviewsMacros -load-resolved-plugin /Applications/Xcode-27.0.0-Release.Candidate.app/Contents/Developer/Platforms/AppleTVOS.platform/Developer/usr/lib/swift/host/plugins/libSwiftMacros.dylib\#/Applications/Xcode-27.0.0-Release.Candidate.app/Contents/Developer/Platforms/AppleTVOS.platform/Developer/usr/bin/swift-plugin-server\#SwiftMacros -load-resolved-plugin /Applications/Xcode-27.0.0-Release.Candidate.app/Contents/Developer/Platforms/AppleTVOS.platform/Developer/usr/lib/swift/host/plugins/libSwiftUIMacros.dylib\#/Applications/Xcode-27.0.0-Release.Candidate.app/Contents/Developer/Platforms/AppleTVOS.platform/Developer/usr/bin/swift-plugin-server\#SwiftUIMacros -disable-implicit-swift-modules -Xcc -fno-implicit-modules -Xcc -fno-implicit-module-maps -explicit-swift-module-map-file /Users/admin/builder/spi-builder-workspace/.derivedData/Build/Intermediates.noindex/PathSlider.build/Debug-appletvos/PathSlider-t.build/Objects-normal/arm64/PathSlider-dependencies-1.json -Xllvm -aarch64-use-tbi -enable-objc-interop -stack-check -sdk /Applications/Xcode-27.0.0-Release.Candidate.app/Contents/Developer/Platforms/AppleTVOS.platform/Developer/SDKs/AppleTVOS27.0.sdk -I /Users/admin/builder/spi-builder-workspace/.derivedData/Build/Products/Debug-appletvos -Isystem /Applications/Xcode-27.0.0-Release.Candidate.app/Contents/Developer/Platforms/AppleTVOS.platform/Developer/usr/lib -F /Users/admin/builder/spi-builder-workspace/.derivedData/Build/Products/Debug-appletvos -F /Applications/Xcode-27.0.0-Release.Candidate.app/Contents/Developer/Platforms/AppleTVOS.platform/Developer/Library/Frameworks -F /Applications/Xcode-27.0.0-Release.Candidate.app/Contents/Developer/Platforms/AppleTVOS.platform/Developer/SDKs/AppleTVOS27.0.sdk/Developer/Library/Frameworks -module-cache-path /Users/admin/builder/spi-builder-workspace/.derivedData/Build/Intermediates.noindex/SwiftExplicitPrecompiledModules -no-color-diagnostics -Xcc -fno-color-diagnostics -enable-testing -g -debug-info-format\=dwarf -dwarf-version\=4 -profile-generate -profile-coverage-mapping -swift-version 6 -Onone -D SWIFT_PACKAGE -D DEBUG -D SWIFT_MODULE_RESOURCE_BUNDLE_UNAVAILABLE -D Xcode -serialize-debugging-options -enable-experimental-feature DebugDescriptionMacro -empty-abi-descriptor -validate-clang-modules-once -clang-build-session-file /Users/admin/builder/spi-builder-workspace/.derivedData/ModuleCache.noindex/Session.modulevalidation -Xcc -working-directory -Xcc /Users/admin/builder/spi-builder-workspace/.swiftpm/xcode -enable-anonymous-context-mangled-names -file-compilation-dir /Users/admin/builder/spi-builder-workspace/.swiftpm/xcode -Xcc -D_LIBCPP_HARDENING_MODE\=_LIBCPP_HARDENING_MODE_DEBUG -Xcc -ivfsstatcache -Xcc /Users/admin/builder/spi-builder-workspace/.derivedData/SDKStatCaches.noindex/appletvos27.0-24J360-e829b21a6f8c9b70876ba0858053c044b32bfd8d43560033f8d89884cdb90028.sdkstatcache -Xcc -fmodules-prune-interval\=86400 -Xcc -fmodules-prune-after\=345600 -Xcc -I/Users/admin/builder/spi-builder-workspace/.derivedData/Build/Products/Debug-appletvos/include -Xcc -I/Users/admin/builder/spi-builder-workspace/.derivedData/Build/Intermediates.noindex/PathSlider.build/Debug-appletvos/PathSlider-t.build/DerivedSources-normal/arm64 -Xcc -I/Users/admin/builder/spi-builder-workspace/.derivedData/Build/Intermediates.noindex/PathSlider.build/Debug-appletvos/PathSlider-t.build/DerivedSources/arm64 -Xcc -I/Users/admin/builder/spi-builder-workspace/.derivedData/Build/Intermediates.noindex/PathSlider.build/Debug-appletvos/PathSlider-t.build/DerivedSources -Xcc -DSWIFT_PACKAGE -Xcc -DDEBUG\=1 -no-auto-bridging-header-chaining -module-name PathSlider -package-name spi_builder_workspace -const-gather-protocols-file /Users/admin/builder/spi-builder-workspace/.derivedData/Build/Intermediates.noindex/PathSlider.build/Debug-appletvos/PathSlider-t.build/Objects-normal/arm64/PathSlider_const_extract_protocols.json -disable-clang-spi -clang-target arm64-apple-tvos27.0 -target-sdk-version 27.0 -target-sdk-name appletvos27.0 -in-process-plugin-server-path /Applications/Xcode-27.0.0-Release.Candidate.app/Contents/Developer/Toolchains/XcodeDefault.xctoolchain/usr/lib/swift/host/libSwiftInProcPluginServer.dylib -parse-as-library -o /Users/admin/builder/spi-builder-workspace/.derivedData/Build/Intermediates.noindex/PathSlider.build/Debug-appletvos/PathSlider-t.build/Objects-normal/arm64/PathSlider.o -debug-module-path /Users/admin/builder/spi-builder-workspace/.derivedData/Build/Intermediates.noindex/PathSlider.build/Debug-appletvos/PathSlider-t.build/Objects-normal/arm64/PathSlider.swiftmodule -index-unit-output-path /PathSlider.build/Debug-appletvos/PathSlider-t.build/Objects-normal/arm64/PathSlider.o -index-store-path /Users/admin/builder/spi-builder-workspace/.derivedData/Index.noindex/DataStore -index-system-modules
SwiftCompile normal arm64 Compiling\ PathSlider+Public.swift /Users/admin/builder/spi-builder-workspace/Sources/PathSlider/PathSlider+Public.swift (in target 'PathSlider' from project 'PathSlider')
/Users/admin/builder/spi-builder-workspace/Sources/PathSlider/PathSlider+Public.swift:21:37: warning: cannot use default expression for inference of 'ClosedRange<V>' because it is inferrable from parameters #1, #2; this will be an error in a future Swift language mode
19 |         path: Path,
20 |         value: Binding<V>,
21 |         in bounds: ClosedRange<V> = 0...1,
   |                                     `- warning: cannot use default expression for inference of 'ClosedRange<V>' because it is inferrable from parameters #1, #2; this will be an error in a future Swift language mode
22 |         indicator: @escaping () -> Indicator,
23 |         @ViewBuilder track: @escaping (Path) -> Track
/Users/admin/builder/spi-builder-workspace/Sources/PathSlider/PathSlider+Public.swift:68:37: warning: cannot use default expression for inference of 'ClosedRange<V>' because it is inferrable from parameters #1, #2; this will be an error in a future Swift language mode
66 |         path: Path,
67 |         value: Binding<V>,
68 |         in bounds: ClosedRange<V> = 0...1,
   |                                     `- warning: cannot use default expression for inference of 'ClosedRange<V>' because it is inferrable from parameters #1, #2; this will be an error in a future Swift language mode
69 |         pathPoint: Binding<CGPoint>,
70 |         indicator: @escaping () -> Indicator,
SwiftCompile normal arm64 /Users/admin/builder/spi-builder-workspace/Sources/PathSlider/PathSlider+Public.swift (in target 'PathSlider' from project 'PathSlider')
    cd /Users/admin/builder/spi-builder-workspace/.swiftpm/xcode
    builtin-SwiftPerFileCompile PathSlider+Public.swift
SwiftDriverJobDiscovery normal arm64 Compiling PathModel.swift (in target 'PathSlider' from project 'PathSlider')
SwiftDriverJobDiscovery normal arm64 Compiling PathSlider+Public.swift (in target 'PathSlider' from project 'PathSlider')
SwiftDriverJobDiscovery normal arm64 Compiling Shape+PathSlider.swift (in target 'PathSlider' from project 'PathSlider')
SwiftDriverJobDiscovery normal arm64 Compiling PathSliderViewModel.swift (in target 'PathSlider' from project 'PathSlider')
SwiftDriverJobDiscovery normal arm64 Compiling Path+Interpolation.swift (in target 'PathSlider' from project 'PathSlider')
PruneExplicitPrecompiledModules /Users/admin/builder/spi-builder-workspace/.derivedData/SDKExplicitPrecompiledModules
PruneExplicitPrecompiledModules /Users/admin/builder/spi-builder-workspace/.derivedData/Build/Intermediates.noindex/ExplicitPrecompiledModules
PruneExplicitPrecompiledModules /Users/admin/builder/spi-builder-workspace/.derivedData/Build/Intermediates.noindex/SwiftExplicitPrecompiledModules
2026-09-21 11:23:58.161 xcodebuild[754:4527] [MT] IDERunDestination: Supported platforms for the buildables in the current scheme is empty.
2026-09-21 11:23:58.264 xcodebuild[754:4527] [MT] IDERunDestination: Supported platforms for the buildables in the current scheme is empty.
** BUILD FAILED **
The following build commands failed:
	SwiftCompile normal arm64 /Users/admin/builder/spi-builder-workspace/Sources/PathSlider/PathSlider.swift (in target 'PathSlider' from project 'PathSlider')
	SwiftCompile normal arm64 Compiling\ PathSlider.swift /Users/admin/builder/spi-builder-workspace/Sources/PathSlider/PathSlider.swift (in target 'PathSlider' from project 'PathSlider')
	Building workspace PathSlider with scheme PathSlider
(3 failures)
BUILD FAILURE 6.4 tvOS