Build Information
Failed to build chauffeur, reference v0.2.0 (5c0aba), with Swift 6.3 for watchOS using Xcode 26.4 on 30 Oct 2026 09:26:47 UTC.
Build Command
env DEVELOPER_DIR=/Applications/Xcode-26.5.0.app xcrun xcodebuild -IDEClonedSourcePackagesDirPathOverride=$PWD/.dependencies -skipMacroValidation -skipPackagePluginValidation -derivedDataPath $PWD/.derivedData build -scheme chauffeur -destination generic/platform=watchOSBuild Log
========================================
RunAll
========================================
Builder version: 5.1.4
Interrupt handler set up.
========================================
Checkout
========================================
Clone URL: https://github.com/YashNaj/chauffeur.git
Reference: v0.2.0
Initialized empty Git repository in /Users/admin/builder/spi-builder-workspace/.git/
From https://github.com/YashNaj/chauffeur
* tag v0.2.0 -> FETCH_HEAD
HEAD is now at 5c0aba5 M4b part 2: network evidence, PENDING and wait (0.2.0) (#6)
Cloned https://github.com/YashNaj/chauffeur.git
Revision (git rev-parse @):
5c0aba59a2268e9085c18e0f2d3f0d068bec86d0
SUCCESS checkout https://github.com/YashNaj/chauffeur.git at v0.2.0
========================================
Build
========================================
Selected platform: watchOS
Swift version: 6.3
Building package at path: $PWD
https://github.com/YashNaj/chauffeur.git
Command line invocation:
/Applications/Xcode-26.5.0.app/Contents/Developer/usr/bin/xcodebuild -IDEClonedSourcePackagesDirPathOverride=/Users/admin/builder/spi-builder-workspace/.dependencies -resolvePackageDependencies
Resolve Package Graph
Resolve Package Graph
Resolved source packages:
chauffeur: /Users/admin/builder/spi-builder-workspace
resolved source packages: chauffeur
2026-10-30 05:26:31.027 xcodebuild[542:3134] [MT] IDERunDestination: Supported platforms for the buildables in the current scheme is empty.
{
"dependencies" : [
],
"manifest_display_name" : "chauffeur",
"name" : "chauffeur",
"path" : "/Users/admin/builder/spi-builder-workspace",
"platforms" : [
{
"name" : "macos",
"version" : "15.0"
}
],
"products" : [
{
"name" : "chauffeur",
"targets" : [
"chauffeur"
],
"type" : {
"executable" : null
}
}
],
"targets" : [
{
"c99name" : "chauffeur",
"module_type" : "SwiftTarget",
"name" : "chauffeur",
"path" : "Sources/chauffeur",
"product_memberships" : [
"chauffeur"
],
"sources" : [
"main.swift"
],
"target_dependencies" : [
"ChauffeurCore"
],
"type" : "executable"
},
{
"c99name" : "ChauffeurCoreTests",
"module_type" : "SwiftTarget",
"name" : "ChauffeurCoreTests",
"path" : "Tests/ChauffeurCoreTests",
"resources" : [
{
"path" : "/Users/admin/builder/spi-builder-workspace/Tests/ChauffeurCoreTests/Fixtures",
"rule" : {
"copy" : {
}
}
}
],
"sources" : [
"AXHealthTests.swift",
"AXProviderTests.swift",
"AXSettingsTests.swift",
"AnnotateTests.swift",
"AppTrackingTests.swift",
"ArgsTests.swift",
"BatchTests.swift",
"CLITests.swift",
"ClipboardTests.swift",
"ConnectionWatchTests.swift",
"CrashTests.swift",
"DaemonHardeningTests.swift",
"DaemonTests.swift",
"DeviceTests.swift",
"DoctorTests.swift",
"FlowTests.swift",
"GeometryTests.swift",
"GestureTests.swift",
"JSONDataTests.swift",
"JSONTests.swift",
"KeysTests.swift",
"LaunchTests.swift",
"Live/AXLiveTests.swift",
"Live/AppsLiveTests.swift",
"Live/BatchLiveTests.swift",
"Live/BridgeLiveTests.swift",
"Live/DeviceLiveTests.swift",
"Live/GesturesLiveTests.swift",
"Live/InputLiveTests.swift",
"Live/Live.swift",
"Live/LogTapLiveTests.swift",
"Live/LogsLiveTests.swift",
"Live/NetStatsLiveTests.swift",
"Live/NetworkLiveTests.swift",
"Live/OpenLiveTests.swift",
"Live/RecoverLiveTests.swift",
"Live/ScreenshotLiveTests.swift",
"Live/ScrollLiveTests.swift",
"Live/SessionLiveTests.swift",
"Live/TapLiveTests.swift",
"Live/TouchLogLiveTests.swift",
"Live/TraceLiveTests.swift",
"Live/TypeLiveTests.swift",
"LogRedactTests.swift",
"LogStreamTests.swift",
"LogTapTests.swift",
"MCPTests.swift",
"ModelTests.swift",
"NetJudgeTests.swift",
"OpenTests.swift",
"PathShapeTests.swift",
"PerceptionTests.swift",
"QueryTests.swift",
"RecoverTests.swift",
"ReportNetworkTests.swift",
"RequestEvidenceTests.swift",
"RequestLogTests.swift",
"RequestTextTests.swift",
"ReviewFixTests.swift",
"ScreenshotTests.swift",
"SessionNetworkTests.swift",
"SettleTests.swift",
"ShellTests.swift",
"SimAppsTests.swift",
"SkillTests.swift",
"Support.swift",
"TargetTests.swift",
"TelemetryTests.swift",
"TouchLogParserTests.swift",
"TraceTests.swift",
"VerifierTests.swift",
"WaitTests.swift"
],
"target_dependencies" : [
"ChauffeurCore"
],
"type" : "test"
},
{
"c99name" : "ChauffeurCore",
"module_type" : "SwiftTarget",
"name" : "ChauffeurCore",
"path" : "Sources/ChauffeurCore",
"product_memberships" : [
"chauffeur"
],
"sources" : [
"Agent/MCPServer.swift",
"Agent/MCPStdio.swift",
"Agent/MCPTools.swift",
"Agent/Skill.swift",
"CLI.swift",
"Daemon/Daemon.swift",
"Daemon/UnixSocket.swift",
"Device/AXHealth.swift",
"Device/AXProvider.swift",
"Device/AXSettings.swift",
"Device/Device.swift",
"Device/Input.swift",
"Device/LogStream.swift",
"Device/Proc+Tree.swift",
"Device/SimApps.swift",
"Device/TouchLog.swift",
"Doctor.swift",
"Engine/Args.swift",
"Engine/Batch.swift",
"Engine/Session+Act.swift",
"Engine/Session+Apps.swift",
"Engine/Session+Batch.swift",
"Engine/Session+Clipboard.swift",
"Engine/Session+Device.swift",
"Engine/Session+Gestures.swift",
"Engine/Session+Logs.swift",
"Engine/Session+Network.swift",
"Engine/Session+Recover.swift",
"Engine/Session+Screen.swift",
"Engine/Session+Wait.swift",
"Engine/Session.swift",
"Errors.swift",
"Geometry.swift",
"JSON.swift",
"Logs/Crash.swift",
"Logs/LogTap.swift",
"Model.swift",
"Network/ConnectionWatch.swift",
"Network/Flow.swift",
"Network/LogRedact.swift",
"Network/NetJudge.swift",
"Network/PathShape.swift",
"Network/RequestEvidence.swift",
"Network/RequestLog.swift",
"Network/RequestText.swift",
"Network/Telemetry.swift",
"Paths.swift",
"Perception/Perception.swift",
"Perception/Query.swift",
"Perception/RefTable.swift",
"Perception/Snapshot.swift",
"Screen/Screenshot.swift",
"Settle.swift",
"Shell.swift",
"Target.swift",
"TouchLogParser.swift",
"Trace.swift",
"Verifier.swift"
],
"target_dependencies" : [
"ChauffeurBridge"
],
"type" : "library"
},
{
"c99name" : "ChauffeurBridge",
"module_type" : "ClangTarget",
"name" : "ChauffeurBridge",
"path" : "Sources/ChauffeurBridge",
"product_memberships" : [
"chauffeur"
],
"sources" : [
"CHAXReader.m",
"CHHIDClient.m",
"CHNetStats.m",
"CHSimulator.m"
],
"type" : "library"
}
],
"tools_version" : "6.0"
}
{
"workspace" : {
"name" : "spi-builder-workspace",
"schemes" : [
"chauffeur"
]
}
}
2026-10-30 05:26:38.788 xcodebuild[659:3999] [MT] IDERunDestination: Supported platforms for the buildables in the current scheme is empty.
Running build ...
env DEVELOPER_DIR=/Applications/Xcode-26.5.0.app xcrun xcodebuild -IDEClonedSourcePackagesDirPathOverride=$PWD/.dependencies -skipMacroValidation -skipPackagePluginValidation -derivedDataPath $PWD/.derivedData build -scheme chauffeur -destination generic/platform=watchOS
Command line invocation:
/Applications/Xcode-26.5.0.app/Contents/Developer/usr/bin/xcodebuild -IDEClonedSourcePackagesDirPathOverride=/Users/admin/builder/spi-builder-workspace/.dependencies -skipMacroValidation -skipPackagePluginValidation -derivedDataPath /Users/admin/builder/spi-builder-workspace/.derivedData build -scheme chauffeur -destination generic/platform=watchOS
Resolve Package Graph
Resolved source packages:
chauffeur: /Users/admin/builder/spi-builder-workspace
ComputePackagePrebuildTargetDependencyGraph
Prepare packages
CreateBuildRequest
SendProjectDescription
CreateBuildOperation
ComputeTargetDependencyGraph
note: Building targets in dependency order
note: Target dependency graph (3 targets)
Target 'chauffeur' in project 'chauffeur'
➜ Explicit dependency on target 'ChauffeurBridge' in project 'chauffeur'
➜ Explicit dependency on target 'ChauffeurCore' in project 'chauffeur'
Target 'ChauffeurCore' in project 'chauffeur'
➜ Explicit dependency on target 'ChauffeurBridge' in project 'chauffeur'
Target 'ChauffeurBridge' in project 'chauffeur' (no dependencies)
GatherProvisioningInputs
CreateBuildDescription
ExecuteExternalTool /Applications/Xcode-26.5.0.app/Contents/Developer/Toolchains/XcodeDefault.xctoolchain/usr/bin/clang -v -E -dM -arch arm64 -isysroot /Applications/Xcode-26.5.0.app/Contents/Developer/Platforms/WatchOS.platform/Developer/SDKs/WatchOS26.5.sdk -x objective-c -c /dev/null
ExecuteExternalTool /Applications/Xcode-26.5.0.app/Contents/Developer/Toolchains/XcodeDefault.xctoolchain/usr/bin/clang -v -E -dM -isysroot /Applications/Xcode-26.5.0.app/Contents/Developer/Platforms/WatchOS.platform/Developer/SDKs/WatchOS26.5.sdk -x c -c /dev/null
ExecuteExternalTool /Applications/Xcode-26.5.0.app/Contents/Developer/Toolchains/XcodeDefault.xctoolchain/usr/bin/swiftc --version
ExecuteExternalTool /Applications/Xcode-26.5.0.app/Contents/Developer/Toolchains/XcodeDefault.xctoolchain/usr/bin/clang -v -E -dM -arch arm64 -isysroot /Applications/Xcode-26.5.0.app/Contents/Developer/Platforms/WatchOS.platform/Developer/SDKs/WatchOS26.5.sdk -x c -c /dev/null
ExecuteExternalTool /Applications/Xcode-26.5.0.app/Contents/Developer/Toolchains/XcodeDefault.xctoolchain/usr/bin/ld -version_details
ExecuteExternalTool /Applications/Xcode-26.5.0.app/Contents/Developer/Toolchains/XcodeDefault.xctoolchain/usr/bin/clang -v -E -dM -arch armv7k -isysroot /Applications/Xcode-26.5.0.app/Contents/Developer/Platforms/WatchOS.platform/Developer/SDKs/WatchOS26.5.sdk -x objective-c -c /dev/null
ExecuteExternalTool /Applications/Xcode-26.5.0.app/Contents/Developer/Toolchains/XcodeDefault.xctoolchain/usr/bin/clang -v -E -dM -arch armv7k -isysroot /Applications/Xcode-26.5.0.app/Contents/Developer/Platforms/WatchOS.platform/Developer/SDKs/WatchOS26.5.sdk -x c -c /dev/null
ExecuteExternalTool /Applications/Xcode-26.5.0.app/Contents/Developer/Toolchains/XcodeDefault.xctoolchain/usr/bin/clang -v -E -dM -arch arm64_32 -isysroot /Applications/Xcode-26.5.0.app/Contents/Developer/Platforms/WatchOS.platform/Developer/SDKs/WatchOS26.5.sdk -x objective-c -c /dev/null
ExecuteExternalTool /Applications/Xcode-26.5.0.app/Contents/Developer/Toolchains/XcodeDefault.xctoolchain/usr/bin/clang -v -E -dM -arch arm64_32 -isysroot /Applications/Xcode-26.5.0.app/Contents/Developer/Platforms/WatchOS.platform/Developer/SDKs/WatchOS26.5.sdk -x c -c /dev/null
Build description signature: 5a1e956a380f00e5c4d4f17663d0fae2
Build description path: /Users/admin/builder/spi-builder-workspace/.derivedData/Build/Intermediates.noindex/XCBuildData/5a1e956a380f00e5c4d4f17663d0fae2.xcbuilddata
ClangStatCache /Applications/Xcode-26.5.0.app/Contents/Developer/Toolchains/XcodeDefault.xctoolchain/usr/bin/clang-stat-cache /Applications/Xcode-26.5.0.app/Contents/Developer/Platforms/WatchOS.platform/Developer/SDKs/WatchOS26.5.sdk /Users/admin/builder/spi-builder-workspace/.derivedData/SDKStatCaches.noindex/watchos26.5-23T570-688ef53f1462e2c8f657fdc38a81448f7931b973dfc65d9472806dbbc3af9379.sdkstatcache
cd /Users/admin/builder/spi-builder-workspace/.swiftpm/xcode
/Applications/Xcode-26.5.0.app/Contents/Developer/Toolchains/XcodeDefault.xctoolchain/usr/bin/clang-stat-cache /Applications/Xcode-26.5.0.app/Contents/Developer/Platforms/WatchOS.platform/Developer/SDKs/WatchOS26.5.sdk -o /Users/admin/builder/spi-builder-workspace/.derivedData/SDKStatCaches.noindex/watchos26.5-23T570-688ef53f1462e2c8f657fdc38a81448f7931b973dfc65d9472806dbbc3af9379.sdkstatcache
CreateBuildDirectory /Users/admin/builder/spi-builder-workspace/.derivedData/Build/Products
cd /Users/admin/builder/spi-builder-workspace/.swiftpm/xcode
builtin-create-build-directory /Users/admin/builder/spi-builder-workspace/.derivedData/Build/Products
CreateBuildDirectory /Users/admin/builder/spi-builder-workspace/.derivedData/Build/Intermediates.noindex
cd /Users/admin/builder/spi-builder-workspace/.swiftpm/xcode
builtin-create-build-directory /Users/admin/builder/spi-builder-workspace/.derivedData/Build/Intermediates.noindex
CreateBuildDirectory /Users/admin/builder/spi-builder-workspace/.derivedData/Build/Products/Debug-watchos
cd /Users/admin/builder/spi-builder-workspace/.swiftpm/xcode
builtin-create-build-directory /Users/admin/builder/spi-builder-workspace/.derivedData/Build/Products/Debug-watchos
CreateBuildDirectory /Users/admin/builder/spi-builder-workspace/.derivedData/Build/Intermediates.noindex/ExplicitPrecompiledModules
cd /Users/admin/builder/spi-builder-workspace/.swiftpm/xcode
builtin-create-build-directory /Users/admin/builder/spi-builder-workspace/.derivedData/Build/Intermediates.noindex/ExplicitPrecompiledModules
CreateBuildDirectory /Users/admin/builder/spi-builder-workspace/.derivedData/Build/Intermediates.noindex/SwiftExplicitPrecompiledModules
cd /Users/admin/builder/spi-builder-workspace/.swiftpm/xcode
builtin-create-build-directory /Users/admin/builder/spi-builder-workspace/.derivedData/Build/Intermediates.noindex/SwiftExplicitPrecompiledModules
CreateBuildDirectory /Users/admin/builder/spi-builder-workspace/.derivedData/Build/Intermediates.noindex/EagerLinkingTBDs/Debug-watchos
cd /Users/admin/builder/spi-builder-workspace/.swiftpm/xcode
builtin-create-build-directory /Users/admin/builder/spi-builder-workspace/.derivedData/Build/Intermediates.noindex/EagerLinkingTBDs/Debug-watchos
CreateBuildDirectory /Users/admin/builder/spi-builder-workspace/.derivedData/Build/Products/Debug-watchos/PackageFrameworks
cd /Users/admin/builder/spi-builder-workspace/.swiftpm/xcode
builtin-create-build-directory /Users/admin/builder/spi-builder-workspace/.derivedData/Build/Products/Debug-watchos/PackageFrameworks
WriteAuxiliaryFile /Users/admin/builder/spi-builder-workspace/.derivedData/Build/Intermediates.noindex/chauffeur.build/Debug-watchos/chauffeur.build/chauffeur.DependencyStaticMetadataFileList (in target 'chauffeur' from project 'chauffeur')
cd /Users/admin/builder/spi-builder-workspace
write-file /Users/admin/builder/spi-builder-workspace/.derivedData/Build/Intermediates.noindex/chauffeur.build/Debug-watchos/chauffeur.build/chauffeur.DependencyStaticMetadataFileList
WriteAuxiliaryFile /Users/admin/builder/spi-builder-workspace/.derivedData/Build/Intermediates.noindex/chauffeur.build/Debug-watchos/chauffeur.build/chauffeur.DependencyMetadataFileList (in target 'chauffeur' from project 'chauffeur')
cd /Users/admin/builder/spi-builder-workspace
write-file /Users/admin/builder/spi-builder-workspace/.derivedData/Build/Intermediates.noindex/chauffeur.build/Debug-watchos/chauffeur.build/chauffeur.DependencyMetadataFileList
WriteAuxiliaryFile /Users/admin/builder/spi-builder-workspace/.derivedData/Build/Intermediates.noindex/chauffeur.build/Debug-watchos/chauffeur.build/Objects-normal/arm64_32/chauffeur_const_extract_protocols.json (in target 'chauffeur' from project 'chauffeur')
cd /Users/admin/builder/spi-builder-workspace
write-file /Users/admin/builder/spi-builder-workspace/.derivedData/Build/Intermediates.noindex/chauffeur.build/Debug-watchos/chauffeur.build/Objects-normal/arm64_32/chauffeur_const_extract_protocols.json
WriteAuxiliaryFile /Users/admin/builder/spi-builder-workspace/.derivedData/Build/Intermediates.noindex/chauffeur.build/Debug-watchos/chauffeur.build/Objects-normal/arm64_32/chauffeur.SwiftFileList (in target 'chauffeur' from project 'chauffeur')
cd /Users/admin/builder/spi-builder-workspace
write-file /Users/admin/builder/spi-builder-workspace/.derivedData/Build/Intermediates.noindex/chauffeur.build/Debug-watchos/chauffeur.build/Objects-normal/arm64_32/chauffeur.SwiftFileList
WriteAuxiliaryFile /Users/admin/builder/spi-builder-workspace/.derivedData/Build/Intermediates.noindex/chauffeur.build/Debug-watchos/chauffeur.build/Objects-normal/armv7k/chauffeur_const_extract_protocols.json (in target 'chauffeur' from project 'chauffeur')
cd /Users/admin/builder/spi-builder-workspace
write-file /Users/admin/builder/spi-builder-workspace/.derivedData/Build/Intermediates.noindex/chauffeur.build/Debug-watchos/chauffeur.build/Objects-normal/armv7k/chauffeur_const_extract_protocols.json
WriteAuxiliaryFile /Users/admin/builder/spi-builder-workspace/.derivedData/Build/Intermediates.noindex/chauffeur.build/Debug-watchos/chauffeur.build/Objects-normal/arm64_32/chauffeur.LinkFileList (in target 'chauffeur' from project 'chauffeur')
cd /Users/admin/builder/spi-builder-workspace
write-file /Users/admin/builder/spi-builder-workspace/.derivedData/Build/Intermediates.noindex/chauffeur.build/Debug-watchos/chauffeur.build/Objects-normal/arm64_32/chauffeur.LinkFileList
WriteAuxiliaryFile /Users/admin/builder/spi-builder-workspace/.derivedData/Build/Intermediates.noindex/chauffeur.build/Debug-watchos/chauffeur.build/Objects-normal/armv7k/chauffeur-OutputFileMap.json (in target 'chauffeur' from project 'chauffeur')
cd /Users/admin/builder/spi-builder-workspace
write-file /Users/admin/builder/spi-builder-workspace/.derivedData/Build/Intermediates.noindex/chauffeur.build/Debug-watchos/chauffeur.build/Objects-normal/armv7k/chauffeur-OutputFileMap.json
WriteAuxiliaryFile /Users/admin/builder/spi-builder-workspace/.derivedData/Build/Intermediates.noindex/chauffeur.build/Debug-watchos/chauffeur.build/Objects-normal/armv7k/chauffeur.LinkFileList (in target 'chauffeur' from project 'chauffeur')
cd /Users/admin/builder/spi-builder-workspace
write-file /Users/admin/builder/spi-builder-workspace/.derivedData/Build/Intermediates.noindex/chauffeur.build/Debug-watchos/chauffeur.build/Objects-normal/armv7k/chauffeur.LinkFileList
WriteAuxiliaryFile /Users/admin/builder/spi-builder-workspace/.derivedData/Build/Intermediates.noindex/chauffeur.build/Debug-watchos/chauffeur.build/Objects-normal/armv7k/chauffeur.SwiftFileList (in target 'chauffeur' from project 'chauffeur')
cd /Users/admin/builder/spi-builder-workspace
write-file /Users/admin/builder/spi-builder-workspace/.derivedData/Build/Intermediates.noindex/chauffeur.build/Debug-watchos/chauffeur.build/Objects-normal/armv7k/chauffeur.SwiftFileList
WriteAuxiliaryFile /Users/admin/builder/spi-builder-workspace/.derivedData/Build/Intermediates.noindex/chauffeur.build/Debug-watchos/chauffeur.build/Objects-normal/arm64_32/chauffeur-OutputFileMap.json (in target 'chauffeur' from project 'chauffeur')
cd /Users/admin/builder/spi-builder-workspace
write-file /Users/admin/builder/spi-builder-workspace/.derivedData/Build/Intermediates.noindex/chauffeur.build/Debug-watchos/chauffeur.build/Objects-normal/arm64_32/chauffeur-OutputFileMap.json
WriteAuxiliaryFile /Users/admin/builder/spi-builder-workspace/.derivedData/Build/Intermediates.noindex/chauffeur.build/Debug-watchos/chauffeur.build/Objects-normal/arm64/chauffeur_const_extract_protocols.json (in target 'chauffeur' from project 'chauffeur')
cd /Users/admin/builder/spi-builder-workspace
write-file /Users/admin/builder/spi-builder-workspace/.derivedData/Build/Intermediates.noindex/chauffeur.build/Debug-watchos/chauffeur.build/Objects-normal/arm64/chauffeur_const_extract_protocols.json
WriteAuxiliaryFile /Users/admin/builder/spi-builder-workspace/.derivedData/Build/Intermediates.noindex/chauffeur.build/Debug-watchos/chauffeur.build/Objects-normal/arm64/chauffeur.SwiftFileList (in target 'chauffeur' from project 'chauffeur')
cd /Users/admin/builder/spi-builder-workspace
write-file /Users/admin/builder/spi-builder-workspace/.derivedData/Build/Intermediates.noindex/chauffeur.build/Debug-watchos/chauffeur.build/Objects-normal/arm64/chauffeur.SwiftFileList
WriteAuxiliaryFile /Users/admin/builder/spi-builder-workspace/.derivedData/Build/Intermediates.noindex/chauffeur.build/Debug-watchos/chauffeur.build/Objects-normal/arm64/chauffeur.LinkFileList (in target 'chauffeur' from project 'chauffeur')
cd /Users/admin/builder/spi-builder-workspace
write-file /Users/admin/builder/spi-builder-workspace/.derivedData/Build/Intermediates.noindex/chauffeur.build/Debug-watchos/chauffeur.build/Objects-normal/arm64/chauffeur.LinkFileList
WriteAuxiliaryFile /Users/admin/builder/spi-builder-workspace/.derivedData/Build/Intermediates.noindex/chauffeur.build/Debug-watchos/chauffeur.build/Objects-normal/arm64/chauffeur-OutputFileMap.json (in target 'chauffeur' from project 'chauffeur')
cd /Users/admin/builder/spi-builder-workspace
write-file /Users/admin/builder/spi-builder-workspace/.derivedData/Build/Intermediates.noindex/chauffeur.build/Debug-watchos/chauffeur.build/Objects-normal/arm64/chauffeur-OutputFileMap.json
WriteAuxiliaryFile /Users/admin/builder/spi-builder-workspace/.derivedData/Build/Intermediates.noindex/chauffeur.build/Debug-watchos/ChauffeurCore.build/Objects-normal/armv7k/ChauffeurCore_const_extract_protocols.json (in target 'ChauffeurCore' from project 'chauffeur')
cd /Users/admin/builder/spi-builder-workspace
write-file /Users/admin/builder/spi-builder-workspace/.derivedData/Build/Intermediates.noindex/chauffeur.build/Debug-watchos/ChauffeurCore.build/Objects-normal/armv7k/ChauffeurCore_const_extract_protocols.json
WriteAuxiliaryFile /Users/admin/builder/spi-builder-workspace/.derivedData/Build/Intermediates.noindex/chauffeur.build/Debug-watchos/ChauffeurCore.build/Objects-normal/armv7k/ChauffeurCore.SwiftFileList (in target 'ChauffeurCore' from project 'chauffeur')
cd /Users/admin/builder/spi-builder-workspace
write-file /Users/admin/builder/spi-builder-workspace/.derivedData/Build/Intermediates.noindex/chauffeur.build/Debug-watchos/ChauffeurCore.build/Objects-normal/armv7k/ChauffeurCore.SwiftFileList
WriteAuxiliaryFile /Users/admin/builder/spi-builder-workspace/.derivedData/Build/Intermediates.noindex/chauffeur.build/Debug-watchos/ChauffeurCore.build/Objects-normal/armv7k/ChauffeurCore.SwiftConstValuesFileList (in target 'ChauffeurCore' from project 'chauffeur')
cd /Users/admin/builder/spi-builder-workspace
write-file /Users/admin/builder/spi-builder-workspace/.derivedData/Build/Intermediates.noindex/chauffeur.build/Debug-watchos/ChauffeurCore.build/Objects-normal/armv7k/ChauffeurCore.SwiftConstValuesFileList
WriteAuxiliaryFile /Users/admin/builder/spi-builder-workspace/.derivedData/Build/Intermediates.noindex/chauffeur.build/Debug-watchos/ChauffeurCore.build/Objects-normal/armv7k/ChauffeurCore.LinkFileList (in target 'ChauffeurCore' from project 'chauffeur')
cd /Users/admin/builder/spi-builder-workspace
write-file /Users/admin/builder/spi-builder-workspace/.derivedData/Build/Intermediates.noindex/chauffeur.build/Debug-watchos/ChauffeurCore.build/Objects-normal/armv7k/ChauffeurCore.LinkFileList
WriteAuxiliaryFile /Users/admin/builder/spi-builder-workspace/.derivedData/Build/Intermediates.noindex/chauffeur.build/Debug-watchos/ChauffeurCore.build/Objects-normal/armv7k/ChauffeurCore-OutputFileMap.json (in target 'ChauffeurCore' from project 'chauffeur')
cd /Users/admin/builder/spi-builder-workspace
write-file /Users/admin/builder/spi-builder-workspace/.derivedData/Build/Intermediates.noindex/chauffeur.build/Debug-watchos/ChauffeurCore.build/Objects-normal/armv7k/ChauffeurCore-OutputFileMap.json
WriteAuxiliaryFile /Users/admin/builder/spi-builder-workspace/.derivedData/Build/Intermediates.noindex/chauffeur.build/Debug-watchos/ChauffeurCore.build/Objects-normal/arm64_32/ChauffeurCore_const_extract_protocols.json (in target 'ChauffeurCore' from project 'chauffeur')
cd /Users/admin/builder/spi-builder-workspace
write-file /Users/admin/builder/spi-builder-workspace/.derivedData/Build/Intermediates.noindex/chauffeur.build/Debug-watchos/ChauffeurCore.build/Objects-normal/arm64_32/ChauffeurCore_const_extract_protocols.json
WriteAuxiliaryFile /Users/admin/builder/spi-builder-workspace/.derivedData/Build/Intermediates.noindex/chauffeur.build/Debug-watchos/ChauffeurCore.build/Objects-normal/arm64_32/ChauffeurCore.SwiftFileList (in target 'ChauffeurCore' from project 'chauffeur')
cd /Users/admin/builder/spi-builder-workspace
write-file /Users/admin/builder/spi-builder-workspace/.derivedData/Build/Intermediates.noindex/chauffeur.build/Debug-watchos/ChauffeurCore.build/Objects-normal/arm64_32/ChauffeurCore.SwiftFileList
WriteAuxiliaryFile /Users/admin/builder/spi-builder-workspace/.derivedData/Build/Intermediates.noindex/chauffeur.build/Debug-watchos/ChauffeurCore.build/Objects-normal/arm64_32/ChauffeurCore.LinkFileList (in target 'ChauffeurCore' from project 'chauffeur')
cd /Users/admin/builder/spi-builder-workspace
write-file /Users/admin/builder/spi-builder-workspace/.derivedData/Build/Intermediates.noindex/chauffeur.build/Debug-watchos/ChauffeurCore.build/Objects-normal/arm64_32/ChauffeurCore.LinkFileList
WriteAuxiliaryFile /Users/admin/builder/spi-builder-workspace/.derivedData/Build/Intermediates.noindex/chauffeur.build/Debug-watchos/ChauffeurCore.build/Objects-normal/arm64_32/ChauffeurCore.SwiftConstValuesFileList (in target 'ChauffeurCore' from project 'chauffeur')
cd /Users/admin/builder/spi-builder-workspace
write-file /Users/admin/builder/spi-builder-workspace/.derivedData/Build/Intermediates.noindex/chauffeur.build/Debug-watchos/ChauffeurCore.build/Objects-normal/arm64_32/ChauffeurCore.SwiftConstValuesFileList
WriteAuxiliaryFile /Users/admin/builder/spi-builder-workspace/.derivedData/Build/Intermediates.noindex/chauffeur.build/Debug-watchos/ChauffeurCore.build/Objects-normal/arm64_32/ChauffeurCore-OutputFileMap.json (in target 'ChauffeurCore' from project 'chauffeur')
cd /Users/admin/builder/spi-builder-workspace
write-file /Users/admin/builder/spi-builder-workspace/.derivedData/Build/Intermediates.noindex/chauffeur.build/Debug-watchos/ChauffeurCore.build/Objects-normal/arm64_32/ChauffeurCore-OutputFileMap.json
WriteAuxiliaryFile /Users/admin/builder/spi-builder-workspace/.derivedData/Build/Intermediates.noindex/chauffeur.build/Debug-watchos/ChauffeurCore.build/Objects-normal/arm64/ChauffeurCore_const_extract_protocols.json (in target 'ChauffeurCore' from project 'chauffeur')
cd /Users/admin/builder/spi-builder-workspace
write-file /Users/admin/builder/spi-builder-workspace/.derivedData/Build/Intermediates.noindex/chauffeur.build/Debug-watchos/ChauffeurCore.build/Objects-normal/arm64/ChauffeurCore_const_extract_protocols.json
WriteAuxiliaryFile /Users/admin/builder/spi-builder-workspace/.derivedData/Build/Intermediates.noindex/chauffeur.build/Debug-watchos/ChauffeurCore.build/Objects-normal/arm64/ChauffeurCore.SwiftFileList (in target 'ChauffeurCore' from project 'chauffeur')
cd /Users/admin/builder/spi-builder-workspace
write-file /Users/admin/builder/spi-builder-workspace/.derivedData/Build/Intermediates.noindex/chauffeur.build/Debug-watchos/ChauffeurCore.build/Objects-normal/arm64/ChauffeurCore.SwiftFileList
WriteAuxiliaryFile /Users/admin/builder/spi-builder-workspace/.derivedData/Build/Intermediates.noindex/chauffeur.build/Debug-watchos/ChauffeurCore.build/Objects-normal/arm64/ChauffeurCore.SwiftConstValuesFileList (in target 'ChauffeurCore' from project 'chauffeur')
cd /Users/admin/builder/spi-builder-workspace
write-file /Users/admin/builder/spi-builder-workspace/.derivedData/Build/Intermediates.noindex/chauffeur.build/Debug-watchos/ChauffeurCore.build/Objects-normal/arm64/ChauffeurCore.SwiftConstValuesFileList
WriteAuxiliaryFile /Users/admin/builder/spi-builder-workspace/.derivedData/Build/Intermediates.noindex/chauffeur.build/Debug-watchos/ChauffeurCore.build/Objects-normal/arm64/ChauffeurCore.LinkFileList (in target 'ChauffeurCore' from project 'chauffeur')
cd /Users/admin/builder/spi-builder-workspace
write-file /Users/admin/builder/spi-builder-workspace/.derivedData/Build/Intermediates.noindex/chauffeur.build/Debug-watchos/ChauffeurCore.build/Objects-normal/arm64/ChauffeurCore.LinkFileList
WriteAuxiliaryFile /Users/admin/builder/spi-builder-workspace/.derivedData/Build/Intermediates.noindex/chauffeur.build/Debug-watchos/ChauffeurCore.build/Objects-normal/arm64/ChauffeurCore-OutputFileMap.json (in target 'ChauffeurCore' from project 'chauffeur')
cd /Users/admin/builder/spi-builder-workspace
write-file /Users/admin/builder/spi-builder-workspace/.derivedData/Build/Intermediates.noindex/chauffeur.build/Debug-watchos/ChauffeurCore.build/Objects-normal/arm64/ChauffeurCore-OutputFileMap.json
WriteAuxiliaryFile /Users/admin/builder/spi-builder-workspace/.derivedData/Build/Intermediates.noindex/chauffeur.build/Debug-watchos/ChauffeurCore.build/ChauffeurCore.modulemap (in target 'ChauffeurCore' from project 'chauffeur')
cd /Users/admin/builder/spi-builder-workspace
write-file /Users/admin/builder/spi-builder-workspace/.derivedData/Build/Intermediates.noindex/chauffeur.build/Debug-watchos/ChauffeurCore.build/ChauffeurCore.modulemap
WriteAuxiliaryFile /Users/admin/builder/spi-builder-workspace/.derivedData/Build/Intermediates.noindex/chauffeur.build/Debug-watchos/ChauffeurCore.build/ChauffeurCore.DependencyStaticMetadataFileList (in target 'ChauffeurCore' from project 'chauffeur')
cd /Users/admin/builder/spi-builder-workspace
write-file /Users/admin/builder/spi-builder-workspace/.derivedData/Build/Intermediates.noindex/chauffeur.build/Debug-watchos/ChauffeurCore.build/ChauffeurCore.DependencyStaticMetadataFileList
WriteAuxiliaryFile /Users/admin/builder/spi-builder-workspace/.derivedData/Build/Intermediates.noindex/chauffeur.build/Debug-watchos/ChauffeurCore.build/ChauffeurCore.DependencyMetadataFileList (in target 'ChauffeurCore' from project 'chauffeur')
cd /Users/admin/builder/spi-builder-workspace
write-file /Users/admin/builder/spi-builder-workspace/.derivedData/Build/Intermediates.noindex/chauffeur.build/Debug-watchos/ChauffeurCore.build/ChauffeurCore.DependencyMetadataFileList
WriteAuxiliaryFile /Users/admin/builder/spi-builder-workspace/.derivedData/Build/Intermediates.noindex/chauffeur.build/Debug-watchos/ChauffeurBridge.build/Objects-normal/armv7k/e6072d4f65d7061329687fe24e3d63a7-common-args.resp (in target 'ChauffeurBridge' from project 'chauffeur')
cd /Users/admin/builder/spi-builder-workspace
write-file /Users/admin/builder/spi-builder-workspace/.derivedData/Build/Intermediates.noindex/chauffeur.build/Debug-watchos/ChauffeurBridge.build/Objects-normal/armv7k/e6072d4f65d7061329687fe24e3d63a7-common-args.resp
-fobjc-arc -fmodules -gmodules '-fmodules-cache-path=/Users/admin/builder/spi-builder-workspace/.derivedData/ModuleCache.noindex' '-fmodule-name=ChauffeurBridge' -fpascal-strings -O0 -DSWIFT_PACKAGE '-DDEBUG=1' '-DOBJC_OLD_DISPATCH_PROTOTYPES=1' -g -fprofile-instr-generate -fcoverage-mapping -I/Users/admin/builder/spi-builder-workspace/.derivedData/Build/Products/Debug-watchos/include -I/Users/admin/builder/spi-builder-workspace/Sources/ChauffeurBridge/include -I/Users/admin/builder/spi-builder-workspace/.derivedData/Build/Intermediates.noindex/chauffeur.build/Debug-watchos/ChauffeurBridge.build/DerivedSources-normal/armv7k -I/Users/admin/builder/spi-builder-workspace/.derivedData/Build/Intermediates.noindex/chauffeur.build/Debug-watchos/ChauffeurBridge.build/DerivedSources/armv7k -I/Users/admin/builder/spi-builder-workspace/.derivedData/Build/Intermediates.noindex/chauffeur.build/Debug-watchos/ChauffeurBridge.build/DerivedSources -F/Users/admin/builder/spi-builder-workspace/.derivedData/Build/Products/Debug-watchos -iframework /Applications/Xcode-26.5.0.app/Contents/Developer/Platforms/WatchOS.platform/Developer/Library/Frameworks -iframework /Applications/Xcode-26.5.0.app/Contents/Developer/Platforms/WatchOS.platform/Developer/SDKs/WatchOS26.5.sdk/Developer/Library/Frameworks -DXcode
WriteAuxiliaryFile /Users/admin/builder/spi-builder-workspace/.derivedData/Build/Intermediates.noindex/chauffeur.build/Debug-watchos/ChauffeurBridge.build/Objects-normal/armv7k/ChauffeurBridge.LinkFileList (in target 'ChauffeurBridge' from project 'chauffeur')
cd /Users/admin/builder/spi-builder-workspace
write-file /Users/admin/builder/spi-builder-workspace/.derivedData/Build/Intermediates.noindex/chauffeur.build/Debug-watchos/ChauffeurBridge.build/Objects-normal/armv7k/ChauffeurBridge.LinkFileList
WriteAuxiliaryFile /Users/admin/builder/spi-builder-workspace/.derivedData/Build/Intermediates.noindex/chauffeur.build/Debug-watchos/ChauffeurBridge.build/Objects-normal/arm64_32/ChauffeurBridge.LinkFileList (in target 'ChauffeurBridge' from project 'chauffeur')
cd /Users/admin/builder/spi-builder-workspace
write-file /Users/admin/builder/spi-builder-workspace/.derivedData/Build/Intermediates.noindex/chauffeur.build/Debug-watchos/ChauffeurBridge.build/Objects-normal/arm64_32/ChauffeurBridge.LinkFileList
WriteAuxiliaryFile /Users/admin/builder/spi-builder-workspace/.derivedData/Build/Intermediates.noindex/chauffeur.build/Debug-watchos/ChauffeurBridge.build/Objects-normal/arm64_32/e6072d4f65d7061329687fe24e3d63a7-common-args.resp (in target 'ChauffeurBridge' from project 'chauffeur')
cd /Users/admin/builder/spi-builder-workspace
write-file /Users/admin/builder/spi-builder-workspace/.derivedData/Build/Intermediates.noindex/chauffeur.build/Debug-watchos/ChauffeurBridge.build/Objects-normal/arm64_32/e6072d4f65d7061329687fe24e3d63a7-common-args.resp
-fobjc-arc -fmodules -gmodules '-fmodules-cache-path=/Users/admin/builder/spi-builder-workspace/.derivedData/ModuleCache.noindex' '-fmodule-name=ChauffeurBridge' -fpascal-strings -O0 -DSWIFT_PACKAGE '-DDEBUG=1' '-DOBJC_OLD_DISPATCH_PROTOTYPES=1' -g -fprofile-instr-generate -fcoverage-mapping -I/Users/admin/builder/spi-builder-workspace/.derivedData/Build/Products/Debug-watchos/include -I/Users/admin/builder/spi-builder-workspace/Sources/ChauffeurBridge/include -I/Users/admin/builder/spi-builder-workspace/.derivedData/Build/Intermediates.noindex/chauffeur.build/Debug-watchos/ChauffeurBridge.build/DerivedSources-normal/arm64_32 -I/Users/admin/builder/spi-builder-workspace/.derivedData/Build/Intermediates.noindex/chauffeur.build/Debug-watchos/ChauffeurBridge.build/DerivedSources/arm64_32 -I/Users/admin/builder/spi-builder-workspace/.derivedData/Build/Intermediates.noindex/chauffeur.build/Debug-watchos/ChauffeurBridge.build/DerivedSources -F/Users/admin/builder/spi-builder-workspace/.derivedData/Build/Products/Debug-watchos -iframework /Applications/Xcode-26.5.0.app/Contents/Developer/Platforms/WatchOS.platform/Developer/Library/Frameworks -iframework /Applications/Xcode-26.5.0.app/Contents/Developer/Platforms/WatchOS.platform/Developer/SDKs/WatchOS26.5.sdk/Developer/Library/Frameworks -DXcode
WriteAuxiliaryFile /Users/admin/builder/spi-builder-workspace/.derivedData/Build/Intermediates.noindex/chauffeur.build/Debug-watchos/ChauffeurBridge.build/Objects-normal/arm64/e6072d4f65d7061329687fe24e3d63a7-common-args.resp (in target 'ChauffeurBridge' from project 'chauffeur')
cd /Users/admin/builder/spi-builder-workspace
write-file /Users/admin/builder/spi-builder-workspace/.derivedData/Build/Intermediates.noindex/chauffeur.build/Debug-watchos/ChauffeurBridge.build/Objects-normal/arm64/e6072d4f65d7061329687fe24e3d63a7-common-args.resp
-fobjc-arc -fmodules -gmodules '-fmodules-cache-path=/Users/admin/builder/spi-builder-workspace/.derivedData/ModuleCache.noindex' '-fmodule-name=ChauffeurBridge' -fpascal-strings -O0 -DSWIFT_PACKAGE '-DDEBUG=1' '-DOBJC_OLD_DISPATCH_PROTOTYPES=1' -g -fprofile-instr-generate -fcoverage-mapping -I/Users/admin/builder/spi-builder-workspace/.derivedData/Build/Products/Debug-watchos/include -I/Users/admin/builder/spi-builder-workspace/Sources/ChauffeurBridge/include -I/Users/admin/builder/spi-builder-workspace/.derivedData/Build/Intermediates.noindex/chauffeur.build/Debug-watchos/ChauffeurBridge.build/DerivedSources-normal/arm64 -I/Users/admin/builder/spi-builder-workspace/.derivedData/Build/Intermediates.noindex/chauffeur.build/Debug-watchos/ChauffeurBridge.build/DerivedSources/arm64 -I/Users/admin/builder/spi-builder-workspace/.derivedData/Build/Intermediates.noindex/chauffeur.build/Debug-watchos/ChauffeurBridge.build/DerivedSources -F/Users/admin/builder/spi-builder-workspace/.derivedData/Build/Products/Debug-watchos -iframework /Applications/Xcode-26.5.0.app/Contents/Developer/Platforms/WatchOS.platform/Developer/Library/Frameworks -iframework /Applications/Xcode-26.5.0.app/Contents/Developer/Platforms/WatchOS.platform/Developer/SDKs/WatchOS26.5.sdk/Developer/Library/Frameworks -DXcode
WriteAuxiliaryFile /Users/admin/builder/spi-builder-workspace/.derivedData/Build/Intermediates.noindex/chauffeur.build/Debug-watchos/ChauffeurBridge.build/Objects-normal/arm64/ChauffeurBridge.LinkFileList (in target 'ChauffeurBridge' from project 'chauffeur')
cd /Users/admin/builder/spi-builder-workspace
write-file /Users/admin/builder/spi-builder-workspace/.derivedData/Build/Intermediates.noindex/chauffeur.build/Debug-watchos/ChauffeurBridge.build/Objects-normal/arm64/ChauffeurBridge.LinkFileList
WriteAuxiliaryFile /Users/admin/builder/spi-builder-workspace/.derivedData/Build/Intermediates.noindex/chauffeur.build/Debug-watchos/ChauffeurBridge.build/ChauffeurBridge.modulemap (in target 'ChauffeurBridge' from project 'chauffeur')
cd /Users/admin/builder/spi-builder-workspace
write-file /Users/admin/builder/spi-builder-workspace/.derivedData/Build/Intermediates.noindex/chauffeur.build/Debug-watchos/ChauffeurBridge.build/ChauffeurBridge.modulemap
WriteAuxiliaryFile /Users/admin/builder/spi-builder-workspace/.derivedData/Build/Intermediates.noindex/chauffeur.build/Debug-watchos/ChauffeurBridge.build/ChauffeurBridge.DependencyStaticMetadataFileList (in target 'ChauffeurBridge' from project 'chauffeur')
cd /Users/admin/builder/spi-builder-workspace
write-file /Users/admin/builder/spi-builder-workspace/.derivedData/Build/Intermediates.noindex/chauffeur.build/Debug-watchos/ChauffeurBridge.build/ChauffeurBridge.DependencyStaticMetadataFileList
WriteAuxiliaryFile /Users/admin/builder/spi-builder-workspace/.derivedData/Build/Intermediates.noindex/chauffeur.build/Debug-watchos/ChauffeurBridge.build/ChauffeurBridge.DependencyMetadataFileList (in target 'ChauffeurBridge' from project 'chauffeur')
cd /Users/admin/builder/spi-builder-workspace
write-file /Users/admin/builder/spi-builder-workspace/.derivedData/Build/Intermediates.noindex/chauffeur.build/Debug-watchos/ChauffeurBridge.build/ChauffeurBridge.DependencyMetadataFileList
Copy /Users/admin/builder/spi-builder-workspace/.derivedData/Build/Intermediates.noindex/GeneratedModuleMaps-watchos/ChauffeurCore.modulemap /Users/admin/builder/spi-builder-workspace/.derivedData/Build/Intermediates.noindex/chauffeur.build/Debug-watchos/ChauffeurCore.build/ChauffeurCore.modulemap (in target 'ChauffeurCore' from project 'chauffeur')
cd /Users/admin/builder/spi-builder-workspace
builtin-copy -exclude .DS_Store -exclude CVS -exclude .svn -exclude .git -exclude .hg -resolve-src-symlinks /Users/admin/builder/spi-builder-workspace/.derivedData/Build/Intermediates.noindex/chauffeur.build/Debug-watchos/ChauffeurCore.build/ChauffeurCore.modulemap /Users/admin/builder/spi-builder-workspace/.derivedData/Build/Intermediates.noindex/GeneratedModuleMaps-watchos
Copy /Users/admin/builder/spi-builder-workspace/.derivedData/Build/Intermediates.noindex/GeneratedModuleMaps-watchos/ChauffeurBridge.modulemap /Users/admin/builder/spi-builder-workspace/.derivedData/Build/Intermediates.noindex/chauffeur.build/Debug-watchos/ChauffeurBridge.build/ChauffeurBridge.modulemap (in target 'ChauffeurBridge' from project 'chauffeur')
cd /Users/admin/builder/spi-builder-workspace
builtin-copy -exclude .DS_Store -exclude CVS -exclude .svn -exclude .git -exclude .hg -resolve-src-symlinks /Users/admin/builder/spi-builder-workspace/.derivedData/Build/Intermediates.noindex/chauffeur.build/Debug-watchos/ChauffeurBridge.build/ChauffeurBridge.modulemap /Users/admin/builder/spi-builder-workspace/.derivedData/Build/Intermediates.noindex/GeneratedModuleMaps-watchos
ScanDependencies /Users/admin/builder/spi-builder-workspace/.derivedData/Build/Intermediates.noindex/chauffeur.build/Debug-watchos/ChauffeurBridge.build/Objects-normal/armv7k/CHSimulator.o /Users/admin/builder/spi-builder-workspace/Sources/ChauffeurBridge/CHSimulator.m normal armv7k objective-c com.apple.compilers.llvm.clang.1_0.compiler (in target 'ChauffeurBridge' from project 'chauffeur')
cd /Users/admin/builder/spi-builder-workspace/.swiftpm/xcode
Using response file: /Users/admin/builder/spi-builder-workspace/.derivedData/Build/Intermediates.noindex/chauffeur.build/Debug-watchos/ChauffeurBridge.build/Objects-normal/armv7k/e6072d4f65d7061329687fe24e3d63a7-common-args.resp
builtin-ScanDependencies -o /Users/admin/builder/spi-builder-workspace/.derivedData/Build/Intermediates.noindex/chauffeur.build/Debug-watchos/ChauffeurBridge.build/Objects-normal/armv7k/CHSimulator.o.scan -- /Applications/Xcode-26.5.0.app/Contents/Developer/Toolchains/XcodeDefault.xctoolchain/usr/bin/clang -x objective-c -ivfsstatcache /Users/admin/builder/spi-builder-workspace/.derivedData/SDKStatCaches.noindex/watchos26.5-23T570-688ef53f1462e2c8f657fdc38a81448f7931b973dfc65d9472806dbbc3af9379.sdkstatcache -target armv7k-apple-watchos5.0 -fmessage-length\=0 -fdiagnostics-show-note-include-stack -fmacro-backtrace-limit\=0 -fno-color-diagnostics -fmodules-prune-interval\=86400 -fmodules-prune-after\=345600 -fbuild-session-file\=/Users/admin/builder/spi-builder-workspace/.derivedData/ModuleCache.noindex/Session.modulevalidation -fmodules-validate-once-per-build-session -Wnon-modular-include-in-framework-module -Werror\=non-modular-include-in-framework-module -Wno-trigraphs -Wno-missing-field-initializers -Wno-missing-prototypes -Wno-return-type -Wno-implicit-atomic-properties -Wno-objc-interface-ivars -Wno-arc-repeated-use-of-weak -Wno-missing-braces -Wparentheses -Wswitch -Wno-unused-function -Wno-unused-label -Wno-unused-parameter -Wno-unused-variable -Wunused-value -Wno-empty-body -Wno-uninitialized -Wno-unknown-pragmas -Wno-shadow -Wno-four-char-constants -Wno-conversion -Wno-constant-conversion -Wno-int-conversion -Wno-bool-conversion -Wno-enum-conversion -Wno-float-conversion -Wno-non-literal-null-conversion -Wno-objc-literal-conversion -Wno-shorten-64-to-32 -Wpointer-sign -Wno-newline-eof -Wno-selector -Wno-strict-selector-match -Wno-undeclared-selector -Wno-deprecated-implementations -Wno-implicit-fallthrough -isysroot /Applications/Xcode-26.5.0.app/Contents/Developer/Platforms/WatchOS.platform/Developer/SDKs/WatchOS26.5.sdk -fstrict-aliasing -Wprotocol -Wdeprecated-declarations -Wno-sign-conversion -Wno-infinite-recursion -Wno-comma -Wno-block-capture-autoreleasing -Wno-strict-prototypes -Wno-semicolon-before-method-body -index-store-path /Users/admin/builder/spi-builder-workspace/.derivedData/Index.noindex/DataStore @/Users/admin/builder/spi-builder-workspace/.derivedData/Build/Intermediates.noindex/chauffeur.build/Debug-watchos/ChauffeurBridge.build/Objects-normal/armv7k/e6072d4f65d7061329687fe24e3d63a7-common-args.resp -MMD -MT dependencies -MF /Users/admin/builder/spi-builder-workspace/.derivedData/Build/Intermediates.noindex/chauffeur.build/Debug-watchos/ChauffeurBridge.build/Objects-normal/armv7k/CHSimulator.d --serialize-diagnostics /Users/admin/builder/spi-builder-workspace/.derivedData/Build/Intermediates.noindex/chauffeur.build/Debug-watchos/ChauffeurBridge.build/Objects-normal/armv7k/CHSimulator.dia -c /Users/admin/builder/spi-builder-workspace/Sources/ChauffeurBridge/CHSimulator.m -o /Users/admin/builder/spi-builder-workspace/.derivedData/Build/Intermediates.noindex/chauffeur.build/Debug-watchos/ChauffeurBridge.build/Objects-normal/armv7k/CHSimulator.o -index-unit-output-path /chauffeur.build/Debug-watchos/ChauffeurBridge.build/Objects-normal/armv7k/CHSimulator.o
ScanDependencies /Users/admin/builder/spi-builder-workspace/.derivedData/Build/Intermediates.noindex/chauffeur.build/Debug-watchos/ChauffeurBridge.build/Objects-normal/armv7k/CHNetStats.o /Users/admin/builder/spi-builder-workspace/Sources/ChauffeurBridge/CHNetStats.m normal armv7k objective-c com.apple.compilers.llvm.clang.1_0.compiler (in target 'ChauffeurBridge' from project 'chauffeur')
cd /Users/admin/builder/spi-builder-workspace/.swiftpm/xcode
Using response file: /Users/admin/builder/spi-builder-workspace/.derivedData/Build/Intermediates.noindex/chauffeur.build/Debug-watchos/ChauffeurBridge.build/Objects-normal/armv7k/e6072d4f65d7061329687fe24e3d63a7-common-args.resp
builtin-ScanDependencies -o /Users/admin/builder/spi-builder-workspace/.derivedData/Build/Intermediates.noindex/chauffeur.build/Debug-watchos/ChauffeurBridge.build/Objects-normal/armv7k/CHNetStats.o.scan -- /Applications/Xcode-26.5.0.app/Contents/Developer/Toolchains/XcodeDefault.xctoolchain/usr/bin/clang -x objective-c -ivfsstatcache /Users/admin/builder/spi-builder-workspace/.derivedData/SDKStatCaches.noindex/watchos26.5-23T570-688ef53f1462e2c8f657fdc38a81448f7931b973dfc65d9472806dbbc3af9379.sdkstatcache -target armv7k-apple-watchos5.0 -fmessage-length\=0 -fdiagnostics-show-note-include-stack -fmacro-backtrace-limit\=0 -fno-color-diagnostics -fmodules-prune-interval\=86400 -fmodules-prune-after\=345600 -fbuild-session-file\=/Users/admin/builder/spi-builder-workspace/.derivedData/ModuleCache.noindex/Session.modulevalidation -fmodules-validate-once-per-build-session -Wnon-modular-include-in-framework-module -Werror\=non-modular-include-in-framework-module -Wno-trigraphs -Wno-missing-field-initializers -Wno-missing-prototypes -Wno-return-type -Wno-implicit-atomic-properties -Wno-objc-interface-ivars -Wno-arc-repeated-use-of-weak -Wno-missing-braces -Wparentheses -Wswitch -Wno-unused-function -Wno-unused-label -Wno-unused-parameter -Wno-unused-variable -Wunused-value -Wno-empty-body -Wno-uninitialized -Wno-unknown-pragmas -Wno-shadow -Wno-four-char-constants -Wno-conversion -Wno-constant-conversion -Wno-int-conversion -Wno-bool-conversion -Wno-enum-conversion -Wno-float-conversion -Wno-non-literal-null-conversion -Wno-objc-literal-conversion -Wno-shorten-64-to-32 -Wpointer-sign -Wno-newline-eof -Wno-selector -Wno-strict-selector-match -Wno-undeclared-selector -Wno-deprecated-implementations -Wno-implicit-fallthrough -isysroot /Applications/Xcode-26.5.0.app/Contents/Developer/Platforms/WatchOS.platform/Developer/SDKs/WatchOS26.5.sdk -fstrict-aliasing -Wprotocol -Wdeprecated-declarations -Wno-sign-conversion -Wno-infinite-recursion -Wno-comma -Wno-block-capture-autoreleasing -Wno-strict-prototypes -Wno-semicolon-before-method-body -index-store-path /Users/admin/builder/spi-builder-workspace/.derivedData/Index.noindex/DataStore @/Users/admin/builder/spi-builder-workspace/.derivedData/Build/Intermediates.noindex/chauffeur.build/Debug-watchos/ChauffeurBridge.build/Objects-normal/armv7k/e6072d4f65d7061329687fe24e3d63a7-common-args.resp -MMD -MT dependencies -MF /Users/admin/builder/spi-builder-workspace/.derivedData/Build/Intermediates.noindex/chauffeur.build/Debug-watchos/ChauffeurBridge.build/Objects-normal/armv7k/CHNetStats.d --serialize-diagnostics /Users/admin/builder/spi-builder-workspace/.derivedData/Build/Intermediates.noindex/chauffeur.build/Debug-watchos/ChauffeurBridge.build/Objects-normal/armv7k/CHNetStats.dia -c /Users/admin/builder/spi-builder-workspace/Sources/ChauffeurBridge/CHNetStats.m -o /Users/admin/builder/spi-builder-workspace/.derivedData/Build/Intermediates.noindex/chauffeur.build/Debug-watchos/ChauffeurBridge.build/Objects-normal/armv7k/CHNetStats.o -index-unit-output-path /chauffeur.build/Debug-watchos/ChauffeurBridge.build/Objects-normal/armv7k/CHNetStats.o
ScanDependencies /Users/admin/builder/spi-builder-workspace/.derivedData/Build/Intermediates.noindex/chauffeur.build/Debug-watchos/ChauffeurBridge.build/Objects-normal/armv7k/CHHIDClient.o /Users/admin/builder/spi-builder-workspace/Sources/ChauffeurBridge/CHHIDClient.m normal armv7k objective-c com.apple.compilers.llvm.clang.1_0.compiler (in target 'ChauffeurBridge' from project 'chauffeur')
cd /Users/admin/builder/spi-builder-workspace/.swiftpm/xcode
Using response file: /Users/admin/builder/spi-builder-workspace/.derivedData/Build/Intermediates.noindex/chauffeur.build/Debug-watchos/ChauffeurBridge.build/Objects-normal/armv7k/e6072d4f65d7061329687fe24e3d63a7-common-args.resp
builtin-ScanDependencies -o /Users/admin/builder/spi-builder-workspace/.derivedData/Build/Intermediates.noindex/chauffeur.build/Debug-watchos/ChauffeurBridge.build/Objects-normal/armv7k/CHHIDClient.o.scan -- /Applications/Xcode-26.5.0.app/Contents/Developer/Toolchains/XcodeDefault.xctoolchain/usr/bin/clang -x objective-c -ivfsstatcache /Users/admin/builder/spi-builder-workspace/.derivedData/SDKStatCaches.noindex/watchos26.5-23T570-688ef53f1462e2c8f657fdc38a81448f7931b973dfc65d9472806dbbc3af9379.sdkstatcache -target armv7k-apple-watchos5.0 -fmessage-length\=0 -fdiagnostics-show-note-include-stack -fmacro-backtrace-limit\=0 -fno-color-diagnostics -fmodules-prune-interval\=86400 -fmodules-prune-after\=345600 -fbuild-session-file\=/Users/admin/builder/spi-builder-workspace/.derivedData/ModuleCache.noindex/Session.modulevalidation -fmodules-validate-once-per-build-session -Wnon-modular-include-in-framework-module -Werror\=non-modular-include-in-framework-module -Wno-trigraphs -Wno-missing-field-initializers -Wno-missing-prototypes -Wno-return-type -Wno-implicit-atomic-properties -Wno-objc-interface-ivars -Wno-arc-repeated-use-of-weak -Wno-missing-braces -Wparentheses -Wswitch -Wno-unused-function -Wno-unused-label -Wno-unused-parameter -Wno-unused-variable -Wunused-value -Wno-empty-body -Wno-uninitialized -Wno-unknown-pragmas -Wno-shadow -Wno-four-char-constants -Wno-conversion -Wno-constant-conversion -Wno-int-conversion -Wno-bool-conversion -Wno-enum-conversion -Wno-float-conversion -Wno-non-literal-null-conversion -Wno-objc-literal-conversion -Wno-shorten-64-to-32 -Wpointer-sign -Wno-newline-eof -Wno-selector -Wno-strict-selector-match -Wno-undeclared-selector -Wno-deprecated-implementations -Wno-implicit-fallthrough -isysroot /Applications/Xcode-26.5.0.app/Contents/Developer/Platforms/WatchOS.platform/Developer/SDKs/WatchOS26.5.sdk -fstrict-aliasing -Wprotocol -Wdeprecated-declarations -Wno-sign-conversion -Wno-infinite-recursion -Wno-comma -Wno-block-capture-autoreleasing -Wno-strict-prototypes -Wno-semicolon-before-method-body -index-store-path /Users/admin/builder/spi-builder-workspace/.derivedData/Index.noindex/DataStore @/Users/admin/builder/spi-builder-workspace/.derivedData/Build/Intermediates.noindex/chauffeur.build/Debug-watchos/ChauffeurBridge.build/Objects-normal/armv7k/e6072d4f65d7061329687fe24e3d63a7-common-args.resp -MMD -MT dependencies -MF /Users/admin/builder/spi-builder-workspace/.derivedData/Build/Intermediates.noindex/chauffeur.build/Debug-watchos/ChauffeurBridge.build/Objects-normal/armv7k/CHHIDClient.d --serialize-diagnostics /Users/admin/builder/spi-builder-workspace/.derivedData/Build/Intermediates.noindex/chauffeur.build/Debug-watchos/ChauffeurBridge.build/Objects-normal/armv7k/CHHIDClient.dia -c /Users/admin/builder/spi-builder-workspace/Sources/ChauffeurBridge/CHHIDClient.m -o /Users/admin/builder/spi-builder-workspace/.derivedData/Build/Intermediates.noindex/chauffeur.build/Debug-watchos/ChauffeurBridge.build/Objects-normal/armv7k/CHHIDClient.o -index-unit-output-path /chauffeur.build/Debug-watchos/ChauffeurBridge.build/Objects-normal/armv7k/CHHIDClient.o
/Users/admin/builder/spi-builder-workspace/Sources/ChauffeurBridge/CHHIDClient.m:5:9: error: 'AppKit/AppKit.h' file not found (in target 'ChauffeurBridge' from project 'chauffeur')
ScanDependencies /Users/admin/builder/spi-builder-workspace/.derivedData/Build/Intermediates.noindex/chauffeur.build/Debug-watchos/ChauffeurBridge.build/Objects-normal/armv7k/CHAXReader.o /Users/admin/builder/spi-builder-workspace/Sources/ChauffeurBridge/CHAXReader.m normal armv7k objective-c com.apple.compilers.llvm.clang.1_0.compiler (in target 'ChauffeurBridge' from project 'chauffeur')
cd /Users/admin/builder/spi-builder-workspace/.swiftpm/xcode
Using response file: /Users/admin/builder/spi-builder-workspace/.derivedData/Build/Intermediates.noindex/chauffeur.build/Debug-watchos/ChauffeurBridge.build/Objects-normal/armv7k/e6072d4f65d7061329687fe24e3d63a7-common-args.resp
builtin-ScanDependencies -o /Users/admin/builder/spi-builder-workspace/.derivedData/Build/Intermediates.noindex/chauffeur.build/Debug-watchos/ChauffeurBridge.build/Objects-normal/armv7k/CHAXReader.o.scan -- /Applications/Xcode-26.5.0.app/Contents/Developer/Toolchains/XcodeDefault.xctoolchain/usr/bin/clang -x objective-c -ivfsstatcache /Users/admin/builder/spi-builder-workspace/.derivedData/SDKStatCaches.noindex/watchos26.5-23T570-688ef53f1462e2c8f657fdc38a81448f7931b973dfc65d9472806dbbc3af9379.sdkstatcache -target armv7k-apple-watchos5.0 -fmessage-length\=0 -fdiagnostics-show-note-include-stack -fmacro-backtrace-limit\=0 -fno-color-diagnostics -fmodules-prune-interval\=86400 -fmodules-prune-after\=345600 -fbuild-session-file\=/Users/admin/builder/spi-builder-workspace/.derivedData/ModuleCache.noindex/Session.modulevalidation -fmodules-validate-once-per-build-session -Wnon-modular-include-in-framework-module -Werror\=non-modular-include-in-framework-module -Wno-trigraphs -Wno-missing-field-initializers -Wno-missing-prototypes -Wno-return-type -Wno-implicit-atomic-properties -Wno-objc-interface-ivars -Wno-arc-repeated-use-of-weak -Wno-missing-braces -Wparentheses -Wswitch -Wno-unused-function -Wno-unused-label -Wno-unused-parameter -Wno-unused-variable -Wunused-value -Wno-empty-body -Wno-uninitialized -Wno-unknown-pragmas -Wno-shadow -Wno-four-char-constants -Wno-conversion -Wno-constant-conversion -Wno-int-conversion -Wno-bool-conversion -Wno-enum-conversion -Wno-float-conversion -Wno-non-literal-null-conversion -Wno-objc-literal-conversion -Wno-shorten-64-to-32 -Wpointer-sign -Wno-newline-eof -Wno-selector -Wno-strict-selector-match -Wno-undeclared-selector -Wno-deprecated-implementations -Wno-implicit-fallthrough -isysroot /Applications/Xcode-26.5.0.app/Contents/Developer/Platforms/WatchOS.platform/Developer/SDKs/WatchOS26.5.sdk -fstrict-aliasing -Wprotocol -Wdeprecated-declarations -Wno-sign-conversion -Wno-infinite-recursion -Wno-comma -Wno-block-capture-autoreleasing -Wno-strict-prototypes -Wno-semicolon-before-method-body -index-store-path /Users/admin/builder/spi-builder-workspace/.derivedData/Index.noindex/DataStore @/Users/admin/builder/spi-builder-workspace/.derivedData/Build/Intermediates.noindex/chauffeur.build/Debug-watchos/ChauffeurBridge.build/Objects-normal/armv7k/e6072d4f65d7061329687fe24e3d63a7-common-args.resp -MMD -MT dependencies -MF /Users/admin/builder/spi-builder-workspace/.derivedData/Build/Intermediates.noindex/chauffeur.build/Debug-watchos/ChauffeurBridge.build/Objects-normal/armv7k/CHAXReader.d --serialize-diagnostics /Users/admin/builder/spi-builder-workspace/.derivedData/Build/Intermediates.noindex/chauffeur.build/Debug-watchos/ChauffeurBridge.build/Objects-normal/armv7k/CHAXReader.dia -c /Users/admin/builder/spi-builder-workspace/Sources/ChauffeurBridge/CHAXReader.m -o /Users/admin/builder/spi-builder-workspace/.derivedData/Build/Intermediates.noindex/chauffeur.build/Debug-watchos/ChauffeurBridge.build/Objects-normal/armv7k/CHAXReader.o -index-unit-output-path /chauffeur.build/Debug-watchos/ChauffeurBridge.build/Objects-normal/armv7k/CHAXReader.o
/Users/admin/builder/spi-builder-workspace/Sources/ChauffeurBridge/CHAXReader.m:4:9: error: 'AppKit/AppKit.h' file not found (in target 'ChauffeurBridge' from project 'chauffeur')
ScanDependencies /Users/admin/builder/spi-builder-workspace/.derivedData/Build/Intermediates.noindex/chauffeur.build/Debug-watchos/ChauffeurBridge.build/Objects-normal/arm64_32/CHSimulator.o /Users/admin/builder/spi-builder-workspace/Sources/ChauffeurBridge/CHSimulator.m normal arm64_32 objective-c com.apple.compilers.llvm.clang.1_0.compiler (in target 'ChauffeurBridge' from project 'chauffeur')
cd /Users/admin/builder/spi-builder-workspace/.swiftpm/xcode
Using response file: /Users/admin/builder/spi-builder-workspace/.derivedData/Build/Intermediates.noindex/chauffeur.build/Debug-watchos/ChauffeurBridge.build/Objects-normal/arm64_32/e6072d4f65d7061329687fe24e3d63a7-common-args.resp
builtin-ScanDependencies -o /Users/admin/builder/spi-builder-workspace/.derivedData/Build/Intermediates.noindex/chauffeur.build/Debug-watchos/ChauffeurBridge.build/Objects-normal/arm64_32/CHSimulator.o.scan -- /Applications/Xcode-26.5.0.app/Contents/Developer/Toolchains/XcodeDefault.xctoolchain/usr/bin/clang -x objective-c -ivfsstatcache /Users/admin/builder/spi-builder-workspace/.derivedData/SDKStatCaches.noindex/watchos26.5-23T570-688ef53f1462e2c8f657fdc38a81448f7931b973dfc65d9472806dbbc3af9379.sdkstatcache -target arm64_32-apple-watchos5.0 -fmessage-length\=0 -fdiagnostics-show-note-include-stack -fmacro-backtrace-limit\=0 -fno-color-diagnostics -fmodules-prune-interval\=86400 -fmodules-prune-after\=345600 -fbuild-session-file\=/Users/admin/builder/spi-builder-workspace/.derivedData/ModuleCache.noindex/Session.modulevalidation -fmodules-validate-once-per-build-session -Wnon-modular-include-in-framework-module -Werror\=non-modular-include-in-framework-module -Wno-trigraphs -Wno-missing-field-initializers -Wno-missing-prototypes -Wno-return-type -Wno-implicit-atomic-properties -Wno-objc-interface-ivars -Wno-arc-repeated-use-of-weak -Wno-missing-braces -Wparentheses -Wswitch -Wno-unused-function -Wno-unused-label -Wno-unused-parameter -Wno-unused-variable -Wunused-value -Wno-empty-body -Wno-uninitialized -Wno-unknown-pragmas -Wno-shadow -Wno-four-char-constants -Wno-conversion -Wno-constant-conversion -Wno-int-conversion -Wno-bool-conversion -Wno-enum-conversion -Wno-float-conversion -Wno-non-literal-null-conversion -Wno-objc-literal-conversion -Wno-shorten-64-to-32 -Wpointer-sign -Wno-newline-eof -Wno-selector -Wno-strict-selector-match -Wno-undeclared-selector -Wno-deprecated-implementations -Wno-implicit-fallthrough -isysroot /Applications/Xcode-26.5.0.app/Contents/Developer/Platforms/WatchOS.platform/Developer/SDKs/WatchOS26.5.sdk -fstrict-aliasing -Wprotocol -Wdeprecated-declarations -Wno-sign-conversion -Wno-infinite-recursion -Wno-comma -Wno-block-capture-autoreleasing -Wno-strict-prototypes -Wno-semicolon-before-method-body -index-store-path /Users/admin/builder/spi-builder-workspace/.derivedData/Index.noindex/DataStore @/Users/admin/builder/spi-builder-workspace/.derivedData/Build/Intermediates.noindex/chauffeur.build/Debug-watchos/ChauffeurBridge.build/Objects-normal/arm64_32/e6072d4f65d7061329687fe24e3d63a7-common-args.resp -MMD -MT dependencies -MF /Users/admin/builder/spi-builder-workspace/.derivedData/Build/Intermediates.noindex/chauffeur.build/Debug-watchos/ChauffeurBridge.build/Objects-normal/arm64_32/CHSimulator.d --serialize-diagnostics /Users/admin/builder/spi-builder-workspace/.derivedData/Build/Intermediates.noindex/chauffeur.build/Debug-watchos/ChauffeurBridge.build/Objects-normal/arm64_32/CHSimulator.dia -c /Users/admin/builder/spi-builder-workspace/Sources/ChauffeurBridge/CHSimulator.m -o /Users/admin/builder/spi-builder-workspace/.derivedData/Build/Intermediates.noindex/chauffeur.build/Debug-watchos/ChauffeurBridge.build/Objects-normal/arm64_32/CHSimulator.o -index-unit-output-path /chauffeur.build/Debug-watchos/ChauffeurBridge.build/Objects-normal/arm64_32/CHSimulator.o
SwiftDriver ChauffeurCore normal arm64_32 com.apple.xcode.tools.swift.compiler (in target 'ChauffeurCore' from project 'chauffeur')
cd /Users/admin/builder/spi-builder-workspace/.swiftpm/xcode
builtin-SwiftDriver -- /Applications/Xcode-26.5.0.app/Contents/Developer/Toolchains/XcodeDefault.xctoolchain/usr/bin/swiftc -module-name ChauffeurCore -Onone @/Users/admin/builder/spi-builder-workspace/.derivedData/Build/Intermediates.noindex/chauffeur.build/Debug-watchos/ChauffeurCore.build/Objects-normal/arm64_32/ChauffeurCore.SwiftFileList -DSWIFT_PACKAGE -DDEBUG -DSWIFT_MODULE_RESOURCE_BUNDLE_UNAVAILABLE -Xcc -fmodule-map-file\=/Users/admin/builder/spi-builder-workspace/.derivedData/Build/Intermediates.noindex/GeneratedModuleMaps-watchos/ChauffeurBridge.modulemap -DXcode -plugin-path /Applications/Xcode-26.5.0.app/Contents/Developer/Toolchains/XcodeDefault.xctoolchain/usr/lib/swift/host/plugins/testing -enable-experimental-feature DebugDescriptionMacro -sdk /Applications/Xcode-26.5.0.app/Contents/Developer/Platforms/WatchOS.platform/Developer/SDKs/WatchOS26.5.sdk -target arm64_32-apple-watchos5.0 -g -module-cache-path /Users/admin/builder/spi-builder-workspace/.derivedData/ModuleCache.noindex -Xfrontend -serialize-debugging-options -profile-coverage-mapping -profile-generate -enable-testing -index-store-path /Users/admin/builder/spi-builder-workspace/.derivedData/Index.noindex/DataStore -Xcc -D_LIBCPP_HARDENING_MODE\=_LIBCPP_HARDENING_MODE_DEBUG -swift-version 6 -I /Users/admin/builder/spi-builder-workspace/.derivedData/Build/Products/Debug-watchos -Isystem /Applications/Xcode-26.5.0.app/Contents/Developer/Platforms/WatchOS.platform/Developer/usr/lib -F /Users/admin/builder/spi-builder-workspace/.derivedData/Build/Products/Debug-watchos/PackageFrameworks -F /Users/admin/builder/spi-builder-workspace/.derivedData/Build/Products/Debug-watchos -F /Applications/Xcode-26.5.0.app/Contents/Developer/Platforms/WatchOS.platform/Developer/Library/Frameworks -F /Applications/Xcode-26.5.0.app/Contents/Developer/Platforms/WatchOS.platform/Developer/SDKs/WatchOS26.5.sdk/Developer/Library/Frameworks -c -j10 -enable-batch-mode -incremental -Xcc -ivfsstatcache -Xcc /Users/admin/builder/spi-builder-workspace/.derivedData/SDKStatCaches.noindex/watchos26.5-23T570-688ef53f1462e2c8f657fdc38a81448f7931b973dfc65d9472806dbbc3af9379.sdkstatcache -output-file-map /Users/admin/builder/spi-builder-workspace/.derivedData/Build/Intermediates.noindex/chauffeur.build/Debug-watchos/ChauffeurCore.build/Objects-normal/arm64_32/ChauffeurCore-OutputFileMap.json -use-frontend-parseable-output -save-temps -no-color-diagnostics -explicit-module-build -module-cache-path /Users/admin/builder/spi-builder-workspace/.derivedData/Build/Intermediates.noindex/SwiftExplicitPrecompiledModules -clang-scanner-module-cache-path /Users/admin/builder/spi-builder-workspace/.derivedData/ModuleCache.noindex -sdk-module-cache-path /Users/admin/builder/spi-builder-workspace/.derivedData/ModuleCache.noindex -serialize-diagnostics -emit-dependencies -emit-module -emit-module-path /Users/admin/builder/spi-builder-workspace/.derivedData/Build/Intermediates.noindex/chauffeur.build/Debug-watchos/ChauffeurCore.build/Objects-normal/arm64_32/ChauffeurCore.swiftmodule -validate-clang-modules-once -clang-build-session-file /Users/admin/builder/spi-builder-workspace/.derivedData/ModuleCache.noindex/Session.modulevalidation -package-name spi_builder_workspace -Xcc -I/Users/admin/builder/spi-builder-workspace/.derivedData/Build/Intermediates.noindex/chauffeur.build/Debug-watchos/ChauffeurCore.build/swift-overrides.hmap -emit-const-values -Xfrontend -const-gather-protocols-file -Xfrontend /Users/admin/builder/spi-builder-workspace/.derivedData/Build/Intermediates.noindex/chauffeur.build/Debug-watchos/ChauffeurCore.build/Objects-normal/arm64_32/ChauffeurCore_const_extract_protocols.json -Xcc -I/Users/admin/builder/spi-builder-workspace/Sources/ChauffeurBridge/include -Xcc -I/Users/admin/builder/spi-builder-workspace/.derivedData/Build/Products/Debug-watchos/include -Xcc -I/Users/admin/builder/spi-builder-workspace/.derivedData/Build/Intermediates.noindex/chauffeur.build/Debug-watchos/ChauffeurCore.build/DerivedSources-normal/arm64_32 -Xcc -I/Users/admin/builder/spi-builder-workspace/.derivedData/Build/Intermediates.noindex/chauffeur.build/Debug-watchos/ChauffeurCore.build/DerivedSources/arm64_32 -Xcc -I/Users/admin/builder/spi-builder-workspace/.derivedData/Build/Intermediates.noindex/chauffeur.build/Debug-watchos/ChauffeurCore.build/DerivedSources -Xcc -DSWIFT_PACKAGE -Xcc -DDEBUG\=1 -emit-objc-header -emit-objc-header-path /Users/admin/builder/spi-builder-workspace/.derivedData/Build/Intermediates.noindex/chauffeur.build/Debug-watchos/ChauffeurCore.build/Objects-normal/arm64_32/ChauffeurCore-Swift.h -working-directory /Users/admin/builder/spi-builder-workspace/.swiftpm/xcode -experimental-emit-module-separately -disable-cmo
SwiftDriver ChauffeurCore normal arm64 com.apple.xcode.tools.swift.compiler (in target 'ChauffeurCore' from project 'chauffeur')
cd /Users/admin/builder/spi-builder-workspace/.swiftpm/xcode
builtin-SwiftDriver -- /Applications/Xcode-26.5.0.app/Contents/Developer/Toolchains/XcodeDefault.xctoolchain/usr/bin/swiftc -module-name ChauffeurCore -Onone @/Users/admin/builder/spi-builder-workspace/.derivedData/Build/Intermediates.noindex/chauffeur.build/Debug-watchos/ChauffeurCore.build/Objects-normal/arm64/ChauffeurCore.SwiftFileList -DSWIFT_PACKAGE -DDEBUG -DSWIFT_MODULE_RESOURCE_BUNDLE_UNAVAILABLE -Xcc -fmodule-map-file\=/Users/admin/builder/spi-builder-workspace/.derivedData/Build/Intermediates.noindex/GeneratedModuleMaps-watchos/ChauffeurBridge.modulemap -DXcode -plugin-path /Applications/Xcode-26.5.0.app/Contents/Developer/Toolchains/XcodeDefault.xctoolchain/usr/lib/swift/host/plugins/testing -enable-experimental-feature DebugDescriptionMacro -sdk /Applications/Xcode-26.5.0.app/Contents/Developer/Platforms/WatchOS.platform/Developer/SDKs/WatchOS26.5.sdk -target arm64-apple-watchos5.0 -g -module-cache-path /Users/admin/builder/spi-builder-workspace/.derivedData/ModuleCache.noindex -Xfrontend -serialize-debugging-options -profile-coverage-mapping -profile-generate -enable-testing -index-store-path /Users/admin/builder/spi-builder-workspace/.derivedData/Index.noindex/DataStore -Xcc -D_LIBCPP_HARDENING_MODE\=_LIBCPP_HARDENING_MODE_DEBUG -swift-version 6 -I /Users/admin/builder/spi-builder-workspace/.derivedData/Build/Products/Debug-watchos -Isystem /Applications/Xcode-26.5.0.app/Contents/Developer/Platforms/WatchOS.platform/Developer/usr/lib -F /Users/admin/builder/spi-builder-workspace/.derivedData/Build/Products/Debug-watchos/PackageFrameworks -F /Users/admin/builder/spi-builder-workspace/.derivedData/Build/Products/Debug-watchos -F /Applications/Xcode-26.5.0.app/Contents/Developer/Platforms/WatchOS.platform/Developer/Library/Frameworks -F /Applications/Xcode-26.5.0.app/Contents/Developer/Platforms/WatchOS.platform/Developer/SDKs/WatchOS26.5.sdk/Developer/Library/Frameworks -c -j10 -enable-batch-mode -incremental -Xcc -ivfsstatcache -Xcc /Users/admin/builder/spi-builder-workspace/.derivedData/SDKStatCaches.noindex/watchos26.5-23T570-688ef53f1462e2c8f657fdc38a81448f7931b973dfc65d9472806dbbc3af9379.sdkstatcache -output-file-map /Users/admin/builder/spi-builder-workspace/.derivedData/Build/Intermediates.noindex/chauffeur.build/Debug-watchos/ChauffeurCore.build/Objects-normal/arm64/ChauffeurCore-OutputFileMap.json -use-frontend-parseable-output -save-temps -no-color-diagnostics -explicit-module-build -module-cache-path /Users/admin/builder/spi-builder-workspace/.derivedData/Build/Intermediates.noindex/SwiftExplicitPrecompiledModules -clang-scanner-module-cache-path /Users/admin/builder/spi-builder-workspace/.derivedData/ModuleCache.noindex -sdk-module-cache-path /Users/admin/builder/spi-builder-workspace/.derivedData/ModuleCache.noindex -serialize-diagnostics -emit-dependencies -emit-module -emit-module-path /Users/admin/builder/spi-builder-workspace/.derivedData/Build/Intermediates.noindex/chauffeur.build/Debug-watchos/ChauffeurCore.build/Objects-normal/arm64/ChauffeurCore.swiftmodule -validate-clang-modules-once -clang-build-session-file /Users/admin/builder/spi-builder-workspace/.derivedData/ModuleCache.noindex/Session.modulevalidation -package-name spi_builder_workspace -Xcc -I/Users/admin/builder/spi-builder-workspace/.derivedData/Build/Intermediates.noindex/chauffeur.build/Debug-watchos/ChauffeurCore.build/swift-overrides.hmap -emit-const-values -Xfrontend -const-gather-protocols-file -Xfrontend /Users/admin/builder/spi-builder-workspace/.derivedData/Build/Intermediates.noindex/chauffeur.build/Debug-watchos/ChauffeurCore.build/Objects-normal/arm64/ChauffeurCore_const_extract_protocols.json -Xcc -I/Users/admin/builder/spi-builder-workspace/Sources/ChauffeurBridge/include -Xcc -I/Users/admin/builder/spi-builder-workspace/.derivedData/Build/Products/Debug-watchos/include -Xcc -I/Users/admin/builder/spi-builder-workspace/.derivedData/Build/Intermediates.noindex/chauffeur.build/Debug-watchos/ChauffeurCore.build/DerivedSources-normal/arm64 -Xcc -I/Users/admin/builder/spi-builder-workspace/.derivedData/Build/Intermediates.noindex/chauffeur.build/Debug-watchos/ChauffeurCore.build/DerivedSources/arm64 -Xcc -I/Users/admin/builder/spi-builder-workspace/.derivedData/Build/Intermediates.noindex/chauffeur.build/Debug-watchos/ChauffeurCore.build/DerivedSources -Xcc -DSWIFT_PACKAGE -Xcc -DDEBUG\=1 -emit-objc-header -emit-objc-header-path /Users/admin/builder/spi-builder-workspace/.derivedData/Build/Intermediates.noindex/chauffeur.build/Debug-watchos/ChauffeurCore.build/Objects-normal/arm64/ChauffeurCore-Swift.h -working-directory /Users/admin/builder/spi-builder-workspace/.swiftpm/xcode -experimental-emit-module-separately -disable-cmo
SwiftDriver ChauffeurCore normal armv7k com.apple.xcode.tools.swift.compiler (in target 'ChauffeurCore' from project 'chauffeur')
cd /Users/admin/builder/spi-builder-workspace/.swiftpm/xcode
builtin-SwiftDriver -- /Applications/Xcode-26.5.0.app/Contents/Developer/Toolchains/XcodeDefault.xctoolchain/usr/bin/swiftc -module-name ChauffeurCore -Onone @/Users/admin/builder/spi-builder-workspace/.derivedData/Build/Intermediates.noindex/chauffeur.build/Debug-watchos/ChauffeurCore.build/Objects-normal/armv7k/ChauffeurCore.SwiftFileList -DSWIFT_PACKAGE -DDEBUG -DSWIFT_MODULE_RESOURCE_BUNDLE_UNAVAILABLE -Xcc -fmodule-map-file\=/Users/admin/builder/spi-builder-workspace/.derivedData/Build/Intermediates.noindex/GeneratedModuleMaps-watchos/ChauffeurBridge.modulemap -DXcode -plugin-path /Applications/Xcode-26.5.0.app/Contents/Developer/Toolchains/XcodeDefault.xctoolchain/usr/lib/swift/host/plugins/testing -enable-experimental-feature DebugDescriptionMacro -sdk /Applications/Xcode-26.5.0.app/Contents/Developer/Platforms/WatchOS.platform/Developer/SDKs/WatchOS26.5.sdk -target armv7k-apple-watchos5.0 -g -module-cache-path /Users/admin/builder/spi-builder-workspace/.derivedData/ModuleCache.noindex -Xfrontend -serialize-debugging-options -profile-coverage-mapping -profile-generate -enable-testing -index-store-path /Users/admin/builder/spi-builder-workspace/.derivedData/Index.noindex/DataStore -Xcc -D_LIBCPP_HARDENING_MODE\=_LIBCPP_HARDENING_MODE_DEBUG -swift-version 6 -I /Users/admin/builder/spi-builder-workspace/.derivedData/Build/Products/Debug-watchos -Isystem /Applications/Xcode-26.5.0.app/Contents/Developer/Platforms/WatchOS.platform/Developer/usr/lib -F /Users/admin/builder/spi-builder-workspace/.derivedData/Build/Products/Debug-watchos/PackageFrameworks -F /Users/admin/builder/spi-builder-workspace/.derivedData/Build/Products/Debug-watchos -F /Applications/Xcode-26.5.0.app/Contents/Developer/Platforms/WatchOS.platform/Developer/Library/Frameworks -F /Applications/Xcode-26.5.0.app/Contents/Developer/Platforms/WatchOS.platform/Developer/SDKs/WatchOS26.5.sdk/Developer/Library/Frameworks -c -j10 -enable-batch-mode -incremental -Xcc -ivfsstatcache -Xcc /Users/admin/builder/spi-builder-workspace/.derivedData/SDKStatCaches.noindex/watchos26.5-23T570-688ef53f1462e2c8f657fdc38a81448f7931b973dfc65d9472806dbbc3af9379.sdkstatcache -output-file-map /Users/admin/builder/spi-builder-workspace/.derivedData/Build/Intermediates.noindex/chauffeur.build/Debug-watchos/ChauffeurCore.build/Objects-normal/armv7k/ChauffeurCore-OutputFileMap.json -use-frontend-parseable-output -save-temps -no-color-diagnostics -explicit-module-build -module-cache-path /Users/admin/builder/spi-builder-workspace/.derivedData/Build/Intermediates.noindex/SwiftExplicitPrecompiledModules -clang-scanner-module-cache-path /Users/admin/builder/spi-builder-workspace/.derivedData/ModuleCache.noindex -sdk-module-cache-path /Users/admin/builder/spi-builder-workspace/.derivedData/ModuleCache.noindex -serialize-diagnostics -emit-dependencies -emit-module -emit-module-path /Users/admin/builder/spi-builder-workspace/.derivedData/Build/Intermediates.noindex/chauffeur.build/Debug-watchos/ChauffeurCore.build/Objects-normal/armv7k/ChauffeurCore.swiftmodule -validate-clang-modules-once -clang-build-session-file /Users/admin/builder/spi-builder-workspace/.derivedData/ModuleCache.noindex/Session.modulevalidation -package-name spi_builder_workspace -Xcc -I/Users/admin/builder/spi-builder-workspace/.derivedData/Build/Intermediates.noindex/chauffeur.build/Debug-watchos/ChauffeurCore.build/swift-overrides.hmap -emit-const-values -Xfrontend -const-gather-protocols-file -Xfrontend /Users/admin/builder/spi-builder-workspace/.derivedData/Build/Intermediates.noindex/chauffeur.build/Debug-watchos/ChauffeurCore.build/Objects-normal/armv7k/ChauffeurCore_const_extract_protocols.json -Xcc -I/Users/admin/builder/spi-builder-workspace/Sources/ChauffeurBridge/include -Xcc -I/Users/admin/builder/spi-builder-workspace/.derivedData/Build/Products/Debug-watchos/include -Xcc -I/Users/admin/builder/spi-builder-workspace/.derivedData/Build/Intermediates.noindex/chauffeur.build/Debug-watchos/ChauffeurCore.build/DerivedSources-normal/armv7k -Xcc -I/Users/admin/builder/spi-builder-workspace/.derivedData/Build/Intermediates.noindex/chauffeur.build/Debug-watchos/ChauffeurCore.build/DerivedSources/armv7k -Xcc -I/Users/admin/builder/spi-builder-workspace/.derivedData/Build/Intermediates.noindex/chauffeur.build/Debug-watchos/ChauffeurCore.build/DerivedSources -Xcc -DSWIFT_PACKAGE -Xcc -DDEBUG\=1 -emit-objc-header -emit-objc-header-path /Users/admin/builder/spi-builder-workspace/.derivedData/Build/Intermediates.noindex/chauffeur.build/Debug-watchos/ChauffeurCore.build/Objects-normal/armv7k/ChauffeurCore-Swift.h -working-directory /Users/admin/builder/spi-builder-workspace/.swiftpm/xcode -experimental-emit-module-separately -disable-cmo
ScanDependencies /Users/admin/builder/spi-builder-workspace/.derivedData/Build/Intermediates.noindex/chauffeur.build/Debug-watchos/ChauffeurBridge.build/Objects-normal/arm64_32/CHHIDClient.o /Users/admin/builder/spi-builder-workspace/Sources/ChauffeurBridge/CHHIDClient.m normal arm64_32 objective-c com.apple.compilers.llvm.clang.1_0.compiler (in target 'ChauffeurBridge' from project 'chauffeur')
cd /Users/admin/builder/spi-builder-workspace/.swiftpm/xcode
Using response file: /Users/admin/builder/spi-builder-workspace/.derivedData/Build/Intermediates.noindex/chauffeur.build/Debug-watchos/ChauffeurBridge.build/Objects-normal/arm64_32/e6072d4f65d7061329687fe24e3d63a7-common-args.resp
builtin-ScanDependencies -o /Users/admin/builder/spi-builder-workspace/.derivedData/Build/Intermediates.noindex/chauffeur.build/Debug-watchos/ChauffeurBridge.build/Objects-normal/arm64_32/CHHIDClient.o.scan -- /Applications/Xcode-26.5.0.app/Contents/Developer/Toolchains/XcodeDefault.xctoolchain/usr/bin/clang -x objective-c -ivfsstatcache /Users/admin/builder/spi-builder-workspace/.derivedData/SDKStatCaches.noindex/watchos26.5-23T570-688ef53f1462e2c8f657fdc38a81448f7931b973dfc65d9472806dbbc3af9379.sdkstatcache -target arm64_32-apple-watchos5.0 -fmessage-length\=0 -fdiagnostics-show-note-include-stack -fmacro-backtrace-limit\=0 -fno-color-diagnostics -fmodules-prune-interval\=86400 -fmodules-prune-after\=345600 -fbuild-session-file\=/Users/admin/builder/spi-builder-workspace/.derivedData/ModuleCache.noindex/Session.modulevalidation -fmodules-validate-once-per-build-session -Wnon-modular-include-in-framework-module -Werror\=non-modular-include-in-framework-module -Wno-trigraphs -Wno-missing-field-initializers -Wno-missing-prototypes -Wno-return-type -Wno-implicit-atomic-properties -Wno-objc-interface-ivars -Wno-arc-repeated-use-of-weak -Wno-missing-braces -Wparentheses -Wswitch -Wno-unused-function -Wno-unused-label -Wno-unused-parameter -Wno-unused-variable -Wunused-value -Wno-empty-body -Wno-uninitialized -Wno-unknown-pragmas -Wno-shadow -Wno-four-char-constants -Wno-conversion -Wno-constant-conversion -Wno-int-conversion -Wno-bool-conversion -Wno-enum-conversion -Wno-float-conversion -Wno-non-literal-null-conversion -Wno-objc-literal-conversion -Wno-shorten-64-to-32 -Wpointer-sign -Wno-newline-eof -Wno-selector -Wno-strict-selector-match -Wno-undeclared-selector -Wno-deprecated-implementations -Wno-implicit-fallthrough -isysroot /Applications/Xcode-26.5.0.app/Contents/Developer/Platforms/WatchOS.platform/Developer/SDKs/WatchOS26.5.sdk -fstrict-aliasing -Wprotocol -Wdeprecated-declarations -Wno-sign-conversion -Wno-infinite-recursion -Wno-comma -Wno-block-capture-autoreleasing -Wno-strict-prototypes -Wno-semicolon-before-method-body -index-store-path /Users/admin/builder/spi-builder-workspace/.derivedData/Index.noindex/DataStore @/Users/admin/builder/spi-builder-workspace/.derivedData/Build/Intermediates.noindex/chauffeur.build/Debug-watchos/ChauffeurBridge.build/Objects-normal/arm64_32/e6072d4f65d7061329687fe24e3d63a7-common-args.resp -MMD -MT dependencies -MF /Users/admin/builder/spi-builder-workspace/.derivedData/Build/Intermediates.noindex/chauffeur.build/Debug-watchos/ChauffeurBridge.build/Objects-normal/arm64_32/CHHIDClient.d --serialize-diagnostics /Users/admin/builder/spi-builder-workspace/.derivedData/Build/Intermediates.noindex/chauffeur.build/Debug-watchos/ChauffeurBridge.build/Objects-normal/arm64_32/CHHIDClient.dia -c /Users/admin/builder/spi-builder-workspace/Sources/ChauffeurBridge/CHHIDClient.m -o /Users/admin/builder/spi-builder-workspace/.derivedData/Build/Intermediates.noindex/chauffeur.build/Debug-watchos/ChauffeurBridge.build/Objects-normal/arm64_32/CHHIDClient.o -index-unit-output-path /chauffeur.build/Debug-watchos/ChauffeurBridge.build/Objects-normal/arm64_32/CHHIDClient.o
/Users/admin/builder/spi-builder-workspace/Sources/ChauffeurBridge/CHHIDClient.m:5:9: error: 'AppKit/AppKit.h' file not found (in target 'ChauffeurBridge' from project 'chauffeur')
ScanDependencies /Users/admin/builder/spi-builder-workspace/.derivedData/Build/Intermediates.noindex/chauffeur.build/Debug-watchos/ChauffeurBridge.build/Objects-normal/arm64_32/CHNetStats.o /Users/admin/builder/spi-builder-workspace/Sources/ChauffeurBridge/CHNetStats.m normal arm64_32 objective-c com.apple.compilers.llvm.clang.1_0.compiler (in target 'ChauffeurBridge' from project 'chauffeur')
cd /Users/admin/builder/spi-builder-workspace/.swiftpm/xcode
Using response file: /Users/admin/builder/spi-builder-workspace/.derivedData/Build/Intermediates.noindex/chauffeur.build/Debug-watchos/ChauffeurBridge.build/Objects-normal/arm64_32/e6072d4f65d7061329687fe24e3d63a7-common-args.resp
builtin-ScanDependencies -o /Users/admin/builder/spi-builder-workspace/.derivedData/Build/Intermediates.noindex/chauffeur.build/Debug-watchos/ChauffeurBridge.build/Objects-normal/arm64_32/CHNetStats.o.scan -- /Applications/Xcode-26.5.0.app/Contents/Developer/Toolchains/XcodeDefault.xctoolchain/usr/bin/clang -x objective-c -ivfsstatcache /Users/admin/builder/spi-builder-workspace/.derivedData/SDKStatCaches.noindex/watchos26.5-23T570-688ef53f1462e2c8f657fdc38a81448f7931b973dfc65d9472806dbbc3af9379.sdkstatcache -target arm64_32-apple-watchos5.0 -fmessage-length\=0 -fdiagnostics-show-note-include-stack -fmacro-backtrace-limit\=0 -fno-color-diagnostics -fmodules-prune-interval\=86400 -fmodules-prune-after\=345600 -fbuild-session-file\=/Users/admin/builder/spi-builder-workspace/.derivedData/ModuleCache.noindex/Session.modulevalidation -fmodules-validate-once-per-build-session -Wnon-modular-include-in-framework-module -Werror\=non-modular-include-in-framework-module -Wno-trigraphs -Wno-missing-field-initializers -Wno-missing-prototypes -Wno-return-type -Wno-implicit-atomic-properties -Wno-objc-interface-ivars -Wno-arc-repeated-use-of-weak -Wno-missing-braces -Wparentheses -Wswitch -Wno-unused-function -Wno-unused-label -Wno-unused-parameter -Wno-unused-variable -Wunused-value -Wno-empty-body -Wno-uninitialized -Wno-unknown-pragmas -Wno-shadow -Wno-four-char-constants -Wno-conversion -Wno-constant-conversion -Wno-int-conversion -Wno-bool-conversion -Wno-enum-conversion -Wno-float-conversion -Wno-non-literal-null-conversion -Wno-objc-literal-conversion -Wno-shorten-64-to-32 -Wpointer-sign -Wno-newline-eof -Wno-selector -Wno-strict-selector-match -Wno-undeclared-selector -Wno-deprecated-implementations -Wno-implicit-fallthrough -isysroot /Applications/Xcode-26.5.0.app/Contents/Developer/Platforms/WatchOS.platform/Developer/SDKs/WatchOS26.5.sdk -fstrict-aliasing -Wprotocol -Wdeprecated-declarations -Wno-sign-conversion -Wno-infinite-recursion -Wno-comma -Wno-block-capture-autoreleasing -Wno-strict-prototypes -Wno-semicolon-before-method-body -index-store-path /Users/admin/builder/spi-builder-workspace/.derivedData/Index.noindex/DataStore @/Users/admin/builder/spi-builder-workspace/.derivedData/Build/Intermediates.noindex/chauffeur.build/Debug-watchos/ChauffeurBridge.build/Objects-normal/arm64_32/e6072d4f65d7061329687fe24e3d63a7-common-args.resp -MMD -MT dependencies -MF /Users/admin/builder/spi-builder-workspace/.derivedData/Build/Intermediates.noindex/chauffeur.build/Debug-watchos/ChauffeurBridge.build/Objects-normal/arm64_32/CHNetStats.d --serialize-diagnostics /Users/admin/builder/spi-builder-workspace/.derivedData/Build/Intermediates.noindex/chauffeur.build/Debug-watchos/ChauffeurBridge.build/Objects-normal/arm64_32/CHNetStats.dia -c /Users/admin/builder/spi-builder-workspace/Sources/ChauffeurBridge/CHNetStats.m -o /Users/admin/builder/spi-builder-workspace/.derivedData/Build/Intermediates.noindex/chauffeur.build/Debug-watchos/ChauffeurBridge.build/Objects-normal/arm64_32/CHNetStats.o -index-unit-output-path /chauffeur.build/Debug-watchos/ChauffeurBridge.build/Objects-normal/arm64_32/CHNetStats.o
2026-10-30 05:26:40.191 xcodebuild[666:4060] [MT] IDERunDestination: Supported platforms for the buildables in the current scheme is empty.
** BUILD FAILED **
The following build commands failed:
ScanDependencies /Users/admin/builder/spi-builder-workspace/.derivedData/Build/Intermediates.noindex/chauffeur.build/Debug-watchos/ChauffeurBridge.build/Objects-normal/armv7k/CHHIDClient.o /Users/admin/builder/spi-builder-workspace/Sources/ChauffeurBridge/CHHIDClient.m normal armv7k objective-c com.apple.compilers.llvm.clang.1_0.compiler (in target 'ChauffeurBridge' from project 'chauffeur')
ScanDependencies /Users/admin/builder/spi-builder-workspace/.derivedData/Build/Intermediates.noindex/chauffeur.build/Debug-watchos/ChauffeurBridge.build/Objects-normal/armv7k/CHAXReader.o /Users/admin/builder/spi-builder-workspace/Sources/ChauffeurBridge/CHAXReader.m normal armv7k objective-c com.apple.compilers.llvm.clang.1_0.compiler (in target 'ChauffeurBridge' from project 'chauffeur')
ScanDependencies /Users/admin/builder/spi-builder-workspace/.derivedData/Build/Intermediates.noindex/chauffeur.build/Debug-watchos/ChauffeurBridge.build/Objects-normal/arm64_32/CHHIDClient.o /Users/admin/builder/spi-builder-workspace/Sources/ChauffeurBridge/CHHIDClient.m normal arm64_32 objective-c com.apple.compilers.llvm.clang.1_0.compiler (in target 'ChauffeurBridge' from project 'chauffeur')
Building workspace spi-builder-workspace with scheme chauffeur
(4 failures)
Command line invocation:
/Applications/Xcode-26.5.0.app/Contents/Developer/usr/bin/xcodebuild -IDEClonedSourcePackagesDirPathOverride=/Users/admin/builder/spi-builder-workspace/.dependencies -resolvePackageDependencies
Resolve Package Graph
Resolved source packages:
chauffeur: /Users/admin/builder/spi-builder-workspace
resolved source packages: chauffeur
2026-10-30 05:26:44.155 xcodebuild[695:4350] [MT] IDERunDestination: Supported platforms for the buildables in the current scheme is empty.
{
"dependencies" : [
],
"manifest_display_name" : "chauffeur",
"name" : "chauffeur",
"path" : "/Users/admin/builder/spi-builder-workspace",
"platforms" : [
{
"name" : "macos",
"version" : "15.0"
}
],
"products" : [
{
"name" : "chauffeur",
"targets" : [
"chauffeur"
],
"type" : {
"executable" : null
}
}
],
"targets" : [
{
"c99name" : "chauffeur",
"module_type" : "SwiftTarget",
"name" : "chauffeur",
"path" : "Sources/chauffeur",
"product_memberships" : [
"chauffeur"
],
"sources" : [
"main.swift"
],
"target_dependencies" : [
"ChauffeurCore"
],
"type" : "executable"
},
{
"c99name" : "ChauffeurCoreTests",
"module_type" : "SwiftTarget",
"name" : "ChauffeurCoreTests",
"path" : "Tests/ChauffeurCoreTests",
"resources" : [
{
"path" : "/Users/admin/builder/spi-builder-workspace/Tests/ChauffeurCoreTests/Fixtures",
"rule" : {
"copy" : {
}
}
}
],
"sources" : [
"AXHealthTests.swift",
"AXProviderTests.swift",
"AXSettingsTests.swift",
"AnnotateTests.swift",
"AppTrackingTests.swift",
"ArgsTests.swift",
"BatchTests.swift",
"CLITests.swift",
"ClipboardTests.swift",
"ConnectionWatchTests.swift",
"CrashTests.swift",
"DaemonHardeningTests.swift",
"DaemonTests.swift",
"DeviceTests.swift",
"DoctorTests.swift",
"FlowTests.swift",
"GeometryTests.swift",
"GestureTests.swift",
"JSONDataTests.swift",
"JSONTests.swift",
"KeysTests.swift",
"LaunchTests.swift",
"Live/AXLiveTests.swift",
"Live/AppsLiveTests.swift",
"Live/BatchLiveTests.swift",
"Live/BridgeLiveTests.swift",
"Live/DeviceLiveTests.swift",
"Live/GesturesLiveTests.swift",
"Live/InputLiveTests.swift",
"Live/Live.swift",
"Live/LogTapLiveTests.swift",
"Live/LogsLiveTests.swift",
"Live/NetStatsLiveTests.swift",
"Live/NetworkLiveTests.swift",
"Live/OpenLiveTests.swift",
"Live/RecoverLiveTests.swift",
"Live/ScreenshotLiveTests.swift",
"Live/ScrollLiveTests.swift",
"Live/SessionLiveTests.swift",
"Live/TapLiveTests.swift",
"Live/TouchLogLiveTests.swift",
"Live/TraceLiveTests.swift",
"Live/TypeLiveTests.swift",
"LogRedactTests.swift",
"LogStreamTests.swift",
"LogTapTests.swift",
"MCPTests.swift",
"ModelTests.swift",
"NetJudgeTests.swift",
"OpenTests.swift",
"PathShapeTests.swift",
"PerceptionTests.swift",
"QueryTests.swift",
"RecoverTests.swift",
"ReportNetworkTests.swift",
"RequestEvidenceTests.swift",
"RequestLogTests.swift",
"RequestTextTests.swift",
"ReviewFixTests.swift",
"ScreenshotTests.swift",
"SessionNetworkTests.swift",
"SettleTests.swift",
"ShellTests.swift",
"SimAppsTests.swift",
"SkillTests.swift",
"Support.swift",
"TargetTests.swift",
"TelemetryTests.swift",
"TouchLogParserTests.swift",
"TraceTests.swift",
"VerifierTests.swift",
"WaitTests.swift"
],
"target_dependencies" : [
"ChauffeurCore"
],
"type" : "test"
},
{
"c99name" : "ChauffeurCore",
"module_type" : "SwiftTarget",
"name" : "ChauffeurCore",
"path" : "Sources/ChauffeurCore",
"product_memberships" : [
"chauffeur"
],
"sources" : [
"Agent/MCPServer.swift",
"Agent/MCPStdio.swift",
"Agent/MCPTools.swift",
"Agent/Skill.swift",
"CLI.swift",
"Daemon/Daemon.swift",
"Daemon/UnixSocket.swift",
"Device/AXHealth.swift",
"Device/AXProvider.swift",
"Device/AXSettings.swift",
"Device/Device.swift",
"Device/Input.swift",
"Device/LogStream.swift",
"Device/Proc+Tree.swift",
"Device/SimApps.swift",
"Device/TouchLog.swift",
"Doctor.swift",
"Engine/Args.swift",
"Engine/Batch.swift",
"Engine/Session+Act.swift",
"Engine/Session+Apps.swift",
"Engine/Session+Batch.swift",
"Engine/Session+Clipboard.swift",
"Engine/Session+Device.swift",
"Engine/Session+Gestures.swift",
"Engine/Session+Logs.swift",
"Engine/Session+Network.swift",
"Engine/Session+Recover.swift",
"Engine/Session+Screen.swift",
"Engine/Session+Wait.swift",
"Engine/Session.swift",
"Errors.swift",
"Geometry.swift",
"JSON.swift",
"Logs/Crash.swift",
"Logs/LogTap.swift",
"Model.swift",
"Network/ConnectionWatch.swift",
"Network/Flow.swift",
"Network/LogRedact.swift",
"Network/NetJudge.swift",
"Network/PathShape.swift",
"Network/RequestEvidence.swift",
"Network/RequestLog.swift",
"Network/RequestText.swift",
"Network/Telemetry.swift",
"Paths.swift",
"Perception/Perception.swift",
"Perception/Query.swift",
"Perception/RefTable.swift",
"Perception/Snapshot.swift",
"Screen/Screenshot.swift",
"Settle.swift",
"Shell.swift",
"Target.swift",
"TouchLogParser.swift",
"Trace.swift",
"Verifier.swift"
],
"target_dependencies" : [
"ChauffeurBridge"
],
"type" : "library"
},
{
"c99name" : "ChauffeurBridge",
"module_type" : "ClangTarget",
"name" : "ChauffeurBridge",
"path" : "Sources/ChauffeurBridge",
"product_memberships" : [
"chauffeur"
],
"sources" : [
"CHAXReader.m",
"CHHIDClient.m",
"CHNetStats.m",
"CHSimulator.m"
],
"type" : "library"
}
],
"tools_version" : "6.0"
}
{
"workspace" : {
"name" : "spi-builder-workspace",
"schemes" : [
"chauffeur"
]
}
}
2026-10-30 05:26:45.435 xcodebuild[706:4437] [MT] IDERunDestination: Supported platforms for the buildables in the current scheme is empty.
Running build ...
env DEVELOPER_DIR=/Applications/Xcode-26.5.0.app xcrun xcodebuild -IDEClonedSourcePackagesDirPathOverride=$PWD/.dependencies -skipMacroValidation -skipPackagePluginValidation -derivedDataPath $PWD/.derivedData build -scheme chauffeur -destination generic/platform=watchOS
Command line invocation:
/Applications/Xcode-26.5.0.app/Contents/Developer/usr/bin/xcodebuild -IDEClonedSourcePackagesDirPathOverride=/Users/admin/builder/spi-builder-workspace/.dependencies -skipMacroValidation -skipPackagePluginValidation -derivedDataPath /Users/admin/builder/spi-builder-workspace/.derivedData build -scheme chauffeur -destination generic/platform=watchOS
Resolve Package Graph
Resolved source packages:
chauffeur: /Users/admin/builder/spi-builder-workspace
ComputePackagePrebuildTargetDependencyGraph
Prepare packages
CreateBuildRequest
SendProjectDescription
CreateBuildOperation
ComputeTargetDependencyGraph
note: Building targets in dependency order
note: Target dependency graph (3 targets)
Target 'chauffeur' in project 'chauffeur'
➜ Explicit dependency on target 'ChauffeurBridge' in project 'chauffeur'
➜ Explicit dependency on target 'ChauffeurCore' in project 'chauffeur'
Target 'ChauffeurCore' in project 'chauffeur'
➜ Explicit dependency on target 'ChauffeurBridge' in project 'chauffeur'
Target 'ChauffeurBridge' in project 'chauffeur' (no dependencies)
GatherProvisioningInputs
CreateBuildDescription
ClangStatCache /Applications/Xcode-26.5.0.app/Contents/Developer/Toolchains/XcodeDefault.xctoolchain/usr/bin/clang-stat-cache /Applications/Xcode-26.5.0.app/Contents/Developer/Platforms/WatchOS.platform/Developer/SDKs/WatchOS26.5.sdk /Users/admin/builder/spi-builder-workspace/.derivedData/SDKStatCaches.noindex/watchos26.5-23T570-688ef53f1462e2c8f657fdc38a81448f7931b973dfc65d9472806dbbc3af9379.sdkstatcache
cd /Users/admin/builder/spi-builder-workspace/.swiftpm/xcode
/Applications/Xcode-26.5.0.app/Contents/Developer/Toolchains/XcodeDefault.xctoolchain/usr/bin/clang-stat-cache /Applications/Xcode-26.5.0.app/Contents/Developer/Platforms/WatchOS.platform/Developer/SDKs/WatchOS26.5.sdk -o /Users/admin/builder/spi-builder-workspace/.derivedData/SDKStatCaches.noindex/watchos26.5-23T570-688ef53f1462e2c8f657fdc38a81448f7931b973dfc65d9472806dbbc3af9379.sdkstatcache
ScanDependencies /Users/admin/builder/spi-builder-workspace/.derivedData/Build/Intermediates.noindex/chauffeur.build/Debug-watchos/ChauffeurBridge.build/Objects-normal/armv7k/CHSimulator.o /Users/admin/builder/spi-builder-workspace/Sources/ChauffeurBridge/CHSimulator.m normal armv7k objective-c com.apple.compilers.llvm.clang.1_0.compiler (in target 'ChauffeurBridge' from project 'chauffeur')
cd /Users/admin/builder/spi-builder-workspace/.swiftpm/xcode
Using response file: /Users/admin/builder/spi-builder-workspace/.derivedData/Build/Intermediates.noindex/chauffeur.build/Debug-watchos/ChauffeurBridge.build/Objects-normal/armv7k/e6072d4f65d7061329687fe24e3d63a7-common-args.resp
builtin-ScanDependencies -o /Users/admin/builder/spi-builder-workspace/.derivedData/Build/Intermediates.noindex/chauffeur.build/Debug-watchos/ChauffeurBridge.build/Objects-normal/armv7k/CHSimulator.o.scan -- /Applications/Xcode-26.5.0.app/Contents/Developer/Toolchains/XcodeDefault.xctoolchain/usr/bin/clang -x objective-c -ivfsstatcache /Users/admin/builder/spi-builder-workspace/.derivedData/SDKStatCaches.noindex/watchos26.5-23T570-688ef53f1462e2c8f657fdc38a81448f7931b973dfc65d9472806dbbc3af9379.sdkstatcache -target armv7k-apple-watchos5.0 -fmessage-length\=0 -fdiagnostics-show-note-include-stack -fmacro-backtrace-limit\=0 -fno-color-diagnostics -fmodules-prune-interval\=86400 -fmodules-prune-after\=345600 -fbuild-session-file\=/Users/admin/builder/spi-builder-workspace/.derivedData/ModuleCache.noindex/Session.modulevalidation -fmodules-validate-once-per-build-session -Wnon-modular-include-in-framework-module -Werror\=non-modular-include-in-framework-module -Wno-trigraphs -Wno-missing-field-initializers -Wno-missing-prototypes -Wno-return-type -Wno-implicit-atomic-properties -Wno-objc-interface-ivars -Wno-arc-repeated-use-of-weak -Wno-missing-braces -Wparentheses -Wswitch -Wno-unused-function -Wno-unused-label -Wno-unused-parameter -Wno-unused-variable -Wunused-value -Wno-empty-body -Wno-uninitialized -Wno-unknown-pragmas -Wno-shadow -Wno-four-char-constants -Wno-conversion -Wno-constant-conversion -Wno-int-conversion -Wno-bool-conversion -Wno-enum-conversion -Wno-float-conversion -Wno-non-literal-null-conversion -Wno-objc-literal-conversion -Wno-shorten-64-to-32 -Wpointer-sign -Wno-newline-eof -Wno-selector -Wno-strict-selector-match -Wno-undeclared-selector -Wno-deprecated-implementations -Wno-implicit-fallthrough -isysroot /Applications/Xcode-26.5.0.app/Contents/Developer/Platforms/WatchOS.platform/Developer/SDKs/WatchOS26.5.sdk -fstrict-aliasing -Wprotocol -Wdeprecated-declarations -Wno-sign-conversion -Wno-infinite-recursion -Wno-comma -Wno-block-capture-autoreleasing -Wno-strict-prototypes -Wno-semicolon-before-method-body -index-store-path /Users/admin/builder/spi-builder-workspace/.derivedData/Index.noindex/DataStore @/Users/admin/builder/spi-builder-workspace/.derivedData/Build/Intermediates.noindex/chauffeur.build/Debug-watchos/ChauffeurBridge.build/Objects-normal/armv7k/e6072d4f65d7061329687fe24e3d63a7-common-args.resp -MMD -MT dependencies -MF /Users/admin/builder/spi-builder-workspace/.derivedData/Build/Intermediates.noindex/chauffeur.build/Debug-watchos/ChauffeurBridge.build/Objects-normal/armv7k/CHSimulator.d --serialize-diagnostics /Users/admin/builder/spi-builder-workspace/.derivedData/Build/Intermediates.noindex/chauffeur.build/Debug-watchos/ChauffeurBridge.build/Objects-normal/armv7k/CHSimulator.dia -c /Users/admin/builder/spi-builder-workspace/Sources/ChauffeurBridge/CHSimulator.m -o /Users/admin/builder/spi-builder-workspace/.derivedData/Build/Intermediates.noindex/chauffeur.build/Debug-watchos/ChauffeurBridge.build/Objects-normal/armv7k/CHSimulator.o -index-unit-output-path /chauffeur.build/Debug-watchos/ChauffeurBridge.build/Objects-normal/armv7k/CHSimulator.o
ScanDependencies /Users/admin/builder/spi-builder-workspace/.derivedData/Build/Intermediates.noindex/chauffeur.build/Debug-watchos/ChauffeurBridge.build/Objects-normal/arm64_32/CHSimulator.o /Users/admin/builder/spi-builder-workspace/Sources/ChauffeurBridge/CHSimulator.m normal arm64_32 objective-c com.apple.compilers.llvm.clang.1_0.compiler (in target 'ChauffeurBridge' from project 'chauffeur')
cd /Users/admin/builder/spi-builder-workspace/.swiftpm/xcode
Using response file: /Users/admin/builder/spi-builder-workspace/.derivedData/Build/Intermediates.noindex/chauffeur.build/Debug-watchos/ChauffeurBridge.build/Objects-normal/arm64_32/e6072d4f65d7061329687fe24e3d63a7-common-args.resp
builtin-ScanDependencies -o /Users/admin/builder/spi-builder-workspace/.derivedData/Build/Intermediates.noindex/chauffeur.build/Debug-watchos/ChauffeurBridge.build/Objects-normal/arm64_32/CHSimulator.o.scan -- /Applications/Xcode-26.5.0.app/Contents/Developer/Toolchains/XcodeDefault.xctoolchain/usr/bin/clang -x objective-c -ivfsstatcache /Users/admin/builder/spi-builder-workspace/.derivedData/SDKStatCaches.noindex/watchos26.5-23T570-688ef53f1462e2c8f657fdc38a81448f7931b973dfc65d9472806dbbc3af9379.sdkstatcache -target arm64_32-apple-watchos5.0 -fmessage-length\=0 -fdiagnostics-show-note-include-stack -fmacro-backtrace-limit\=0 -fno-color-diagnostics -fmodules-prune-interval\=86400 -fmodules-prune-after\=345600 -fbuild-session-file\=/Users/admin/builder/spi-builder-workspace/.derivedData/ModuleCache.noindex/Session.modulevalidation -fmodules-validate-once-per-build-session -Wnon-modular-include-in-framework-module -Werror\=non-modular-include-in-framework-module -Wno-trigraphs -Wno-missing-field-initializers -Wno-missing-prototypes -Wno-return-type -Wno-implicit-atomic-properties -Wno-objc-interface-ivars -Wno-arc-repeated-use-of-weak -Wno-missing-braces -Wparentheses -Wswitch -Wno-unused-function -Wno-unused-label -Wno-unused-parameter -Wno-unused-variable -Wunused-value -Wno-empty-body -Wno-uninitialized -Wno-unknown-pragmas -Wno-shadow -Wno-four-char-constants -Wno-conversion -Wno-constant-conversion -Wno-int-conversion -Wno-bool-conversion -Wno-enum-conversion -Wno-float-conversion -Wno-non-literal-null-conversion -Wno-objc-literal-conversion -Wno-shorten-64-to-32 -Wpointer-sign -Wno-newline-eof -Wno-selector -Wno-strict-selector-match -Wno-undeclared-selector -Wno-deprecated-implementations -Wno-implicit-fallthrough -isysroot /Applications/Xcode-26.5.0.app/Contents/Developer/Platforms/WatchOS.platform/Developer/SDKs/WatchOS26.5.sdk -fstrict-aliasing -Wprotocol -Wdeprecated-declarations -Wno-sign-conversion -Wno-infinite-recursion -Wno-comma -Wno-block-capture-autoreleasing -Wno-strict-prototypes -Wno-semicolon-before-method-body -index-store-path /Users/admin/builder/spi-builder-workspace/.derivedData/Index.noindex/DataStore @/Users/admin/builder/spi-builder-workspace/.derivedData/Build/Intermediates.noindex/chauffeur.build/Debug-watchos/ChauffeurBridge.build/Objects-normal/arm64_32/e6072d4f65d7061329687fe24e3d63a7-common-args.resp -MMD -MT dependencies -MF /Users/admin/builder/spi-builder-workspace/.derivedData/Build/Intermediates.noindex/chauffeur.build/Debug-watchos/ChauffeurBridge.build/Objects-normal/arm64_32/CHSimulator.d --serialize-diagnostics /Users/admin/builder/spi-builder-workspace/.derivedData/Build/Intermediates.noindex/chauffeur.build/Debug-watchos/ChauffeurBridge.build/Objects-normal/arm64_32/CHSimulator.dia -c /Users/admin/builder/spi-builder-workspace/Sources/ChauffeurBridge/CHSimulator.m -o /Users/admin/builder/spi-builder-workspace/.derivedData/Build/Intermediates.noindex/chauffeur.build/Debug-watchos/ChauffeurBridge.build/Objects-normal/arm64_32/CHSimulator.o -index-unit-output-path /chauffeur.build/Debug-watchos/ChauffeurBridge.build/Objects-normal/arm64_32/CHSimulator.o
ScanDependencies /Users/admin/builder/spi-builder-workspace/.derivedData/Build/Intermediates.noindex/chauffeur.build/Debug-watchos/ChauffeurBridge.build/Objects-normal/armv7k/CHAXReader.o /Users/admin/builder/spi-builder-workspace/Sources/ChauffeurBridge/CHAXReader.m normal armv7k objective-c com.apple.compilers.llvm.clang.1_0.compiler (in target 'ChauffeurBridge' from project 'chauffeur')
cd /Users/admin/builder/spi-builder-workspace/.swiftpm/xcode
Using response file: /Users/admin/builder/spi-builder-workspace/.derivedData/Build/Intermediates.noindex/chauffeur.build/Debug-watchos/ChauffeurBridge.build/Objects-normal/armv7k/e6072d4f65d7061329687fe24e3d63a7-common-args.resp
builtin-ScanDependencies -o /Users/admin/builder/spi-builder-workspace/.derivedData/Build/Intermediates.noindex/chauffeur.build/Debug-watchos/ChauffeurBridge.build/Objects-normal/armv7k/CHAXReader.o.scan -- /Applications/Xcode-26.5.0.app/Contents/Developer/Toolchains/XcodeDefault.xctoolchain/usr/bin/clang -x objective-c -ivfsstatcache /Users/admin/builder/spi-builder-workspace/.derivedData/SDKStatCaches.noindex/watchos26.5-23T570-688ef53f1462e2c8f657fdc38a81448f7931b973dfc65d9472806dbbc3af9379.sdkstatcache -target armv7k-apple-watchos5.0 -fmessage-length\=0 -fdiagnostics-show-note-include-stack -fmacro-backtrace-limit\=0 -fno-color-diagnostics -fmodules-prune-interval\=86400 -fmodules-prune-after\=345600 -fbuild-session-file\=/Users/admin/builder/spi-builder-workspace/.derivedData/ModuleCache.noindex/Session.modulevalidation -fmodules-validate-once-per-build-session -Wnon-modular-include-in-framework-module -Werror\=non-modular-include-in-framework-module -Wno-trigraphs -Wno-missing-field-initializers -Wno-missing-prototypes -Wno-return-type -Wno-implicit-atomic-properties -Wno-objc-interface-ivars -Wno-arc-repeated-use-of-weak -Wno-missing-braces -Wparentheses -Wswitch -Wno-unused-function -Wno-unused-label -Wno-unused-parameter -Wno-unused-variable -Wunused-value -Wno-empty-body -Wno-uninitialized -Wno-unknown-pragmas -Wno-shadow -Wno-four-char-constants -Wno-conversion -Wno-constant-conversion -Wno-int-conversion -Wno-bool-conversion -Wno-enum-conversion -Wno-float-conversion -Wno-non-literal-null-conversion -Wno-objc-literal-conversion -Wno-shorten-64-to-32 -Wpointer-sign -Wno-newline-eof -Wno-selector -Wno-strict-selector-match -Wno-undeclared-selector -Wno-deprecated-implementations -Wno-implicit-fallthrough -isysroot /Applications/Xcode-26.5.0.app/Contents/Developer/Platforms/WatchOS.platform/Developer/SDKs/WatchOS26.5.sdk -fstrict-aliasing -Wprotocol -Wdeprecated-declarations -Wno-sign-conversion -Wno-infinite-recursion -Wno-comma -Wno-block-capture-autoreleasing -Wno-strict-prototypes -Wno-semicolon-before-method-body -index-store-path /Users/admin/builder/spi-builder-workspace/.derivedData/Index.noindex/DataStore @/Users/admin/builder/spi-builder-workspace/.derivedData/Build/Intermediates.noindex/chauffeur.build/Debug-watchos/ChauffeurBridge.build/Objects-normal/armv7k/e6072d4f65d7061329687fe24e3d63a7-common-args.resp -MMD -MT dependencies -MF /Users/admin/builder/spi-builder-workspace/.derivedData/Build/Intermediates.noindex/chauffeur.build/Debug-watchos/ChauffeurBridge.build/Objects-normal/armv7k/CHAXReader.d --serialize-diagnostics /Users/admin/builder/spi-builder-workspace/.derivedData/Build/Intermediates.noindex/chauffeur.build/Debug-watchos/ChauffeurBridge.build/Objects-normal/armv7k/CHAXReader.dia -c /Users/admin/builder/spi-builder-workspace/Sources/ChauffeurBridge/CHAXReader.m -o /Users/admin/builder/spi-builder-workspace/.derivedData/Build/Intermediates.noindex/chauffeur.build/Debug-watchos/ChauffeurBridge.build/Objects-normal/armv7k/CHAXReader.o -index-unit-output-path /chauffeur.build/Debug-watchos/ChauffeurBridge.build/Objects-normal/armv7k/CHAXReader.o
/Users/admin/builder/spi-builder-workspace/Sources/ChauffeurBridge/CHAXReader.m:4:9: error: 'AppKit/AppKit.h' file not found (in target 'ChauffeurBridge' from project 'chauffeur')
ScanDependencies /Users/admin/builder/spi-builder-workspace/.derivedData/Build/Intermediates.noindex/chauffeur.build/Debug-watchos/ChauffeurBridge.build/Objects-normal/armv7k/CHNetStats.o /Users/admin/builder/spi-builder-workspace/Sources/ChauffeurBridge/CHNetStats.m normal armv7k objective-c com.apple.compilers.llvm.clang.1_0.compiler (in target 'ChauffeurBridge' from project 'chauffeur')
cd /Users/admin/builder/spi-builder-workspace/.swiftpm/xcode
Using response file: /Users/admin/builder/spi-builder-workspace/.derivedData/Build/Intermediates.noindex/chauffeur.build/Debug-watchos/ChauffeurBridge.build/Objects-normal/armv7k/e6072d4f65d7061329687fe24e3d63a7-common-args.resp
builtin-ScanDependencies -o /Users/admin/builder/spi-builder-workspace/.derivedData/Build/Intermediates.noindex/chauffeur.build/Debug-watchos/ChauffeurBridge.build/Objects-normal/armv7k/CHNetStats.o.scan -- /Applications/Xcode-26.5.0.app/Contents/Developer/Toolchains/XcodeDefault.xctoolchain/usr/bin/clang -x objective-c -ivfsstatcache /Users/admin/builder/spi-builder-workspace/.derivedData/SDKStatCaches.noindex/watchos26.5-23T570-688ef53f1462e2c8f657fdc38a81448f7931b973dfc65d9472806dbbc3af9379.sdkstatcache -target armv7k-apple-watchos5.0 -fmessage-length\=0 -fdiagnostics-show-note-include-stack -fmacro-backtrace-limit\=0 -fno-color-diagnostics -fmodules-prune-interval\=86400 -fmodules-prune-after\=345600 -fbuild-session-file\=/Users/admin/builder/spi-builder-workspace/.derivedData/ModuleCache.noindex/Session.modulevalidation -fmodules-validate-once-per-build-session -Wnon-modular-include-in-framework-module -Werror\=non-modular-include-in-framework-module -Wno-trigraphs -Wno-missing-field-initializers -Wno-missing-prototypes -Wno-return-type -Wno-implicit-atomic-properties -Wno-objc-interface-ivars -Wno-arc-repeated-use-of-weak -Wno-missing-braces -Wparentheses -Wswitch -Wno-unused-function -Wno-unused-label -Wno-unused-parameter -Wno-unused-variable -Wunused-value -Wno-empty-body -Wno-uninitialized -Wno-unknown-pragmas -Wno-shadow -Wno-four-char-constants -Wno-conversion -Wno-constant-conversion -Wno-int-conversion -Wno-bool-conversion -Wno-enum-conversion -Wno-float-conversion -Wno-non-literal-null-conversion -Wno-objc-literal-conversion -Wno-shorten-64-to-32 -Wpointer-sign -Wno-newline-eof -Wno-selector -Wno-strict-selector-match -Wno-undeclared-selector -Wno-deprecated-implementations -Wno-implicit-fallthrough -isysroot /Applications/Xcode-26.5.0.app/Contents/Developer/Platforms/WatchOS.platform/Developer/SDKs/WatchOS26.5.sdk -fstrict-aliasing -Wprotocol -Wdeprecated-declarations -Wno-sign-conversion -Wno-infinite-recursion -Wno-comma -Wno-block-capture-autoreleasing -Wno-strict-prototypes -Wno-semicolon-before-method-body -index-store-path /Users/admin/builder/spi-builder-workspace/.derivedData/Index.noindex/DataStore @/Users/admin/builder/spi-builder-workspace/.derivedData/Build/Intermediates.noindex/chauffeur.build/Debug-watchos/ChauffeurBridge.build/Objects-normal/armv7k/e6072d4f65d7061329687fe24e3d63a7-common-args.resp -MMD -MT dependencies -MF /Users/admin/builder/spi-builder-workspace/.derivedData/Build/Intermediates.noindex/chauffeur.build/Debug-watchos/ChauffeurBridge.build/Objects-normal/armv7k/CHNetStats.d --serialize-diagnostics /Users/admin/builder/spi-builder-workspace/.derivedData/Build/Intermediates.noindex/chauffeur.build/Debug-watchos/ChauffeurBridge.build/Objects-normal/armv7k/CHNetStats.dia -c /Users/admin/builder/spi-builder-workspace/Sources/ChauffeurBridge/CHNetStats.m -o /Users/admin/builder/spi-builder-workspace/.derivedData/Build/Intermediates.noindex/chauffeur.build/Debug-watchos/ChauffeurBridge.build/Objects-normal/armv7k/CHNetStats.o -index-unit-output-path /chauffeur.build/Debug-watchos/ChauffeurBridge.build/Objects-normal/armv7k/CHNetStats.o
ScanDependencies /Users/admin/builder/spi-builder-workspace/.derivedData/Build/Intermediates.noindex/chauffeur.build/Debug-watchos/ChauffeurBridge.build/Objects-normal/armv7k/CHHIDClient.o /Users/admin/builder/spi-builder-workspace/Sources/ChauffeurBridge/CHHIDClient.m normal armv7k objective-c com.apple.compilers.llvm.clang.1_0.compiler (in target 'ChauffeurBridge' from project 'chauffeur')
cd /Users/admin/builder/spi-builder-workspace/.swiftpm/xcode
Using response file: /Users/admin/builder/spi-builder-workspace/.derivedData/Build/Intermediates.noindex/chauffeur.build/Debug-watchos/ChauffeurBridge.build/Objects-normal/armv7k/e6072d4f65d7061329687fe24e3d63a7-common-args.resp
builtin-ScanDependencies -o /Users/admin/builder/spi-builder-workspace/.derivedData/Build/Intermediates.noindex/chauffeur.build/Debug-watchos/ChauffeurBridge.build/Objects-normal/armv7k/CHHIDClient.o.scan -- /Applications/Xcode-26.5.0.app/Contents/Developer/Toolchains/XcodeDefault.xctoolchain/usr/bin/clang -x objective-c -ivfsstatcache /Users/admin/builder/spi-builder-workspace/.derivedData/SDKStatCaches.noindex/watchos26.5-23T570-688ef53f1462e2c8f657fdc38a81448f7931b973dfc65d9472806dbbc3af9379.sdkstatcache -target armv7k-apple-watchos5.0 -fmessage-length\=0 -fdiagnostics-show-note-include-stack -fmacro-backtrace-limit\=0 -fno-color-diagnostics -fmodules-prune-interval\=86400 -fmodules-prune-after\=345600 -fbuild-session-file\=/Users/admin/builder/spi-builder-workspace/.derivedData/ModuleCache.noindex/Session.modulevalidation -fmodules-validate-once-per-build-session -Wnon-modular-include-in-framework-module -Werror\=non-modular-include-in-framework-module -Wno-trigraphs -Wno-missing-field-initializers -Wno-missing-prototypes -Wno-return-type -Wno-implicit-atomic-properties -Wno-objc-interface-ivars -Wno-arc-repeated-use-of-weak -Wno-missing-braces -Wparentheses -Wswitch -Wno-unused-function -Wno-unused-label -Wno-unused-parameter -Wno-unused-variable -Wunused-value -Wno-empty-body -Wno-uninitialized -Wno-unknown-pragmas -Wno-shadow -Wno-four-char-constants -Wno-conversion -Wno-constant-conversion -Wno-int-conversion -Wno-bool-conversion -Wno-enum-conversion -Wno-float-conversion -Wno-non-literal-null-conversion -Wno-objc-literal-conversion -Wno-shorten-64-to-32 -Wpointer-sign -Wno-newline-eof -Wno-selector -Wno-strict-selector-match -Wno-undeclared-selector -Wno-deprecated-implementations -Wno-implicit-fallthrough -isysroot /Applications/Xcode-26.5.0.app/Contents/Developer/Platforms/WatchOS.platform/Developer/SDKs/WatchOS26.5.sdk -fstrict-aliasing -Wprotocol -Wdeprecated-declarations -Wno-sign-conversion -Wno-infinite-recursion -Wno-comma -Wno-block-capture-autoreleasing -Wno-strict-prototypes -Wno-semicolon-before-method-body -index-store-path /Users/admin/builder/spi-builder-workspace/.derivedData/Index.noindex/DataStore @/Users/admin/builder/spi-builder-workspace/.derivedData/Build/Intermediates.noindex/chauffeur.build/Debug-watchos/ChauffeurBridge.build/Objects-normal/armv7k/e6072d4f65d7061329687fe24e3d63a7-common-args.resp -MMD -MT dependencies -MF /Users/admin/builder/spi-builder-workspace/.derivedData/Build/Intermediates.noindex/chauffeur.build/Debug-watchos/ChauffeurBridge.build/Objects-normal/armv7k/CHHIDClient.d --serialize-diagnostics /Users/admin/builder/spi-builder-workspace/.derivedData/Build/Intermediates.noindex/chauffeur.build/Debug-watchos/ChauffeurBridge.build/Objects-normal/armv7k/CHHIDClient.dia -c /Users/admin/builder/spi-builder-workspace/Sources/ChauffeurBridge/CHHIDClient.m -o /Users/admin/builder/spi-builder-workspace/.derivedData/Build/Intermediates.noindex/chauffeur.build/Debug-watchos/ChauffeurBridge.build/Objects-normal/armv7k/CHHIDClient.o -index-unit-output-path /chauffeur.build/Debug-watchos/ChauffeurBridge.build/Objects-normal/armv7k/CHHIDClient.o
/Users/admin/builder/spi-builder-workspace/Sources/ChauffeurBridge/CHHIDClient.m:5:9: error: 'AppKit/AppKit.h' file not found (in target 'ChauffeurBridge' from project 'chauffeur')
ScanDependencies /Users/admin/builder/spi-builder-workspace/.derivedData/Build/Intermediates.noindex/chauffeur.build/Debug-watchos/ChauffeurBridge.build/Objects-normal/arm64_32/CHHIDClient.o /Users/admin/builder/spi-builder-workspace/Sources/ChauffeurBridge/CHHIDClient.m normal arm64_32 objective-c com.apple.compilers.llvm.clang.1_0.compiler (in target 'ChauffeurBridge' from project 'chauffeur')
cd /Users/admin/builder/spi-builder-workspace/.swiftpm/xcode
Using response file: /Users/admin/builder/spi-builder-workspace/.derivedData/Build/Intermediates.noindex/chauffeur.build/Debug-watchos/ChauffeurBridge.build/Objects-normal/arm64_32/e6072d4f65d7061329687fe24e3d63a7-common-args.resp
builtin-ScanDependencies -o /Users/admin/builder/spi-builder-workspace/.derivedData/Build/Intermediates.noindex/chauffeur.build/Debug-watchos/ChauffeurBridge.build/Objects-normal/arm64_32/CHHIDClient.o.scan -- /Applications/Xcode-26.5.0.app/Contents/Developer/Toolchains/XcodeDefault.xctoolchain/usr/bin/clang -x objective-c -ivfsstatcache /Users/admin/builder/spi-builder-workspace/.derivedData/SDKStatCaches.noindex/watchos26.5-23T570-688ef53f1462e2c8f657fdc38a81448f7931b973dfc65d9472806dbbc3af9379.sdkstatcache -target arm64_32-apple-watchos5.0 -fmessage-length\=0 -fdiagnostics-show-note-include-stack -fmacro-backtrace-limit\=0 -fno-color-diagnostics -fmodules-prune-interval\=86400 -fmodules-prune-after\=345600 -fbuild-session-file\=/Users/admin/builder/spi-builder-workspace/.derivedData/ModuleCache.noindex/Session.modulevalidation -fmodules-validate-once-per-build-session -Wnon-modular-include-in-framework-module -Werror\=non-modular-include-in-framework-module -Wno-trigraphs -Wno-missing-field-initializers -Wno-missing-prototypes -Wno-return-type -Wno-implicit-atomic-properties -Wno-objc-interface-ivars -Wno-arc-repeated-use-of-weak -Wno-missing-braces -Wparentheses -Wswitch -Wno-unused-function -Wno-unused-label -Wno-unused-parameter -Wno-unused-variable -Wunused-value -Wno-empty-body -Wno-uninitialized -Wno-unknown-pragmas -Wno-shadow -Wno-four-char-constants -Wno-conversion -Wno-constant-conversion -Wno-int-conversion -Wno-bool-conversion -Wno-enum-conversion -Wno-float-conversion -Wno-non-literal-null-conversion -Wno-objc-literal-conversion -Wno-shorten-64-to-32 -Wpointer-sign -Wno-newline-eof -Wno-selector -Wno-strict-selector-match -Wno-undeclared-selector -Wno-deprecated-implementations -Wno-implicit-fallthrough -isysroot /Applications/Xcode-26.5.0.app/Contents/Developer/Platforms/WatchOS.platform/Developer/SDKs/WatchOS26.5.sdk -fstrict-aliasing -Wprotocol -Wdeprecated-declarations -Wno-sign-conversion -Wno-infinite-recursion -Wno-comma -Wno-block-capture-autoreleasing -Wno-strict-prototypes -Wno-semicolon-before-method-body -index-store-path /Users/admin/builder/spi-builder-workspace/.derivedData/Index.noindex/DataStore @/Users/admin/builder/spi-builder-workspace/.derivedData/Build/Intermediates.noindex/chauffeur.build/Debug-watchos/ChauffeurBridge.build/Objects-normal/arm64_32/e6072d4f65d7061329687fe24e3d63a7-common-args.resp -MMD -MT dependencies -MF /Users/admin/builder/spi-builder-workspace/.derivedData/Build/Intermediates.noindex/chauffeur.build/Debug-watchos/ChauffeurBridge.build/Objects-normal/arm64_32/CHHIDClient.d --serialize-diagnostics /Users/admin/builder/spi-builder-workspace/.derivedData/Build/Intermediates.noindex/chauffeur.build/Debug-watchos/ChauffeurBridge.build/Objects-normal/arm64_32/CHHIDClient.dia -c /Users/admin/builder/spi-builder-workspace/Sources/ChauffeurBridge/CHHIDClient.m -o /Users/admin/builder/spi-builder-workspace/.derivedData/Build/Intermediates.noindex/chauffeur.build/Debug-watchos/ChauffeurBridge.build/Objects-normal/arm64_32/CHHIDClient.o -index-unit-output-path /chauffeur.build/Debug-watchos/ChauffeurBridge.build/Objects-normal/arm64_32/CHHIDClient.o
/Users/admin/builder/spi-builder-workspace/Sources/ChauffeurBridge/CHHIDClient.m:5:9: error: 'AppKit/AppKit.h' file not found (in target 'ChauffeurBridge' from project 'chauffeur')
ScanDependencies /Users/admin/builder/spi-builder-workspace/.derivedData/Build/Intermediates.noindex/chauffeur.build/Debug-watchos/ChauffeurBridge.build/Objects-normal/arm64_32/CHAXReader.o /Users/admin/builder/spi-builder-workspace/Sources/ChauffeurBridge/CHAXReader.m normal arm64_32 objective-c com.apple.compilers.llvm.clang.1_0.compiler (in target 'ChauffeurBridge' from project 'chauffeur')
cd /Users/admin/builder/spi-builder-workspace/.swiftpm/xcode
Using response file: /Users/admin/builder/spi-builder-workspace/.derivedData/Build/Intermediates.noindex/chauffeur.build/Debug-watchos/ChauffeurBridge.build/Objects-normal/arm64_32/e6072d4f65d7061329687fe24e3d63a7-common-args.resp
builtin-ScanDependencies -o /Users/admin/builder/spi-builder-workspace/.derivedData/Build/Intermediates.noindex/chauffeur.build/Debug-watchos/ChauffeurBridge.build/Objects-normal/arm64_32/CHAXReader.o.scan -- /Applications/Xcode-26.5.0.app/Contents/Developer/Toolchains/XcodeDefault.xctoolchain/usr/bin/clang -x objective-c -ivfsstatcache /Users/admin/builder/spi-builder-workspace/.derivedData/SDKStatCaches.noindex/watchos26.5-23T570-688ef53f1462e2c8f657fdc38a81448f7931b973dfc65d9472806dbbc3af9379.sdkstatcache -target arm64_32-apple-watchos5.0 -fmessage-length\=0 -fdiagnostics-show-note-include-stack -fmacro-backtrace-limit\=0 -fno-color-diagnostics -fmodules-prune-interval\=86400 -fmodules-prune-after\=345600 -fbuild-session-file\=/Users/admin/builder/spi-builder-workspace/.derivedData/ModuleCache.noindex/Session.modulevalidation -fmodules-validate-once-per-build-session -Wnon-modular-include-in-framework-module -Werror\=non-modular-include-in-framework-module -Wno-trigraphs -Wno-missing-field-initializers -Wno-missing-prototypes -Wno-return-type -Wno-implicit-atomic-properties -Wno-objc-interface-ivars -Wno-arc-repeated-use-of-weak -Wno-missing-braces -Wparentheses -Wswitch -Wno-unused-function -Wno-unused-label -Wno-unused-parameter -Wno-unused-variable -Wunused-value -Wno-empty-body -Wno-uninitialized -Wno-unknown-pragmas -Wno-shadow -Wno-four-char-constants -Wno-conversion -Wno-constant-conversion -Wno-int-conversion -Wno-bool-conversion -Wno-enum-conversion -Wno-float-conversion -Wno-non-literal-null-conversion -Wno-objc-literal-conversion -Wno-shorten-64-to-32 -Wpointer-sign -Wno-newline-eof -Wno-selector -Wno-strict-selector-match -Wno-undeclared-selector -Wno-deprecated-implementations -Wno-implicit-fallthrough -isysroot /Applications/Xcode-26.5.0.app/Contents/Developer/Platforms/WatchOS.platform/Developer/SDKs/WatchOS26.5.sdk -fstrict-aliasing -Wprotocol -Wdeprecated-declarations -Wno-sign-conversion -Wno-infinite-recursion -Wno-comma -Wno-block-capture-autoreleasing -Wno-strict-prototypes -Wno-semicolon-before-method-body -index-store-path /Users/admin/builder/spi-builder-workspace/.derivedData/Index.noindex/DataStore @/Users/admin/builder/spi-builder-workspace/.derivedData/Build/Intermediates.noindex/chauffeur.build/Debug-watchos/ChauffeurBridge.build/Objects-normal/arm64_32/e6072d4f65d7061329687fe24e3d63a7-common-args.resp -MMD -MT dependencies -MF /Users/admin/builder/spi-builder-workspace/.derivedData/Build/Intermediates.noindex/chauffeur.build/Debug-watchos/ChauffeurBridge.build/Objects-normal/arm64_32/CHAXReader.d --serialize-diagnostics /Users/admin/builder/spi-builder-workspace/.derivedData/Build/Intermediates.noindex/chauffeur.build/Debug-watchos/ChauffeurBridge.build/Objects-normal/arm64_32/CHAXReader.dia -c /Users/admin/builder/spi-builder-workspace/Sources/ChauffeurBridge/CHAXReader.m -o /Users/admin/builder/spi-builder-workspace/.derivedData/Build/Intermediates.noindex/chauffeur.build/Debug-watchos/ChauffeurBridge.build/Objects-normal/arm64_32/CHAXReader.o -index-unit-output-path /chauffeur.build/Debug-watchos/ChauffeurBridge.build/Objects-normal/arm64_32/CHAXReader.o
/Users/admin/builder/spi-builder-workspace/Sources/ChauffeurBridge/CHAXReader.m:4:9: error: 'AppKit/AppKit.h' file not found (in target 'ChauffeurBridge' from project 'chauffeur')
ScanDependencies /Users/admin/builder/spi-builder-workspace/.derivedData/Build/Intermediates.noindex/chauffeur.build/Debug-watchos/ChauffeurBridge.build/Objects-normal/arm64_32/CHNetStats.o /Users/admin/builder/spi-builder-workspace/Sources/ChauffeurBridge/CHNetStats.m normal arm64_32 objective-c com.apple.compilers.llvm.clang.1_0.compiler (in target 'ChauffeurBridge' from project 'chauffeur')
cd /Users/admin/builder/spi-builder-workspace/.swiftpm/xcode
Using response file: /Users/admin/builder/spi-builder-workspace/.derivedData/Build/Intermediates.noindex/chauffeur.build/Debug-watchos/ChauffeurBridge.build/Objects-normal/arm64_32/e6072d4f65d7061329687fe24e3d63a7-common-args.resp
builtin-ScanDependencies -o /Users/admin/builder/spi-builder-workspace/.derivedData/Build/Intermediates.noindex/chauffeur.build/Debug-watchos/ChauffeurBridge.build/Objects-normal/arm64_32/CHNetStats.o.scan -- /Applications/Xcode-26.5.0.app/Contents/Developer/Toolchains/XcodeDefault.xctoolchain/usr/bin/clang -x objective-c -ivfsstatcache /Users/admin/builder/spi-builder-workspace/.derivedData/SDKStatCaches.noindex/watchos26.5-23T570-688ef53f1462e2c8f657fdc38a81448f7931b973dfc65d9472806dbbc3af9379.sdkstatcache -target arm64_32-apple-watchos5.0 -fmessage-length\=0 -fdiagnostics-show-note-include-stack -fmacro-backtrace-limit\=0 -fno-color-diagnostics -fmodules-prune-interval\=86400 -fmodules-prune-after\=345600 -fbuild-session-file\=/Users/admin/builder/spi-builder-workspace/.derivedData/ModuleCache.noindex/Session.modulevalidation -fmodules-validate-once-per-build-session -Wnon-modular-include-in-framework-module -Werror\=non-modular-include-in-framework-module -Wno-trigraphs -Wno-missing-field-initializers -Wno-missing-prototypes -Wno-return-type -Wno-implicit-atomic-properties -Wno-objc-interface-ivars -Wno-arc-repeated-use-of-weak -Wno-missing-braces -Wparentheses -Wswitch -Wno-unused-function -Wno-unused-label -Wno-unused-parameter -Wno-unused-variable -Wunused-value -Wno-empty-body -Wno-uninitialized -Wno-unknown-pragmas -Wno-shadow -Wno-four-char-constants -Wno-conversion -Wno-constant-conversion -Wno-int-conversion -Wno-bool-conversion -Wno-enum-conversion -Wno-float-conversion -Wno-non-literal-null-conversion -Wno-objc-literal-conversion -Wno-shorten-64-to-32 -Wpointer-sign -Wno-newline-eof -Wno-selector -Wno-strict-selector-match -Wno-undeclared-selector -Wno-deprecated-implementations -Wno-implicit-fallthrough -isysroot /Applications/Xcode-26.5.0.app/Contents/Developer/Platforms/WatchOS.platform/Developer/SDKs/WatchOS26.5.sdk -fstrict-aliasing -Wprotocol -Wdeprecated-declarations -Wno-sign-conversion -Wno-infinite-recursion -Wno-comma -Wno-block-capture-autoreleasing -Wno-strict-prototypes -Wno-semicolon-before-method-body -index-store-path /Users/admin/builder/spi-builder-workspace/.derivedData/Index.noindex/DataStore @/Users/admin/builder/spi-builder-workspace/.derivedData/Build/Intermediates.noindex/chauffeur.build/Debug-watchos/ChauffeurBridge.build/Objects-normal/arm64_32/e6072d4f65d7061329687fe24e3d63a7-common-args.resp -MMD -MT dependencies -MF /Users/admin/builder/spi-builder-workspace/.derivedData/Build/Intermediates.noindex/chauffeur.build/Debug-watchos/ChauffeurBridge.build/Objects-normal/arm64_32/CHNetStats.d --serialize-diagnostics /Users/admin/builder/spi-builder-workspace/.derivedData/Build/Intermediates.noindex/chauffeur.build/Debug-watchos/ChauffeurBridge.build/Objects-normal/arm64_32/CHNetStats.dia -c /Users/admin/builder/spi-builder-workspace/Sources/ChauffeurBridge/CHNetStats.m -o /Users/admin/builder/spi-builder-workspace/.derivedData/Build/Intermediates.noindex/chauffeur.build/Debug-watchos/ChauffeurBridge.build/Objects-normal/arm64_32/CHNetStats.o -index-unit-output-path /chauffeur.build/Debug-watchos/ChauffeurBridge.build/Objects-normal/arm64_32/CHNetStats.o
ScanDependencies /Users/admin/builder/spi-builder-workspace/.derivedData/Build/Intermediates.noindex/chauffeur.build/Debug-watchos/ChauffeurBridge.build/Objects-normal/arm64/CHSimulator.o /Users/admin/builder/spi-builder-workspace/Sources/ChauffeurBridge/CHSimulator.m normal arm64 objective-c com.apple.compilers.llvm.clang.1_0.compiler (in target 'ChauffeurBridge' from project 'chauffeur')
cd /Users/admin/builder/spi-builder-workspace/.swiftpm/xcode
Using response file: /Users/admin/builder/spi-builder-workspace/.derivedData/Build/Intermediates.noindex/chauffeur.build/Debug-watchos/ChauffeurBridge.build/Objects-normal/arm64/e6072d4f65d7061329687fe24e3d63a7-common-args.resp
builtin-ScanDependencies -o /Users/admin/builder/spi-builder-workspace/.derivedData/Build/Intermediates.noindex/chauffeur.build/Debug-watchos/ChauffeurBridge.build/Objects-normal/arm64/CHSimulator.o.scan -- /Applications/Xcode-26.5.0.app/Contents/Developer/Toolchains/XcodeDefault.xctoolchain/usr/bin/clang -x objective-c -ivfsstatcache /Users/admin/builder/spi-builder-workspace/.derivedData/SDKStatCaches.noindex/watchos26.5-23T570-688ef53f1462e2c8f657fdc38a81448f7931b973dfc65d9472806dbbc3af9379.sdkstatcache -target arm64-apple-watchos5.0 -fmessage-length\=0 -fdiagnostics-show-note-include-stack -fmacro-backtrace-limit\=0 -fno-color-diagnostics -fmodules-prune-interval\=86400 -fmodules-prune-after\=345600 -fbuild-session-file\=/Users/admin/builder/spi-builder-workspace/.derivedData/ModuleCache.noindex/Session.modulevalidation -fmodules-validate-once-per-build-session -Wnon-modular-include-in-framework-module -Werror\=non-modular-include-in-framework-module -Wno-trigraphs -Wno-missing-field-initializers -Wno-missing-prototypes -Wno-return-type -Wno-implicit-atomic-properties -Wno-objc-interface-ivars -Wno-arc-repeated-use-of-weak -Wno-missing-braces -Wparentheses -Wswitch -Wno-unused-function -Wno-unused-label -Wno-unused-parameter -Wno-unused-variable -Wunused-value -Wno-empty-body -Wno-uninitialized -Wno-unknown-pragmas -Wno-shadow -Wno-four-char-constants -Wno-conversion -Wno-constant-conversion -Wno-int-conversion -Wno-bool-conversion -Wno-enum-conversion -Wno-float-conversion -Wno-non-literal-null-conversion -Wno-objc-literal-conversion -Wshorten-64-to-32 -Wpointer-sign -Wno-newline-eof -Wno-selector -Wno-strict-selector-match -Wno-undeclared-selector -Wno-deprecated-implementations -Wno-implicit-fallthrough -isysroot /Applications/Xcode-26.5.0.app/Contents/Developer/Platforms/WatchOS.platform/Developer/SDKs/WatchOS26.5.sdk -fstrict-aliasing -Wprotocol -Wdeprecated-declarations -Wno-sign-conversion -Wno-infinite-recursion -Wno-comma -Wno-block-capture-autoreleasing -Wno-strict-prototypes -Wno-semicolon-before-method-body -index-store-path /Users/admin/builder/spi-builder-workspace/.derivedData/Index.noindex/DataStore @/Users/admin/builder/spi-builder-workspace/.derivedData/Build/Intermediates.noindex/chauffeur.build/Debug-watchos/ChauffeurBridge.build/Objects-normal/arm64/e6072d4f65d7061329687fe24e3d63a7-common-args.resp -MMD -MT dependencies -MF /Users/admin/builder/spi-builder-workspace/.derivedData/Build/Intermediates.noindex/chauffeur.build/Debug-watchos/ChauffeurBridge.build/Objects-normal/arm64/CHSimulator.d --serialize-diagnostics /Users/admin/builder/spi-builder-workspace/.derivedData/Build/Intermediates.noindex/chauffeur.build/Debug-watchos/ChauffeurBridge.build/Objects-normal/arm64/CHSimulator.dia -c /Users/admin/builder/spi-builder-workspace/Sources/ChauffeurBridge/CHSimulator.m -o /Users/admin/builder/spi-builder-workspace/.derivedData/Build/Intermediates.noindex/chauffeur.build/Debug-watchos/ChauffeurBridge.build/Objects-normal/arm64/CHSimulator.o -index-unit-output-path /chauffeur.build/Debug-watchos/ChauffeurBridge.build/Objects-normal/arm64/CHSimulator.o
SwiftDriver ChauffeurCore normal arm64_32 com.apple.xcode.tools.swift.compiler (in target 'ChauffeurCore' from project 'chauffeur')
cd /Users/admin/builder/spi-builder-workspace/.swiftpm/xcode
builtin-SwiftDriver -- /Applications/Xcode-26.5.0.app/Contents/Developer/Toolchains/XcodeDefault.xctoolchain/usr/bin/swiftc -module-name ChauffeurCore -Onone @/Users/admin/builder/spi-builder-workspace/.derivedData/Build/Intermediates.noindex/chauffeur.build/Debug-watchos/ChauffeurCore.build/Objects-normal/arm64_32/ChauffeurCore.SwiftFileList -DSWIFT_PACKAGE -DDEBUG -DSWIFT_MODULE_RESOURCE_BUNDLE_UNAVAILABLE -Xcc -fmodule-map-file\=/Users/admin/builder/spi-builder-workspace/.derivedData/Build/Intermediates.noindex/GeneratedModuleMaps-watchos/ChauffeurBridge.modulemap -DXcode -plugin-path /Applications/Xcode-26.5.0.app/Contents/Developer/Toolchains/XcodeDefault.xctoolchain/usr/lib/swift/host/plugins/testing -enable-experimental-feature DebugDescriptionMacro -sdk /Applications/Xcode-26.5.0.app/Contents/Developer/Platforms/WatchOS.platform/Developer/SDKs/WatchOS26.5.sdk -target arm64_32-apple-watchos5.0 -g -module-cache-path /Users/admin/builder/spi-builder-workspace/.derivedData/ModuleCache.noindex -Xfrontend -serialize-debugging-options -profile-coverage-mapping -profile-generate -enable-testing -index-store-path /Users/admin/builder/spi-builder-workspace/.derivedData/Index.noindex/DataStore -Xcc -D_LIBCPP_HARDENING_MODE\=_LIBCPP_HARDENING_MODE_DEBUG -swift-version 6 -I /Users/admin/builder/spi-builder-workspace/.derivedData/Build/Products/Debug-watchos -Isystem /Applications/Xcode-26.5.0.app/Contents/Developer/Platforms/WatchOS.platform/Developer/usr/lib -F /Users/admin/builder/spi-builder-workspace/.derivedData/Build/Products/Debug-watchos/PackageFrameworks -F /Users/admin/builder/spi-builder-workspace/.derivedData/Build/Products/Debug-watchos -F /Applications/Xcode-26.5.0.app/Contents/Developer/Platforms/WatchOS.platform/Developer/Library/Frameworks -F /Applications/Xcode-26.5.0.app/Contents/Developer/Platforms/WatchOS.platform/Developer/SDKs/WatchOS26.5.sdk/Developer/Library/Frameworks -c -j10 -enable-batch-mode -incremental -Xcc -ivfsstatcache -Xcc /Users/admin/builder/spi-builder-workspace/.derivedData/SDKStatCaches.noindex/watchos26.5-23T570-688ef53f1462e2c8f657fdc38a81448f7931b973dfc65d9472806dbbc3af9379.sdkstatcache -output-file-map /Users/admin/builder/spi-builder-workspace/.derivedData/Build/Intermediates.noindex/chauffeur.build/Debug-watchos/ChauffeurCore.build/Objects-normal/arm64_32/ChauffeurCore-OutputFileMap.json -use-frontend-parseable-output -save-temps -no-color-diagnostics -explicit-module-build -module-cache-path /Users/admin/builder/spi-builder-workspace/.derivedData/Build/Intermediates.noindex/SwiftExplicitPrecompiledModules -clang-scanner-module-cache-path /Users/admin/builder/spi-builder-workspace/.derivedData/ModuleCache.noindex -sdk-module-cache-path /Users/admin/builder/spi-builder-workspace/.derivedData/ModuleCache.noindex -serialize-diagnostics -emit-dependencies -emit-module -emit-module-path /Users/admin/builder/spi-builder-workspace/.derivedData/Build/Intermediates.noindex/chauffeur.build/Debug-watchos/ChauffeurCore.build/Objects-normal/arm64_32/ChauffeurCore.swiftmodule -validate-clang-modules-once -clang-build-session-file /Users/admin/builder/spi-builder-workspace/.derivedData/ModuleCache.noindex/Session.modulevalidation -package-name spi_builder_workspace -Xcc -I/Users/admin/builder/spi-builder-workspace/.derivedData/Build/Intermediates.noindex/chauffeur.build/Debug-watchos/ChauffeurCore.build/swift-overrides.hmap -emit-const-values -Xfrontend -const-gather-protocols-file -Xfrontend /Users/admin/builder/spi-builder-workspace/.derivedData/Build/Intermediates.noindex/chauffeur.build/Debug-watchos/ChauffeurCore.build/Objects-normal/arm64_32/ChauffeurCore_const_extract_protocols.json -Xcc -I/Users/admin/builder/spi-builder-workspace/Sources/ChauffeurBridge/include -Xcc -I/Users/admin/builder/spi-builder-workspace/.derivedData/Build/Products/Debug-watchos/include -Xcc -I/Users/admin/builder/spi-builder-workspace/.derivedData/Build/Intermediates.noindex/chauffeur.build/Debug-watchos/ChauffeurCore.build/DerivedSources-normal/arm64_32 -Xcc -I/Users/admin/builder/spi-builder-workspace/.derivedData/Build/Intermediates.noindex/chauffeur.build/Debug-watchos/ChauffeurCore.build/DerivedSources/arm64_32 -Xcc -I/Users/admin/builder/spi-builder-workspace/.derivedData/Build/Intermediates.noindex/chauffeur.build/Debug-watchos/ChauffeurCore.build/DerivedSources -Xcc -DSWIFT_PACKAGE -Xcc -DDEBUG\=1 -emit-objc-header -emit-objc-header-path /Users/admin/builder/spi-builder-workspace/.derivedData/Build/Intermediates.noindex/chauffeur.build/Debug-watchos/ChauffeurCore.build/Objects-normal/arm64_32/ChauffeurCore-Swift.h -working-directory /Users/admin/builder/spi-builder-workspace/.swiftpm/xcode -experimental-emit-module-separately -disable-cmo
2026-10-30 05:26:46.400 xcodebuild[729:4623] [MT] IDERunDestination: Supported platforms for the buildables in the current scheme is empty.
** BUILD FAILED **
The following build commands failed:
ScanDependencies /Users/admin/builder/spi-builder-workspace/.derivedData/Build/Intermediates.noindex/chauffeur.build/Debug-watchos/ChauffeurBridge.build/Objects-normal/armv7k/CHAXReader.o /Users/admin/builder/spi-builder-workspace/Sources/ChauffeurBridge/CHAXReader.m normal armv7k objective-c com.apple.compilers.llvm.clang.1_0.compiler (in target 'ChauffeurBridge' from project 'chauffeur')
ScanDependencies /Users/admin/builder/spi-builder-workspace/.derivedData/Build/Intermediates.noindex/chauffeur.build/Debug-watchos/ChauffeurBridge.build/Objects-normal/armv7k/CHHIDClient.o /Users/admin/builder/spi-builder-workspace/Sources/ChauffeurBridge/CHHIDClient.m normal armv7k objective-c com.apple.compilers.llvm.clang.1_0.compiler (in target 'ChauffeurBridge' from project 'chauffeur')
ScanDependencies /Users/admin/builder/spi-builder-workspace/.derivedData/Build/Intermediates.noindex/chauffeur.build/Debug-watchos/ChauffeurBridge.build/Objects-normal/arm64_32/CHHIDClient.o /Users/admin/builder/spi-builder-workspace/Sources/ChauffeurBridge/CHHIDClient.m normal arm64_32 objective-c com.apple.compilers.llvm.clang.1_0.compiler (in target 'ChauffeurBridge' from project 'chauffeur')
ScanDependencies /Users/admin/builder/spi-builder-workspace/.derivedData/Build/Intermediates.noindex/chauffeur.build/Debug-watchos/ChauffeurBridge.build/Objects-normal/arm64_32/CHAXReader.o /Users/admin/builder/spi-builder-workspace/Sources/ChauffeurBridge/CHAXReader.m normal arm64_32 objective-c com.apple.compilers.llvm.clang.1_0.compiler (in target 'ChauffeurBridge' from project 'chauffeur')
Building workspace spi-builder-workspace with scheme chauffeur
(5 failures)
BUILD FAILURE 6.3 watchOS