Build Information
Failed to build swiftui-uikit-presenting, reference 0.2.0 (39e4c9), with Swift 6.4 for macOS (Xcode) using Xcode 27.0 on 18 Sep 2026 18:29:54 UTC.
Build Command
env DEVELOPER_DIR=/Applications/Xcode-27.0.0-Release.Candidate.app xcrun xcodebuild -IDEClonedSourcePackagesDirPathOverride=$PWD/.dependencies -skipMacroValidation -skipPackagePluginValidation -derivedDataPath $PWD/.derivedData build -scheme swiftui-uikit-presenting-Package -destination platform=macOS,arch=arm64Build Log
========================================
RunAll
========================================
Builder version: 5.1.0
Interrupt handler set up.
========================================
Checkout
========================================
Clone URL: https://github.com/Shimmur/swiftui-uikit-presenting.git
Reference: 0.2.0
Initialized empty Git repository in /Users/admin/builder/spi-builder-workspace/.git/
From https://github.com/Shimmur/swiftui-uikit-presenting
* tag 0.2.0 -> FETCH_HEAD
HEAD is now at 39e4c92 Fix some weird bugs with @State.
Cloned https://github.com/Shimmur/swiftui-uikit-presenting.git
Revision (git rev-parse @):
39e4c92562bcab0494f08e6397cbd7b78f381082
SUCCESS checkout https://github.com/Shimmur/swiftui-uikit-presenting.git at 0.2.0
========================================
Build
========================================
Selected platform: macosXcodebuild
Swift version: 6.4
Building package at path: $PWD
https://github.com/Shimmur/swiftui-uikit-presenting.git
Command line invocation:
/Applications/Xcode-27.0.0-Release.Candidate.app/Contents/Developer/usr/bin/xcodebuild -IDEClonedSourcePackagesDirPathOverride=/Users/admin/builder/spi-builder-workspace/.dependencies -resolvePackageDependencies
Resolve Package Graph
Resolve Package Graph
Resolved source packages:
swiftui-uikit-presenting: /Users/admin/builder/spi-builder-workspace
resolved source packages: swiftui-uikit-presenting
2026-09-18 14:28:57.303 xcodebuild[529:3046] [MT] IDERunDestination: Supported platforms for the buildables in the current scheme is empty.
2026-09-18 14:28:57.455 xcodebuild[529:3046] [MT] IDERunDestination: Supported platforms for the buildables in the current scheme is empty.
2026-09-18 14:28:59.124 xcodebuild[529:3046] [MT] IDERunDestination: Supported platforms for the buildables in the current scheme is empty.
{
"dependencies" : [
],
"manifest_display_name" : "swiftui-uikit-presenting",
"name" : "swiftui-uikit-presenting",
"path" : "/Users/admin/builder/spi-builder-workspace",
"platforms" : [
{
"name" : "ios",
"version" : "14.0"
}
],
"products" : [
{
"name" : "UIViewControllerPresenting",
"targets" : [
"UIViewControllerPresenting"
],
"type" : {
"library" : [
"automatic"
]
}
},
{
"name" : "SafariWebView",
"targets" : [
"SafariWebView"
],
"type" : {
"library" : [
"automatic"
]
}
}
],
"targets" : [
{
"c99name" : "UIViewControllerPresentingTests",
"module_type" : "SwiftTarget",
"name" : "UIViewControllerPresentingTests",
"path" : "Tests/UIViewControllerPresentingTests",
"sources" : [
"UIViewControllerPresentingTests.swift"
],
"target_dependencies" : [
"UIViewControllerPresenting"
],
"type" : "test"
},
{
"c99name" : "UIViewControllerPresenting",
"module_type" : "SwiftTarget",
"name" : "UIViewControllerPresenting",
"path" : "Sources/UIViewControllerPresenting",
"product_memberships" : [
"UIViewControllerPresenting",
"SafariWebView"
],
"sources" : [
"UIViewControllerPresenting.swift",
"ViewPresenting.swift"
],
"type" : "library"
},
{
"c99name" : "SafariWebView",
"module_type" : "SwiftTarget",
"name" : "SafariWebView",
"path" : "Sources/SafariWebView",
"product_memberships" : [
"SafariWebView"
],
"sources" : [
"SafariWebView.swift"
],
"target_dependencies" : [
"UIViewControllerPresenting"
],
"type" : "library"
}
],
"tools_version" : "5.6"
}
{
"workspace" : {
"name" : "swiftui-uikit-presenting",
"schemes" : [
"SafariWebView",
"swiftui-uikit-presenting-Package",
"UIViewControllerPresenting"
]
}
}
2026-09-18 14:29:44.246 xcodebuild[647:4180] [MT] IDERunDestination: Supported platforms for the buildables in the current scheme is empty.
Running build ...
env DEVELOPER_DIR=/Applications/Xcode-27.0.0-Release.Candidate.app xcrun xcodebuild -IDEClonedSourcePackagesDirPathOverride=$PWD/.dependencies -skipMacroValidation -skipPackagePluginValidation -derivedDataPath $PWD/.derivedData build -scheme swiftui-uikit-presenting-Package -destination platform=macOS,arch=arm64
Command line invocation:
/Applications/Xcode-27.0.0-Release.Candidate.app/Contents/Developer/usr/bin/xcodebuild -IDEClonedSourcePackagesDirPathOverride=/Users/admin/builder/spi-builder-workspace/.dependencies -skipMacroValidation -skipPackagePluginValidation -derivedDataPath /Users/admin/builder/spi-builder-workspace/.derivedData build -scheme swiftui-uikit-presenting-Package -destination platform=macOS,arch=arm64
Resolve Package Graph
Resolved source packages:
swiftui-uikit-presenting: /Users/admin/builder/spi-builder-workspace
ComputePackagePrebuildTargetDependencyGraph
Prepare packages
CreateBuildRequest
SendProjectDescription
CreateBuildOperation
ComputeTargetDependencyGraph
note: Building targets in dependency order
note: Target dependency graph (4 targets)
Target 'SafariWebView-product' in project 'swiftui-uikit-presenting'
➜ Explicit dependency on target 'SafariWebView' in project 'swiftui-uikit-presenting'
➜ Explicit dependency on target 'UIViewControllerPresenting' in project 'swiftui-uikit-presenting'
Target 'SafariWebView' in project 'swiftui-uikit-presenting'
➜ Explicit dependency on target 'UIViewControllerPresenting' in project 'swiftui-uikit-presenting'
Target 'UIViewControllerPresenting-product' in project 'swiftui-uikit-presenting'
➜ Explicit dependency on target 'UIViewControllerPresenting' in project 'swiftui-uikit-presenting'
Target 'UIViewControllerPresenting' in project 'swiftui-uikit-presenting' (no dependencies)
GatherProvisioningInputs
CreateBuildDescription
ExecuteExternalTool /Applications/Xcode-27.0.0-Release.Candidate.app/Contents/Developer/Toolchains/XcodeDefault.xctoolchain/usr/bin/clang -v -E -dM -isysroot /Applications/Xcode-27.0.0-Release.Candidate.app/Contents/Developer/Platforms/MacOSX.platform/Developer/SDKs/MacOSX27.0.sdk -x c -c /dev/null
ExecuteExternalTool /Applications/Xcode-27.0.0-Release.Candidate.app/Contents/Developer/Toolchains/XcodeDefault.xctoolchain/usr/bin/swiftc --version
ExecuteExternalTool /Applications/Xcode-27.0.0-Release.Candidate.app/Contents/Developer/Toolchains/XcodeDefault.xctoolchain/usr/bin/ld -version_details
ReadFileContents /Applications/Xcode-27.0.0-Release.Candidate.app/Contents/Developer/Toolchains/XcodeDefault.xctoolchain/usr/share/docc/features.json
Build description signature: a78f952ea998f1e7ffc673ba7b4772bf
Build description path: /Users/admin/builder/spi-builder-workspace/.derivedData/Build/Intermediates.noindex/XCBuildData/a78f952ea998f1e7ffc673ba7b4772bf.xcbuilddata
CreateBuildDirectory /Users/admin/builder/spi-builder-workspace/.derivedData/SDKExplicitPrecompiledModules
cd /Users/admin/builder/spi-builder-workspace/.swiftpm/xcode
builtin-create-build-directory /Users/admin/builder/spi-builder-workspace/.derivedData/SDKExplicitPrecompiledModules
CreateBuildDirectory /Users/admin/builder/spi-builder-workspace/.derivedData/CompilationCache.noindex
cd /Users/admin/builder/spi-builder-workspace/.swiftpm/xcode
builtin-create-build-directory /Users/admin/builder/spi-builder-workspace/.derivedData/CompilationCache.noindex
CreateBuildDirectory /Users/admin/builder/spi-builder-workspace/.derivedData/ModuleCache.noindex
cd /Users/admin/builder/spi-builder-workspace/.swiftpm/xcode
builtin-create-build-directory /Users/admin/builder/spi-builder-workspace/.derivedData/ModuleCache.noindex
CreateBuildDirectory /Users/admin/builder/spi-builder-workspace/.derivedData/Build/Intermediates.noindex
cd /Users/admin/builder/spi-builder-workspace/.swiftpm/xcode
builtin-create-build-directory /Users/admin/builder/spi-builder-workspace/.derivedData/Build/Intermediates.noindex
CreateBuildDirectory /Users/admin/builder/spi-builder-workspace/.derivedData/Build/Products
cd /Users/admin/builder/spi-builder-workspace/.swiftpm/xcode
builtin-create-build-directory /Users/admin/builder/spi-builder-workspace/.derivedData/Build/Products
ClangStatCache /Applications/Xcode-27.0.0-Release.Candidate.app/Contents/Developer/Toolchains/XcodeDefault.xctoolchain/usr/bin/clang-stat-cache /Applications/Xcode-27.0.0-Release.Candidate.app/Contents/Developer/Platforms/MacOSX.platform/Developer/SDKs/MacOSX27.0.sdk /Users/admin/builder/spi-builder-workspace/.derivedData/SDKStatCaches.noindex/macosx27.0-26A425-e829b21a6f8c9b70876ba0858053c0446a22442a12e9d48fe1a705f55a1adfc4.sdkstatcache
cd /Users/admin/builder/spi-builder-workspace/.swiftpm/xcode
/Applications/Xcode-27.0.0-Release.Candidate.app/Contents/Developer/Toolchains/XcodeDefault.xctoolchain/usr/bin/clang-stat-cache /Applications/Xcode-27.0.0-Release.Candidate.app/Contents/Developer/Platforms/MacOSX.platform/Developer/SDKs/MacOSX27.0.sdk -o /Users/admin/builder/spi-builder-workspace/.derivedData/SDKStatCaches.noindex/macosx27.0-26A425-e829b21a6f8c9b70876ba0858053c0446a22442a12e9d48fe1a705f55a1adfc4.sdkstatcache
CreateBuildDirectory /Users/admin/builder/spi-builder-workspace/.derivedData/Build/Intermediates.noindex/SwiftExplicitPrecompiledModules
cd /Users/admin/builder/spi-builder-workspace/.swiftpm/xcode
builtin-create-build-directory /Users/admin/builder/spi-builder-workspace/.derivedData/Build/Intermediates.noindex/SwiftExplicitPrecompiledModules
CreateBuildDirectory /Users/admin/builder/spi-builder-workspace/.derivedData/Build/Intermediates.noindex/PrecompiledHeaders
cd /Users/admin/builder/spi-builder-workspace/.swiftpm/xcode
builtin-create-build-directory /Users/admin/builder/spi-builder-workspace/.derivedData/Build/Intermediates.noindex/PrecompiledHeaders
CreateBuildDirectory /Users/admin/builder/spi-builder-workspace/.derivedData/Build/Intermediates.noindex/ExplicitPrecompiledModules
cd /Users/admin/builder/spi-builder-workspace/.swiftpm/xcode
builtin-create-build-directory /Users/admin/builder/spi-builder-workspace/.derivedData/Build/Intermediates.noindex/ExplicitPrecompiledModules
CreateBuildDirectory /Users/admin/builder/spi-builder-workspace/.derivedData/Build/Products/Debug
cd /Users/admin/builder/spi-builder-workspace/.swiftpm/xcode
builtin-create-build-directory /Users/admin/builder/spi-builder-workspace/.derivedData/Build/Products/Debug
CreateBuildDirectory /Users/admin/builder/spi-builder-workspace/.derivedData/Build/Intermediates.noindex/EagerLinkingTBDs/Debug
cd /Users/admin/builder/spi-builder-workspace/.swiftpm/xcode
builtin-create-build-directory /Users/admin/builder/spi-builder-workspace/.derivedData/Build/Intermediates.noindex/EagerLinkingTBDs/Debug
CreateBuildDirectory /Users/admin/builder/spi-builder-workspace/.derivedData/Build/Products/Debug/PackageFrameworks
cd /Users/admin/builder/spi-builder-workspace/.swiftpm/xcode
builtin-create-build-directory /Users/admin/builder/spi-builder-workspace/.derivedData/Build/Products/Debug/PackageFrameworks
WriteAuxiliaryFile /Users/admin/builder/spi-builder-workspace/.derivedData/Build/Intermediates.noindex/swiftui-uikit-presenting.build/Debug/UIViewControllerPresenting-t.build/UIViewControllerPresenting.modulemap (in target 'UIViewControllerPresenting' from project 'swiftui-uikit-presenting')
cd /Users/admin/builder/spi-builder-workspace
write-file /Users/admin/builder/spi-builder-workspace/.derivedData/Build/Intermediates.noindex/swiftui-uikit-presenting.build/Debug/UIViewControllerPresenting-t.build/UIViewControllerPresenting.modulemap
WriteAuxiliaryFile /Users/admin/builder/spi-builder-workspace/.derivedData/Build/Intermediates.noindex/swiftui-uikit-presenting.build/Debug/UIViewControllerPresenting-t.build/UIViewControllerPresenting.DependencyStaticMetadataFileList (in target 'UIViewControllerPresenting' from project 'swiftui-uikit-presenting')
cd /Users/admin/builder/spi-builder-workspace
write-file /Users/admin/builder/spi-builder-workspace/.derivedData/Build/Intermediates.noindex/swiftui-uikit-presenting.build/Debug/UIViewControllerPresenting-t.build/UIViewControllerPresenting.DependencyStaticMetadataFileList
WriteAuxiliaryFile /Users/admin/builder/spi-builder-workspace/.derivedData/Build/Intermediates.noindex/swiftui-uikit-presenting.build/Debug/UIViewControllerPresenting-t.build/UIViewControllerPresenting.DependencyMetadataFileList (in target 'UIViewControllerPresenting' from project 'swiftui-uikit-presenting')
cd /Users/admin/builder/spi-builder-workspace
write-file /Users/admin/builder/spi-builder-workspace/.derivedData/Build/Intermediates.noindex/swiftui-uikit-presenting.build/Debug/UIViewControllerPresenting-t.build/UIViewControllerPresenting.DependencyMetadataFileList
WriteAuxiliaryFile /Users/admin/builder/spi-builder-workspace/.derivedData/Build/Intermediates.noindex/swiftui-uikit-presenting.build/Debug/SafariWebView-t.build/SafariWebView.modulemap (in target 'SafariWebView' from project 'swiftui-uikit-presenting')
cd /Users/admin/builder/spi-builder-workspace
write-file /Users/admin/builder/spi-builder-workspace/.derivedData/Build/Intermediates.noindex/swiftui-uikit-presenting.build/Debug/SafariWebView-t.build/SafariWebView.modulemap
WriteAuxiliaryFile /Users/admin/builder/spi-builder-workspace/.derivedData/Build/Intermediates.noindex/swiftui-uikit-presenting.build/Debug/UIViewControllerPresenting-t.build/Objects-normal/arm64/UIViewControllerPresenting_const_extract_protocols.json (in target 'UIViewControllerPresenting' from project 'swiftui-uikit-presenting')
cd /Users/admin/builder/spi-builder-workspace
write-file /Users/admin/builder/spi-builder-workspace/.derivedData/Build/Intermediates.noindex/swiftui-uikit-presenting.build/Debug/UIViewControllerPresenting-t.build/Objects-normal/arm64/UIViewControllerPresenting_const_extract_protocols.json
WriteAuxiliaryFile /Users/admin/builder/spi-builder-workspace/.derivedData/Build/Intermediates.noindex/swiftui-uikit-presenting.build/Debug/UIViewControllerPresenting-t.build/Objects-normal/arm64/UIViewControllerPresenting-OutputFileMap.json (in target 'UIViewControllerPresenting' from project 'swiftui-uikit-presenting')
cd /Users/admin/builder/spi-builder-workspace
write-file /Users/admin/builder/spi-builder-workspace/.derivedData/Build/Intermediates.noindex/swiftui-uikit-presenting.build/Debug/UIViewControllerPresenting-t.build/Objects-normal/arm64/UIViewControllerPresenting-OutputFileMap.json
WriteAuxiliaryFile /Users/admin/builder/spi-builder-workspace/.derivedData/Build/Intermediates.noindex/swiftui-uikit-presenting.build/Debug/UIViewControllerPresenting-t.build/Objects-normal/arm64/UIViewControllerPresenting.LinkFileList (in target 'UIViewControllerPresenting' from project 'swiftui-uikit-presenting')
cd /Users/admin/builder/spi-builder-workspace
write-file /Users/admin/builder/spi-builder-workspace/.derivedData/Build/Intermediates.noindex/swiftui-uikit-presenting.build/Debug/UIViewControllerPresenting-t.build/Objects-normal/arm64/UIViewControllerPresenting.LinkFileList
WriteAuxiliaryFile /Users/admin/builder/spi-builder-workspace/.derivedData/Build/Intermediates.noindex/swiftui-uikit-presenting.build/Debug/UIViewControllerPresenting-t.build/Objects-normal/arm64/UIViewControllerPresenting.SwiftFileList (in target 'UIViewControllerPresenting' from project 'swiftui-uikit-presenting')
cd /Users/admin/builder/spi-builder-workspace
write-file /Users/admin/builder/spi-builder-workspace/.derivedData/Build/Intermediates.noindex/swiftui-uikit-presenting.build/Debug/UIViewControllerPresenting-t.build/Objects-normal/arm64/UIViewControllerPresenting.SwiftFileList
WriteAuxiliaryFile /Users/admin/builder/spi-builder-workspace/.derivedData/Build/Intermediates.noindex/swiftui-uikit-presenting.build/Debug/UIViewControllerPresenting-t.build/Objects-normal/arm64/UIViewControllerPresenting.SwiftConstValuesFileList (in target 'UIViewControllerPresenting' from project 'swiftui-uikit-presenting')
cd /Users/admin/builder/spi-builder-workspace
write-file /Users/admin/builder/spi-builder-workspace/.derivedData/Build/Intermediates.noindex/swiftui-uikit-presenting.build/Debug/UIViewControllerPresenting-t.build/Objects-normal/arm64/UIViewControllerPresenting.SwiftConstValuesFileList
WriteAuxiliaryFile /Users/admin/builder/spi-builder-workspace/.derivedData/Build/Intermediates.noindex/swiftui-uikit-presenting.build/Debug/SafariWebView-t.build/SafariWebView.DependencyStaticMetadataFileList (in target 'SafariWebView' from project 'swiftui-uikit-presenting')
cd /Users/admin/builder/spi-builder-workspace
write-file /Users/admin/builder/spi-builder-workspace/.derivedData/Build/Intermediates.noindex/swiftui-uikit-presenting.build/Debug/SafariWebView-t.build/SafariWebView.DependencyStaticMetadataFileList
WriteAuxiliaryFile /Users/admin/builder/spi-builder-workspace/.derivedData/Build/Intermediates.noindex/swiftui-uikit-presenting.build/Debug/SafariWebView-t.build/SafariWebView.DependencyMetadataFileList (in target 'SafariWebView' from project 'swiftui-uikit-presenting')
cd /Users/admin/builder/spi-builder-workspace
write-file /Users/admin/builder/spi-builder-workspace/.derivedData/Build/Intermediates.noindex/swiftui-uikit-presenting.build/Debug/SafariWebView-t.build/SafariWebView.DependencyMetadataFileList
WriteAuxiliaryFile /Users/admin/builder/spi-builder-workspace/.derivedData/Build/Intermediates.noindex/swiftui-uikit-presenting.build/Debug/SafariWebView-t.build/Objects-normal/arm64/SafariWebView.SwiftFileList (in target 'SafariWebView' from project 'swiftui-uikit-presenting')
cd /Users/admin/builder/spi-builder-workspace
write-file /Users/admin/builder/spi-builder-workspace/.derivedData/Build/Intermediates.noindex/swiftui-uikit-presenting.build/Debug/SafariWebView-t.build/Objects-normal/arm64/SafariWebView.SwiftFileList
WriteAuxiliaryFile /Users/admin/builder/spi-builder-workspace/.derivedData/Build/Intermediates.noindex/swiftui-uikit-presenting.build/Debug/SafariWebView-t.build/Objects-normal/arm64/SafariWebView_const_extract_protocols.json (in target 'SafariWebView' from project 'swiftui-uikit-presenting')
cd /Users/admin/builder/spi-builder-workspace
write-file /Users/admin/builder/spi-builder-workspace/.derivedData/Build/Intermediates.noindex/swiftui-uikit-presenting.build/Debug/SafariWebView-t.build/Objects-normal/arm64/SafariWebView_const_extract_protocols.json
WriteAuxiliaryFile /Users/admin/builder/spi-builder-workspace/.derivedData/Build/Intermediates.noindex/swiftui-uikit-presenting.build/Debug/SafariWebView-t.build/Objects-normal/arm64/SafariWebView.SwiftConstValuesFileList (in target 'SafariWebView' from project 'swiftui-uikit-presenting')
cd /Users/admin/builder/spi-builder-workspace
write-file /Users/admin/builder/spi-builder-workspace/.derivedData/Build/Intermediates.noindex/swiftui-uikit-presenting.build/Debug/SafariWebView-t.build/Objects-normal/arm64/SafariWebView.SwiftConstValuesFileList
WriteAuxiliaryFile /Users/admin/builder/spi-builder-workspace/.derivedData/Build/Intermediates.noindex/swiftui-uikit-presenting.build/Debug/SafariWebView-t.build/Objects-normal/arm64/SafariWebView.LinkFileList (in target 'SafariWebView' from project 'swiftui-uikit-presenting')
cd /Users/admin/builder/spi-builder-workspace
write-file /Users/admin/builder/spi-builder-workspace/.derivedData/Build/Intermediates.noindex/swiftui-uikit-presenting.build/Debug/SafariWebView-t.build/Objects-normal/arm64/SafariWebView.LinkFileList
Copy /Users/admin/builder/spi-builder-workspace/.derivedData/Build/Intermediates.noindex/GeneratedModuleMaps/UIViewControllerPresenting.modulemap /Users/admin/builder/spi-builder-workspace/.derivedData/Build/Intermediates.noindex/swiftui-uikit-presenting.build/Debug/UIViewControllerPresenting-t.build/UIViewControllerPresenting.modulemap (in target 'UIViewControllerPresenting' from project 'swiftui-uikit-presenting')
cd /Users/admin/builder/spi-builder-workspace
builtin-copy -exclude .DS_Store -exclude CVS -exclude .svn -exclude .git -exclude .hg -resolve-src-symlinks /Users/admin/builder/spi-builder-workspace/.derivedData/Build/Intermediates.noindex/swiftui-uikit-presenting.build/Debug/UIViewControllerPresenting-t.build/UIViewControllerPresenting.modulemap /Users/admin/builder/spi-builder-workspace/.derivedData/Build/Intermediates.noindex/GeneratedModuleMaps
WriteAuxiliaryFile /Users/admin/builder/spi-builder-workspace/.derivedData/Build/Intermediates.noindex/swiftui-uikit-presenting.build/Debug/SafariWebView-t.build/Objects-normal/arm64/SafariWebView-OutputFileMap.json (in target 'SafariWebView' from project 'swiftui-uikit-presenting')
cd /Users/admin/builder/spi-builder-workspace
write-file /Users/admin/builder/spi-builder-workspace/.derivedData/Build/Intermediates.noindex/swiftui-uikit-presenting.build/Debug/SafariWebView-t.build/Objects-normal/arm64/SafariWebView-OutputFileMap.json
Copy /Users/admin/builder/spi-builder-workspace/.derivedData/Build/Intermediates.noindex/GeneratedModuleMaps/SafariWebView.modulemap /Users/admin/builder/spi-builder-workspace/.derivedData/Build/Intermediates.noindex/swiftui-uikit-presenting.build/Debug/SafariWebView-t.build/SafariWebView.modulemap (in target 'SafariWebView' from project 'swiftui-uikit-presenting')
cd /Users/admin/builder/spi-builder-workspace
builtin-copy -exclude .DS_Store -exclude CVS -exclude .svn -exclude .git -exclude .hg -resolve-src-symlinks /Users/admin/builder/spi-builder-workspace/.derivedData/Build/Intermediates.noindex/swiftui-uikit-presenting.build/Debug/SafariWebView-t.build/SafariWebView.modulemap /Users/admin/builder/spi-builder-workspace/.derivedData/Build/Intermediates.noindex/GeneratedModuleMaps
SwiftDriver UIViewControllerPresenting normal arm64 com.apple.xcode.tools.swift.compiler (in target 'UIViewControllerPresenting' from project 'swiftui-uikit-presenting')
cd /Users/admin/builder/spi-builder-workspace/.swiftpm/xcode
builtin-SwiftDriver -- /Applications/Xcode-27.0.0-Release.Candidate.app/Contents/Developer/Toolchains/XcodeDefault.xctoolchain/usr/bin/swiftc -parse-as-library -module-name UIViewControllerPresenting -Onone @/Users/admin/builder/spi-builder-workspace/.derivedData/Build/Intermediates.noindex/swiftui-uikit-presenting.build/Debug/UIViewControllerPresenting-t.build/Objects-normal/arm64/UIViewControllerPresenting.SwiftFileList -DSWIFT_PACKAGE -DDEBUG -DSWIFT_MODULE_RESOURCE_BUNDLE_UNAVAILABLE -DXcode -plugin-path /Applications/Xcode-27.0.0-Release.Candidate.app/Contents/Developer/Toolchains/XcodeDefault.xctoolchain/usr/lib/swift/host/plugins/testing -enable-experimental-feature DebugDescriptionMacro -sdk /Applications/Xcode-27.0.0-Release.Candidate.app/Contents/Developer/Platforms/MacOSX.platform/Developer/SDKs/MacOSX27.0.sdk -target arm64-apple-macos12.0 -g -module-cache-path /Users/admin/builder/spi-builder-workspace/.derivedData/ModuleCache.noindex -Xfrontend -serialize-debugging-options -profile-coverage-mapping -profile-generate -enable-testing -index-store-path /Users/admin/builder/spi-builder-workspace/.derivedData/Index.noindex/DataStore -Xcc -D_LIBCPP_HARDENING_MODE\=_LIBCPP_HARDENING_MODE_DEBUG -swift-version 5 -I /Users/admin/builder/spi-builder-workspace/.derivedData/Build/Products/Debug -Isystem /Applications/Xcode-27.0.0-Release.Candidate.app/Contents/Developer/Platforms/MacOSX.platform/Developer/usr/lib -F /Users/admin/builder/spi-builder-workspace/.derivedData/Build/Products/Debug -F /Applications/Xcode-27.0.0-Release.Candidate.app/Contents/Developer/Platforms/MacOSX.platform/Developer/Library/Frameworks -c -j10 -enable-batch-mode -incremental -Xcc -ivfsstatcache -Xcc /Users/admin/builder/spi-builder-workspace/.derivedData/SDKStatCaches.noindex/macosx27.0-26A425-e829b21a6f8c9b70876ba0858053c0446a22442a12e9d48fe1a705f55a1adfc4.sdkstatcache -output-file-map /Users/admin/builder/spi-builder-workspace/.derivedData/Build/Intermediates.noindex/swiftui-uikit-presenting.build/Debug/UIViewControllerPresenting-t.build/Objects-normal/arm64/UIViewControllerPresenting-OutputFileMap.json -save-temps -no-color-diagnostics -explicit-module-build -module-cache-path /Users/admin/builder/spi-builder-workspace/.derivedData/Build/Intermediates.noindex/SwiftExplicitPrecompiledModules -clang-scanner-module-cache-path /Users/admin/builder/spi-builder-workspace/.derivedData/ModuleCache.noindex -sdk-module-cache-path /Users/admin/builder/spi-builder-workspace/.derivedData/SDKExplicitPrecompiledModules -emit-dependencies -emit-module -emit-module-path /Users/admin/builder/spi-builder-workspace/.derivedData/Build/Intermediates.noindex/swiftui-uikit-presenting.build/Debug/UIViewControllerPresenting-t.build/Objects-normal/arm64/UIViewControllerPresenting.swiftmodule -serialize-diagnostics -dependency-scan-serialize-diagnostics-path /Users/admin/builder/spi-builder-workspace/.derivedData/Build/Intermediates.noindex/swiftui-uikit-presenting.build/Debug/UIViewControllerPresenting-t.build/Objects-normal/arm64/UIViewControllerPresenting-dependency-scan.dia -validate-clang-modules-once -clang-build-session-file /Users/admin/builder/spi-builder-workspace/.derivedData/ModuleCache.noindex/Session.modulevalidation -Xcc -fmodules-prune-interval\=86400 -Xcc -fmodules-prune-after\=345600 -emit-const-values -const-gather-protocols-list /Users/admin/builder/spi-builder-workspace/.derivedData/Build/Intermediates.noindex/swiftui-uikit-presenting.build/Debug/UIViewControllerPresenting-t.build/Objects-normal/arm64/UIViewControllerPresenting_const_extract_protocols.json -Xcc -I/Users/admin/builder/spi-builder-workspace/.derivedData/Build/Products/Debug/include -Xcc -I/Users/admin/builder/spi-builder-workspace/.derivedData/Build/Intermediates.noindex/swiftui-uikit-presenting.build/Debug/UIViewControllerPresenting-t.build/DerivedSources-normal/arm64 -Xcc -I/Users/admin/builder/spi-builder-workspace/.derivedData/Build/Intermediates.noindex/swiftui-uikit-presenting.build/Debug/UIViewControllerPresenting-t.build/DerivedSources/arm64 -Xcc -I/Users/admin/builder/spi-builder-workspace/.derivedData/Build/Intermediates.noindex/swiftui-uikit-presenting.build/Debug/UIViewControllerPresenting-t.build/DerivedSources -Xcc -DSWIFT_PACKAGE -Xcc -DDEBUG\=1 -emit-objc-header -emit-objc-header-path /Users/admin/builder/spi-builder-workspace/.derivedData/Build/Intermediates.noindex/swiftui-uikit-presenting.build/Debug/UIViewControllerPresenting-t.build/Objects-normal/arm64/UIViewControllerPresenting-Swift.h -working-directory /Users/admin/builder/spi-builder-workspace/.swiftpm/xcode -experimental-emit-module-separately -disable-cmo
/Users/admin/builder/spi-builder-workspace/Sources/UIViewControllerPresenting/ViewPresenting.swift:2:8: error: Unable to resolve module dependency: 'UIKit' (in target 'UIViewControllerPresenting' from project 'swiftui-uikit-presenting')
note: A dependency of main module 'UIViewControllerPresenting'
/Users/admin/builder/spi-builder-workspace/Sources/UIViewControllerPresenting/ViewPresenting.swift:2:8: note: A dependency of main module 'UIViewControllerPresenting'
import UIKit
^ (in target 'UIViewControllerPresenting' from project 'swiftui-uikit-presenting')
PruneExplicitPrecompiledModules /Users/admin/builder/spi-builder-workspace/.derivedData/SDKExplicitPrecompiledModules
PruneExplicitPrecompiledModules /Users/admin/builder/spi-builder-workspace/.derivedData/Build/Intermediates.noindex/ExplicitPrecompiledModules
PruneExplicitPrecompiledModules /Users/admin/builder/spi-builder-workspace/.derivedData/Build/Intermediates.noindex/SwiftExplicitPrecompiledModules
2026-09-18 14:29:45.305 xcodebuild[648:4225] [MT] IDERunDestination: Supported platforms for the buildables in the current scheme is empty.
2026-09-18 14:29:45.450 xcodebuild[648:4225] [MT] IDERunDestination: Supported platforms for the buildables in the current scheme is empty.
--- xcodebuild: WARNING: Using the first of multiple matching destinations:
{ platform:macOS, arch:arm64, id:b74d9d5a8154c7e9eba703cfd9f5357cbf544d14, name:My Mac }
{ platform:macOS, arch:arm64, variant:Mac Catalyst, id:b74d9d5a8154c7e9eba703cfd9f5357cbf544d14, name:My Mac }
{ platform:macOS, arch:arm64, variant:DriverKit, id:b74d9d5a8154c7e9eba703cfd9f5357cbf544d14, name:My Mac }
{ platform:macOS, arch:arm64, variant:Designed for [iPad,iPhone], id:b74d9d5a8154c7e9eba703cfd9f5357cbf544d14, name:My Mac }
** BUILD FAILED **
The following build commands failed:
SwiftDriver UIViewControllerPresenting normal arm64 com.apple.xcode.tools.swift.compiler (in target 'UIViewControllerPresenting' from project 'swiftui-uikit-presenting')
Building workspace swiftui-uikit-presenting with scheme swiftui-uikit-presenting-Package
(2 failures)
Command line invocation:
/Applications/Xcode-27.0.0-Release.Candidate.app/Contents/Developer/usr/bin/xcodebuild -IDEClonedSourcePackagesDirPathOverride=/Users/admin/builder/spi-builder-workspace/.dependencies -resolvePackageDependencies
Resolve Package Graph
Resolved source packages:
swiftui-uikit-presenting: /Users/admin/builder/spi-builder-workspace
resolved source packages: swiftui-uikit-presenting
2026-09-18 14:29:51.274 xcodebuild[663:4432] [MT] IDERunDestination: Supported platforms for the buildables in the current scheme is empty.
2026-09-18 14:29:51.421 xcodebuild[663:4432] [MT] IDERunDestination: Supported platforms for the buildables in the current scheme is empty.
{
"dependencies" : [
],
"manifest_display_name" : "swiftui-uikit-presenting",
"name" : "swiftui-uikit-presenting",
"path" : "/Users/admin/builder/spi-builder-workspace",
"platforms" : [
{
"name" : "ios",
"version" : "14.0"
}
],
"products" : [
{
"name" : "UIViewControllerPresenting",
"targets" : [
"UIViewControllerPresenting"
],
"type" : {
"library" : [
"automatic"
]
}
},
{
"name" : "SafariWebView",
"targets" : [
"SafariWebView"
],
"type" : {
"library" : [
"automatic"
]
}
}
],
"targets" : [
{
"c99name" : "UIViewControllerPresentingTests",
"module_type" : "SwiftTarget",
"name" : "UIViewControllerPresentingTests",
"path" : "Tests/UIViewControllerPresentingTests",
"sources" : [
"UIViewControllerPresentingTests.swift"
],
"target_dependencies" : [
"UIViewControllerPresenting"
],
"type" : "test"
},
{
"c99name" : "UIViewControllerPresenting",
"module_type" : "SwiftTarget",
"name" : "UIViewControllerPresenting",
"path" : "Sources/UIViewControllerPresenting",
"product_memberships" : [
"UIViewControllerPresenting",
"SafariWebView"
],
"sources" : [
"UIViewControllerPresenting.swift",
"ViewPresenting.swift"
],
"type" : "library"
},
{
"c99name" : "SafariWebView",
"module_type" : "SwiftTarget",
"name" : "SafariWebView",
"path" : "Sources/SafariWebView",
"product_memberships" : [
"SafariWebView"
],
"sources" : [
"SafariWebView.swift"
],
"target_dependencies" : [
"UIViewControllerPresenting"
],
"type" : "library"
}
],
"tools_version" : "5.6"
}
{
"workspace" : {
"name" : "swiftui-uikit-presenting",
"schemes" : [
"SafariWebView",
"swiftui-uikit-presenting-Package",
"UIViewControllerPresenting"
]
}
}
2026-09-18 14:29:52.579 xcodebuild[671:4505] [MT] IDERunDestination: Supported platforms for the buildables in the current scheme is empty.
2026-09-18 14:29:52.718 xcodebuild[671:4505] [MT] IDERunDestination: Supported platforms for the buildables in the current scheme is empty.
Running build ...
env DEVELOPER_DIR=/Applications/Xcode-27.0.0-Release.Candidate.app xcrun xcodebuild -IDEClonedSourcePackagesDirPathOverride=$PWD/.dependencies -skipMacroValidation -skipPackagePluginValidation -derivedDataPath $PWD/.derivedData build -scheme swiftui-uikit-presenting-Package -destination platform=macOS,arch=arm64
Command line invocation:
/Applications/Xcode-27.0.0-Release.Candidate.app/Contents/Developer/usr/bin/xcodebuild -IDEClonedSourcePackagesDirPathOverride=/Users/admin/builder/spi-builder-workspace/.dependencies -skipMacroValidation -skipPackagePluginValidation -derivedDataPath /Users/admin/builder/spi-builder-workspace/.derivedData build -scheme swiftui-uikit-presenting-Package -destination platform=macOS,arch=arm64
Resolve Package Graph
Resolved source packages:
swiftui-uikit-presenting: /Users/admin/builder/spi-builder-workspace
ComputePackagePrebuildTargetDependencyGraph
Prepare packages
CreateBuildRequest
SendProjectDescription
CreateBuildOperation
ComputeTargetDependencyGraph
note: Building targets in dependency order
note: Target dependency graph (4 targets)
Target 'SafariWebView-product' in project 'swiftui-uikit-presenting'
➜ Explicit dependency on target 'SafariWebView' in project 'swiftui-uikit-presenting'
➜ Explicit dependency on target 'UIViewControllerPresenting' in project 'swiftui-uikit-presenting'
Target 'SafariWebView' in project 'swiftui-uikit-presenting'
➜ Explicit dependency on target 'UIViewControllerPresenting' in project 'swiftui-uikit-presenting'
Target 'UIViewControllerPresenting-product' in project 'swiftui-uikit-presenting'
➜ Explicit dependency on target 'UIViewControllerPresenting' in project 'swiftui-uikit-presenting'
Target 'UIViewControllerPresenting' in project 'swiftui-uikit-presenting' (no dependencies)
GatherProvisioningInputs
CreateBuildDescription
ClangStatCache /Applications/Xcode-27.0.0-Release.Candidate.app/Contents/Developer/Toolchains/XcodeDefault.xctoolchain/usr/bin/clang-stat-cache /Applications/Xcode-27.0.0-Release.Candidate.app/Contents/Developer/Platforms/MacOSX.platform/Developer/SDKs/MacOSX27.0.sdk /Users/admin/builder/spi-builder-workspace/.derivedData/SDKStatCaches.noindex/macosx27.0-26A425-e829b21a6f8c9b70876ba0858053c0446a22442a12e9d48fe1a705f55a1adfc4.sdkstatcache
cd /Users/admin/builder/spi-builder-workspace/.swiftpm/xcode
/Applications/Xcode-27.0.0-Release.Candidate.app/Contents/Developer/Toolchains/XcodeDefault.xctoolchain/usr/bin/clang-stat-cache /Applications/Xcode-27.0.0-Release.Candidate.app/Contents/Developer/Platforms/MacOSX.platform/Developer/SDKs/MacOSX27.0.sdk -o /Users/admin/builder/spi-builder-workspace/.derivedData/SDKStatCaches.noindex/macosx27.0-26A425-e829b21a6f8c9b70876ba0858053c0446a22442a12e9d48fe1a705f55a1adfc4.sdkstatcache
SwiftDriver UIViewControllerPresenting normal arm64 com.apple.xcode.tools.swift.compiler (in target 'UIViewControllerPresenting' from project 'swiftui-uikit-presenting')
cd /Users/admin/builder/spi-builder-workspace/.swiftpm/xcode
builtin-SwiftDriver -- /Applications/Xcode-27.0.0-Release.Candidate.app/Contents/Developer/Toolchains/XcodeDefault.xctoolchain/usr/bin/swiftc -parse-as-library -module-name UIViewControllerPresenting -Onone @/Users/admin/builder/spi-builder-workspace/.derivedData/Build/Intermediates.noindex/swiftui-uikit-presenting.build/Debug/UIViewControllerPresenting-t.build/Objects-normal/arm64/UIViewControllerPresenting.SwiftFileList -DSWIFT_PACKAGE -DDEBUG -DSWIFT_MODULE_RESOURCE_BUNDLE_UNAVAILABLE -DXcode -plugin-path /Applications/Xcode-27.0.0-Release.Candidate.app/Contents/Developer/Toolchains/XcodeDefault.xctoolchain/usr/lib/swift/host/plugins/testing -enable-experimental-feature DebugDescriptionMacro -sdk /Applications/Xcode-27.0.0-Release.Candidate.app/Contents/Developer/Platforms/MacOSX.platform/Developer/SDKs/MacOSX27.0.sdk -target arm64-apple-macos12.0 -g -module-cache-path /Users/admin/builder/spi-builder-workspace/.derivedData/ModuleCache.noindex -Xfrontend -serialize-debugging-options -profile-coverage-mapping -profile-generate -enable-testing -index-store-path /Users/admin/builder/spi-builder-workspace/.derivedData/Index.noindex/DataStore -Xcc -D_LIBCPP_HARDENING_MODE\=_LIBCPP_HARDENING_MODE_DEBUG -swift-version 5 -I /Users/admin/builder/spi-builder-workspace/.derivedData/Build/Products/Debug -Isystem /Applications/Xcode-27.0.0-Release.Candidate.app/Contents/Developer/Platforms/MacOSX.platform/Developer/usr/lib -F /Users/admin/builder/spi-builder-workspace/.derivedData/Build/Products/Debug -F /Applications/Xcode-27.0.0-Release.Candidate.app/Contents/Developer/Platforms/MacOSX.platform/Developer/Library/Frameworks -c -j10 -enable-batch-mode -incremental -Xcc -ivfsstatcache -Xcc /Users/admin/builder/spi-builder-workspace/.derivedData/SDKStatCaches.noindex/macosx27.0-26A425-e829b21a6f8c9b70876ba0858053c0446a22442a12e9d48fe1a705f55a1adfc4.sdkstatcache -output-file-map /Users/admin/builder/spi-builder-workspace/.derivedData/Build/Intermediates.noindex/swiftui-uikit-presenting.build/Debug/UIViewControllerPresenting-t.build/Objects-normal/arm64/UIViewControllerPresenting-OutputFileMap.json -save-temps -no-color-diagnostics -explicit-module-build -module-cache-path /Users/admin/builder/spi-builder-workspace/.derivedData/Build/Intermediates.noindex/SwiftExplicitPrecompiledModules -clang-scanner-module-cache-path /Users/admin/builder/spi-builder-workspace/.derivedData/ModuleCache.noindex -sdk-module-cache-path /Users/admin/builder/spi-builder-workspace/.derivedData/SDKExplicitPrecompiledModules -emit-dependencies -emit-module -emit-module-path /Users/admin/builder/spi-builder-workspace/.derivedData/Build/Intermediates.noindex/swiftui-uikit-presenting.build/Debug/UIViewControllerPresenting-t.build/Objects-normal/arm64/UIViewControllerPresenting.swiftmodule -serialize-diagnostics -dependency-scan-serialize-diagnostics-path /Users/admin/builder/spi-builder-workspace/.derivedData/Build/Intermediates.noindex/swiftui-uikit-presenting.build/Debug/UIViewControllerPresenting-t.build/Objects-normal/arm64/UIViewControllerPresenting-dependency-scan.dia -validate-clang-modules-once -clang-build-session-file /Users/admin/builder/spi-builder-workspace/.derivedData/ModuleCache.noindex/Session.modulevalidation -Xcc -fmodules-prune-interval\=86400 -Xcc -fmodules-prune-after\=345600 -emit-const-values -const-gather-protocols-list /Users/admin/builder/spi-builder-workspace/.derivedData/Build/Intermediates.noindex/swiftui-uikit-presenting.build/Debug/UIViewControllerPresenting-t.build/Objects-normal/arm64/UIViewControllerPresenting_const_extract_protocols.json -Xcc -I/Users/admin/builder/spi-builder-workspace/.derivedData/Build/Products/Debug/include -Xcc -I/Users/admin/builder/spi-builder-workspace/.derivedData/Build/Intermediates.noindex/swiftui-uikit-presenting.build/Debug/UIViewControllerPresenting-t.build/DerivedSources-normal/arm64 -Xcc -I/Users/admin/builder/spi-builder-workspace/.derivedData/Build/Intermediates.noindex/swiftui-uikit-presenting.build/Debug/UIViewControllerPresenting-t.build/DerivedSources/arm64 -Xcc -I/Users/admin/builder/spi-builder-workspace/.derivedData/Build/Intermediates.noindex/swiftui-uikit-presenting.build/Debug/UIViewControllerPresenting-t.build/DerivedSources -Xcc -DSWIFT_PACKAGE -Xcc -DDEBUG\=1 -emit-objc-header -emit-objc-header-path /Users/admin/builder/spi-builder-workspace/.derivedData/Build/Intermediates.noindex/swiftui-uikit-presenting.build/Debug/UIViewControllerPresenting-t.build/Objects-normal/arm64/UIViewControllerPresenting-Swift.h -working-directory /Users/admin/builder/spi-builder-workspace/.swiftpm/xcode -experimental-emit-module-separately -disable-cmo
/Users/admin/builder/spi-builder-workspace/Sources/UIViewControllerPresenting/ViewPresenting.swift:2:8: error: Unable to resolve module dependency: 'UIKit' (in target 'UIViewControllerPresenting' from project 'swiftui-uikit-presenting')
note: A dependency of main module 'UIViewControllerPresenting'
/Users/admin/builder/spi-builder-workspace/Sources/UIViewControllerPresenting/ViewPresenting.swift:2:8: note: A dependency of main module 'UIViewControllerPresenting'
import UIKit
^ (in target 'UIViewControllerPresenting' from project 'swiftui-uikit-presenting')
PruneExplicitPrecompiledModules /Users/admin/builder/spi-builder-workspace/.derivedData/Build/Intermediates.noindex/ExplicitPrecompiledModules
PruneExplicitPrecompiledModules /Users/admin/builder/spi-builder-workspace/.derivedData/Build/Intermediates.noindex/SwiftExplicitPrecompiledModules
PruneExplicitPrecompiledModules /Users/admin/builder/spi-builder-workspace/.derivedData/SDKExplicitPrecompiledModules
2026-09-18 14:29:53.582 xcodebuild[672:4533] [MT] IDERunDestination: Supported platforms for the buildables in the current scheme is empty.
2026-09-18 14:29:53.723 xcodebuild[672:4533] [MT] IDERunDestination: Supported platforms for the buildables in the current scheme is empty.
--- xcodebuild: WARNING: Using the first of multiple matching destinations:
{ platform:macOS, arch:arm64, id:b74d9d5a8154c7e9eba703cfd9f5357cbf544d14, name:My Mac }
{ platform:macOS, arch:arm64, variant:Mac Catalyst, id:b74d9d5a8154c7e9eba703cfd9f5357cbf544d14, name:My Mac }
{ platform:macOS, arch:arm64, variant:DriverKit, id:b74d9d5a8154c7e9eba703cfd9f5357cbf544d14, name:My Mac }
{ platform:macOS, arch:arm64, variant:Designed for [iPad,iPhone], id:b74d9d5a8154c7e9eba703cfd9f5357cbf544d14, name:My Mac }
** BUILD FAILED **
The following build commands failed:
SwiftDriver UIViewControllerPresenting normal arm64 com.apple.xcode.tools.swift.compiler (in target 'UIViewControllerPresenting' from project 'swiftui-uikit-presenting')
Building workspace swiftui-uikit-presenting with scheme swiftui-uikit-presenting-Package
(2 failures)
BUILD FAILURE 6.4 macosXcodebuild