Build Information
Failed to build WWCaptchaView, reference main (3c7695), with Swift 6.4 for macOS (Xcode) using Xcode 27.0 on 21 Sep 2026 17:33:08 UTC.
Build Command
env DEVELOPER_DIR=/Applications/Xcode-27.0.0-Release.Candidate.app xcrun xcodebuild -IDEClonedSourcePackagesDirPathOverride=$PWD/.dependencies -skipMacroValidation -skipPackagePluginValidation -derivedDataPath $PWD/.derivedData build -scheme WWCaptchaView -destination platform=macOS,arch=arm64Build Log
========================================
RunAll
========================================
Builder version: 5.1.0
Interrupt handler set up.
========================================
Checkout
========================================
Clone URL: https://github.com/William-Weng/WWCaptchaView.git
Reference: main
Initialized empty Git repository in /Users/admin/builder/spi-builder-workspace/.git/
From https://github.com/William-Weng/WWCaptchaView
* branch main -> FETCH_HEAD
* [new branch] main -> origin/main
HEAD is now at 3c76951 - update package
Cloned https://github.com/William-Weng/WWCaptchaView.git
Revision (git rev-parse @):
3c76951f0cbc38fc7755ab7416ee84e43e236e7b
SUCCESS checkout https://github.com/William-Weng/WWCaptchaView.git at main
========================================
Build
========================================
Selected platform: macosXcodebuild
Swift version: 6.4
Building package at path: $PWD
https://github.com/William-Weng/WWCaptchaView.git
Command line invocation:
/Applications/Xcode-27.0.0-Release.Candidate.app/Contents/Developer/usr/bin/xcodebuild -IDEClonedSourcePackagesDirPathOverride=/Users/admin/builder/spi-builder-workspace/.dependencies -resolvePackageDependencies
Resolve Package Graph
Resolve Package Graph
Resolved source packages:
WWCaptchaView: /Users/admin/builder/spi-builder-workspace
resolved source packages: WWCaptchaView
2026-09-21 13:32:15.995 xcodebuild[529:3025] [MT] IDERunDestination: Supported platforms for the buildables in the current scheme is empty.
{
"dependencies" : [
],
"manifest_display_name" : "WWCaptchaView",
"name" : "WWCaptchaView",
"path" : "/Users/admin/builder/spi-builder-workspace",
"platforms" : [
{
"name" : "ios",
"version" : "14.0"
}
],
"products" : [
{
"name" : "WWCaptchaView",
"targets" : [
"WWCaptchaView"
],
"type" : {
"library" : [
"automatic"
]
}
}
],
"swift_languages_versions" : [
"5"
],
"targets" : [
{
"c99name" : "WWCaptchaView",
"module_type" : "SwiftTarget",
"name" : "WWCaptchaView",
"path" : "Sources/WWCaptchaView",
"product_memberships" : [
"WWCaptchaView"
],
"resources" : [
{
"path" : "/Users/admin/builder/spi-builder-workspace/Sources/WWCaptchaView/Privacy",
"rule" : {
"copy" : {
}
}
}
],
"sources" : [
"Utility/Constant.swift",
"Utility/Delegate.swift",
"Utility/Extension.swift",
"Utility/Models.swift",
"WWCaptchaView.swift"
],
"type" : "library"
}
],
"tools_version" : "5.6"
}
{
"workspace" : {
"name" : "WWCaptchaView",
"schemes" : [
"WWCaptchaView"
]
}
}
2026-09-21 13:32:57.503 xcodebuild[656:4203] [MT] IDERunDestination: Supported platforms for the buildables in the current scheme is empty.
Running build ...
env DEVELOPER_DIR=/Applications/Xcode-27.0.0-Release.Candidate.app xcrun xcodebuild -IDEClonedSourcePackagesDirPathOverride=$PWD/.dependencies -skipMacroValidation -skipPackagePluginValidation -derivedDataPath $PWD/.derivedData build -scheme WWCaptchaView -destination platform=macOS,arch=arm64
Command line invocation:
/Applications/Xcode-27.0.0-Release.Candidate.app/Contents/Developer/usr/bin/xcodebuild -IDEClonedSourcePackagesDirPathOverride=/Users/admin/builder/spi-builder-workspace/.dependencies -skipMacroValidation -skipPackagePluginValidation -derivedDataPath /Users/admin/builder/spi-builder-workspace/.derivedData build -scheme WWCaptchaView -destination platform=macOS,arch=arm64
Resolve Package Graph
Resolved source packages:
WWCaptchaView: /Users/admin/builder/spi-builder-workspace
ComputePackagePrebuildTargetDependencyGraph
Prepare packages
CreateBuildRequest
SendProjectDescription
CreateBuildOperation
ComputeTargetDependencyGraph
note: Building targets in dependency order
note: Target dependency graph (3 targets)
Target 'WWCaptchaView-product' in project 'WWCaptchaView'
➜ Explicit dependency on target 'WWCaptchaView' in project 'WWCaptchaView'
➜ Explicit dependency on target 'WWCaptchaView_WWCaptchaView' in project 'WWCaptchaView'
Target 'WWCaptchaView' in project 'WWCaptchaView'
➜ Explicit dependency on target 'WWCaptchaView_WWCaptchaView' in project 'WWCaptchaView'
Target 'WWCaptchaView_WWCaptchaView' in project 'WWCaptchaView' (no dependencies)
GatherProvisioningInputs
CreateBuildDescription
ExecuteExternalTool /Applications/Xcode-27.0.0-Release.Candidate.app/Contents/Developer/Toolchains/XcodeDefault.xctoolchain/usr/bin/clang -v -E -dM -isysroot /Applications/Xcode-27.0.0-Release.Candidate.app/Contents/Developer/Platforms/MacOSX.platform/Developer/SDKs/MacOSX27.0.sdk -x c -c /dev/null
ExecuteExternalTool /Applications/Xcode-27.0.0-Release.Candidate.app/Contents/Developer/Toolchains/XcodeDefault.xctoolchain/usr/bin/swiftc --version
ExecuteExternalTool /Applications/Xcode-27.0.0-Release.Candidate.app/Contents/Developer/Toolchains/XcodeDefault.xctoolchain/usr/bin/ld -version_details
Build description signature: 794619901c4844c08b14748743d8be9d
Build description path: /Users/admin/builder/spi-builder-workspace/.derivedData/Build/Intermediates.noindex/XCBuildData/794619901c4844c08b14748743d8be9d.xcbuilddata
CreateBuildDirectory /Users/admin/builder/spi-builder-workspace/.derivedData/ModuleCache.noindex
cd /Users/admin/builder/spi-builder-workspace/.swiftpm/xcode
builtin-create-build-directory /Users/admin/builder/spi-builder-workspace/.derivedData/ModuleCache.noindex
CreateBuildDirectory /Users/admin/builder/spi-builder-workspace/.derivedData/CompilationCache.noindex
cd /Users/admin/builder/spi-builder-workspace/.swiftpm/xcode
builtin-create-build-directory /Users/admin/builder/spi-builder-workspace/.derivedData/CompilationCache.noindex
CreateBuildDirectory /Users/admin/builder/spi-builder-workspace/.derivedData/SDKExplicitPrecompiledModules
cd /Users/admin/builder/spi-builder-workspace/.swiftpm/xcode
builtin-create-build-directory /Users/admin/builder/spi-builder-workspace/.derivedData/SDKExplicitPrecompiledModules
CreateBuildDirectory /Users/admin/builder/spi-builder-workspace/.derivedData/Build/Intermediates.noindex
cd /Users/admin/builder/spi-builder-workspace/.swiftpm/xcode
builtin-create-build-directory /Users/admin/builder/spi-builder-workspace/.derivedData/Build/Intermediates.noindex
ClangStatCache /Applications/Xcode-27.0.0-Release.Candidate.app/Contents/Developer/Toolchains/XcodeDefault.xctoolchain/usr/bin/clang-stat-cache /Applications/Xcode-27.0.0-Release.Candidate.app/Contents/Developer/Platforms/MacOSX.platform/Developer/SDKs/MacOSX27.0.sdk /Users/admin/builder/spi-builder-workspace/.derivedData/SDKStatCaches.noindex/macosx27.0-26A425-e829b21a6f8c9b70876ba0858053c0446a22442a12e9d48fe1a705f55a1adfc4.sdkstatcache
cd /Users/admin/builder/spi-builder-workspace/.swiftpm/xcode
/Applications/Xcode-27.0.0-Release.Candidate.app/Contents/Developer/Toolchains/XcodeDefault.xctoolchain/usr/bin/clang-stat-cache /Applications/Xcode-27.0.0-Release.Candidate.app/Contents/Developer/Platforms/MacOSX.platform/Developer/SDKs/MacOSX27.0.sdk -o /Users/admin/builder/spi-builder-workspace/.derivedData/SDKStatCaches.noindex/macosx27.0-26A425-e829b21a6f8c9b70876ba0858053c0446a22442a12e9d48fe1a705f55a1adfc4.sdkstatcache
CreateBuildDirectory /Users/admin/builder/spi-builder-workspace/.derivedData/Build/Products
cd /Users/admin/builder/spi-builder-workspace/.swiftpm/xcode
builtin-create-build-directory /Users/admin/builder/spi-builder-workspace/.derivedData/Build/Products
CreateBuildDirectory /Users/admin/builder/spi-builder-workspace/.derivedData/Build/Intermediates.noindex/PrecompiledHeaders
cd /Users/admin/builder/spi-builder-workspace/.swiftpm/xcode
builtin-create-build-directory /Users/admin/builder/spi-builder-workspace/.derivedData/Build/Intermediates.noindex/PrecompiledHeaders
CreateBuildDirectory /Users/admin/builder/spi-builder-workspace/.derivedData/Build/Intermediates.noindex/SwiftExplicitPrecompiledModules
cd /Users/admin/builder/spi-builder-workspace/.swiftpm/xcode
builtin-create-build-directory /Users/admin/builder/spi-builder-workspace/.derivedData/Build/Intermediates.noindex/SwiftExplicitPrecompiledModules
CreateBuildDirectory /Users/admin/builder/spi-builder-workspace/.derivedData/Build/Intermediates.noindex/ExplicitPrecompiledModules
cd /Users/admin/builder/spi-builder-workspace/.swiftpm/xcode
builtin-create-build-directory /Users/admin/builder/spi-builder-workspace/.derivedData/Build/Intermediates.noindex/ExplicitPrecompiledModules
CreateBuildDirectory /Users/admin/builder/spi-builder-workspace/.derivedData/Build/Intermediates.noindex/EagerLinkingTBDs/Debug
cd /Users/admin/builder/spi-builder-workspace/.swiftpm/xcode
builtin-create-build-directory /Users/admin/builder/spi-builder-workspace/.derivedData/Build/Intermediates.noindex/EagerLinkingTBDs/Debug
CreateBuildDirectory /Users/admin/builder/spi-builder-workspace/.derivedData/Build/Products/Debug
cd /Users/admin/builder/spi-builder-workspace/.swiftpm/xcode
builtin-create-build-directory /Users/admin/builder/spi-builder-workspace/.derivedData/Build/Products/Debug
CreateBuildDirectory /Users/admin/builder/spi-builder-workspace/.derivedData/Build/Products/Debug/PackageFrameworks
cd /Users/admin/builder/spi-builder-workspace/.swiftpm/xcode
builtin-create-build-directory /Users/admin/builder/spi-builder-workspace/.derivedData/Build/Products/Debug/PackageFrameworks
MkDir /Users/admin/builder/spi-builder-workspace/.derivedData/Build/Products/Debug/WWCaptchaView_WWCaptchaView.bundle (in target 'WWCaptchaView_WWCaptchaView' from project 'WWCaptchaView')
cd /Users/admin/builder/spi-builder-workspace
/bin/mkdir -p /Users/admin/builder/spi-builder-workspace/.derivedData/Build/Products/Debug/WWCaptchaView_WWCaptchaView.bundle
MkDir /Users/admin/builder/spi-builder-workspace/.derivedData/Build/Products/Debug/WWCaptchaView_WWCaptchaView.bundle/Contents (in target 'WWCaptchaView_WWCaptchaView' from project 'WWCaptchaView')
cd /Users/admin/builder/spi-builder-workspace
/bin/mkdir -p /Users/admin/builder/spi-builder-workspace/.derivedData/Build/Products/Debug/WWCaptchaView_WWCaptchaView.bundle/Contents
WriteAuxiliaryFile /Users/admin/builder/spi-builder-workspace/.derivedData/Build/Intermediates.noindex/WWCaptchaView.build/Debug/WWCaptchaView_WWCaptchaView-b.build/WWCaptchaView_WWCaptchaView.DependencyStaticMetadataFileList (in target 'WWCaptchaView_WWCaptchaView' from project 'WWCaptchaView')
cd /Users/admin/builder/spi-builder-workspace
write-file /Users/admin/builder/spi-builder-workspace/.derivedData/Build/Intermediates.noindex/WWCaptchaView.build/Debug/WWCaptchaView_WWCaptchaView-b.build/WWCaptchaView_WWCaptchaView.DependencyStaticMetadataFileList
WriteAuxiliaryFile /Users/admin/builder/spi-builder-workspace/.derivedData/Build/Intermediates.noindex/WWCaptchaView.build/Debug/WWCaptchaView_WWCaptchaView-b.build/empty-WWCaptchaView_WWCaptchaView.plist (in target 'WWCaptchaView_WWCaptchaView' from project 'WWCaptchaView')
cd /Users/admin/builder/spi-builder-workspace
write-file /Users/admin/builder/spi-builder-workspace/.derivedData/Build/Intermediates.noindex/WWCaptchaView.build/Debug/WWCaptchaView_WWCaptchaView-b.build/empty-WWCaptchaView_WWCaptchaView.plist
WriteAuxiliaryFile /Users/admin/builder/spi-builder-workspace/.derivedData/Build/Intermediates.noindex/WWCaptchaView.build/Debug/WWCaptchaView_WWCaptchaView-b.build/WWCaptchaView_WWCaptchaView.DependencyMetadataFileList (in target 'WWCaptchaView_WWCaptchaView' from project 'WWCaptchaView')
cd /Users/admin/builder/spi-builder-workspace
write-file /Users/admin/builder/spi-builder-workspace/.derivedData/Build/Intermediates.noindex/WWCaptchaView.build/Debug/WWCaptchaView_WWCaptchaView-b.build/WWCaptchaView_WWCaptchaView.DependencyMetadataFileList
MkDir /Users/admin/builder/spi-builder-workspace/.derivedData/Build/Products/Debug/WWCaptchaView_WWCaptchaView.bundle/Contents/Resources (in target 'WWCaptchaView_WWCaptchaView' from project 'WWCaptchaView')
cd /Users/admin/builder/spi-builder-workspace
/bin/mkdir -p /Users/admin/builder/spi-builder-workspace/.derivedData/Build/Products/Debug/WWCaptchaView_WWCaptchaView.bundle/Contents/Resources
WriteAuxiliaryFile /Users/admin/builder/spi-builder-workspace/.derivedData/Build/Intermediates.noindex/WWCaptchaView.build/Debug/WWCaptchaView-t.build/WWCaptchaView.DependencyStaticMetadataFileList (in target 'WWCaptchaView' from project 'WWCaptchaView')
cd /Users/admin/builder/spi-builder-workspace
write-file /Users/admin/builder/spi-builder-workspace/.derivedData/Build/Intermediates.noindex/WWCaptchaView.build/Debug/WWCaptchaView-t.build/WWCaptchaView.DependencyStaticMetadataFileList
WriteAuxiliaryFile /Users/admin/builder/spi-builder-workspace/.derivedData/Build/Intermediates.noindex/WWCaptchaView.build/Debug/WWCaptchaView-t.build/WWCaptchaView.modulemap (in target 'WWCaptchaView' from project 'WWCaptchaView')
cd /Users/admin/builder/spi-builder-workspace
write-file /Users/admin/builder/spi-builder-workspace/.derivedData/Build/Intermediates.noindex/WWCaptchaView.build/Debug/WWCaptchaView-t.build/WWCaptchaView.modulemap
WriteAuxiliaryFile /Users/admin/builder/spi-builder-workspace/.derivedData/Build/Intermediates.noindex/WWCaptchaView.build/Debug/WWCaptchaView-t.build/WWCaptchaView.DependencyMetadataFileList (in target 'WWCaptchaView' from project 'WWCaptchaView')
cd /Users/admin/builder/spi-builder-workspace
write-file /Users/admin/builder/spi-builder-workspace/.derivedData/Build/Intermediates.noindex/WWCaptchaView.build/Debug/WWCaptchaView-t.build/WWCaptchaView.DependencyMetadataFileList
WriteAuxiliaryFile /Users/admin/builder/spi-builder-workspace/.derivedData/Build/Intermediates.noindex/WWCaptchaView.build/Debug/WWCaptchaView-t.build/Objects-normal/arm64/WWCaptchaView_const_extract_protocols.json (in target 'WWCaptchaView' from project 'WWCaptchaView')
cd /Users/admin/builder/spi-builder-workspace
write-file /Users/admin/builder/spi-builder-workspace/.derivedData/Build/Intermediates.noindex/WWCaptchaView.build/Debug/WWCaptchaView-t.build/Objects-normal/arm64/WWCaptchaView_const_extract_protocols.json
WriteAuxiliaryFile /Users/admin/builder/spi-builder-workspace/.derivedData/Build/Intermediates.noindex/WWCaptchaView.build/Debug/WWCaptchaView-t.build/Objects-normal/arm64/WWCaptchaView.SwiftFileList (in target 'WWCaptchaView' from project 'WWCaptchaView')
cd /Users/admin/builder/spi-builder-workspace
write-file /Users/admin/builder/spi-builder-workspace/.derivedData/Build/Intermediates.noindex/WWCaptchaView.build/Debug/WWCaptchaView-t.build/Objects-normal/arm64/WWCaptchaView.SwiftFileList
WriteAuxiliaryFile /Users/admin/builder/spi-builder-workspace/.derivedData/Build/Intermediates.noindex/WWCaptchaView.build/Debug/WWCaptchaView-t.build/Objects-normal/arm64/WWCaptchaView.SwiftConstValuesFileList (in target 'WWCaptchaView' from project 'WWCaptchaView')
cd /Users/admin/builder/spi-builder-workspace
write-file /Users/admin/builder/spi-builder-workspace/.derivedData/Build/Intermediates.noindex/WWCaptchaView.build/Debug/WWCaptchaView-t.build/Objects-normal/arm64/WWCaptchaView.SwiftConstValuesFileList
WriteAuxiliaryFile /Users/admin/builder/spi-builder-workspace/.derivedData/Build/Intermediates.noindex/WWCaptchaView.build/Debug/WWCaptchaView-t.build/Objects-normal/arm64/WWCaptchaView.LinkFileList (in target 'WWCaptchaView' from project 'WWCaptchaView')
cd /Users/admin/builder/spi-builder-workspace
write-file /Users/admin/builder/spi-builder-workspace/.derivedData/Build/Intermediates.noindex/WWCaptchaView.build/Debug/WWCaptchaView-t.build/Objects-normal/arm64/WWCaptchaView.LinkFileList
WriteAuxiliaryFile /Users/admin/builder/spi-builder-workspace/.derivedData/Build/Intermediates.noindex/WWCaptchaView.build/Debug/WWCaptchaView-t.build/Objects-normal/arm64/WWCaptchaView-OutputFileMap.json (in target 'WWCaptchaView' from project 'WWCaptchaView')
cd /Users/admin/builder/spi-builder-workspace
write-file /Users/admin/builder/spi-builder-workspace/.derivedData/Build/Intermediates.noindex/WWCaptchaView.build/Debug/WWCaptchaView-t.build/Objects-normal/arm64/WWCaptchaView-OutputFileMap.json
WriteAuxiliaryFile /Users/admin/builder/spi-builder-workspace/.derivedData/Build/Intermediates.noindex/WWCaptchaView.build/Debug/WWCaptchaView-t.build/DerivedSources/resource_bundle_accessor.swift (in target 'WWCaptchaView' from project 'WWCaptchaView')
cd /Users/admin/builder/spi-builder-workspace
write-file /Users/admin/builder/spi-builder-workspace/.derivedData/Build/Intermediates.noindex/WWCaptchaView.build/Debug/WWCaptchaView-t.build/DerivedSources/resource_bundle_accessor.swift
Copy /Users/admin/builder/spi-builder-workspace/.derivedData/Build/Intermediates.noindex/GeneratedModuleMaps/WWCaptchaView.modulemap /Users/admin/builder/spi-builder-workspace/.derivedData/Build/Intermediates.noindex/WWCaptchaView.build/Debug/WWCaptchaView-t.build/WWCaptchaView.modulemap (in target 'WWCaptchaView' from project 'WWCaptchaView')
cd /Users/admin/builder/spi-builder-workspace
builtin-copy -exclude .DS_Store -exclude CVS -exclude .svn -exclude .git -exclude .hg -resolve-src-symlinks /Users/admin/builder/spi-builder-workspace/.derivedData/Build/Intermediates.noindex/WWCaptchaView.build/Debug/WWCaptchaView-t.build/WWCaptchaView.modulemap /Users/admin/builder/spi-builder-workspace/.derivedData/Build/Intermediates.noindex/GeneratedModuleMaps
ProcessInfoPlistFile /Users/admin/builder/spi-builder-workspace/.derivedData/Build/Products/Debug/WWCaptchaView_WWCaptchaView.bundle/Contents/Info.plist /Users/admin/builder/spi-builder-workspace/.derivedData/Build/Intermediates.noindex/WWCaptchaView.build/Debug/WWCaptchaView_WWCaptchaView-b.build/empty-WWCaptchaView_WWCaptchaView.plist (in target 'WWCaptchaView_WWCaptchaView' from project 'WWCaptchaView')
cd /Users/admin/builder/spi-builder-workspace
builtin-infoPlistUtility /Users/admin/builder/spi-builder-workspace/.derivedData/Build/Intermediates.noindex/WWCaptchaView.build/Debug/WWCaptchaView_WWCaptchaView-b.build/empty-WWCaptchaView_WWCaptchaView.plist -producttype com.apple.product-type.bundle -expandbuildsettings -platform macosx -o /Users/admin/builder/spi-builder-workspace/.derivedData/Build/Products/Debug/WWCaptchaView_WWCaptchaView.bundle/Contents/Info.plist
CpResource /Users/admin/builder/spi-builder-workspace/.derivedData/Build/Products/Debug/WWCaptchaView_WWCaptchaView.bundle/Contents/Resources/Privacy /Users/admin/builder/spi-builder-workspace/Sources/WWCaptchaView/Privacy (in target 'WWCaptchaView_WWCaptchaView' from project 'WWCaptchaView')
cd /Users/admin/builder/spi-builder-workspace
builtin-copy -exclude .DS_Store -exclude CVS -exclude .svn -exclude .git -exclude .hg -resolve-src-symlinks /Users/admin/builder/spi-builder-workspace/Sources/WWCaptchaView/Privacy /Users/admin/builder/spi-builder-workspace/.derivedData/Build/Products/Debug/WWCaptchaView_WWCaptchaView.bundle/Contents/Resources
RegisterExecutionPolicyException /Users/admin/builder/spi-builder-workspace/.derivedData/Build/Products/Debug/WWCaptchaView_WWCaptchaView.bundle (in target 'WWCaptchaView_WWCaptchaView' from project 'WWCaptchaView')
cd /Users/admin/builder/spi-builder-workspace
builtin-RegisterExecutionPolicyException /Users/admin/builder/spi-builder-workspace/.derivedData/Build/Products/Debug/WWCaptchaView_WWCaptchaView.bundle
Touch /Users/admin/builder/spi-builder-workspace/.derivedData/Build/Products/Debug/WWCaptchaView_WWCaptchaView.bundle (in target 'WWCaptchaView_WWCaptchaView' from project 'WWCaptchaView')
cd /Users/admin/builder/spi-builder-workspace
/usr/bin/touch -c /Users/admin/builder/spi-builder-workspace/.derivedData/Build/Products/Debug/WWCaptchaView_WWCaptchaView.bundle
SwiftDriver WWCaptchaView normal arm64 com.apple.xcode.tools.swift.compiler (in target 'WWCaptchaView' from project 'WWCaptchaView')
cd /Users/admin/builder/spi-builder-workspace/.swiftpm/xcode
builtin-SwiftDriver -- /Applications/Xcode-27.0.0-Release.Candidate.app/Contents/Developer/Toolchains/XcodeDefault.xctoolchain/usr/bin/swiftc -parse-as-library -module-name WWCaptchaView -Onone @/Users/admin/builder/spi-builder-workspace/.derivedData/Build/Intermediates.noindex/WWCaptchaView.build/Debug/WWCaptchaView-t.build/Objects-normal/arm64/WWCaptchaView.SwiftFileList -DSWIFT_PACKAGE -DDEBUG -DSWIFT_MODULE_RESOURCE_BUNDLE_AVAILABLE -DXcode -plugin-path /Applications/Xcode-27.0.0-Release.Candidate.app/Contents/Developer/Toolchains/XcodeDefault.xctoolchain/usr/lib/swift/host/plugins/testing -enable-experimental-feature DebugDescriptionMacro -sdk /Applications/Xcode-27.0.0-Release.Candidate.app/Contents/Developer/Platforms/MacOSX.platform/Developer/SDKs/MacOSX27.0.sdk -target arm64-apple-macos12.0 -g -module-cache-path /Users/admin/builder/spi-builder-workspace/.derivedData/ModuleCache.noindex -Xfrontend -serialize-debugging-options -enable-testing -index-store-path /Users/admin/builder/spi-builder-workspace/.derivedData/Index.noindex/DataStore -Xcc -D_LIBCPP_HARDENING_MODE\=_LIBCPP_HARDENING_MODE_DEBUG -swift-version 5 -I /Users/admin/builder/spi-builder-workspace/.derivedData/Build/Products/Debug -Isystem /Applications/Xcode-27.0.0-Release.Candidate.app/Contents/Developer/Platforms/MacOSX.platform/Developer/usr/lib -F /Users/admin/builder/spi-builder-workspace/.derivedData/Build/Products/Debug -F /Applications/Xcode-27.0.0-Release.Candidate.app/Contents/Developer/Platforms/MacOSX.platform/Developer/Library/Frameworks -c -j10 -enable-batch-mode -incremental -Xcc -ivfsstatcache -Xcc /Users/admin/builder/spi-builder-workspace/.derivedData/SDKStatCaches.noindex/macosx27.0-26A425-e829b21a6f8c9b70876ba0858053c0446a22442a12e9d48fe1a705f55a1adfc4.sdkstatcache -output-file-map /Users/admin/builder/spi-builder-workspace/.derivedData/Build/Intermediates.noindex/WWCaptchaView.build/Debug/WWCaptchaView-t.build/Objects-normal/arm64/WWCaptchaView-OutputFileMap.json -save-temps -no-color-diagnostics -explicit-module-build -module-cache-path /Users/admin/builder/spi-builder-workspace/.derivedData/Build/Intermediates.noindex/SwiftExplicitPrecompiledModules -clang-scanner-module-cache-path /Users/admin/builder/spi-builder-workspace/.derivedData/ModuleCache.noindex -sdk-module-cache-path /Users/admin/builder/spi-builder-workspace/.derivedData/SDKExplicitPrecompiledModules -emit-dependencies -emit-module -emit-module-path /Users/admin/builder/spi-builder-workspace/.derivedData/Build/Intermediates.noindex/WWCaptchaView.build/Debug/WWCaptchaView-t.build/Objects-normal/arm64/WWCaptchaView.swiftmodule -serialize-diagnostics -dependency-scan-serialize-diagnostics-path /Users/admin/builder/spi-builder-workspace/.derivedData/Build/Intermediates.noindex/WWCaptchaView.build/Debug/WWCaptchaView-t.build/Objects-normal/arm64/WWCaptchaView-dependency-scan.dia -validate-clang-modules-once -clang-build-session-file /Users/admin/builder/spi-builder-workspace/.derivedData/ModuleCache.noindex/Session.modulevalidation -Xcc -fmodules-prune-interval\=86400 -Xcc -fmodules-prune-after\=345600 -emit-const-values -const-gather-protocols-list /Users/admin/builder/spi-builder-workspace/.derivedData/Build/Intermediates.noindex/WWCaptchaView.build/Debug/WWCaptchaView-t.build/Objects-normal/arm64/WWCaptchaView_const_extract_protocols.json -Xcc -I/Users/admin/builder/spi-builder-workspace/.derivedData/Build/Products/Debug/include -Xcc -I/Users/admin/builder/spi-builder-workspace/.derivedData/Build/Intermediates.noindex/WWCaptchaView.build/Debug/WWCaptchaView-t.build/DerivedSources-normal/arm64 -Xcc -I/Users/admin/builder/spi-builder-workspace/.derivedData/Build/Intermediates.noindex/WWCaptchaView.build/Debug/WWCaptchaView-t.build/DerivedSources/arm64 -Xcc -I/Users/admin/builder/spi-builder-workspace/.derivedData/Build/Intermediates.noindex/WWCaptchaView.build/Debug/WWCaptchaView-t.build/DerivedSources -Xcc -DSWIFT_PACKAGE -Xcc -DDEBUG\=1 -emit-objc-header -emit-objc-header-path /Users/admin/builder/spi-builder-workspace/.derivedData/Build/Intermediates.noindex/WWCaptchaView.build/Debug/WWCaptchaView-t.build/Objects-normal/arm64/WWCaptchaView-Swift.h -working-directory /Users/admin/builder/spi-builder-workspace/.swiftpm/xcode -experimental-emit-module-separately -disable-cmo
/Users/admin/builder/spi-builder-workspace/Sources/WWCaptchaView/Utility/Constant.swift:8:8: error: Unable to resolve module dependency: 'UIKit' (in target 'WWCaptchaView' from project 'WWCaptchaView')
note: A dependency of main module 'WWCaptchaView'
/Users/admin/builder/spi-builder-workspace/Sources/WWCaptchaView/Utility/Delegate.swift:8:8: note: Also imported here
/Users/admin/builder/spi-builder-workspace/Sources/WWCaptchaView/Utility/Extension.swift:8:8: note: Also imported here
/Users/admin/builder/spi-builder-workspace/Sources/WWCaptchaView/Utility/Models.swift:8:8: note: Also imported here
/Users/admin/builder/spi-builder-workspace/Sources/WWCaptchaView/WWCaptchaView.swift:8:8: note: Also imported here
/Users/admin/builder/spi-builder-workspace/Sources/WWCaptchaView/Utility/Constant.swift:8:8: note: A dependency of main module 'WWCaptchaView'
import UIKit
^ (in target 'WWCaptchaView' from project 'WWCaptchaView')
/Users/admin/builder/spi-builder-workspace/Sources/WWCaptchaView/Utility/Delegate.swift:8:8: note: Also imported here
import UIKit
^ (in target 'WWCaptchaView' from project 'WWCaptchaView')
/Users/admin/builder/spi-builder-workspace/Sources/WWCaptchaView/Utility/Extension.swift:8:8: note: Also imported here
import UIKit
^ (in target 'WWCaptchaView' from project 'WWCaptchaView')
/Users/admin/builder/spi-builder-workspace/Sources/WWCaptchaView/Utility/Models.swift:8:8: note: Also imported here
import UIKit
^ (in target 'WWCaptchaView' from project 'WWCaptchaView')
/Users/admin/builder/spi-builder-workspace/Sources/WWCaptchaView/WWCaptchaView.swift:8:8: note: Also imported here
import UIKit
^ (in target 'WWCaptchaView' from project 'WWCaptchaView')
PruneExplicitPrecompiledModules /Users/admin/builder/spi-builder-workspace/.derivedData/Build/Intermediates.noindex/ExplicitPrecompiledModules
PruneExplicitPrecompiledModules /Users/admin/builder/spi-builder-workspace/.derivedData/Build/Intermediates.noindex/SwiftExplicitPrecompiledModules
PruneExplicitPrecompiledModules /Users/admin/builder/spi-builder-workspace/.derivedData/SDKExplicitPrecompiledModules
2026-09-21 13:32:59.075 xcodebuild[657:4242] [MT] IDERunDestination: Supported platforms for the buildables in the current scheme is empty.
--- xcodebuild: WARNING: Using the first of multiple matching destinations:
{ platform:macOS, arch:arm64, id:e4a1574779a95cc509cd44e937cf4518e39fba06, name:My Mac }
{ platform:macOS, arch:arm64, variant:Mac Catalyst, id:e4a1574779a95cc509cd44e937cf4518e39fba06, name:My Mac }
{ platform:macOS, arch:arm64, variant:DriverKit, id:e4a1574779a95cc509cd44e937cf4518e39fba06, name:My Mac }
{ platform:macOS, arch:arm64, variant:Designed for [iPad,iPhone], id:e4a1574779a95cc509cd44e937cf4518e39fba06, name:My Mac }
** BUILD FAILED **
The following build commands failed:
SwiftDriver WWCaptchaView normal arm64 com.apple.xcode.tools.swift.compiler (in target 'WWCaptchaView' from project 'WWCaptchaView')
Building workspace WWCaptchaView with scheme WWCaptchaView
(2 failures)
Command line invocation:
/Applications/Xcode-27.0.0-Release.Candidate.app/Contents/Developer/usr/bin/xcodebuild -IDEClonedSourcePackagesDirPathOverride=/Users/admin/builder/spi-builder-workspace/.dependencies -resolvePackageDependencies
Resolve Package Graph
Resolved source packages:
WWCaptchaView: /Users/admin/builder/spi-builder-workspace
resolved source packages: WWCaptchaView
2026-09-21 13:33:05.282 xcodebuild[673:4466] [MT] IDERunDestination: Supported platforms for the buildables in the current scheme is empty.
{
"dependencies" : [
],
"manifest_display_name" : "WWCaptchaView",
"name" : "WWCaptchaView",
"path" : "/Users/admin/builder/spi-builder-workspace",
"platforms" : [
{
"name" : "ios",
"version" : "14.0"
}
],
"products" : [
{
"name" : "WWCaptchaView",
"targets" : [
"WWCaptchaView"
],
"type" : {
"library" : [
"automatic"
]
}
}
],
"swift_languages_versions" : [
"5"
],
"targets" : [
{
"c99name" : "WWCaptchaView",
"module_type" : "SwiftTarget",
"name" : "WWCaptchaView",
"path" : "Sources/WWCaptchaView",
"product_memberships" : [
"WWCaptchaView"
],
"resources" : [
{
"path" : "/Users/admin/builder/spi-builder-workspace/Sources/WWCaptchaView/Privacy",
"rule" : {
"copy" : {
}
}
}
],
"sources" : [
"Utility/Constant.swift",
"Utility/Delegate.swift",
"Utility/Extension.swift",
"Utility/Models.swift",
"WWCaptchaView.swift"
],
"type" : "library"
}
],
"tools_version" : "5.6"
}
{
"workspace" : {
"name" : "WWCaptchaView",
"schemes" : [
"WWCaptchaView"
]
}
}
2026-09-21 13:33:06.569 xcodebuild[681:4535] [MT] IDERunDestination: Supported platforms for the buildables in the current scheme is empty.
Running build ...
env DEVELOPER_DIR=/Applications/Xcode-27.0.0-Release.Candidate.app xcrun xcodebuild -IDEClonedSourcePackagesDirPathOverride=$PWD/.dependencies -skipMacroValidation -skipPackagePluginValidation -derivedDataPath $PWD/.derivedData build -scheme WWCaptchaView -destination platform=macOS,arch=arm64
Command line invocation:
/Applications/Xcode-27.0.0-Release.Candidate.app/Contents/Developer/usr/bin/xcodebuild -IDEClonedSourcePackagesDirPathOverride=/Users/admin/builder/spi-builder-workspace/.dependencies -skipMacroValidation -skipPackagePluginValidation -derivedDataPath /Users/admin/builder/spi-builder-workspace/.derivedData build -scheme WWCaptchaView -destination platform=macOS,arch=arm64
Resolve Package Graph
Resolved source packages:
WWCaptchaView: /Users/admin/builder/spi-builder-workspace
ComputePackagePrebuildTargetDependencyGraph
Prepare packages
CreateBuildRequest
SendProjectDescription
CreateBuildOperation
ComputeTargetDependencyGraph
note: Building targets in dependency order
note: Target dependency graph (3 targets)
Target 'WWCaptchaView-product' in project 'WWCaptchaView'
➜ Explicit dependency on target 'WWCaptchaView' in project 'WWCaptchaView'
➜ Explicit dependency on target 'WWCaptchaView_WWCaptchaView' in project 'WWCaptchaView'
Target 'WWCaptchaView' in project 'WWCaptchaView'
➜ Explicit dependency on target 'WWCaptchaView_WWCaptchaView' in project 'WWCaptchaView'
Target 'WWCaptchaView_WWCaptchaView' in project 'WWCaptchaView' (no dependencies)
GatherProvisioningInputs
CreateBuildDescription
ClangStatCache /Applications/Xcode-27.0.0-Release.Candidate.app/Contents/Developer/Toolchains/XcodeDefault.xctoolchain/usr/bin/clang-stat-cache /Applications/Xcode-27.0.0-Release.Candidate.app/Contents/Developer/Platforms/MacOSX.platform/Developer/SDKs/MacOSX27.0.sdk /Users/admin/builder/spi-builder-workspace/.derivedData/SDKStatCaches.noindex/macosx27.0-26A425-e829b21a6f8c9b70876ba0858053c0446a22442a12e9d48fe1a705f55a1adfc4.sdkstatcache
cd /Users/admin/builder/spi-builder-workspace/.swiftpm/xcode
/Applications/Xcode-27.0.0-Release.Candidate.app/Contents/Developer/Toolchains/XcodeDefault.xctoolchain/usr/bin/clang-stat-cache /Applications/Xcode-27.0.0-Release.Candidate.app/Contents/Developer/Platforms/MacOSX.platform/Developer/SDKs/MacOSX27.0.sdk -o /Users/admin/builder/spi-builder-workspace/.derivedData/SDKStatCaches.noindex/macosx27.0-26A425-e829b21a6f8c9b70876ba0858053c0446a22442a12e9d48fe1a705f55a1adfc4.sdkstatcache
SwiftDriver WWCaptchaView normal arm64 com.apple.xcode.tools.swift.compiler (in target 'WWCaptchaView' from project 'WWCaptchaView')
cd /Users/admin/builder/spi-builder-workspace/.swiftpm/xcode
builtin-SwiftDriver -- /Applications/Xcode-27.0.0-Release.Candidate.app/Contents/Developer/Toolchains/XcodeDefault.xctoolchain/usr/bin/swiftc -parse-as-library -module-name WWCaptchaView -Onone @/Users/admin/builder/spi-builder-workspace/.derivedData/Build/Intermediates.noindex/WWCaptchaView.build/Debug/WWCaptchaView-t.build/Objects-normal/arm64/WWCaptchaView.SwiftFileList -DSWIFT_PACKAGE -DDEBUG -DSWIFT_MODULE_RESOURCE_BUNDLE_AVAILABLE -DXcode -plugin-path /Applications/Xcode-27.0.0-Release.Candidate.app/Contents/Developer/Toolchains/XcodeDefault.xctoolchain/usr/lib/swift/host/plugins/testing -enable-experimental-feature DebugDescriptionMacro -sdk /Applications/Xcode-27.0.0-Release.Candidate.app/Contents/Developer/Platforms/MacOSX.platform/Developer/SDKs/MacOSX27.0.sdk -target arm64-apple-macos12.0 -g -module-cache-path /Users/admin/builder/spi-builder-workspace/.derivedData/ModuleCache.noindex -Xfrontend -serialize-debugging-options -enable-testing -index-store-path /Users/admin/builder/spi-builder-workspace/.derivedData/Index.noindex/DataStore -Xcc -D_LIBCPP_HARDENING_MODE\=_LIBCPP_HARDENING_MODE_DEBUG -swift-version 5 -I /Users/admin/builder/spi-builder-workspace/.derivedData/Build/Products/Debug -Isystem /Applications/Xcode-27.0.0-Release.Candidate.app/Contents/Developer/Platforms/MacOSX.platform/Developer/usr/lib -F /Users/admin/builder/spi-builder-workspace/.derivedData/Build/Products/Debug -F /Applications/Xcode-27.0.0-Release.Candidate.app/Contents/Developer/Platforms/MacOSX.platform/Developer/Library/Frameworks -c -j10 -enable-batch-mode -incremental -Xcc -ivfsstatcache -Xcc /Users/admin/builder/spi-builder-workspace/.derivedData/SDKStatCaches.noindex/macosx27.0-26A425-e829b21a6f8c9b70876ba0858053c0446a22442a12e9d48fe1a705f55a1adfc4.sdkstatcache -output-file-map /Users/admin/builder/spi-builder-workspace/.derivedData/Build/Intermediates.noindex/WWCaptchaView.build/Debug/WWCaptchaView-t.build/Objects-normal/arm64/WWCaptchaView-OutputFileMap.json -save-temps -no-color-diagnostics -explicit-module-build -module-cache-path /Users/admin/builder/spi-builder-workspace/.derivedData/Build/Intermediates.noindex/SwiftExplicitPrecompiledModules -clang-scanner-module-cache-path /Users/admin/builder/spi-builder-workspace/.derivedData/ModuleCache.noindex -sdk-module-cache-path /Users/admin/builder/spi-builder-workspace/.derivedData/SDKExplicitPrecompiledModules -emit-dependencies -emit-module -emit-module-path /Users/admin/builder/spi-builder-workspace/.derivedData/Build/Intermediates.noindex/WWCaptchaView.build/Debug/WWCaptchaView-t.build/Objects-normal/arm64/WWCaptchaView.swiftmodule -serialize-diagnostics -dependency-scan-serialize-diagnostics-path /Users/admin/builder/spi-builder-workspace/.derivedData/Build/Intermediates.noindex/WWCaptchaView.build/Debug/WWCaptchaView-t.build/Objects-normal/arm64/WWCaptchaView-dependency-scan.dia -validate-clang-modules-once -clang-build-session-file /Users/admin/builder/spi-builder-workspace/.derivedData/ModuleCache.noindex/Session.modulevalidation -Xcc -fmodules-prune-interval\=86400 -Xcc -fmodules-prune-after\=345600 -emit-const-values -const-gather-protocols-list /Users/admin/builder/spi-builder-workspace/.derivedData/Build/Intermediates.noindex/WWCaptchaView.build/Debug/WWCaptchaView-t.build/Objects-normal/arm64/WWCaptchaView_const_extract_protocols.json -Xcc -I/Users/admin/builder/spi-builder-workspace/.derivedData/Build/Products/Debug/include -Xcc -I/Users/admin/builder/spi-builder-workspace/.derivedData/Build/Intermediates.noindex/WWCaptchaView.build/Debug/WWCaptchaView-t.build/DerivedSources-normal/arm64 -Xcc -I/Users/admin/builder/spi-builder-workspace/.derivedData/Build/Intermediates.noindex/WWCaptchaView.build/Debug/WWCaptchaView-t.build/DerivedSources/arm64 -Xcc -I/Users/admin/builder/spi-builder-workspace/.derivedData/Build/Intermediates.noindex/WWCaptchaView.build/Debug/WWCaptchaView-t.build/DerivedSources -Xcc -DSWIFT_PACKAGE -Xcc -DDEBUG\=1 -emit-objc-header -emit-objc-header-path /Users/admin/builder/spi-builder-workspace/.derivedData/Build/Intermediates.noindex/WWCaptchaView.build/Debug/WWCaptchaView-t.build/Objects-normal/arm64/WWCaptchaView-Swift.h -working-directory /Users/admin/builder/spi-builder-workspace/.swiftpm/xcode -experimental-emit-module-separately -disable-cmo
/Users/admin/builder/spi-builder-workspace/Sources/WWCaptchaView/Utility/Constant.swift:8:8: error: Unable to resolve module dependency: 'UIKit' (in target 'WWCaptchaView' from project 'WWCaptchaView')
note: A dependency of main module 'WWCaptchaView'
/Users/admin/builder/spi-builder-workspace/Sources/WWCaptchaView/Utility/Delegate.swift:8:8: note: Also imported here
/Users/admin/builder/spi-builder-workspace/Sources/WWCaptchaView/Utility/Extension.swift:8:8: note: Also imported here
/Users/admin/builder/spi-builder-workspace/Sources/WWCaptchaView/Utility/Models.swift:8:8: note: Also imported here
/Users/admin/builder/spi-builder-workspace/Sources/WWCaptchaView/WWCaptchaView.swift:8:8: note: Also imported here
/Users/admin/builder/spi-builder-workspace/Sources/WWCaptchaView/Utility/Constant.swift:8:8: note: A dependency of main module 'WWCaptchaView'
import UIKit
^ (in target 'WWCaptchaView' from project 'WWCaptchaView')
/Users/admin/builder/spi-builder-workspace/Sources/WWCaptchaView/Utility/Delegate.swift:8:8: note: Also imported here
import UIKit
^ (in target 'WWCaptchaView' from project 'WWCaptchaView')
/Users/admin/builder/spi-builder-workspace/Sources/WWCaptchaView/Utility/Extension.swift:8:8: note: Also imported here
import UIKit
^ (in target 'WWCaptchaView' from project 'WWCaptchaView')
/Users/admin/builder/spi-builder-workspace/Sources/WWCaptchaView/Utility/Models.swift:8:8: note: Also imported here
import UIKit
^ (in target 'WWCaptchaView' from project 'WWCaptchaView')
/Users/admin/builder/spi-builder-workspace/Sources/WWCaptchaView/WWCaptchaView.swift:8:8: note: Also imported here
import UIKit
^ (in target 'WWCaptchaView' from project 'WWCaptchaView')
PruneExplicitPrecompiledModules /Users/admin/builder/spi-builder-workspace/.derivedData/Build/Intermediates.noindex/ExplicitPrecompiledModules
PruneExplicitPrecompiledModules /Users/admin/builder/spi-builder-workspace/.derivedData/SDKExplicitPrecompiledModules
PruneExplicitPrecompiledModules /Users/admin/builder/spi-builder-workspace/.derivedData/Build/Intermediates.noindex/SwiftExplicitPrecompiledModules
2026-09-21 13:33:07.550 xcodebuild[682:4559] [MT] IDERunDestination: Supported platforms for the buildables in the current scheme is empty.
--- xcodebuild: WARNING: Using the first of multiple matching destinations:
{ platform:macOS, arch:arm64, id:e4a1574779a95cc509cd44e937cf4518e39fba06, name:My Mac }
{ platform:macOS, arch:arm64, variant:Mac Catalyst, id:e4a1574779a95cc509cd44e937cf4518e39fba06, name:My Mac }
{ platform:macOS, arch:arm64, variant:DriverKit, id:e4a1574779a95cc509cd44e937cf4518e39fba06, name:My Mac }
{ platform:macOS, arch:arm64, variant:Designed for [iPad,iPhone], id:e4a1574779a95cc509cd44e937cf4518e39fba06, name:My Mac }
** BUILD FAILED **
The following build commands failed:
SwiftDriver WWCaptchaView normal arm64 com.apple.xcode.tools.swift.compiler (in target 'WWCaptchaView' from project 'WWCaptchaView')
Building workspace WWCaptchaView with scheme WWCaptchaView
(2 failures)
BUILD FAILURE 6.4 macosXcodebuild