The Swift Package Index logo.Swift Package Index

Build Information

Failed to build Introspection, reference production (80eac1), with Swift 6.4 for watchOS using Xcode 27.0 on 23 Sep 2026 22:49:21 UTC.

Build Command

env DEVELOPER_DIR=/Applications/Xcode-27.0.0-Release.Candidate.app xcrun xcodebuild -IDEClonedSourcePackagesDirPathOverride=$PWD/.dependencies -skipMacroValidation -skipPackagePluginValidation -derivedDataPath $PWD/.derivedData build -scheme Introspection -destination generic/platform=watchOS

Build Log

SwiftCompile normal arm64_32 /Users/admin/builder/spi-builder-workspace/.dependencies/checkouts/Swift-Collection-Tools/Sources/CollectionTools/Sequence\ +\ sequentialPairs.swift (in target 'CollectionTools' from project 'CollectionTools')
    cd /Users/admin/builder/spi-builder-workspace/.swiftpm/xcode
    builtin-SwiftPerFileCompile Sequence\ +\ sequentialPairs.swift
SwiftDriverJobDiscovery normal arm64_32 Compiling Collection + isNotEmpty.swift (in target 'CollectionTools' from project 'CollectionTools')
SwiftCompile normal arm64 Compiling\ Collection\ +\ withoutDuplicates.swift /Users/admin/builder/spi-builder-workspace/.dependencies/checkouts/Swift-Collection-Tools/Sources/CollectionTools/Collection\ +\ withoutDuplicates.swift (in target 'CollectionTools' from project 'CollectionTools')
SwiftCompile normal arm64 /Users/admin/builder/spi-builder-workspace/.dependencies/checkouts/Swift-Collection-Tools/Sources/CollectionTools/Collection\ +\ withoutDuplicates.swift (in target 'CollectionTools' from project 'CollectionTools')
    cd /Users/admin/builder/spi-builder-workspace/.swiftpm/xcode
    builtin-SwiftPerFileCompile Collection\ +\ withoutDuplicates.swift
SwiftDriverJobDiscovery normal arm64_32 Compiling Collection + withoutDuplicates.swift (in target 'CollectionTools' from project 'CollectionTools')
SwiftCompile normal arm64 Compiling\ Sequence\ +\ sequentialPairs.swift /Users/admin/builder/spi-builder-workspace/.dependencies/checkouts/Swift-Collection-Tools/Sources/CollectionTools/Sequence\ +\ sequentialPairs.swift (in target 'CollectionTools' from project 'CollectionTools')
SwiftCompile normal arm64 /Users/admin/builder/spi-builder-workspace/.dependencies/checkouts/Swift-Collection-Tools/Sources/CollectionTools/Sequence\ +\ sequentialPairs.swift (in target 'CollectionTools' from project 'CollectionTools')
    cd /Users/admin/builder/spi-builder-workspace/.swiftpm/xcode
    builtin-SwiftPerFileCompile Sequence\ +\ sequentialPairs.swift
SwiftCompile normal arm64_32 Compiling\ CollectionWhichCanBeEmpty.swift /Users/admin/builder/spi-builder-workspace/.dependencies/checkouts/Swift-Collection-Tools/Sources/CollectionTools/CollectionWhichCanBeEmpty.swift (in target 'CollectionTools' from project 'CollectionTools')
SwiftCompile normal arm64_32 /Users/admin/builder/spi-builder-workspace/.dependencies/checkouts/Swift-Collection-Tools/Sources/CollectionTools/CollectionWhichCanBeEmpty.swift (in target 'CollectionTools' from project 'CollectionTools')
    cd /Users/admin/builder/spi-builder-workspace/.swiftpm/xcode
    builtin-SwiftPerFileCompile CollectionWhichCanBeEmpty.swift
SwiftDriverJobDiscovery normal arm64 Compiling SafeRangeExpression.swift (in target 'SafeCollectionAccess' from project 'SafeCollectionAccess')
SwiftCompile normal arm64_32 Compiling\ RangeReplaceableCollection\ +\ elemental\ operators.swift /Users/admin/builder/spi-builder-workspace/.dependencies/checkouts/Swift-Collection-Tools/Sources/CollectionTools/RangeReplaceableCollection\ +\ elemental\ operators.swift (in target 'CollectionTools' from project 'CollectionTools')
SwiftCompile normal arm64_32 /Users/admin/builder/spi-builder-workspace/.dependencies/checkouts/Swift-Collection-Tools/Sources/CollectionTools/RangeReplaceableCollection\ +\ elemental\ operators.swift (in target 'CollectionTools' from project 'CollectionTools')
    cd /Users/admin/builder/spi-builder-workspace/.swiftpm/xcode
    builtin-SwiftPerFileCompile RangeReplaceableCollection\ +\ elemental\ operators.swift
SwiftDriverJobDiscovery normal arm64 Compiling Ranges or nil.swift (in target 'SafeCollectionAccess' from project 'SafeCollectionAccess')
SwiftDriver\ Compilation SafeCollectionAccess normal arm64 com.apple.xcode.tools.swift.compiler (in target 'SafeCollectionAccess' from project 'SafeCollectionAccess')
    cd /Users/admin/builder/spi-builder-workspace/.swiftpm/xcode
    builtin-Swift-Compilation -- /Applications/Xcode-27.0.0-Release.Candidate.app/Contents/Developer/Toolchains/XcodeDefault.xctoolchain/usr/bin/swiftc -parse-as-library -module-name SafeCollectionAccess -Onone @/Users/admin/builder/spi-builder-workspace/.derivedData/Build/Intermediates.noindex/SafeCollectionAccess.build/Debug-watchos/SafeCollectionAccess-t.build/Objects-normal/arm64/SafeCollectionAccess.SwiftFileList -DSWIFT_PACKAGE -DDEBUG -DSWIFT_MODULE_RESOURCE_BUNDLE_UNAVAILABLE -DXcode -plugin-path /Applications/Xcode-27.0.0-Release.Candidate.app/Contents/Developer/Toolchains/XcodeDefault.xctoolchain/usr/lib/swift/host/plugins/testing -enable-experimental-feature DebugDescriptionMacro -sdk /Applications/Xcode-27.0.0-Release.Candidate.app/Contents/Developer/Platforms/WatchOS.platform/Developer/SDKs/WatchOS27.0.sdk -target arm64-apple-watchos9.0 -g -module-cache-path /Users/admin/builder/spi-builder-workspace/.derivedData/ModuleCache.noindex -Xfrontend -serialize-debugging-options -profile-coverage-mapping -profile-generate -enable-testing -suppress-warnings -index-store-path /Users/admin/builder/spi-builder-workspace/.derivedData/Index.noindex/DataStore -Xcc -D_LIBCPP_HARDENING_MODE\=_LIBCPP_HARDENING_MODE_DEBUG -swift-version 5 -I /Users/admin/builder/spi-builder-workspace/.derivedData/Build/Products/Debug-watchos -Isystem /Applications/Xcode-27.0.0-Release.Candidate.app/Contents/Developer/Platforms/WatchOS.platform/Developer/usr/lib -F /Users/admin/builder/spi-builder-workspace/.derivedData/Build/Products/Debug-watchos/PackageFrameworks -F /Users/admin/builder/spi-builder-workspace/.derivedData/Build/Products/Debug-watchos -F /Applications/Xcode-27.0.0-Release.Candidate.app/Contents/Developer/Platforms/WatchOS.platform/Developer/Library/Frameworks -F /Applications/Xcode-27.0.0-Release.Candidate.app/Contents/Developer/Platforms/WatchOS.platform/Developer/SDKs/WatchOS27.0.sdk/Developer/Library/Frameworks -c -j10 -enable-batch-mode -incremental -Xcc -ivfsstatcache -Xcc /Users/admin/builder/spi-builder-workspace/.derivedData/SDKStatCaches.noindex/watchos27.0-24R360-e829b21a6f8c9b70876ba0858053c04477534ef55a1706bf4c1112bbb242f0a2.sdkstatcache -output-file-map /Users/admin/builder/spi-builder-workspace/.derivedData/Build/Intermediates.noindex/SafeCollectionAccess.build/Debug-watchos/SafeCollectionAccess-t.build/Objects-normal/arm64/SafeCollectionAccess-OutputFileMap.json -save-temps -no-color-diagnostics -explicit-module-build -module-cache-path /Users/admin/builder/spi-builder-workspace/.derivedData/Build/Intermediates.noindex/SwiftExplicitPrecompiledModules -clang-scanner-module-cache-path /Users/admin/builder/spi-builder-workspace/.derivedData/ModuleCache.noindex -sdk-module-cache-path /Users/admin/builder/spi-builder-workspace/.derivedData/SDKExplicitPrecompiledModules -emit-dependencies -emit-module -emit-module-path /Users/admin/builder/spi-builder-workspace/.derivedData/Build/Intermediates.noindex/SafeCollectionAccess.build/Debug-watchos/SafeCollectionAccess-t.build/Objects-normal/arm64/SafeCollectionAccess.swiftmodule -serialize-diagnostics -dependency-scan-serialize-diagnostics-path /Users/admin/builder/spi-builder-workspace/.derivedData/Build/Intermediates.noindex/SafeCollectionAccess.build/Debug-watchos/SafeCollectionAccess-t.build/Objects-normal/arm64/SafeCollectionAccess-dependency-scan.dia -validate-clang-modules-once -clang-build-session-file /Users/admin/builder/spi-builder-workspace/.derivedData/ModuleCache.noindex/Session.modulevalidation -Xcc -fmodules-prune-interval\=86400 -Xcc -fmodules-prune-after\=345600 -emit-const-values -const-gather-protocols-list /Users/admin/builder/spi-builder-workspace/.derivedData/Build/Intermediates.noindex/SafeCollectionAccess.build/Debug-watchos/SafeCollectionAccess-t.build/Objects-normal/arm64/SafeCollectionAccess_const_extract_protocols.json -Xcc -I/Users/admin/builder/spi-builder-workspace/.derivedData/Build/Products/Debug-watchos/include -Xcc -I/Users/admin/builder/spi-builder-workspace/.derivedData/Build/Intermediates.noindex/SafeCollectionAccess.build/Debug-watchos/SafeCollectionAccess-t.build/DerivedSources-normal/arm64 -Xcc -I/Users/admin/builder/spi-builder-workspace/.derivedData/Build/Intermediates.noindex/SafeCollectionAccess.build/Debug-watchos/SafeCollectionAccess-t.build/DerivedSources/arm64 -Xcc -I/Users/admin/builder/spi-builder-workspace/.derivedData/Build/Intermediates.noindex/SafeCollectionAccess.build/Debug-watchos/SafeCollectionAccess-t.build/DerivedSources -Xcc -DSWIFT_PACKAGE -Xcc -DDEBUG\=1 -emit-objc-header -emit-objc-header-path /Users/admin/builder/spi-builder-workspace/.derivedData/Build/Intermediates.noindex/SafeCollectionAccess.build/Debug-watchos/SafeCollectionAccess-t.build/Objects-normal/arm64/SafeCollectionAccess-Swift.h -working-directory /Users/admin/builder/spi-builder-workspace/.swiftpm/xcode -experimental-emit-module-separately -disable-cmo
SwiftDriverJobDiscovery normal arm64 Compiling Collection + isNotEmpty.swift (in target 'CollectionTools' from project 'CollectionTools')
SwiftCompile normal arm64 Compiling\ Collection\ +\ nonEmptyOrNil.swift /Users/admin/builder/spi-builder-workspace/.dependencies/checkouts/Swift-Collection-Tools/Sources/CollectionTools/Collection\ +\ nonEmptyOrNil.swift (in target 'CollectionTools' from project 'CollectionTools')
SwiftCompile normal arm64 /Users/admin/builder/spi-builder-workspace/.dependencies/checkouts/Swift-Collection-Tools/Sources/CollectionTools/Collection\ +\ nonEmptyOrNil.swift (in target 'CollectionTools' from project 'CollectionTools')
    cd /Users/admin/builder/spi-builder-workspace/.swiftpm/xcode
    builtin-SwiftPerFileCompile Collection\ +\ nonEmptyOrNil.swift
SwiftCompile normal arm64 Compiling\ Collection\ +\ onlyFirst\ &\ onlyLast.swift /Users/admin/builder/spi-builder-workspace/.dependencies/checkouts/Swift-Collection-Tools/Sources/CollectionTools/Collection\ +\ onlyFirst\ &\ onlyLast.swift (in target 'CollectionTools' from project 'CollectionTools')
SwiftCompile normal arm64 /Users/admin/builder/spi-builder-workspace/.dependencies/checkouts/Swift-Collection-Tools/Sources/CollectionTools/Collection\ +\ onlyFirst\ &\ onlyLast.swift (in target 'CollectionTools' from project 'CollectionTools')
    cd /Users/admin/builder/spi-builder-workspace/.swiftpm/xcode
    builtin-SwiftPerFileCompile Collection\ +\ onlyFirst\ \&\ onlyLast.swift
SwiftDriverJobDiscovery normal arm64_32 Compiling Collection + everyPair.swift (in target 'CollectionTools' from project 'CollectionTools')
SwiftCompile normal arm64 Compiling\ CollectionWhichCanBeEmpty.swift /Users/admin/builder/spi-builder-workspace/.dependencies/checkouts/Swift-Collection-Tools/Sources/CollectionTools/CollectionWhichCanBeEmpty.swift (in target 'CollectionTools' from project 'CollectionTools')
SwiftCompile normal arm64 /Users/admin/builder/spi-builder-workspace/.dependencies/checkouts/Swift-Collection-Tools/Sources/CollectionTools/CollectionWhichCanBeEmpty.swift (in target 'CollectionTools' from project 'CollectionTools')
    cd /Users/admin/builder/spi-builder-workspace/.swiftpm/xcode
    builtin-SwiftPerFileCompile CollectionWhichCanBeEmpty.swift
SwiftDriverJobDiscovery normal arm64_32 Compiling Sequence + sequentialPairs.swift (in target 'CollectionTools' from project 'CollectionTools')
SwiftCompile normal arm64_32 Compiling\ Collection\ +\ nonEmptyOrNil.swift /Users/admin/builder/spi-builder-workspace/.dependencies/checkouts/Swift-Collection-Tools/Sources/CollectionTools/Collection\ +\ nonEmptyOrNil.swift (in target 'CollectionTools' from project 'CollectionTools')
SwiftCompile normal arm64_32 /Users/admin/builder/spi-builder-workspace/.dependencies/checkouts/Swift-Collection-Tools/Sources/CollectionTools/Collection\ +\ nonEmptyOrNil.swift (in target 'CollectionTools' from project 'CollectionTools')
    cd /Users/admin/builder/spi-builder-workspace/.swiftpm/xcode
    builtin-SwiftPerFileCompile Collection\ +\ nonEmptyOrNil.swift
SwiftDriverJobDiscovery normal arm64 Compiling Sequence + sequentialPairs.swift (in target 'CollectionTools' from project 'CollectionTools')
SwiftCompile normal arm64_32 Compiling\ Collection\ +\ map\ with\ transformer.swift /Users/admin/builder/spi-builder-workspace/.dependencies/checkouts/Swift-Collection-Tools/Sources/CollectionTools/Collection\ +\ map\ with\ transformer.swift (in target 'CollectionTools' from project 'CollectionTools')
SwiftCompile normal arm64_32 /Users/admin/builder/spi-builder-workspace/.dependencies/checkouts/Swift-Collection-Tools/Sources/CollectionTools/Collection\ +\ map\ with\ transformer.swift (in target 'CollectionTools' from project 'CollectionTools')
    cd /Users/admin/builder/spi-builder-workspace/.swiftpm/xcode
    builtin-SwiftPerFileCompile Collection\ +\ map\ with\ transformer.swift
SwiftDriverJobDiscovery normal arm64 Compiling RangeReplaceableCollection + elemental operators.swift (in target 'CollectionTools' from project 'CollectionTools')
SwiftCompile normal arm64 Compiling\ Collection\ +\ everyPair.swift /Users/admin/builder/spi-builder-workspace/.dependencies/checkouts/Swift-Collection-Tools/Sources/CollectionTools/Collection\ +\ everyPair.swift (in target 'CollectionTools' from project 'CollectionTools')
SwiftCompile normal arm64 /Users/admin/builder/spi-builder-workspace/.dependencies/checkouts/Swift-Collection-Tools/Sources/CollectionTools/Collection\ +\ everyPair.swift (in target 'CollectionTools' from project 'CollectionTools')
    cd /Users/admin/builder/spi-builder-workspace/.swiftpm/xcode
    builtin-SwiftPerFileCompile Collection\ +\ everyPair.swift
SwiftDriverJobDiscovery normal arm64 Compiling Collection + withoutDuplicates.swift (in target 'CollectionTools' from project 'CollectionTools')
SwiftDriverJobDiscovery normal arm64_32 Compiling CollectionWhichCanBeEmpty.swift (in target 'CollectionTools' from project 'CollectionTools')
Ld /Users/admin/builder/spi-builder-workspace/.derivedData/Build/Intermediates.noindex/StringIntegerAccess.build/Debug-watchos/StringIntegerAccess-t.build/Objects-normal/arm64_32/Binary/StringIntegerAccess.o normal arm64_32 (in target 'StringIntegerAccess' from project 'StringIntegerAccess')
    cd /Users/admin/builder/spi-builder-workspace/.dependencies/checkouts/Swift-String-Integer-Access
    /Applications/Xcode-27.0.0-Release.Candidate.app/Contents/Developer/Toolchains/XcodeDefault.xctoolchain/usr/bin/clang -Xlinker -reproducible -target arm64_32-apple-watchos9.0 -r -isysroot /Applications/Xcode-27.0.0-Release.Candidate.app/Contents/Developer/Platforms/WatchOS.platform/Developer/SDKs/WatchOS27.0.sdk -O0 -w -Xlinker -no_warn_duplicate_libraries -F/Users/admin/builder/spi-builder-workspace/.derivedData/Build/Intermediates.noindex/EagerLinkingTBDs/Debug-watchos -F/Users/admin/builder/spi-builder-workspace/.derivedData/Build/Products/Debug-watchos/PackageFrameworks -F/Users/admin/builder/spi-builder-workspace/.derivedData/Build/Products/Debug-watchos -iframework /Applications/Xcode-27.0.0-Release.Candidate.app/Contents/Developer/Platforms/WatchOS.platform/Developer/Library/Frameworks -iframework /Applications/Xcode-27.0.0-Release.Candidate.app/Contents/Developer/Platforms/WatchOS.platform/Developer/SDKs/WatchOS27.0.sdk/Developer/Library/Frameworks -filelist /Users/admin/builder/spi-builder-workspace/.derivedData/Build/Intermediates.noindex/StringIntegerAccess.build/Debug-watchos/StringIntegerAccess-t.build/Objects-normal/arm64_32/StringIntegerAccess.LinkFileList -nostdlib -Xlinker -object_path_lto -Xlinker /Users/admin/builder/spi-builder-workspace/.derivedData/Build/Intermediates.noindex/StringIntegerAccess.build/Debug-watchos/StringIntegerAccess-t.build/Objects-normal/arm64_32/StringIntegerAccess_lto.o -Xlinker -no_deduplicate -Xlinker -debug_variant -Xlinker -dependency_info -Xlinker /Users/admin/builder/spi-builder-workspace/.derivedData/Build/Intermediates.noindex/StringIntegerAccess.build/Debug-watchos/StringIntegerAccess-t.build/Objects-normal/arm64_32/StringIntegerAccess_dependency_info.dat -fobjc-link-runtime -L/Applications/Xcode-27.0.0-Release.Candidate.app/Contents/Developer/Toolchains/XcodeDefault.xctoolchain/usr/lib/swift/watchos -L/usr/lib/swift -Xlinker -add_ast_path -Xlinker /Users/admin/builder/spi-builder-workspace/.derivedData/Build/Intermediates.noindex/StringIntegerAccess.build/Debug-watchos/StringIntegerAccess-t.build/Objects-normal/arm64_32/StringIntegerAccess.swiftmodule -o /Users/admin/builder/spi-builder-workspace/.derivedData/Build/Intermediates.noindex/StringIntegerAccess.build/Debug-watchos/StringIntegerAccess-t.build/Objects-normal/arm64_32/Binary/StringIntegerAccess.o
Ld /Users/admin/builder/spi-builder-workspace/.derivedData/Build/Intermediates.noindex/StringIntegerAccess.build/Debug-watchos/StringIntegerAccess-t.build/Objects-normal/arm64/Binary/StringIntegerAccess.o normal arm64 (in target 'StringIntegerAccess' from project 'StringIntegerAccess')
    cd /Users/admin/builder/spi-builder-workspace/.dependencies/checkouts/Swift-String-Integer-Access
    /Applications/Xcode-27.0.0-Release.Candidate.app/Contents/Developer/Toolchains/XcodeDefault.xctoolchain/usr/bin/clang -Xlinker -reproducible -target arm64-apple-watchos9.0 -r -isysroot /Applications/Xcode-27.0.0-Release.Candidate.app/Contents/Developer/Platforms/WatchOS.platform/Developer/SDKs/WatchOS27.0.sdk -O0 -w -Xlinker -no_warn_duplicate_libraries -F/Users/admin/builder/spi-builder-workspace/.derivedData/Build/Intermediates.noindex/EagerLinkingTBDs/Debug-watchos -F/Users/admin/builder/spi-builder-workspace/.derivedData/Build/Products/Debug-watchos/PackageFrameworks -F/Users/admin/builder/spi-builder-workspace/.derivedData/Build/Products/Debug-watchos -iframework /Applications/Xcode-27.0.0-Release.Candidate.app/Contents/Developer/Platforms/WatchOS.platform/Developer/Library/Frameworks -iframework /Applications/Xcode-27.0.0-Release.Candidate.app/Contents/Developer/Platforms/WatchOS.platform/Developer/SDKs/WatchOS27.0.sdk/Developer/Library/Frameworks -filelist /Users/admin/builder/spi-builder-workspace/.derivedData/Build/Intermediates.noindex/StringIntegerAccess.build/Debug-watchos/StringIntegerAccess-t.build/Objects-normal/arm64/StringIntegerAccess.LinkFileList -nostdlib -Xlinker -object_path_lto -Xlinker /Users/admin/builder/spi-builder-workspace/.derivedData/Build/Intermediates.noindex/StringIntegerAccess.build/Debug-watchos/StringIntegerAccess-t.build/Objects-normal/arm64/StringIntegerAccess_lto.o -Xlinker -no_deduplicate -Xlinker -debug_variant -Xlinker -dependency_info -Xlinker /Users/admin/builder/spi-builder-workspace/.derivedData/Build/Intermediates.noindex/StringIntegerAccess.build/Debug-watchos/StringIntegerAccess-t.build/Objects-normal/arm64/StringIntegerAccess_dependency_info.dat -fobjc-link-runtime -L/Applications/Xcode-27.0.0-Release.Candidate.app/Contents/Developer/Toolchains/XcodeDefault.xctoolchain/usr/lib/swift/watchos -L/usr/lib/swift -Xlinker -add_ast_path -Xlinker /Users/admin/builder/spi-builder-workspace/.derivedData/Build/Intermediates.noindex/StringIntegerAccess.build/Debug-watchos/StringIntegerAccess-t.build/Objects-normal/arm64/StringIntegerAccess.swiftmodule -o /Users/admin/builder/spi-builder-workspace/.derivedData/Build/Intermediates.noindex/StringIntegerAccess.build/Debug-watchos/StringIntegerAccess-t.build/Objects-normal/arm64/Binary/StringIntegerAccess.o
SwiftDriverJobDiscovery normal arm64_32 Compiling RangeReplaceableCollection + elemental operators.swift (in target 'CollectionTools' from project 'CollectionTools')
Ld /Users/admin/builder/spi-builder-workspace/.derivedData/Build/Intermediates.noindex/SafeCollectionAccess.build/Debug-watchos/SafeCollectionAccess-t.build/Objects-normal/arm64_32/Binary/SafeCollectionAccess.o normal arm64_32 (in target 'SafeCollectionAccess' from project 'SafeCollectionAccess')
    cd /Users/admin/builder/spi-builder-workspace/.dependencies/checkouts/Swift-Safe-Collection-Access
    /Applications/Xcode-27.0.0-Release.Candidate.app/Contents/Developer/Toolchains/XcodeDefault.xctoolchain/usr/bin/clang -Xlinker -reproducible -target arm64_32-apple-watchos9.0 -r -isysroot /Applications/Xcode-27.0.0-Release.Candidate.app/Contents/Developer/Platforms/WatchOS.platform/Developer/SDKs/WatchOS27.0.sdk -O0 -w -Xlinker -no_warn_duplicate_libraries -F/Users/admin/builder/spi-builder-workspace/.derivedData/Build/Intermediates.noindex/EagerLinkingTBDs/Debug-watchos -F/Users/admin/builder/spi-builder-workspace/.derivedData/Build/Products/Debug-watchos/PackageFrameworks -F/Users/admin/builder/spi-builder-workspace/.derivedData/Build/Products/Debug-watchos -iframework /Applications/Xcode-27.0.0-Release.Candidate.app/Contents/Developer/Platforms/WatchOS.platform/Developer/Library/Frameworks -iframework /Applications/Xcode-27.0.0-Release.Candidate.app/Contents/Developer/Platforms/WatchOS.platform/Developer/SDKs/WatchOS27.0.sdk/Developer/Library/Frameworks -filelist /Users/admin/builder/spi-builder-workspace/.derivedData/Build/Intermediates.noindex/SafeCollectionAccess.build/Debug-watchos/SafeCollectionAccess-t.build/Objects-normal/arm64_32/SafeCollectionAccess.LinkFileList -nostdlib -Xlinker -object_path_lto -Xlinker /Users/admin/builder/spi-builder-workspace/.derivedData/Build/Intermediates.noindex/SafeCollectionAccess.build/Debug-watchos/SafeCollectionAccess-t.build/Objects-normal/arm64_32/SafeCollectionAccess_lto.o -Xlinker -no_deduplicate -Xlinker -debug_variant -Xlinker -dependency_info -Xlinker /Users/admin/builder/spi-builder-workspace/.derivedData/Build/Intermediates.noindex/SafeCollectionAccess.build/Debug-watchos/SafeCollectionAccess-t.build/Objects-normal/arm64_32/SafeCollectionAccess_dependency_info.dat -fobjc-link-runtime -L/Applications/Xcode-27.0.0-Release.Candidate.app/Contents/Developer/Toolchains/XcodeDefault.xctoolchain/usr/lib/swift/watchos -L/usr/lib/swift -Xlinker -add_ast_path -Xlinker /Users/admin/builder/spi-builder-workspace/.derivedData/Build/Intermediates.noindex/SafeCollectionAccess.build/Debug-watchos/SafeCollectionAccess-t.build/Objects-normal/arm64_32/SafeCollectionAccess.swiftmodule -o /Users/admin/builder/spi-builder-workspace/.derivedData/Build/Intermediates.noindex/SafeCollectionAccess.build/Debug-watchos/SafeCollectionAccess-t.build/Objects-normal/arm64_32/Binary/SafeCollectionAccess.o
Ld /Users/admin/builder/spi-builder-workspace/.derivedData/Build/Intermediates.noindex/SafeCollectionAccess.build/Debug-watchos/SafeCollectionAccess-t.build/Objects-normal/arm64/Binary/SafeCollectionAccess.o normal arm64 (in target 'SafeCollectionAccess' from project 'SafeCollectionAccess')
    cd /Users/admin/builder/spi-builder-workspace/.dependencies/checkouts/Swift-Safe-Collection-Access
    /Applications/Xcode-27.0.0-Release.Candidate.app/Contents/Developer/Toolchains/XcodeDefault.xctoolchain/usr/bin/clang -Xlinker -reproducible -target arm64-apple-watchos9.0 -r -isysroot /Applications/Xcode-27.0.0-Release.Candidate.app/Contents/Developer/Platforms/WatchOS.platform/Developer/SDKs/WatchOS27.0.sdk -O0 -w -Xlinker -no_warn_duplicate_libraries -F/Users/admin/builder/spi-builder-workspace/.derivedData/Build/Intermediates.noindex/EagerLinkingTBDs/Debug-watchos -F/Users/admin/builder/spi-builder-workspace/.derivedData/Build/Products/Debug-watchos/PackageFrameworks -F/Users/admin/builder/spi-builder-workspace/.derivedData/Build/Products/Debug-watchos -iframework /Applications/Xcode-27.0.0-Release.Candidate.app/Contents/Developer/Platforms/WatchOS.platform/Developer/Library/Frameworks -iframework /Applications/Xcode-27.0.0-Release.Candidate.app/Contents/Developer/Platforms/WatchOS.platform/Developer/SDKs/WatchOS27.0.sdk/Developer/Library/Frameworks -filelist /Users/admin/builder/spi-builder-workspace/.derivedData/Build/Intermediates.noindex/SafeCollectionAccess.build/Debug-watchos/SafeCollectionAccess-t.build/Objects-normal/arm64/SafeCollectionAccess.LinkFileList -nostdlib -Xlinker -object_path_lto -Xlinker /Users/admin/builder/spi-builder-workspace/.derivedData/Build/Intermediates.noindex/SafeCollectionAccess.build/Debug-watchos/SafeCollectionAccess-t.build/Objects-normal/arm64/SafeCollectionAccess_lto.o -Xlinker -no_deduplicate -Xlinker -debug_variant -Xlinker -dependency_info -Xlinker /Users/admin/builder/spi-builder-workspace/.derivedData/Build/Intermediates.noindex/SafeCollectionAccess.build/Debug-watchos/SafeCollectionAccess-t.build/Objects-normal/arm64/SafeCollectionAccess_dependency_info.dat -fobjc-link-runtime -L/Applications/Xcode-27.0.0-Release.Candidate.app/Contents/Developer/Toolchains/XcodeDefault.xctoolchain/usr/lib/swift/watchos -L/usr/lib/swift -Xlinker -add_ast_path -Xlinker /Users/admin/builder/spi-builder-workspace/.derivedData/Build/Intermediates.noindex/SafeCollectionAccess.build/Debug-watchos/SafeCollectionAccess-t.build/Objects-normal/arm64/SafeCollectionAccess.swiftmodule -o /Users/admin/builder/spi-builder-workspace/.derivedData/Build/Intermediates.noindex/SafeCollectionAccess.build/Debug-watchos/SafeCollectionAccess-t.build/Objects-normal/arm64/Binary/SafeCollectionAccess.o
SwiftDriverJobDiscovery normal arm64 Compiling Collection + nonEmptyOrNil.swift (in target 'CollectionTools' from project 'CollectionTools')
CreateUniversalBinary /Users/admin/builder/spi-builder-workspace/.derivedData/Build/Products/Debug-watchos/StringIntegerAccess.o normal arm64\ arm64_32 (in target 'StringIntegerAccess' from project 'StringIntegerAccess')
    cd /Users/admin/builder/spi-builder-workspace/.dependencies/checkouts/Swift-String-Integer-Access
    /Applications/Xcode-27.0.0-Release.Candidate.app/Contents/Developer/Toolchains/XcodeDefault.xctoolchain/usr/bin/lipo -create /Users/admin/builder/spi-builder-workspace/.derivedData/Build/Intermediates.noindex/StringIntegerAccess.build/Debug-watchos/StringIntegerAccess-t.build/Objects-normal/arm64/Binary/StringIntegerAccess.o /Users/admin/builder/spi-builder-workspace/.derivedData/Build/Intermediates.noindex/StringIntegerAccess.build/Debug-watchos/StringIntegerAccess-t.build/Objects-normal/arm64_32/Binary/StringIntegerAccess.o -output /Users/admin/builder/spi-builder-workspace/.derivedData/Build/Products/Debug-watchos/StringIntegerAccess.o
ExtractAppIntentsMetadata (in target 'StringIntegerAccess' from project 'StringIntegerAccess')
    cd /Users/admin/builder/spi-builder-workspace/.dependencies/checkouts/Swift-String-Integer-Access
    /Applications/Xcode-27.0.0-Release.Candidate.app/Contents/Developer/Toolchains/XcodeDefault.xctoolchain/usr/bin/appintentsmetadataprocessor --toolchain-dir /var/run/com.apple.security.cryptexd/mnt/com.apple.MobileAsset.MetalToolchain-v27.1.266.1.3FkI3D/Metal.xctoolchain --module-name StringIntegerAccess --sdk-root /Applications/Xcode-27.0.0-Release.Candidate.app/Contents/Developer/Platforms/WatchOS.platform/Developer/SDKs/WatchOS27.0.sdk --xcode-version 27A266a --platform-family watchOS --deployment-target 9.0 --bundle-identifier swift-string-integer-access.StringIntegerAccess --output /Users/admin/builder/spi-builder-workspace/.derivedData/Build/Products/Debug-watchos/StringIntegerAccess.appintents --target-triple arm64-apple-watchos9.0 --target-triple arm64_32-apple-watchos9.0 --binary-file /Users/admin/builder/spi-builder-workspace/.derivedData/Build/Products/Debug-watchos/StringIntegerAccess.o --dependency-file /Users/admin/builder/spi-builder-workspace/.derivedData/Build/Intermediates.noindex/StringIntegerAccess.build/Debug-watchos/StringIntegerAccess-t.build/Objects-normal/arm64/StringIntegerAccess_dependency_info.dat --dependency-file /Users/admin/builder/spi-builder-workspace/.derivedData/Build/Intermediates.noindex/StringIntegerAccess.build/Debug-watchos/StringIntegerAccess-t.build/Objects-normal/arm64_32/StringIntegerAccess_dependency_info.dat --stringsdata-file /Users/admin/builder/spi-builder-workspace/.derivedData/Build/Intermediates.noindex/StringIntegerAccess.build/Debug-watchos/StringIntegerAccess-t.build/Objects-normal/arm64/ExtractedAppShortcutsMetadata.stringsdata --stringsdata-file /Users/admin/builder/spi-builder-workspace/.derivedData/Build/Intermediates.noindex/StringIntegerAccess.build/Debug-watchos/StringIntegerAccess-t.build/Objects-normal/arm64_32/ExtractedAppShortcutsMetadata.stringsdata --source-file-list /Users/admin/builder/spi-builder-workspace/.derivedData/Build/Intermediates.noindex/StringIntegerAccess.build/Debug-watchos/StringIntegerAccess-t.build/Objects-normal/arm64/StringIntegerAccess.SwiftFileList --source-file-list /Users/admin/builder/spi-builder-workspace/.derivedData/Build/Intermediates.noindex/StringIntegerAccess.build/Debug-watchos/StringIntegerAccess-t.build/Objects-normal/arm64_32/StringIntegerAccess.SwiftFileList --metadata-file-list /Users/admin/builder/spi-builder-workspace/.derivedData/Build/Intermediates.noindex/StringIntegerAccess.build/Debug-watchos/StringIntegerAccess-t.build/StringIntegerAccess.DependencyMetadataFileList --static-metadata-file-list /Users/admin/builder/spi-builder-workspace/.derivedData/Build/Intermediates.noindex/StringIntegerAccess.build/Debug-watchos/StringIntegerAccess-t.build/StringIntegerAccess.DependencyStaticMetadataFileList --swift-const-vals-list /Users/admin/builder/spi-builder-workspace/.derivedData/Build/Intermediates.noindex/StringIntegerAccess.build/Debug-watchos/StringIntegerAccess-t.build/Objects-normal/arm64/StringIntegerAccess.SwiftConstValuesFileList --swift-const-vals-list /Users/admin/builder/spi-builder-workspace/.derivedData/Build/Intermediates.noindex/StringIntegerAccess.build/Debug-watchos/StringIntegerAccess-t.build/Objects-normal/arm64_32/StringIntegerAccess.SwiftConstValuesFileList --force --compile-time-extraction --deployment-aware-processing --no-app-shortcuts-localization
2026-09-23 18:49:15.992 appintentsmetadataprocessor[1195:6799] Starting appintentsmetadataprocessor export
2026-09-23 18:49:16.085 appintentsmetadataprocessor[1195:6799] Extracted no relevant App Intents symbols, skipping writing output
SwiftDriver SafeStringIntegerAccess normal arm64_32 com.apple.xcode.tools.swift.compiler (in target 'SafeStringIntegerAccess' from project 'StringIntegerAccess')
    cd /Users/admin/builder/spi-builder-workspace/.swiftpm/xcode
    builtin-SwiftDriver -- /Applications/Xcode-27.0.0-Release.Candidate.app/Contents/Developer/Toolchains/XcodeDefault.xctoolchain/usr/bin/swiftc -parse-as-library -module-name SafeStringIntegerAccess -Onone @/Users/admin/builder/spi-builder-workspace/.derivedData/Build/Intermediates.noindex/StringIntegerAccess.build/Debug-watchos/SafeStringIntegerAccess-t.build/Objects-normal/arm64_32/SafeStringIntegerAccess.SwiftFileList -DSWIFT_PACKAGE -DDEBUG -DSWIFT_MODULE_RESOURCE_BUNDLE_UNAVAILABLE -DXcode -plugin-path /Applications/Xcode-27.0.0-Release.Candidate.app/Contents/Developer/Toolchains/XcodeDefault.xctoolchain/usr/lib/swift/host/plugins/testing -enable-experimental-feature DebugDescriptionMacro -sdk /Applications/Xcode-27.0.0-Release.Candidate.app/Contents/Developer/Platforms/WatchOS.platform/Developer/SDKs/WatchOS27.0.sdk -target arm64_32-apple-watchos9.0 -g -module-cache-path /Users/admin/builder/spi-builder-workspace/.derivedData/ModuleCache.noindex -Xfrontend -serialize-debugging-options -profile-coverage-mapping -profile-generate -enable-testing -suppress-warnings -index-store-path /Users/admin/builder/spi-builder-workspace/.derivedData/Index.noindex/DataStore -Xcc -D_LIBCPP_HARDENING_MODE\=_LIBCPP_HARDENING_MODE_DEBUG -swift-version 5 -I /Users/admin/builder/spi-builder-workspace/.derivedData/Build/Products/Debug-watchos -Isystem /Applications/Xcode-27.0.0-Release.Candidate.app/Contents/Developer/Platforms/WatchOS.platform/Developer/usr/lib -F /Users/admin/builder/spi-builder-workspace/.derivedData/Build/Products/Debug-watchos/PackageFrameworks -F /Users/admin/builder/spi-builder-workspace/.derivedData/Build/Products/Debug-watchos -F /Applications/Xcode-27.0.0-Release.Candidate.app/Contents/Developer/Platforms/WatchOS.platform/Developer/Library/Frameworks -F /Applications/Xcode-27.0.0-Release.Candidate.app/Contents/Developer/Platforms/WatchOS.platform/Developer/SDKs/WatchOS27.0.sdk/Developer/Library/Frameworks -c -j10 -enable-batch-mode -incremental -Xcc -ivfsstatcache -Xcc /Users/admin/builder/spi-builder-workspace/.derivedData/SDKStatCaches.noindex/watchos27.0-24R360-e829b21a6f8c9b70876ba0858053c04477534ef55a1706bf4c1112bbb242f0a2.sdkstatcache -output-file-map /Users/admin/builder/spi-builder-workspace/.derivedData/Build/Intermediates.noindex/StringIntegerAccess.build/Debug-watchos/SafeStringIntegerAccess-t.build/Objects-normal/arm64_32/SafeStringIntegerAccess-OutputFileMap.json -save-temps -no-color-diagnostics -explicit-module-build -module-cache-path /Users/admin/builder/spi-builder-workspace/.derivedData/Build/Intermediates.noindex/SwiftExplicitPrecompiledModules -clang-scanner-module-cache-path /Users/admin/builder/spi-builder-workspace/.derivedData/ModuleCache.noindex -sdk-module-cache-path /Users/admin/builder/spi-builder-workspace/.derivedData/SDKExplicitPrecompiledModules -emit-dependencies -emit-module -emit-module-path /Users/admin/builder/spi-builder-workspace/.derivedData/Build/Intermediates.noindex/StringIntegerAccess.build/Debug-watchos/SafeStringIntegerAccess-t.build/Objects-normal/arm64_32/SafeStringIntegerAccess.swiftmodule -serialize-diagnostics -dependency-scan-serialize-diagnostics-path /Users/admin/builder/spi-builder-workspace/.derivedData/Build/Intermediates.noindex/StringIntegerAccess.build/Debug-watchos/SafeStringIntegerAccess-t.build/Objects-normal/arm64_32/SafeStringIntegerAccess-dependency-scan.dia -validate-clang-modules-once -clang-build-session-file /Users/admin/builder/spi-builder-workspace/.derivedData/ModuleCache.noindex/Session.modulevalidation -Xcc -fmodules-prune-interval\=86400 -Xcc -fmodules-prune-after\=345600 -emit-const-values -const-gather-protocols-list /Users/admin/builder/spi-builder-workspace/.derivedData/Build/Intermediates.noindex/StringIntegerAccess.build/Debug-watchos/SafeStringIntegerAccess-t.build/Objects-normal/arm64_32/SafeStringIntegerAccess_const_extract_protocols.json -Xcc -I/Users/admin/builder/spi-builder-workspace/.derivedData/Build/Products/Debug-watchos/include -Xcc -I/Users/admin/builder/spi-builder-workspace/.derivedData/Build/Intermediates.noindex/StringIntegerAccess.build/Debug-watchos/SafeStringIntegerAccess-t.build/DerivedSources-normal/arm64_32 -Xcc -I/Users/admin/builder/spi-builder-workspace/.derivedData/Build/Intermediates.noindex/StringIntegerAccess.build/Debug-watchos/SafeStringIntegerAccess-t.build/DerivedSources/arm64_32 -Xcc -I/Users/admin/builder/spi-builder-workspace/.derivedData/Build/Intermediates.noindex/StringIntegerAccess.build/Debug-watchos/SafeStringIntegerAccess-t.build/DerivedSources -Xcc -DSWIFT_PACKAGE -Xcc -DDEBUG\=1 -emit-objc-header -emit-objc-header-path /Users/admin/builder/spi-builder-workspace/.derivedData/Build/Intermediates.noindex/StringIntegerAccess.build/Debug-watchos/SafeStringIntegerAccess-t.build/Objects-normal/arm64_32/SafeStringIntegerAccess-Swift.h -working-directory /Users/admin/builder/spi-builder-workspace/.swiftpm/xcode -experimental-emit-module-separately -disable-cmo
SwiftDriver SafeStringIntegerAccess normal arm64 com.apple.xcode.tools.swift.compiler (in target 'SafeStringIntegerAccess' from project 'StringIntegerAccess')
    cd /Users/admin/builder/spi-builder-workspace/.swiftpm/xcode
    builtin-SwiftDriver -- /Applications/Xcode-27.0.0-Release.Candidate.app/Contents/Developer/Toolchains/XcodeDefault.xctoolchain/usr/bin/swiftc -parse-as-library -module-name SafeStringIntegerAccess -Onone @/Users/admin/builder/spi-builder-workspace/.derivedData/Build/Intermediates.noindex/StringIntegerAccess.build/Debug-watchos/SafeStringIntegerAccess-t.build/Objects-normal/arm64/SafeStringIntegerAccess.SwiftFileList -DSWIFT_PACKAGE -DDEBUG -DSWIFT_MODULE_RESOURCE_BUNDLE_UNAVAILABLE -DXcode -plugin-path /Applications/Xcode-27.0.0-Release.Candidate.app/Contents/Developer/Toolchains/XcodeDefault.xctoolchain/usr/lib/swift/host/plugins/testing -enable-experimental-feature DebugDescriptionMacro -sdk /Applications/Xcode-27.0.0-Release.Candidate.app/Contents/Developer/Platforms/WatchOS.platform/Developer/SDKs/WatchOS27.0.sdk -target arm64-apple-watchos9.0 -g -module-cache-path /Users/admin/builder/spi-builder-workspace/.derivedData/ModuleCache.noindex -Xfrontend -serialize-debugging-options -profile-coverage-mapping -profile-generate -enable-testing -suppress-warnings -index-store-path /Users/admin/builder/spi-builder-workspace/.derivedData/Index.noindex/DataStore -Xcc -D_LIBCPP_HARDENING_MODE\=_LIBCPP_HARDENING_MODE_DEBUG -swift-version 5 -I /Users/admin/builder/spi-builder-workspace/.derivedData/Build/Products/Debug-watchos -Isystem /Applications/Xcode-27.0.0-Release.Candidate.app/Contents/Developer/Platforms/WatchOS.platform/Developer/usr/lib -F /Users/admin/builder/spi-builder-workspace/.derivedData/Build/Products/Debug-watchos/PackageFrameworks -F /Users/admin/builder/spi-builder-workspace/.derivedData/Build/Products/Debug-watchos -F /Applications/Xcode-27.0.0-Release.Candidate.app/Contents/Developer/Platforms/WatchOS.platform/Developer/Library/Frameworks -F /Applications/Xcode-27.0.0-Release.Candidate.app/Contents/Developer/Platforms/WatchOS.platform/Developer/SDKs/WatchOS27.0.sdk/Developer/Library/Frameworks -c -j10 -enable-batch-mode -incremental -Xcc -ivfsstatcache -Xcc /Users/admin/builder/spi-builder-workspace/.derivedData/SDKStatCaches.noindex/watchos27.0-24R360-e829b21a6f8c9b70876ba0858053c04477534ef55a1706bf4c1112bbb242f0a2.sdkstatcache -output-file-map /Users/admin/builder/spi-builder-workspace/.derivedData/Build/Intermediates.noindex/StringIntegerAccess.build/Debug-watchos/SafeStringIntegerAccess-t.build/Objects-normal/arm64/SafeStringIntegerAccess-OutputFileMap.json -save-temps -no-color-diagnostics -explicit-module-build -module-cache-path /Users/admin/builder/spi-builder-workspace/.derivedData/Build/Intermediates.noindex/SwiftExplicitPrecompiledModules -clang-scanner-module-cache-path /Users/admin/builder/spi-builder-workspace/.derivedData/ModuleCache.noindex -sdk-module-cache-path /Users/admin/builder/spi-builder-workspace/.derivedData/SDKExplicitPrecompiledModules -emit-dependencies -emit-module -emit-module-path /Users/admin/builder/spi-builder-workspace/.derivedData/Build/Intermediates.noindex/StringIntegerAccess.build/Debug-watchos/SafeStringIntegerAccess-t.build/Objects-normal/arm64/SafeStringIntegerAccess.swiftmodule -serialize-diagnostics -dependency-scan-serialize-diagnostics-path /Users/admin/builder/spi-builder-workspace/.derivedData/Build/Intermediates.noindex/StringIntegerAccess.build/Debug-watchos/SafeStringIntegerAccess-t.build/Objects-normal/arm64/SafeStringIntegerAccess-dependency-scan.dia -validate-clang-modules-once -clang-build-session-file /Users/admin/builder/spi-builder-workspace/.derivedData/ModuleCache.noindex/Session.modulevalidation -Xcc -fmodules-prune-interval\=86400 -Xcc -fmodules-prune-after\=345600 -emit-const-values -const-gather-protocols-list /Users/admin/builder/spi-builder-workspace/.derivedData/Build/Intermediates.noindex/StringIntegerAccess.build/Debug-watchos/SafeStringIntegerAccess-t.build/Objects-normal/arm64/SafeStringIntegerAccess_const_extract_protocols.json -Xcc -I/Users/admin/builder/spi-builder-workspace/.derivedData/Build/Products/Debug-watchos/include -Xcc -I/Users/admin/builder/spi-builder-workspace/.derivedData/Build/Intermediates.noindex/StringIntegerAccess.build/Debug-watchos/SafeStringIntegerAccess-t.build/DerivedSources-normal/arm64 -Xcc -I/Users/admin/builder/spi-builder-workspace/.derivedData/Build/Intermediates.noindex/StringIntegerAccess.build/Debug-watchos/SafeStringIntegerAccess-t.build/DerivedSources/arm64 -Xcc -I/Users/admin/builder/spi-builder-workspace/.derivedData/Build/Intermediates.noindex/StringIntegerAccess.build/Debug-watchos/SafeStringIntegerAccess-t.build/DerivedSources -Xcc -DSWIFT_PACKAGE -Xcc -DDEBUG\=1 -emit-objc-header -emit-objc-header-path /Users/admin/builder/spi-builder-workspace/.derivedData/Build/Intermediates.noindex/StringIntegerAccess.build/Debug-watchos/SafeStringIntegerAccess-t.build/Objects-normal/arm64/SafeStringIntegerAccess-Swift.h -working-directory /Users/admin/builder/spi-builder-workspace/.swiftpm/xcode -experimental-emit-module-separately -disable-cmo
CreateUniversalBinary /Users/admin/builder/spi-builder-workspace/.derivedData/Build/Products/Debug-watchos/SafeCollectionAccess.o normal arm64\ arm64_32 (in target 'SafeCollectionAccess' from project 'SafeCollectionAccess')
    cd /Users/admin/builder/spi-builder-workspace/.dependencies/checkouts/Swift-Safe-Collection-Access
    /Applications/Xcode-27.0.0-Release.Candidate.app/Contents/Developer/Toolchains/XcodeDefault.xctoolchain/usr/bin/lipo -create /Users/admin/builder/spi-builder-workspace/.derivedData/Build/Intermediates.noindex/SafeCollectionAccess.build/Debug-watchos/SafeCollectionAccess-t.build/Objects-normal/arm64/Binary/SafeCollectionAccess.o /Users/admin/builder/spi-builder-workspace/.derivedData/Build/Intermediates.noindex/SafeCollectionAccess.build/Debug-watchos/SafeCollectionAccess-t.build/Objects-normal/arm64_32/Binary/SafeCollectionAccess.o -output /Users/admin/builder/spi-builder-workspace/.derivedData/Build/Products/Debug-watchos/SafeCollectionAccess.o
SwiftDriverJobDiscovery normal arm64_32 Compiling Collection + nonEmptyOrNil.swift (in target 'CollectionTools' from project 'CollectionTools')
SwiftDriverJobDiscovery normal arm64 Compiling Collection + onlyFirst & onlyLast.swift (in target 'CollectionTools' from project 'CollectionTools')
SwiftDriverJobDiscovery normal arm64 Compiling CollectionWhichCanBeEmpty.swift (in target 'CollectionTools' from project 'CollectionTools')
ExtractAppIntentsMetadata (in target 'SafeCollectionAccess' from project 'SafeCollectionAccess')
    cd /Users/admin/builder/spi-builder-workspace/.dependencies/checkouts/Swift-Safe-Collection-Access
    /Applications/Xcode-27.0.0-Release.Candidate.app/Contents/Developer/Toolchains/XcodeDefault.xctoolchain/usr/bin/appintentsmetadataprocessor --toolchain-dir /var/run/com.apple.security.cryptexd/mnt/com.apple.MobileAsset.MetalToolchain-v27.1.266.1.3FkI3D/Metal.xctoolchain --module-name SafeCollectionAccess --sdk-root /Applications/Xcode-27.0.0-Release.Candidate.app/Contents/Developer/Platforms/WatchOS.platform/Developer/SDKs/WatchOS27.0.sdk --xcode-version 27A266a --platform-family watchOS --deployment-target 9.0 --bundle-identifier swift-safe-collection-access.SafeCollectionAccess --output /Users/admin/builder/spi-builder-workspace/.derivedData/Build/Products/Debug-watchos/SafeCollectionAccess.appintents --target-triple arm64-apple-watchos9.0 --target-triple arm64_32-apple-watchos9.0 --binary-file /Users/admin/builder/spi-builder-workspace/.derivedData/Build/Products/Debug-watchos/SafeCollectionAccess.o --dependency-file /Users/admin/builder/spi-builder-workspace/.derivedData/Build/Intermediates.noindex/SafeCollectionAccess.build/Debug-watchos/SafeCollectionAccess-t.build/Objects-normal/arm64/SafeCollectionAccess_dependency_info.dat --dependency-file /Users/admin/builder/spi-builder-workspace/.derivedData/Build/Intermediates.noindex/SafeCollectionAccess.build/Debug-watchos/SafeCollectionAccess-t.build/Objects-normal/arm64_32/SafeCollectionAccess_dependency_info.dat --stringsdata-file /Users/admin/builder/spi-builder-workspace/.derivedData/Build/Intermediates.noindex/SafeCollectionAccess.build/Debug-watchos/SafeCollectionAccess-t.build/Objects-normal/arm64/ExtractedAppShortcutsMetadata.stringsdata --stringsdata-file /Users/admin/builder/spi-builder-workspace/.derivedData/Build/Intermediates.noindex/SafeCollectionAccess.build/Debug-watchos/SafeCollectionAccess-t.build/Objects-normal/arm64_32/ExtractedAppShortcutsMetadata.stringsdata --source-file-list /Users/admin/builder/spi-builder-workspace/.derivedData/Build/Intermediates.noindex/SafeCollectionAccess.build/Debug-watchos/SafeCollectionAccess-t.build/Objects-normal/arm64/SafeCollectionAccess.SwiftFileList --source-file-list /Users/admin/builder/spi-builder-workspace/.derivedData/Build/Intermediates.noindex/SafeCollectionAccess.build/Debug-watchos/SafeCollectionAccess-t.build/Objects-normal/arm64_32/SafeCollectionAccess.SwiftFileList --metadata-file-list /Users/admin/builder/spi-builder-workspace/.derivedData/Build/Intermediates.noindex/SafeCollectionAccess.build/Debug-watchos/SafeCollectionAccess-t.build/SafeCollectionAccess.DependencyMetadataFileList --static-metadata-file-list /Users/admin/builder/spi-builder-workspace/.derivedData/Build/Intermediates.noindex/SafeCollectionAccess.build/Debug-watchos/SafeCollectionAccess-t.build/SafeCollectionAccess.DependencyStaticMetadataFileList --swift-const-vals-list /Users/admin/builder/spi-builder-workspace/.derivedData/Build/Intermediates.noindex/SafeCollectionAccess.build/Debug-watchos/SafeCollectionAccess-t.build/Objects-normal/arm64/SafeCollectionAccess.SwiftConstValuesFileList --swift-const-vals-list /Users/admin/builder/spi-builder-workspace/.derivedData/Build/Intermediates.noindex/SafeCollectionAccess.build/Debug-watchos/SafeCollectionAccess-t.build/Objects-normal/arm64_32/SafeCollectionAccess.SwiftConstValuesFileList --force --compile-time-extraction --deployment-aware-processing --no-app-shortcuts-localization
2026-09-23 18:49:16.017 appintentsmetadataprocessor[1197:6815] Starting appintentsmetadataprocessor export
2026-09-23 18:49:16.097 appintentsmetadataprocessor[1197:6815] Extracted no relevant App Intents symbols, skipping writing output
SwiftDriverJobDiscovery normal arm64_32 Compiling Collection + map with transformer.swift (in target 'CollectionTools' from project 'CollectionTools')
SwiftDriverJobDiscovery normal arm64 Compiling Collection + everyPair.swift (in target 'CollectionTools' from project 'CollectionTools')
SwiftCompile normal arm64_32 Compiling\ StringIntegerAccess\ +\ SafeCollectionAccess.swift /Users/admin/builder/spi-builder-workspace/.dependencies/checkouts/Swift-String-Integer-Access/Sources/SafeStringIntegerAccess/StringIntegerAccess\ +\ SafeCollectionAccess.swift (in target 'SafeStringIntegerAccess' from project 'StringIntegerAccess')
SwiftCompile normal arm64_32 /Users/admin/builder/spi-builder-workspace/.dependencies/checkouts/Swift-String-Integer-Access/Sources/SafeStringIntegerAccess/StringIntegerAccess\ +\ SafeCollectionAccess.swift (in target 'SafeStringIntegerAccess' from project 'StringIntegerAccess')
    cd /Users/admin/builder/spi-builder-workspace/.swiftpm/xcode
    builtin-SwiftPerFileCompile StringIntegerAccess\ +\ SafeCollectionAccess.swift
SwiftEmitModule normal arm64_32 Emitting\ module\ for\ SafeStringIntegerAccess (in target 'SafeStringIntegerAccess' from project 'StringIntegerAccess')
SwiftCompile normal arm64_32 (in target 'SafeStringIntegerAccess' from project 'StringIntegerAccess')
    cd /Users/admin/builder/spi-builder-workspace/.swiftpm/xcode

SwiftDriverJobDiscovery normal arm64_32 Compiling ArrayBuilder.swift (in target 'CollectionTools' from project 'CollectionTools')
SwiftDriver\ Compilation CollectionTools normal arm64_32 com.apple.xcode.tools.swift.compiler (in target 'CollectionTools' from project 'CollectionTools')
    cd /Users/admin/builder/spi-builder-workspace/.swiftpm/xcode
    builtin-Swift-Compilation -- /Applications/Xcode-27.0.0-Release.Candidate.app/Contents/Developer/Toolchains/XcodeDefault.xctoolchain/usr/bin/swiftc -parse-as-library -module-name CollectionTools -Onone @/Users/admin/builder/spi-builder-workspace/.derivedData/Build/Intermediates.noindex/CollectionTools.build/Debug-watchos/CollectionTools-t.build/Objects-normal/arm64_32/CollectionTools.SwiftFileList -DSWIFT_PACKAGE -DDEBUG -DSWIFT_MODULE_RESOURCE_BUNDLE_UNAVAILABLE -DXcode -plugin-path /Applications/Xcode-27.0.0-Release.Candidate.app/Contents/Developer/Toolchains/XcodeDefault.xctoolchain/usr/lib/swift/host/plugins/testing -enable-experimental-feature DebugDescriptionMacro -sdk /Applications/Xcode-27.0.0-Release.Candidate.app/Contents/Developer/Platforms/WatchOS.platform/Developer/SDKs/WatchOS27.0.sdk -target arm64_32-apple-watchos9.0 -g -module-cache-path /Users/admin/builder/spi-builder-workspace/.derivedData/ModuleCache.noindex -Xfrontend -serialize-debugging-options -profile-coverage-mapping -profile-generate -enable-testing -suppress-warnings -index-store-path /Users/admin/builder/spi-builder-workspace/.derivedData/Index.noindex/DataStore -Xcc -D_LIBCPP_HARDENING_MODE\=_LIBCPP_HARDENING_MODE_DEBUG -swift-version 5 -I /Users/admin/builder/spi-builder-workspace/.derivedData/Build/Products/Debug-watchos -Isystem /Applications/Xcode-27.0.0-Release.Candidate.app/Contents/Developer/Platforms/WatchOS.platform/Developer/usr/lib -F /Users/admin/builder/spi-builder-workspace/.derivedData/Build/Products/Debug-watchos/PackageFrameworks -F /Users/admin/builder/spi-builder-workspace/.derivedData/Build/Products/Debug-watchos -F /Applications/Xcode-27.0.0-Release.Candidate.app/Contents/Developer/Platforms/WatchOS.platform/Developer/Library/Frameworks -F /Applications/Xcode-27.0.0-Release.Candidate.app/Contents/Developer/Platforms/WatchOS.platform/Developer/SDKs/WatchOS27.0.sdk/Developer/Library/Frameworks -c -j10 -enable-batch-mode -incremental -Xcc -ivfsstatcache -Xcc /Users/admin/builder/spi-builder-workspace/.derivedData/SDKStatCaches.noindex/watchos27.0-24R360-e829b21a6f8c9b70876ba0858053c04477534ef55a1706bf4c1112bbb242f0a2.sdkstatcache -output-file-map /Users/admin/builder/spi-builder-workspace/.derivedData/Build/Intermediates.noindex/CollectionTools.build/Debug-watchos/CollectionTools-t.build/Objects-normal/arm64_32/CollectionTools-OutputFileMap.json -save-temps -no-color-diagnostics -explicit-module-build -module-cache-path /Users/admin/builder/spi-builder-workspace/.derivedData/Build/Intermediates.noindex/SwiftExplicitPrecompiledModules -clang-scanner-module-cache-path /Users/admin/builder/spi-builder-workspace/.derivedData/ModuleCache.noindex -sdk-module-cache-path /Users/admin/builder/spi-builder-workspace/.derivedData/SDKExplicitPrecompiledModules -emit-dependencies -emit-module -emit-module-path /Users/admin/builder/spi-builder-workspace/.derivedData/Build/Intermediates.noindex/CollectionTools.build/Debug-watchos/CollectionTools-t.build/Objects-normal/arm64_32/CollectionTools.swiftmodule -serialize-diagnostics -dependency-scan-serialize-diagnostics-path /Users/admin/builder/spi-builder-workspace/.derivedData/Build/Intermediates.noindex/CollectionTools.build/Debug-watchos/CollectionTools-t.build/Objects-normal/arm64_32/CollectionTools-dependency-scan.dia -validate-clang-modules-once -clang-build-session-file /Users/admin/builder/spi-builder-workspace/.derivedData/ModuleCache.noindex/Session.modulevalidation -Xcc -fmodules-prune-interval\=86400 -Xcc -fmodules-prune-after\=345600 -emit-const-values -const-gather-protocols-list /Users/admin/builder/spi-builder-workspace/.derivedData/Build/Intermediates.noindex/CollectionTools.build/Debug-watchos/CollectionTools-t.build/Objects-normal/arm64_32/CollectionTools_const_extract_protocols.json -Xcc -I/Users/admin/builder/spi-builder-workspace/.derivedData/Build/Products/Debug-watchos/include -Xcc -I/Users/admin/builder/spi-builder-workspace/.derivedData/Build/Intermediates.noindex/CollectionTools.build/Debug-watchos/CollectionTools-t.build/DerivedSources-normal/arm64_32 -Xcc -I/Users/admin/builder/spi-builder-workspace/.derivedData/Build/Intermediates.noindex/CollectionTools.build/Debug-watchos/CollectionTools-t.build/DerivedSources/arm64_32 -Xcc -I/Users/admin/builder/spi-builder-workspace/.derivedData/Build/Intermediates.noindex/CollectionTools.build/Debug-watchos/CollectionTools-t.build/DerivedSources -Xcc -DSWIFT_PACKAGE -Xcc -DDEBUG\=1 -emit-objc-header -emit-objc-header-path /Users/admin/builder/spi-builder-workspace/.derivedData/Build/Intermediates.noindex/CollectionTools.build/Debug-watchos/CollectionTools-t.build/Objects-normal/arm64_32/CollectionTools-Swift.h -working-directory /Users/admin/builder/spi-builder-workspace/.swiftpm/xcode -experimental-emit-module-separately -disable-cmo
Ld /Users/admin/builder/spi-builder-workspace/.derivedData/Build/Intermediates.noindex/CollectionTools.build/Debug-watchos/CollectionTools-t.build/Objects-normal/arm64_32/Binary/CollectionTools.o normal arm64_32 (in target 'CollectionTools' from project 'CollectionTools')
    cd /Users/admin/builder/spi-builder-workspace/.dependencies/checkouts/Swift-Collection-Tools
    /Applications/Xcode-27.0.0-Release.Candidate.app/Contents/Developer/Toolchains/XcodeDefault.xctoolchain/usr/bin/clang -Xlinker -reproducible -target arm64_32-apple-watchos9.0 -r -isysroot /Applications/Xcode-27.0.0-Release.Candidate.app/Contents/Developer/Platforms/WatchOS.platform/Developer/SDKs/WatchOS27.0.sdk -O0 -w -Xlinker -no_warn_duplicate_libraries -F/Users/admin/builder/spi-builder-workspace/.derivedData/Build/Intermediates.noindex/EagerLinkingTBDs/Debug-watchos -F/Users/admin/builder/spi-builder-workspace/.derivedData/Build/Products/Debug-watchos/PackageFrameworks -F/Users/admin/builder/spi-builder-workspace/.derivedData/Build/Products/Debug-watchos -iframework /Applications/Xcode-27.0.0-Release.Candidate.app/Contents/Developer/Platforms/WatchOS.platform/Developer/Library/Frameworks -iframework /Applications/Xcode-27.0.0-Release.Candidate.app/Contents/Developer/Platforms/WatchOS.platform/Developer/SDKs/WatchOS27.0.sdk/Developer/Library/Frameworks -filelist /Users/admin/builder/spi-builder-workspace/.derivedData/Build/Intermediates.noindex/CollectionTools.build/Debug-watchos/CollectionTools-t.build/Objects-normal/arm64_32/CollectionTools.LinkFileList -nostdlib -Xlinker -object_path_lto -Xlinker /Users/admin/builder/spi-builder-workspace/.derivedData/Build/Intermediates.noindex/CollectionTools.build/Debug-watchos/CollectionTools-t.build/Objects-normal/arm64_32/CollectionTools_lto.o -Xlinker -no_deduplicate -Xlinker -debug_variant -Xlinker -dependency_info -Xlinker /Users/admin/builder/spi-builder-workspace/.derivedData/Build/Intermediates.noindex/CollectionTools.build/Debug-watchos/CollectionTools-t.build/Objects-normal/arm64_32/CollectionTools_dependency_info.dat -fobjc-link-runtime -L/Applications/Xcode-27.0.0-Release.Candidate.app/Contents/Developer/Toolchains/XcodeDefault.xctoolchain/usr/lib/swift/watchos -L/usr/lib/swift -Xlinker -add_ast_path -Xlinker /Users/admin/builder/spi-builder-workspace/.derivedData/Build/Intermediates.noindex/CollectionTools.build/Debug-watchos/CollectionTools-t.build/Objects-normal/arm64_32/CollectionTools.swiftmodule -o /Users/admin/builder/spi-builder-workspace/.derivedData/Build/Intermediates.noindex/CollectionTools.build/Debug-watchos/CollectionTools-t.build/Objects-normal/arm64_32/Binary/CollectionTools.o
SwiftEmitModule normal arm64 Emitting\ module\ for\ SafeStringIntegerAccess (in target 'SafeStringIntegerAccess' from project 'StringIntegerAccess')
SwiftCompile normal arm64 (in target 'SafeStringIntegerAccess' from project 'StringIntegerAccess')
    cd /Users/admin/builder/spi-builder-workspace/.swiftpm/xcode

SwiftCompile normal arm64 Compiling\ StringIntegerAccess\ +\ SafeCollectionAccess.swift /Users/admin/builder/spi-builder-workspace/.dependencies/checkouts/Swift-String-Integer-Access/Sources/SafeStringIntegerAccess/StringIntegerAccess\ +\ SafeCollectionAccess.swift (in target 'SafeStringIntegerAccess' from project 'StringIntegerAccess')
SwiftCompile normal arm64 /Users/admin/builder/spi-builder-workspace/.dependencies/checkouts/Swift-String-Integer-Access/Sources/SafeStringIntegerAccess/StringIntegerAccess\ +\ SafeCollectionAccess.swift (in target 'SafeStringIntegerAccess' from project 'StringIntegerAccess')
    cd /Users/admin/builder/spi-builder-workspace/.swiftpm/xcode
    builtin-SwiftPerFileCompile StringIntegerAccess\ +\ SafeCollectionAccess.swift
SwiftDriverJobDiscovery normal arm64 Compiling ArrayBuilder.swift (in target 'CollectionTools' from project 'CollectionTools')
SwiftDriver\ Compilation CollectionTools normal arm64 com.apple.xcode.tools.swift.compiler (in target 'CollectionTools' from project 'CollectionTools')
    cd /Users/admin/builder/spi-builder-workspace/.swiftpm/xcode
    builtin-Swift-Compilation -- /Applications/Xcode-27.0.0-Release.Candidate.app/Contents/Developer/Toolchains/XcodeDefault.xctoolchain/usr/bin/swiftc -parse-as-library -module-name CollectionTools -Onone @/Users/admin/builder/spi-builder-workspace/.derivedData/Build/Intermediates.noindex/CollectionTools.build/Debug-watchos/CollectionTools-t.build/Objects-normal/arm64/CollectionTools.SwiftFileList -DSWIFT_PACKAGE -DDEBUG -DSWIFT_MODULE_RESOURCE_BUNDLE_UNAVAILABLE -DXcode -plugin-path /Applications/Xcode-27.0.0-Release.Candidate.app/Contents/Developer/Toolchains/XcodeDefault.xctoolchain/usr/lib/swift/host/plugins/testing -enable-experimental-feature DebugDescriptionMacro -sdk /Applications/Xcode-27.0.0-Release.Candidate.app/Contents/Developer/Platforms/WatchOS.platform/Developer/SDKs/WatchOS27.0.sdk -target arm64-apple-watchos9.0 -g -module-cache-path /Users/admin/builder/spi-builder-workspace/.derivedData/ModuleCache.noindex -Xfrontend -serialize-debugging-options -profile-coverage-mapping -profile-generate -enable-testing -suppress-warnings -index-store-path /Users/admin/builder/spi-builder-workspace/.derivedData/Index.noindex/DataStore -Xcc -D_LIBCPP_HARDENING_MODE\=_LIBCPP_HARDENING_MODE_DEBUG -swift-version 5 -I /Users/admin/builder/spi-builder-workspace/.derivedData/Build/Products/Debug-watchos -Isystem /Applications/Xcode-27.0.0-Release.Candidate.app/Contents/Developer/Platforms/WatchOS.platform/Developer/usr/lib -F /Users/admin/builder/spi-builder-workspace/.derivedData/Build/Products/Debug-watchos/PackageFrameworks -F /Users/admin/builder/spi-builder-workspace/.derivedData/Build/Products/Debug-watchos -F /Applications/Xcode-27.0.0-Release.Candidate.app/Contents/Developer/Platforms/WatchOS.platform/Developer/Library/Frameworks -F /Applications/Xcode-27.0.0-Release.Candidate.app/Contents/Developer/Platforms/WatchOS.platform/Developer/SDKs/WatchOS27.0.sdk/Developer/Library/Frameworks -c -j10 -enable-batch-mode -incremental -Xcc -ivfsstatcache -Xcc /Users/admin/builder/spi-builder-workspace/.derivedData/SDKStatCaches.noindex/watchos27.0-24R360-e829b21a6f8c9b70876ba0858053c04477534ef55a1706bf4c1112bbb242f0a2.sdkstatcache -output-file-map /Users/admin/builder/spi-builder-workspace/.derivedData/Build/Intermediates.noindex/CollectionTools.build/Debug-watchos/CollectionTools-t.build/Objects-normal/arm64/CollectionTools-OutputFileMap.json -save-temps -no-color-diagnostics -explicit-module-build -module-cache-path /Users/admin/builder/spi-builder-workspace/.derivedData/Build/Intermediates.noindex/SwiftExplicitPrecompiledModules -clang-scanner-module-cache-path /Users/admin/builder/spi-builder-workspace/.derivedData/ModuleCache.noindex -sdk-module-cache-path /Users/admin/builder/spi-builder-workspace/.derivedData/SDKExplicitPrecompiledModules -emit-dependencies -emit-module -emit-module-path /Users/admin/builder/spi-builder-workspace/.derivedData/Build/Intermediates.noindex/CollectionTools.build/Debug-watchos/CollectionTools-t.build/Objects-normal/arm64/CollectionTools.swiftmodule -serialize-diagnostics -dependency-scan-serialize-diagnostics-path /Users/admin/builder/spi-builder-workspace/.derivedData/Build/Intermediates.noindex/CollectionTools.build/Debug-watchos/CollectionTools-t.build/Objects-normal/arm64/CollectionTools-dependency-scan.dia -validate-clang-modules-once -clang-build-session-file /Users/admin/builder/spi-builder-workspace/.derivedData/ModuleCache.noindex/Session.modulevalidation -Xcc -fmodules-prune-interval\=86400 -Xcc -fmodules-prune-after\=345600 -emit-const-values -const-gather-protocols-list /Users/admin/builder/spi-builder-workspace/.derivedData/Build/Intermediates.noindex/CollectionTools.build/Debug-watchos/CollectionTools-t.build/Objects-normal/arm64/CollectionTools_const_extract_protocols.json -Xcc -I/Users/admin/builder/spi-builder-workspace/.derivedData/Build/Products/Debug-watchos/include -Xcc -I/Users/admin/builder/spi-builder-workspace/.derivedData/Build/Intermediates.noindex/CollectionTools.build/Debug-watchos/CollectionTools-t.build/DerivedSources-normal/arm64 -Xcc -I/Users/admin/builder/spi-builder-workspace/.derivedData/Build/Intermediates.noindex/CollectionTools.build/Debug-watchos/CollectionTools-t.build/DerivedSources/arm64 -Xcc -I/Users/admin/builder/spi-builder-workspace/.derivedData/Build/Intermediates.noindex/CollectionTools.build/Debug-watchos/CollectionTools-t.build/DerivedSources -Xcc -DSWIFT_PACKAGE -Xcc -DDEBUG\=1 -emit-objc-header -emit-objc-header-path /Users/admin/builder/spi-builder-workspace/.derivedData/Build/Intermediates.noindex/CollectionTools.build/Debug-watchos/CollectionTools-t.build/Objects-normal/arm64/CollectionTools-Swift.h -working-directory /Users/admin/builder/spi-builder-workspace/.swiftpm/xcode -experimental-emit-module-separately -disable-cmo
Ld /Users/admin/builder/spi-builder-workspace/.derivedData/Build/Intermediates.noindex/CollectionTools.build/Debug-watchos/CollectionTools-t.build/Objects-normal/arm64/Binary/CollectionTools.o normal arm64 (in target 'CollectionTools' from project 'CollectionTools')
    cd /Users/admin/builder/spi-builder-workspace/.dependencies/checkouts/Swift-Collection-Tools
    /Applications/Xcode-27.0.0-Release.Candidate.app/Contents/Developer/Toolchains/XcodeDefault.xctoolchain/usr/bin/clang -Xlinker -reproducible -target arm64-apple-watchos9.0 -r -isysroot /Applications/Xcode-27.0.0-Release.Candidate.app/Contents/Developer/Platforms/WatchOS.platform/Developer/SDKs/WatchOS27.0.sdk -O0 -w -Xlinker -no_warn_duplicate_libraries -F/Users/admin/builder/spi-builder-workspace/.derivedData/Build/Intermediates.noindex/EagerLinkingTBDs/Debug-watchos -F/Users/admin/builder/spi-builder-workspace/.derivedData/Build/Products/Debug-watchos/PackageFrameworks -F/Users/admin/builder/spi-builder-workspace/.derivedData/Build/Products/Debug-watchos -iframework /Applications/Xcode-27.0.0-Release.Candidate.app/Contents/Developer/Platforms/WatchOS.platform/Developer/Library/Frameworks -iframework /Applications/Xcode-27.0.0-Release.Candidate.app/Contents/Developer/Platforms/WatchOS.platform/Developer/SDKs/WatchOS27.0.sdk/Developer/Library/Frameworks -filelist /Users/admin/builder/spi-builder-workspace/.derivedData/Build/Intermediates.noindex/CollectionTools.build/Debug-watchos/CollectionTools-t.build/Objects-normal/arm64/CollectionTools.LinkFileList -nostdlib -Xlinker -object_path_lto -Xlinker /Users/admin/builder/spi-builder-workspace/.derivedData/Build/Intermediates.noindex/CollectionTools.build/Debug-watchos/CollectionTools-t.build/Objects-normal/arm64/CollectionTools_lto.o -Xlinker -no_deduplicate -Xlinker -debug_variant -Xlinker -dependency_info -Xlinker /Users/admin/builder/spi-builder-workspace/.derivedData/Build/Intermediates.noindex/CollectionTools.build/Debug-watchos/CollectionTools-t.build/Objects-normal/arm64/CollectionTools_dependency_info.dat -fobjc-link-runtime -L/Applications/Xcode-27.0.0-Release.Candidate.app/Contents/Developer/Toolchains/XcodeDefault.xctoolchain/usr/lib/swift/watchos -L/usr/lib/swift -Xlinker -add_ast_path -Xlinker /Users/admin/builder/spi-builder-workspace/.derivedData/Build/Intermediates.noindex/CollectionTools.build/Debug-watchos/CollectionTools-t.build/Objects-normal/arm64/CollectionTools.swiftmodule -o /Users/admin/builder/spi-builder-workspace/.derivedData/Build/Intermediates.noindex/CollectionTools.build/Debug-watchos/CollectionTools-t.build/Objects-normal/arm64/Binary/CollectionTools.o
CreateUniversalBinary /Users/admin/builder/spi-builder-workspace/.derivedData/Build/Products/Debug-watchos/CollectionTools.o normal arm64\ arm64_32 (in target 'CollectionTools' from project 'CollectionTools')
    cd /Users/admin/builder/spi-builder-workspace/.dependencies/checkouts/Swift-Collection-Tools
    /Applications/Xcode-27.0.0-Release.Candidate.app/Contents/Developer/Toolchains/XcodeDefault.xctoolchain/usr/bin/lipo -create /Users/admin/builder/spi-builder-workspace/.derivedData/Build/Intermediates.noindex/CollectionTools.build/Debug-watchos/CollectionTools-t.build/Objects-normal/arm64/Binary/CollectionTools.o /Users/admin/builder/spi-builder-workspace/.derivedData/Build/Intermediates.noindex/CollectionTools.build/Debug-watchos/CollectionTools-t.build/Objects-normal/arm64_32/Binary/CollectionTools.o -output /Users/admin/builder/spi-builder-workspace/.derivedData/Build/Products/Debug-watchos/CollectionTools.o
ExtractAppIntentsMetadata (in target 'CollectionTools' from project 'CollectionTools')
    cd /Users/admin/builder/spi-builder-workspace/.dependencies/checkouts/Swift-Collection-Tools
    /Applications/Xcode-27.0.0-Release.Candidate.app/Contents/Developer/Toolchains/XcodeDefault.xctoolchain/usr/bin/appintentsmetadataprocessor --toolchain-dir /var/run/com.apple.security.cryptexd/mnt/com.apple.MobileAsset.MetalToolchain-v27.1.266.1.3FkI3D/Metal.xctoolchain --module-name CollectionTools --sdk-root /Applications/Xcode-27.0.0-Release.Candidate.app/Contents/Developer/Platforms/WatchOS.platform/Developer/SDKs/WatchOS27.0.sdk --xcode-version 27A266a --platform-family watchOS --deployment-target 9.0 --bundle-identifier swift-collection-tools.CollectionTools --output /Users/admin/builder/spi-builder-workspace/.derivedData/Build/Products/Debug-watchos/CollectionTools.appintents --target-triple arm64-apple-watchos9.0 --target-triple arm64_32-apple-watchos9.0 --binary-file /Users/admin/builder/spi-builder-workspace/.derivedData/Build/Products/Debug-watchos/CollectionTools.o --dependency-file /Users/admin/builder/spi-builder-workspace/.derivedData/Build/Intermediates.noindex/CollectionTools.build/Debug-watchos/CollectionTools-t.build/Objects-normal/arm64/CollectionTools_dependency_info.dat --dependency-file /Users/admin/builder/spi-builder-workspace/.derivedData/Build/Intermediates.noindex/CollectionTools.build/Debug-watchos/CollectionTools-t.build/Objects-normal/arm64_32/CollectionTools_dependency_info.dat --stringsdata-file /Users/admin/builder/spi-builder-workspace/.derivedData/Build/Intermediates.noindex/CollectionTools.build/Debug-watchos/CollectionTools-t.build/Objects-normal/arm64/ExtractedAppShortcutsMetadata.stringsdata --stringsdata-file /Users/admin/builder/spi-builder-workspace/.derivedData/Build/Intermediates.noindex/CollectionTools.build/Debug-watchos/CollectionTools-t.build/Objects-normal/arm64_32/ExtractedAppShortcutsMetadata.stringsdata --source-file-list /Users/admin/builder/spi-builder-workspace/.derivedData/Build/Intermediates.noindex/CollectionTools.build/Debug-watchos/CollectionTools-t.build/Objects-normal/arm64/CollectionTools.SwiftFileList --source-file-list /Users/admin/builder/spi-builder-workspace/.derivedData/Build/Intermediates.noindex/CollectionTools.build/Debug-watchos/CollectionTools-t.build/Objects-normal/arm64_32/CollectionTools.SwiftFileList --metadata-file-list /Users/admin/builder/spi-builder-workspace/.derivedData/Build/Intermediates.noindex/CollectionTools.build/Debug-watchos/CollectionTools-t.build/CollectionTools.DependencyMetadataFileList --static-metadata-file-list /Users/admin/builder/spi-builder-workspace/.derivedData/Build/Intermediates.noindex/CollectionTools.build/Debug-watchos/CollectionTools-t.build/CollectionTools.DependencyStaticMetadataFileList --swift-const-vals-list /Users/admin/builder/spi-builder-workspace/.derivedData/Build/Intermediates.noindex/CollectionTools.build/Debug-watchos/CollectionTools-t.build/Objects-normal/arm64/CollectionTools.SwiftConstValuesFileList --swift-const-vals-list /Users/admin/builder/spi-builder-workspace/.derivedData/Build/Intermediates.noindex/CollectionTools.build/Debug-watchos/CollectionTools-t.build/Objects-normal/arm64_32/CollectionTools.SwiftConstValuesFileList --force --compile-time-extraction --deployment-aware-processing --no-app-shortcuts-localization
2026-09-23 18:49:16.259 appintentsmetadataprocessor[1207:6925] Starting appintentsmetadataprocessor export
2026-09-23 18:49:16.325 appintentsmetadataprocessor[1207:6925] Extracted no relevant App Intents symbols, skipping writing output
SwiftDriverJobDiscovery normal arm64_32 Emitting module for SafeStringIntegerAccess (in target 'SafeStringIntegerAccess' from project 'StringIntegerAccess')
SwiftDriver\ Compilation\ Requirements SafeStringIntegerAccess normal arm64_32 com.apple.xcode.tools.swift.compiler (in target 'SafeStringIntegerAccess' from project 'StringIntegerAccess')
    cd /Users/admin/builder/spi-builder-workspace/.swiftpm/xcode
    builtin-Swift-Compilation-Requirements -- /Applications/Xcode-27.0.0-Release.Candidate.app/Contents/Developer/Toolchains/XcodeDefault.xctoolchain/usr/bin/swiftc -parse-as-library -module-name SafeStringIntegerAccess -Onone @/Users/admin/builder/spi-builder-workspace/.derivedData/Build/Intermediates.noindex/StringIntegerAccess.build/Debug-watchos/SafeStringIntegerAccess-t.build/Objects-normal/arm64_32/SafeStringIntegerAccess.SwiftFileList -DSWIFT_PACKAGE -DDEBUG -DSWIFT_MODULE_RESOURCE_BUNDLE_UNAVAILABLE -DXcode -plugin-path /Applications/Xcode-27.0.0-Release.Candidate.app/Contents/Developer/Toolchains/XcodeDefault.xctoolchain/usr/lib/swift/host/plugins/testing -enable-experimental-feature DebugDescriptionMacro -sdk /Applications/Xcode-27.0.0-Release.Candidate.app/Contents/Developer/Platforms/WatchOS.platform/Developer/SDKs/WatchOS27.0.sdk -target arm64_32-apple-watchos9.0 -g -module-cache-path /Users/admin/builder/spi-builder-workspace/.derivedData/ModuleCache.noindex -Xfrontend -serialize-debugging-options -profile-coverage-mapping -profile-generate -enable-testing -suppress-warnings -index-store-path /Users/admin/builder/spi-builder-workspace/.derivedData/Index.noindex/DataStore -Xcc -D_LIBCPP_HARDENING_MODE\=_LIBCPP_HARDENING_MODE_DEBUG -swift-version 5 -I /Users/admin/builder/spi-builder-workspace/.derivedData/Build/Products/Debug-watchos -Isystem /Applications/Xcode-27.0.0-Release.Candidate.app/Contents/Developer/Platforms/WatchOS.platform/Developer/usr/lib -F /Users/admin/builder/spi-builder-workspace/.derivedData/Build/Products/Debug-watchos/PackageFrameworks -F /Users/admin/builder/spi-builder-workspace/.derivedData/Build/Products/Debug-watchos -F /Applications/Xcode-27.0.0-Release.Candidate.app/Contents/Developer/Platforms/WatchOS.platform/Developer/Library/Frameworks -F /Applications/Xcode-27.0.0-Release.Candidate.app/Contents/Developer/Platforms/WatchOS.platform/Developer/SDKs/WatchOS27.0.sdk/Developer/Library/Frameworks -c -j10 -enable-batch-mode -incremental -Xcc -ivfsstatcache -Xcc /Users/admin/builder/spi-builder-workspace/.derivedData/SDKStatCaches.noindex/watchos27.0-24R360-e829b21a6f8c9b70876ba0858053c04477534ef55a1706bf4c1112bbb242f0a2.sdkstatcache -output-file-map /Users/admin/builder/spi-builder-workspace/.derivedData/Build/Intermediates.noindex/StringIntegerAccess.build/Debug-watchos/SafeStringIntegerAccess-t.build/Objects-normal/arm64_32/SafeStringIntegerAccess-OutputFileMap.json -save-temps -no-color-diagnostics -explicit-module-build -module-cache-path /Users/admin/builder/spi-builder-workspace/.derivedData/Build/Intermediates.noindex/SwiftExplicitPrecompiledModules -clang-scanner-module-cache-path /Users/admin/builder/spi-builder-workspace/.derivedData/ModuleCache.noindex -sdk-module-cache-path /Users/admin/builder/spi-builder-workspace/.derivedData/SDKExplicitPrecompiledModules -emit-dependencies -emit-module -emit-module-path /Users/admin/builder/spi-builder-workspace/.derivedData/Build/Intermediates.noindex/StringIntegerAccess.build/Debug-watchos/SafeStringIntegerAccess-t.build/Objects-normal/arm64_32/SafeStringIntegerAccess.swiftmodule -serialize-diagnostics -dependency-scan-serialize-diagnostics-path /Users/admin/builder/spi-builder-workspace/.derivedData/Build/Intermediates.noindex/StringIntegerAccess.build/Debug-watchos/SafeStringIntegerAccess-t.build/Objects-normal/arm64_32/SafeStringIntegerAccess-dependency-scan.dia -validate-clang-modules-once -clang-build-session-file /Users/admin/builder/spi-builder-workspace/.derivedData/ModuleCache.noindex/Session.modulevalidation -Xcc -fmodules-prune-interval\=86400 -Xcc -fmodules-prune-after\=345600 -emit-const-values -const-gather-protocols-list /Users/admin/builder/spi-builder-workspace/.derivedData/Build/Intermediates.noindex/StringIntegerAccess.build/Debug-watchos/SafeStringIntegerAccess-t.build/Objects-normal/arm64_32/SafeStringIntegerAccess_const_extract_protocols.json -Xcc -I/Users/admin/builder/spi-builder-workspace/.derivedData/Build/Products/Debug-watchos/include -Xcc -I/Users/admin/builder/spi-builder-workspace/.derivedData/Build/Intermediates.noindex/StringIntegerAccess.build/Debug-watchos/SafeStringIntegerAccess-t.build/DerivedSources-normal/arm64_32 -Xcc -I/Users/admin/builder/spi-builder-workspace/.derivedData/Build/Intermediates.noindex/StringIntegerAccess.build/Debug-watchos/SafeStringIntegerAccess-t.build/DerivedSources/arm64_32 -Xcc -I/Users/admin/builder/spi-builder-workspace/.derivedData/Build/Intermediates.noindex/StringIntegerAccess.build/Debug-watchos/SafeStringIntegerAccess-t.build/DerivedSources -Xcc -DSWIFT_PACKAGE -Xcc -DDEBUG\=1 -emit-objc-header -emit-objc-header-path /Users/admin/builder/spi-builder-workspace/.derivedData/Build/Intermediates.noindex/StringIntegerAccess.build/Debug-watchos/SafeStringIntegerAccess-t.build/Objects-normal/arm64_32/SafeStringIntegerAccess-Swift.h -working-directory /Users/admin/builder/spi-builder-workspace/.swiftpm/xcode -experimental-emit-module-separately -disable-cmo
SwiftDriverJobDiscovery normal arm64 Emitting module for SafeStringIntegerAccess (in target 'SafeStringIntegerAccess' from project 'StringIntegerAccess')
SwiftDriver\ Compilation\ Requirements SafeStringIntegerAccess normal arm64 com.apple.xcode.tools.swift.compiler (in target 'SafeStringIntegerAccess' from project 'StringIntegerAccess')
    cd /Users/admin/builder/spi-builder-workspace/.swiftpm/xcode
    builtin-Swift-Compilation-Requirements -- /Applications/Xcode-27.0.0-Release.Candidate.app/Contents/Developer/Toolchains/XcodeDefault.xctoolchain/usr/bin/swiftc -parse-as-library -module-name SafeStringIntegerAccess -Onone @/Users/admin/builder/spi-builder-workspace/.derivedData/Build/Intermediates.noindex/StringIntegerAccess.build/Debug-watchos/SafeStringIntegerAccess-t.build/Objects-normal/arm64/SafeStringIntegerAccess.SwiftFileList -DSWIFT_PACKAGE -DDEBUG -DSWIFT_MODULE_RESOURCE_BUNDLE_UNAVAILABLE -DXcode -plugin-path /Applications/Xcode-27.0.0-Release.Candidate.app/Contents/Developer/Toolchains/XcodeDefault.xctoolchain/usr/lib/swift/host/plugins/testing -enable-experimental-feature DebugDescriptionMacro -sdk /Applications/Xcode-27.0.0-Release.Candidate.app/Contents/Developer/Platforms/WatchOS.platform/Developer/SDKs/WatchOS27.0.sdk -target arm64-apple-watchos9.0 -g -module-cache-path /Users/admin/builder/spi-builder-workspace/.derivedData/ModuleCache.noindex -Xfrontend -serialize-debugging-options -profile-coverage-mapping -profile-generate -enable-testing -suppress-warnings -index-store-path /Users/admin/builder/spi-builder-workspace/.derivedData/Index.noindex/DataStore -Xcc -D_LIBCPP_HARDENING_MODE\=_LIBCPP_HARDENING_MODE_DEBUG -swift-version 5 -I /Users/admin/builder/spi-builder-workspace/.derivedData/Build/Products/Debug-watchos -Isystem /Applications/Xcode-27.0.0-Release.Candidate.app/Contents/Developer/Platforms/WatchOS.platform/Developer/usr/lib -F /Users/admin/builder/spi-builder-workspace/.derivedData/Build/Products/Debug-watchos/PackageFrameworks -F /Users/admin/builder/spi-builder-workspace/.derivedData/Build/Products/Debug-watchos -F /Applications/Xcode-27.0.0-Release.Candidate.app/Contents/Developer/Platforms/WatchOS.platform/Developer/Library/Frameworks -F /Applications/Xcode-27.0.0-Release.Candidate.app/Contents/Developer/Platforms/WatchOS.platform/Developer/SDKs/WatchOS27.0.sdk/Developer/Library/Frameworks -c -j10 -enable-batch-mode -incremental -Xcc -ivfsstatcache -Xcc /Users/admin/builder/spi-builder-workspace/.derivedData/SDKStatCaches.noindex/watchos27.0-24R360-e829b21a6f8c9b70876ba0858053c04477534ef55a1706bf4c1112bbb242f0a2.sdkstatcache -output-file-map /Users/admin/builder/spi-builder-workspace/.derivedData/Build/Intermediates.noindex/StringIntegerAccess.build/Debug-watchos/SafeStringIntegerAccess-t.build/Objects-normal/arm64/SafeStringIntegerAccess-OutputFileMap.json -save-temps -no-color-diagnostics -explicit-module-build -module-cache-path /Users/admin/builder/spi-builder-workspace/.derivedData/Build/Intermediates.noindex/SwiftExplicitPrecompiledModules -clang-scanner-module-cache-path /Users/admin/builder/spi-builder-workspace/.derivedData/ModuleCache.noindex -sdk-module-cache-path /Users/admin/builder/spi-builder-workspace/.derivedData/SDKExplicitPrecompiledModules -emit-dependencies -emit-module -emit-module-path /Users/admin/builder/spi-builder-workspace/.derivedData/Build/Intermediates.noindex/StringIntegerAccess.build/Debug-watchos/SafeStringIntegerAccess-t.build/Objects-normal/arm64/SafeStringIntegerAccess.swiftmodule -serialize-diagnostics -dependency-scan-serialize-diagnostics-path /Users/admin/builder/spi-builder-workspace/.derivedData/Build/Intermediates.noindex/StringIntegerAccess.build/Debug-watchos/SafeStringIntegerAccess-t.build/Objects-normal/arm64/SafeStringIntegerAccess-dependency-scan.dia -validate-clang-modules-once -clang-build-session-file /Users/admin/builder/spi-builder-workspace/.derivedData/ModuleCache.noindex/Session.modulevalidation -Xcc -fmodules-prune-interval\=86400 -Xcc -fmodules-prune-after\=345600 -emit-const-values -const-gather-protocols-list /Users/admin/builder/spi-builder-workspace/.derivedData/Build/Intermediates.noindex/StringIntegerAccess.build/Debug-watchos/SafeStringIntegerAccess-t.build/Objects-normal/arm64/SafeStringIntegerAccess_const_extract_protocols.json -Xcc -I/Users/admin/builder/spi-builder-workspace/.derivedData/Build/Products/Debug-watchos/include -Xcc -I/Users/admin/builder/spi-builder-workspace/.derivedData/Build/Intermediates.noindex/StringIntegerAccess.build/Debug-watchos/SafeStringIntegerAccess-t.build/DerivedSources-normal/arm64 -Xcc -I/Users/admin/builder/spi-builder-workspace/.derivedData/Build/Intermediates.noindex/StringIntegerAccess.build/Debug-watchos/SafeStringIntegerAccess-t.build/DerivedSources/arm64 -Xcc -I/Users/admin/builder/spi-builder-workspace/.derivedData/Build/Intermediates.noindex/StringIntegerAccess.build/Debug-watchos/SafeStringIntegerAccess-t.build/DerivedSources -Xcc -DSWIFT_PACKAGE -Xcc -DDEBUG\=1 -emit-objc-header -emit-objc-header-path /Users/admin/builder/spi-builder-workspace/.derivedData/Build/Intermediates.noindex/StringIntegerAccess.build/Debug-watchos/SafeStringIntegerAccess-t.build/Objects-normal/arm64/SafeStringIntegerAccess-Swift.h -working-directory /Users/admin/builder/spi-builder-workspace/.swiftpm/xcode -experimental-emit-module-separately -disable-cmo
Copy /Users/admin/builder/spi-builder-workspace/.derivedData/Build/Products/Debug-watchos/SafeStringIntegerAccess.swiftmodule/arm64_32-apple-watchos.swiftdoc /Users/admin/builder/spi-builder-workspace/.derivedData/Build/Intermediates.noindex/StringIntegerAccess.build/Debug-watchos/SafeStringIntegerAccess-t.build/Objects-normal/arm64_32/SafeStringIntegerAccess.swiftdoc (in target 'SafeStringIntegerAccess' from project 'StringIntegerAccess')
    cd /Users/admin/builder/spi-builder-workspace/.dependencies/checkouts/Swift-String-Integer-Access
    builtin-copy -exclude .DS_Store -exclude CVS -exclude .svn -exclude .git -exclude .hg -resolve-src-symlinks -rename /Users/admin/builder/spi-builder-workspace/.derivedData/Build/Intermediates.noindex/StringIntegerAccess.build/Debug-watchos/SafeStringIntegerAccess-t.build/Objects-normal/arm64_32/SafeStringIntegerAccess.swiftdoc /Users/admin/builder/spi-builder-workspace/.derivedData/Build/Products/Debug-watchos/SafeStringIntegerAccess.swiftmodule/arm64_32-apple-watchos.swiftdoc
Copy /Users/admin/builder/spi-builder-workspace/.derivedData/Build/Products/Debug-watchos/SafeStringIntegerAccess.swiftmodule/arm64_32-apple-watchos.swiftmodule /Users/admin/builder/spi-builder-workspace/.derivedData/Build/Intermediates.noindex/StringIntegerAccess.build/Debug-watchos/SafeStringIntegerAccess-t.build/Objects-normal/arm64_32/SafeStringIntegerAccess.swiftmodule (in target 'SafeStringIntegerAccess' from project 'StringIntegerAccess')
    cd /Users/admin/builder/spi-builder-workspace/.dependencies/checkouts/Swift-String-Integer-Access
    builtin-copy -exclude .DS_Store -exclude CVS -exclude .svn -exclude .git -exclude .hg -resolve-src-symlinks -rename /Users/admin/builder/spi-builder-workspace/.derivedData/Build/Intermediates.noindex/StringIntegerAccess.build/Debug-watchos/SafeStringIntegerAccess-t.build/Objects-normal/arm64_32/SafeStringIntegerAccess.swiftmodule /Users/admin/builder/spi-builder-workspace/.derivedData/Build/Products/Debug-watchos/SafeStringIntegerAccess.swiftmodule/arm64_32-apple-watchos.swiftmodule
Copy /Users/admin/builder/spi-builder-workspace/.derivedData/Build/Products/Debug-watchos/SafeStringIntegerAccess.swiftmodule/arm64_32-apple-watchos.abi.json /Users/admin/builder/spi-builder-workspace/.derivedData/Build/Intermediates.noindex/StringIntegerAccess.build/Debug-watchos/SafeStringIntegerAccess-t.build/Objects-normal/arm64_32/SafeStringIntegerAccess.abi.json (in target 'SafeStringIntegerAccess' from project 'StringIntegerAccess')
    cd /Users/admin/builder/spi-builder-workspace/.dependencies/checkouts/Swift-String-Integer-Access
    builtin-copy -exclude .DS_Store -exclude CVS -exclude .svn -exclude .git -exclude .hg -resolve-src-symlinks -rename /Users/admin/builder/spi-builder-workspace/.derivedData/Build/Intermediates.noindex/StringIntegerAccess.build/Debug-watchos/SafeStringIntegerAccess-t.build/Objects-normal/arm64_32/SafeStringIntegerAccess.abi.json /Users/admin/builder/spi-builder-workspace/.derivedData/Build/Products/Debug-watchos/SafeStringIntegerAccess.swiftmodule/arm64_32-apple-watchos.abi.json
Copy /Users/admin/builder/spi-builder-workspace/.derivedData/Build/Products/Debug-watchos/SafeStringIntegerAccess.swiftmodule/Project/arm64_32-apple-watchos.swiftsourceinfo /Users/admin/builder/spi-builder-workspace/.derivedData/Build/Intermediates.noindex/StringIntegerAccess.build/Debug-watchos/SafeStringIntegerAccess-t.build/Objects-normal/arm64_32/SafeStringIntegerAccess.swiftsourceinfo (in target 'SafeStringIntegerAccess' from project 'StringIntegerAccess')
    cd /Users/admin/builder/spi-builder-workspace/.dependencies/checkouts/Swift-String-Integer-Access
    builtin-copy -exclude .DS_Store -exclude CVS -exclude .svn -exclude .git -exclude .hg -resolve-src-symlinks -rename /Users/admin/builder/spi-builder-workspace/.derivedData/Build/Intermediates.noindex/StringIntegerAccess.build/Debug-watchos/SafeStringIntegerAccess-t.build/Objects-normal/arm64_32/SafeStringIntegerAccess.swiftsourceinfo /Users/admin/builder/spi-builder-workspace/.derivedData/Build/Products/Debug-watchos/SafeStringIntegerAccess.swiftmodule/Project/arm64_32-apple-watchos.swiftsourceinfo
SwiftMergeGeneratedHeaders /Users/admin/builder/spi-builder-workspace/.derivedData/Build/Intermediates.noindex/GeneratedModuleMaps-watchos/SafeStringIntegerAccess-Swift.h /Users/admin/builder/spi-builder-workspace/.derivedData/Build/Intermediates.noindex/StringIntegerAccess.build/Debug-watchos/SafeStringIntegerAccess-t.build/Objects-normal/arm64/SafeStringIntegerAccess-Swift.h /Users/admin/builder/spi-builder-workspace/.derivedData/Build/Intermediates.noindex/StringIntegerAccess.build/Debug-watchos/SafeStringIntegerAccess-t.build/Objects-normal/arm64_32/SafeStringIntegerAccess-Swift.h (in target 'SafeStringIntegerAccess' from project 'StringIntegerAccess')
    cd /Users/admin/builder/spi-builder-workspace/.dependencies/checkouts/Swift-String-Integer-Access
    builtin-swiftHeaderTool -arch arm64 /Users/admin/builder/spi-builder-workspace/.derivedData/Build/Intermediates.noindex/StringIntegerAccess.build/Debug-watchos/SafeStringIntegerAccess-t.build/Objects-normal/arm64/SafeStringIntegerAccess-Swift.h -arch arm64_32 /Users/admin/builder/spi-builder-workspace/.derivedData/Build/Intermediates.noindex/StringIntegerAccess.build/Debug-watchos/SafeStringIntegerAccess-t.build/Objects-normal/arm64_32/SafeStringIntegerAccess-Swift.h -o /Users/admin/builder/spi-builder-workspace/.derivedData/Build/Intermediates.noindex/GeneratedModuleMaps-watchos/SafeStringIntegerAccess-Swift.h
Copy /Users/admin/builder/spi-builder-workspace/.derivedData/Build/Products/Debug-watchos/SafeStringIntegerAccess.swiftmodule/arm64-apple-watchos.swiftmodule /Users/admin/builder/spi-builder-workspace/.derivedData/Build/Intermediates.noindex/StringIntegerAccess.build/Debug-watchos/SafeStringIntegerAccess-t.build/Objects-normal/arm64/SafeStringIntegerAccess.swiftmodule (in target 'SafeStringIntegerAccess' from project 'StringIntegerAccess')
    cd /Users/admin/builder/spi-builder-workspace/.dependencies/checkouts/Swift-String-Integer-Access
    builtin-copy -exclude .DS_Store -exclude CVS -exclude .svn -exclude .git -exclude .hg -resolve-src-symlinks -rename /Users/admin/builder/spi-builder-workspace/.derivedData/Build/Intermediates.noindex/StringIntegerAccess.build/Debug-watchos/SafeStringIntegerAccess-t.build/Objects-normal/arm64/SafeStringIntegerAccess.swiftmodule /Users/admin/builder/spi-builder-workspace/.derivedData/Build/Products/Debug-watchos/SafeStringIntegerAccess.swiftmodule/arm64-apple-watchos.swiftmodule
Copy /Users/admin/builder/spi-builder-workspace/.derivedData/Build/Products/Debug-watchos/SafeStringIntegerAccess.swiftmodule/arm64-apple-watchos.swiftdoc /Users/admin/builder/spi-builder-workspace/.derivedData/Build/Intermediates.noindex/StringIntegerAccess.build/Debug-watchos/SafeStringIntegerAccess-t.build/Objects-normal/arm64/SafeStringIntegerAccess.swiftdoc (in target 'SafeStringIntegerAccess' from project 'StringIntegerAccess')
    cd /Users/admin/builder/spi-builder-workspace/.dependencies/checkouts/Swift-String-Integer-Access
    builtin-copy -exclude .DS_Store -exclude CVS -exclude .svn -exclude .git -exclude .hg -resolve-src-symlinks -rename /Users/admin/builder/spi-builder-workspace/.derivedData/Build/Intermediates.noindex/StringIntegerAccess.build/Debug-watchos/SafeStringIntegerAccess-t.build/Objects-normal/arm64/SafeStringIntegerAccess.swiftdoc /Users/admin/builder/spi-builder-workspace/.derivedData/Build/Products/Debug-watchos/SafeStringIntegerAccess.swiftmodule/arm64-apple-watchos.swiftdoc
Copy /Users/admin/builder/spi-builder-workspace/.derivedData/Build/Products/Debug-watchos/SafeStringIntegerAccess.swiftmodule/arm64-apple-watchos.abi.json /Users/admin/builder/spi-builder-workspace/.derivedData/Build/Intermediates.noindex/StringIntegerAccess.build/Debug-watchos/SafeStringIntegerAccess-t.build/Objects-normal/arm64/SafeStringIntegerAccess.abi.json (in target 'SafeStringIntegerAccess' from project 'StringIntegerAccess')
    cd /Users/admin/builder/spi-builder-workspace/.dependencies/checkouts/Swift-String-Integer-Access
    builtin-copy -exclude .DS_Store -exclude CVS -exclude .svn -exclude .git -exclude .hg -resolve-src-symlinks -rename /Users/admin/builder/spi-builder-workspace/.derivedData/Build/Intermediates.noindex/StringIntegerAccess.build/Debug-watchos/SafeStringIntegerAccess-t.build/Objects-normal/arm64/SafeStringIntegerAccess.abi.json /Users/admin/builder/spi-builder-workspace/.derivedData/Build/Products/Debug-watchos/SafeStringIntegerAccess.swiftmodule/arm64-apple-watchos.abi.json
Copy /Users/admin/builder/spi-builder-workspace/.derivedData/Build/Products/Debug-watchos/SafeStringIntegerAccess.swiftmodule/Project/arm64-apple-watchos.swiftsourceinfo /Users/admin/builder/spi-builder-workspace/.derivedData/Build/Intermediates.noindex/StringIntegerAccess.build/Debug-watchos/SafeStringIntegerAccess-t.build/Objects-normal/arm64/SafeStringIntegerAccess.swiftsourceinfo (in target 'SafeStringIntegerAccess' from project 'StringIntegerAccess')
    cd /Users/admin/builder/spi-builder-workspace/.dependencies/checkouts/Swift-String-Integer-Access
    builtin-copy -exclude .DS_Store -exclude CVS -exclude .svn -exclude .git -exclude .hg -resolve-src-symlinks -rename /Users/admin/builder/spi-builder-workspace/.derivedData/Build/Intermediates.noindex/StringIntegerAccess.build/Debug-watchos/SafeStringIntegerAccess-t.build/Objects-normal/arm64/SafeStringIntegerAccess.swiftsourceinfo /Users/admin/builder/spi-builder-workspace/.derivedData/Build/Products/Debug-watchos/SafeStringIntegerAccess.swiftmodule/Project/arm64-apple-watchos.swiftsourceinfo
SwiftDriver Introspection normal arm64_32 com.apple.xcode.tools.swift.compiler (in target 'Introspection' from project 'Introspection')
    cd /Users/admin/builder/spi-builder-workspace/.swiftpm/xcode
    builtin-SwiftDriver -- /Applications/Xcode-27.0.0-Release.Candidate.app/Contents/Developer/Toolchains/XcodeDefault.xctoolchain/usr/bin/swiftc -parse-as-library -module-name Introspection -Onone @/Users/admin/builder/spi-builder-workspace/.derivedData/Build/Intermediates.noindex/Introspection.build/Debug-watchos/Introspection-t.build/Objects-normal/arm64_32/Introspection.SwiftFileList -DSWIFT_PACKAGE -DDEBUG -DSWIFT_MODULE_RESOURCE_BUNDLE_UNAVAILABLE -DXcode -plugin-path /Applications/Xcode-27.0.0-Release.Candidate.app/Contents/Developer/Toolchains/XcodeDefault.xctoolchain/usr/lib/swift/host/plugins/testing -enable-experimental-feature DebugDescriptionMacro -sdk /Applications/Xcode-27.0.0-Release.Candidate.app/Contents/Developer/Platforms/WatchOS.platform/Developer/SDKs/WatchOS27.0.sdk -target arm64_32-apple-watchos9.0 -g -module-cache-path /Users/admin/builder/spi-builder-workspace/.derivedData/ModuleCache.noindex -Xfrontend -serialize-debugging-options -profile-coverage-mapping -profile-generate -enable-testing -index-store-path /Users/admin/builder/spi-builder-workspace/.derivedData/Index.noindex/DataStore -Xcc -D_LIBCPP_HARDENING_MODE\=_LIBCPP_HARDENING_MODE_DEBUG -swift-version 5 -I /Users/admin/builder/spi-builder-workspace/.derivedData/Build/Products/Debug-watchos -Isystem /Applications/Xcode-27.0.0-Release.Candidate.app/Contents/Developer/Platforms/WatchOS.platform/Developer/usr/lib -F /Users/admin/builder/spi-builder-workspace/.derivedData/Build/Products/Debug-watchos/PackageFrameworks -F /Users/admin/builder/spi-builder-workspace/.derivedData/Build/Products/Debug-watchos -F /Applications/Xcode-27.0.0-Release.Candidate.app/Contents/Developer/Platforms/WatchOS.platform/Developer/Library/Frameworks -F /Applications/Xcode-27.0.0-Release.Candidate.app/Contents/Developer/Platforms/WatchOS.platform/Developer/SDKs/WatchOS27.0.sdk/Developer/Library/Frameworks -c -j10 -enable-batch-mode -incremental -Xcc -ivfsstatcache -Xcc /Users/admin/builder/spi-builder-workspace/.derivedData/SDKStatCaches.noindex/watchos27.0-24R360-e829b21a6f8c9b70876ba0858053c04477534ef55a1706bf4c1112bbb242f0a2.sdkstatcache -output-file-map /Users/admin/builder/spi-builder-workspace/.derivedData/Build/Intermediates.noindex/Introspection.build/Debug-watchos/Introspection-t.build/Objects-normal/arm64_32/Introspection-OutputFileMap.json -save-temps -no-color-diagnostics -explicit-module-build -module-cache-path /Users/admin/builder/spi-builder-workspace/.derivedData/Build/Intermediates.noindex/SwiftExplicitPrecompiledModules -clang-scanner-module-cache-path /Users/admin/builder/spi-builder-workspace/.derivedData/ModuleCache.noindex -sdk-module-cache-path /Users/admin/builder/spi-builder-workspace/.derivedData/SDKExplicitPrecompiledModules -emit-dependencies -emit-module -emit-module-path /Users/admin/builder/spi-builder-workspace/.derivedData/Build/Intermediates.noindex/Introspection.build/Debug-watchos/Introspection-t.build/Objects-normal/arm64_32/Introspection.swiftmodule -serialize-diagnostics -dependency-scan-serialize-diagnostics-path /Users/admin/builder/spi-builder-workspace/.derivedData/Build/Intermediates.noindex/Introspection.build/Debug-watchos/Introspection-t.build/Objects-normal/arm64_32/Introspection-dependency-scan.dia -validate-clang-modules-once -clang-build-session-file /Users/admin/builder/spi-builder-workspace/.derivedData/ModuleCache.noindex/Session.modulevalidation -Xcc -fmodules-prune-interval\=86400 -Xcc -fmodules-prune-after\=345600 -emit-const-values -const-gather-protocols-list /Users/admin/builder/spi-builder-workspace/.derivedData/Build/Intermediates.noindex/Introspection.build/Debug-watchos/Introspection-t.build/Objects-normal/arm64_32/Introspection_const_extract_protocols.json -Xcc -I/Users/admin/builder/spi-builder-workspace/.derivedData/Build/Products/Debug-watchos/include -Xcc -I/Users/admin/builder/spi-builder-workspace/.derivedData/Build/Intermediates.noindex/Introspection.build/Debug-watchos/Introspection-t.build/DerivedSources-normal/arm64_32 -Xcc -I/Users/admin/builder/spi-builder-workspace/.derivedData/Build/Intermediates.noindex/Introspection.build/Debug-watchos/Introspection-t.build/DerivedSources/arm64_32 -Xcc -I/Users/admin/builder/spi-builder-workspace/.derivedData/Build/Intermediates.noindex/Introspection.build/Debug-watchos/Introspection-t.build/DerivedSources -Xcc -DSWIFT_PACKAGE -Xcc -DDEBUG\=1 -emit-objc-header -emit-objc-header-path /Users/admin/builder/spi-builder-workspace/.derivedData/Build/Intermediates.noindex/Introspection.build/Debug-watchos/Introspection-t.build/Objects-normal/arm64_32/Introspection-Swift.h -working-directory /Users/admin/builder/spi-builder-workspace/.swiftpm/xcode -experimental-emit-module-separately -disable-cmo
SwiftDriver Introspection normal arm64 com.apple.xcode.tools.swift.compiler (in target 'Introspection' from project 'Introspection')
    cd /Users/admin/builder/spi-builder-workspace/.swiftpm/xcode
    builtin-SwiftDriver -- /Applications/Xcode-27.0.0-Release.Candidate.app/Contents/Developer/Toolchains/XcodeDefault.xctoolchain/usr/bin/swiftc -parse-as-library -module-name Introspection -Onone @/Users/admin/builder/spi-builder-workspace/.derivedData/Build/Intermediates.noindex/Introspection.build/Debug-watchos/Introspection-t.build/Objects-normal/arm64/Introspection.SwiftFileList -DSWIFT_PACKAGE -DDEBUG -DSWIFT_MODULE_RESOURCE_BUNDLE_UNAVAILABLE -DXcode -plugin-path /Applications/Xcode-27.0.0-Release.Candidate.app/Contents/Developer/Toolchains/XcodeDefault.xctoolchain/usr/lib/swift/host/plugins/testing -enable-experimental-feature DebugDescriptionMacro -sdk /Applications/Xcode-27.0.0-Release.Candidate.app/Contents/Developer/Platforms/WatchOS.platform/Developer/SDKs/WatchOS27.0.sdk -target arm64-apple-watchos9.0 -g -module-cache-path /Users/admin/builder/spi-builder-workspace/.derivedData/ModuleCache.noindex -Xfrontend -serialize-debugging-options -profile-coverage-mapping -profile-generate -enable-testing -index-store-path /Users/admin/builder/spi-builder-workspace/.derivedData/Index.noindex/DataStore -Xcc -D_LIBCPP_HARDENING_MODE\=_LIBCPP_HARDENING_MODE_DEBUG -swift-version 5 -I /Users/admin/builder/spi-builder-workspace/.derivedData/Build/Products/Debug-watchos -Isystem /Applications/Xcode-27.0.0-Release.Candidate.app/Contents/Developer/Platforms/WatchOS.platform/Developer/usr/lib -F /Users/admin/builder/spi-builder-workspace/.derivedData/Build/Products/Debug-watchos/PackageFrameworks -F /Users/admin/builder/spi-builder-workspace/.derivedData/Build/Products/Debug-watchos -F /Applications/Xcode-27.0.0-Release.Candidate.app/Contents/Developer/Platforms/WatchOS.platform/Developer/Library/Frameworks -F /Applications/Xcode-27.0.0-Release.Candidate.app/Contents/Developer/Platforms/WatchOS.platform/Developer/SDKs/WatchOS27.0.sdk/Developer/Library/Frameworks -c -j10 -enable-batch-mode -incremental -Xcc -ivfsstatcache -Xcc /Users/admin/builder/spi-builder-workspace/.derivedData/SDKStatCaches.noindex/watchos27.0-24R360-e829b21a6f8c9b70876ba0858053c04477534ef55a1706bf4c1112bbb242f0a2.sdkstatcache -output-file-map /Users/admin/builder/spi-builder-workspace/.derivedData/Build/Intermediates.noindex/Introspection.build/Debug-watchos/Introspection-t.build/Objects-normal/arm64/Introspection-OutputFileMap.json -save-temps -no-color-diagnostics -explicit-module-build -module-cache-path /Users/admin/builder/spi-builder-workspace/.derivedData/Build/Intermediates.noindex/SwiftExplicitPrecompiledModules -clang-scanner-module-cache-path /Users/admin/builder/spi-builder-workspace/.derivedData/ModuleCache.noindex -sdk-module-cache-path /Users/admin/builder/spi-builder-workspace/.derivedData/SDKExplicitPrecompiledModules -emit-dependencies -emit-module -emit-module-path /Users/admin/builder/spi-builder-workspace/.derivedData/Build/Intermediates.noindex/Introspection.build/Debug-watchos/Introspection-t.build/Objects-normal/arm64/Introspection.swiftmodule -serialize-diagnostics -dependency-scan-serialize-diagnostics-path /Users/admin/builder/spi-builder-workspace/.derivedData/Build/Intermediates.noindex/Introspection.build/Debug-watchos/Introspection-t.build/Objects-normal/arm64/Introspection-dependency-scan.dia -validate-clang-modules-once -clang-build-session-file /Users/admin/builder/spi-builder-workspace/.derivedData/ModuleCache.noindex/Session.modulevalidation -Xcc -fmodules-prune-interval\=86400 -Xcc -fmodules-prune-after\=345600 -emit-const-values -const-gather-protocols-list /Users/admin/builder/spi-builder-workspace/.derivedData/Build/Intermediates.noindex/Introspection.build/Debug-watchos/Introspection-t.build/Objects-normal/arm64/Introspection_const_extract_protocols.json -Xcc -I/Users/admin/builder/spi-builder-workspace/.derivedData/Build/Products/Debug-watchos/include -Xcc -I/Users/admin/builder/spi-builder-workspace/.derivedData/Build/Intermediates.noindex/Introspection.build/Debug-watchos/Introspection-t.build/DerivedSources-normal/arm64 -Xcc -I/Users/admin/builder/spi-builder-workspace/.derivedData/Build/Intermediates.noindex/Introspection.build/Debug-watchos/Introspection-t.build/DerivedSources/arm64 -Xcc -I/Users/admin/builder/spi-builder-workspace/.derivedData/Build/Intermediates.noindex/Introspection.build/Debug-watchos/Introspection-t.build/DerivedSources -Xcc -DSWIFT_PACKAGE -Xcc -DDEBUG\=1 -emit-objc-header -emit-objc-header-path /Users/admin/builder/spi-builder-workspace/.derivedData/Build/Intermediates.noindex/Introspection.build/Debug-watchos/Introspection-t.build/Objects-normal/arm64/Introspection-Swift.h -working-directory /Users/admin/builder/spi-builder-workspace/.swiftpm/xcode -experimental-emit-module-separately -disable-cmo
SwiftDriverJobDiscovery normal arm64 Compiling StringIntegerAccess + SafeCollectionAccess.swift (in target 'SafeStringIntegerAccess' from project 'StringIntegerAccess')
SwiftDriver\ Compilation SafeStringIntegerAccess normal arm64 com.apple.xcode.tools.swift.compiler (in target 'SafeStringIntegerAccess' from project 'StringIntegerAccess')
    cd /Users/admin/builder/spi-builder-workspace/.swiftpm/xcode
    builtin-Swift-Compilation -- /Applications/Xcode-27.0.0-Release.Candidate.app/Contents/Developer/Toolchains/XcodeDefault.xctoolchain/usr/bin/swiftc -parse-as-library -module-name SafeStringIntegerAccess -Onone @/Users/admin/builder/spi-builder-workspace/.derivedData/Build/Intermediates.noindex/StringIntegerAccess.build/Debug-watchos/SafeStringIntegerAccess-t.build/Objects-normal/arm64/SafeStringIntegerAccess.SwiftFileList -DSWIFT_PACKAGE -DDEBUG -DSWIFT_MODULE_RESOURCE_BUNDLE_UNAVAILABLE -DXcode -plugin-path /Applications/Xcode-27.0.0-Release.Candidate.app/Contents/Developer/Toolchains/XcodeDefault.xctoolchain/usr/lib/swift/host/plugins/testing -enable-experimental-feature DebugDescriptionMacro -sdk /Applications/Xcode-27.0.0-Release.Candidate.app/Contents/Developer/Platforms/WatchOS.platform/Developer/SDKs/WatchOS27.0.sdk -target arm64-apple-watchos9.0 -g -module-cache-path /Users/admin/builder/spi-builder-workspace/.derivedData/ModuleCache.noindex -Xfrontend -serialize-debugging-options -profile-coverage-mapping -profile-generate -enable-testing -suppress-warnings -index-store-path /Users/admin/builder/spi-builder-workspace/.derivedData/Index.noindex/DataStore -Xcc -D_LIBCPP_HARDENING_MODE\=_LIBCPP_HARDENING_MODE_DEBUG -swift-version 5 -I /Users/admin/builder/spi-builder-workspace/.derivedData/Build/Products/Debug-watchos -Isystem /Applications/Xcode-27.0.0-Release.Candidate.app/Contents/Developer/Platforms/WatchOS.platform/Developer/usr/lib -F /Users/admin/builder/spi-builder-workspace/.derivedData/Build/Products/Debug-watchos/PackageFrameworks -F /Users/admin/builder/spi-builder-workspace/.derivedData/Build/Products/Debug-watchos -F /Applications/Xcode-27.0.0-Release.Candidate.app/Contents/Developer/Platforms/WatchOS.platform/Developer/Library/Frameworks -F /Applications/Xcode-27.0.0-Release.Candidate.app/Contents/Developer/Platforms/WatchOS.platform/Developer/SDKs/WatchOS27.0.sdk/Developer/Library/Frameworks -c -j10 -enable-batch-mode -incremental -Xcc -ivfsstatcache -Xcc /Users/admin/builder/spi-builder-workspace/.derivedData/SDKStatCaches.noindex/watchos27.0-24R360-e829b21a6f8c9b70876ba0858053c04477534ef55a1706bf4c1112bbb242f0a2.sdkstatcache -output-file-map /Users/admin/builder/spi-builder-workspace/.derivedData/Build/Intermediates.noindex/StringIntegerAccess.build/Debug-watchos/SafeStringIntegerAccess-t.build/Objects-normal/arm64/SafeStringIntegerAccess-OutputFileMap.json -save-temps -no-color-diagnostics -explicit-module-build -module-cache-path /Users/admin/builder/spi-builder-workspace/.derivedData/Build/Intermediates.noindex/SwiftExplicitPrecompiledModules -clang-scanner-module-cache-path /Users/admin/builder/spi-builder-workspace/.derivedData/ModuleCache.noindex -sdk-module-cache-path /Users/admin/builder/spi-builder-workspace/.derivedData/SDKExplicitPrecompiledModules -emit-dependencies -emit-module -emit-module-path /Users/admin/builder/spi-builder-workspace/.derivedData/Build/Intermediates.noindex/StringIntegerAccess.build/Debug-watchos/SafeStringIntegerAccess-t.build/Objects-normal/arm64/SafeStringIntegerAccess.swiftmodule -serialize-diagnostics -dependency-scan-serialize-diagnostics-path /Users/admin/builder/spi-builder-workspace/.derivedData/Build/Intermediates.noindex/StringIntegerAccess.build/Debug-watchos/SafeStringIntegerAccess-t.build/Objects-normal/arm64/SafeStringIntegerAccess-dependency-scan.dia -validate-clang-modules-once -clang-build-session-file /Users/admin/builder/spi-builder-workspace/.derivedData/ModuleCache.noindex/Session.modulevalidation -Xcc -fmodules-prune-interval\=86400 -Xcc -fmodules-prune-after\=345600 -emit-const-values -const-gather-protocols-list /Users/admin/builder/spi-builder-workspace/.derivedData/Build/Intermediates.noindex/StringIntegerAccess.build/Debug-watchos/SafeStringIntegerAccess-t.build/Objects-normal/arm64/SafeStringIntegerAccess_const_extract_protocols.json -Xcc -I/Users/admin/builder/spi-builder-workspace/.derivedData/Build/Products/Debug-watchos/include -Xcc -I/Users/admin/builder/spi-builder-workspace/.derivedData/Build/Intermediates.noindex/StringIntegerAccess.build/Debug-watchos/SafeStringIntegerAccess-t.build/DerivedSources-normal/arm64 -Xcc -I/Users/admin/builder/spi-builder-workspace/.derivedData/Build/Intermediates.noindex/StringIntegerAccess.build/Debug-watchos/SafeStringIntegerAccess-t.build/DerivedSources/arm64 -Xcc -I/Users/admin/builder/spi-builder-workspace/.derivedData/Build/Intermediates.noindex/StringIntegerAccess.build/Debug-watchos/SafeStringIntegerAccess-t.build/DerivedSources -Xcc -DSWIFT_PACKAGE -Xcc -DDEBUG\=1 -emit-objc-header -emit-objc-header-path /Users/admin/builder/spi-builder-workspace/.derivedData/Build/Intermediates.noindex/StringIntegerAccess.build/Debug-watchos/SafeStringIntegerAccess-t.build/Objects-normal/arm64/SafeStringIntegerAccess-Swift.h -working-directory /Users/admin/builder/spi-builder-workspace/.swiftpm/xcode -experimental-emit-module-separately -disable-cmo
SwiftDriverJobDiscovery normal arm64_32 Compiling StringIntegerAccess + SafeCollectionAccess.swift (in target 'SafeStringIntegerAccess' from project 'StringIntegerAccess')
SwiftDriver\ Compilation SafeStringIntegerAccess normal arm64_32 com.apple.xcode.tools.swift.compiler (in target 'SafeStringIntegerAccess' from project 'StringIntegerAccess')
    cd /Users/admin/builder/spi-builder-workspace/.swiftpm/xcode
    builtin-Swift-Compilation -- /Applications/Xcode-27.0.0-Release.Candidate.app/Contents/Developer/Toolchains/XcodeDefault.xctoolchain/usr/bin/swiftc -parse-as-library -module-name SafeStringIntegerAccess -Onone @/Users/admin/builder/spi-builder-workspace/.derivedData/Build/Intermediates.noindex/StringIntegerAccess.build/Debug-watchos/SafeStringIntegerAccess-t.build/Objects-normal/arm64_32/SafeStringIntegerAccess.SwiftFileList -DSWIFT_PACKAGE -DDEBUG -DSWIFT_MODULE_RESOURCE_BUNDLE_UNAVAILABLE -DXcode -plugin-path /Applications/Xcode-27.0.0-Release.Candidate.app/Contents/Developer/Toolchains/XcodeDefault.xctoolchain/usr/lib/swift/host/plugins/testing -enable-experimental-feature DebugDescriptionMacro -sdk /Applications/Xcode-27.0.0-Release.Candidate.app/Contents/Developer/Platforms/WatchOS.platform/Developer/SDKs/WatchOS27.0.sdk -target arm64_32-apple-watchos9.0 -g -module-cache-path /Users/admin/builder/spi-builder-workspace/.derivedData/ModuleCache.noindex -Xfrontend -serialize-debugging-options -profile-coverage-mapping -profile-generate -enable-testing -suppress-warnings -index-store-path /Users/admin/builder/spi-builder-workspace/.derivedData/Index.noindex/DataStore -Xcc -D_LIBCPP_HARDENING_MODE\=_LIBCPP_HARDENING_MODE_DEBUG -swift-version 5 -I /Users/admin/builder/spi-builder-workspace/.derivedData/Build/Products/Debug-watchos -Isystem /Applications/Xcode-27.0.0-Release.Candidate.app/Contents/Developer/Platforms/WatchOS.platform/Developer/usr/lib -F /Users/admin/builder/spi-builder-workspace/.derivedData/Build/Products/Debug-watchos/PackageFrameworks -F /Users/admin/builder/spi-builder-workspace/.derivedData/Build/Products/Debug-watchos -F /Applications/Xcode-27.0.0-Release.Candidate.app/Contents/Developer/Platforms/WatchOS.platform/Developer/Library/Frameworks -F /Applications/Xcode-27.0.0-Release.Candidate.app/Contents/Developer/Platforms/WatchOS.platform/Developer/SDKs/WatchOS27.0.sdk/Developer/Library/Frameworks -c -j10 -enable-batch-mode -incremental -Xcc -ivfsstatcache -Xcc /Users/admin/builder/spi-builder-workspace/.derivedData/SDKStatCaches.noindex/watchos27.0-24R360-e829b21a6f8c9b70876ba0858053c04477534ef55a1706bf4c1112bbb242f0a2.sdkstatcache -output-file-map /Users/admin/builder/spi-builder-workspace/.derivedData/Build/Intermediates.noindex/StringIntegerAccess.build/Debug-watchos/SafeStringIntegerAccess-t.build/Objects-normal/arm64_32/SafeStringIntegerAccess-OutputFileMap.json -save-temps -no-color-diagnostics -explicit-module-build -module-cache-path /Users/admin/builder/spi-builder-workspace/.derivedData/Build/Intermediates.noindex/SwiftExplicitPrecompiledModules -clang-scanner-module-cache-path /Users/admin/builder/spi-builder-workspace/.derivedData/ModuleCache.noindex -sdk-module-cache-path /Users/admin/builder/spi-builder-workspace/.derivedData/SDKExplicitPrecompiledModules -emit-dependencies -emit-module -emit-module-path /Users/admin/builder/spi-builder-workspace/.derivedData/Build/Intermediates.noindex/StringIntegerAccess.build/Debug-watchos/SafeStringIntegerAccess-t.build/Objects-normal/arm64_32/SafeStringIntegerAccess.swiftmodule -serialize-diagnostics -dependency-scan-serialize-diagnostics-path /Users/admin/builder/spi-builder-workspace/.derivedData/Build/Intermediates.noindex/StringIntegerAccess.build/Debug-watchos/SafeStringIntegerAccess-t.build/Objects-normal/arm64_32/SafeStringIntegerAccess-dependency-scan.dia -validate-clang-modules-once -clang-build-session-file /Users/admin/builder/spi-builder-workspace/.derivedData/ModuleCache.noindex/Session.modulevalidation -Xcc -fmodules-prune-interval\=86400 -Xcc -fmodules-prune-after\=345600 -emit-const-values -const-gather-protocols-list /Users/admin/builder/spi-builder-workspace/.derivedData/Build/Intermediates.noindex/StringIntegerAccess.build/Debug-watchos/SafeStringIntegerAccess-t.build/Objects-normal/arm64_32/SafeStringIntegerAccess_const_extract_protocols.json -Xcc -I/Users/admin/builder/spi-builder-workspace/.derivedData/Build/Products/Debug-watchos/include -Xcc -I/Users/admin/builder/spi-builder-workspace/.derivedData/Build/Intermediates.noindex/StringIntegerAccess.build/Debug-watchos/SafeStringIntegerAccess-t.build/DerivedSources-normal/arm64_32 -Xcc -I/Users/admin/builder/spi-builder-workspace/.derivedData/Build/Intermediates.noindex/StringIntegerAccess.build/Debug-watchos/SafeStringIntegerAccess-t.build/DerivedSources/arm64_32 -Xcc -I/Users/admin/builder/spi-builder-workspace/.derivedData/Build/Intermediates.noindex/StringIntegerAccess.build/Debug-watchos/SafeStringIntegerAccess-t.build/DerivedSources -Xcc -DSWIFT_PACKAGE -Xcc -DDEBUG\=1 -emit-objc-header -emit-objc-header-path /Users/admin/builder/spi-builder-workspace/.derivedData/Build/Intermediates.noindex/StringIntegerAccess.build/Debug-watchos/SafeStringIntegerAccess-t.build/Objects-normal/arm64_32/SafeStringIntegerAccess-Swift.h -working-directory /Users/admin/builder/spi-builder-workspace/.swiftpm/xcode -experimental-emit-module-separately -disable-cmo
Ld /Users/admin/builder/spi-builder-workspace/.derivedData/Build/Intermediates.noindex/StringIntegerAccess.build/Debug-watchos/SafeStringIntegerAccess-t.build/Objects-normal/arm64/Binary/SafeStringIntegerAccess.o normal arm64 (in target 'SafeStringIntegerAccess' from project 'StringIntegerAccess')
    cd /Users/admin/builder/spi-builder-workspace/.dependencies/checkouts/Swift-String-Integer-Access
    /Applications/Xcode-27.0.0-Release.Candidate.app/Contents/Developer/Toolchains/XcodeDefault.xctoolchain/usr/bin/clang -Xlinker -reproducible -target arm64-apple-watchos9.0 -r -isysroot /Applications/Xcode-27.0.0-Release.Candidate.app/Contents/Developer/Platforms/WatchOS.platform/Developer/SDKs/WatchOS27.0.sdk -O0 -w -Xlinker -no_warn_duplicate_libraries -F/Users/admin/builder/spi-builder-workspace/.derivedData/Build/Intermediates.noindex/EagerLinkingTBDs/Debug-watchos -F/Users/admin/builder/spi-builder-workspace/.derivedData/Build/Products/Debug-watchos/PackageFrameworks -F/Users/admin/builder/spi-builder-workspace/.derivedData/Build/Products/Debug-watchos -iframework /Applications/Xcode-27.0.0-Release.Candidate.app/Contents/Developer/Platforms/WatchOS.platform/Developer/Library/Frameworks -iframework /Applications/Xcode-27.0.0-Release.Candidate.app/Contents/Developer/Platforms/WatchOS.platform/Developer/SDKs/WatchOS27.0.sdk/Developer/Library/Frameworks -filelist /Users/admin/builder/spi-builder-workspace/.derivedData/Build/Intermediates.noindex/StringIntegerAccess.build/Debug-watchos/SafeStringIntegerAccess-t.build/Objects-normal/arm64/SafeStringIntegerAccess.LinkFileList -nostdlib -Xlinker -object_path_lto -Xlinker /Users/admin/builder/spi-builder-workspace/.derivedData/Build/Intermediates.noindex/StringIntegerAccess.build/Debug-watchos/SafeStringIntegerAccess-t.build/Objects-normal/arm64/SafeStringIntegerAccess_lto.o -Xlinker -no_deduplicate -Xlinker -debug_variant -Xlinker -dependency_info -Xlinker /Users/admin/builder/spi-builder-workspace/.derivedData/Build/Intermediates.noindex/StringIntegerAccess.build/Debug-watchos/SafeStringIntegerAccess-t.build/Objects-normal/arm64/SafeStringIntegerAccess_dependency_info.dat -fobjc-link-runtime -L/Applications/Xcode-27.0.0-Release.Candidate.app/Contents/Developer/Toolchains/XcodeDefault.xctoolchain/usr/lib/swift/watchos -L/usr/lib/swift -Xlinker -add_ast_path -Xlinker /Users/admin/builder/spi-builder-workspace/.derivedData/Build/Intermediates.noindex/StringIntegerAccess.build/Debug-watchos/SafeStringIntegerAccess-t.build/Objects-normal/arm64/SafeStringIntegerAccess.swiftmodule -o /Users/admin/builder/spi-builder-workspace/.derivedData/Build/Intermediates.noindex/StringIntegerAccess.build/Debug-watchos/SafeStringIntegerAccess-t.build/Objects-normal/arm64/Binary/SafeStringIntegerAccess.o
Ld /Users/admin/builder/spi-builder-workspace/.derivedData/Build/Intermediates.noindex/StringIntegerAccess.build/Debug-watchos/SafeStringIntegerAccess-t.build/Objects-normal/arm64_32/Binary/SafeStringIntegerAccess.o normal arm64_32 (in target 'SafeStringIntegerAccess' from project 'StringIntegerAccess')
    cd /Users/admin/builder/spi-builder-workspace/.dependencies/checkouts/Swift-String-Integer-Access
    /Applications/Xcode-27.0.0-Release.Candidate.app/Contents/Developer/Toolchains/XcodeDefault.xctoolchain/usr/bin/clang -Xlinker -reproducible -target arm64_32-apple-watchos9.0 -r -isysroot /Applications/Xcode-27.0.0-Release.Candidate.app/Contents/Developer/Platforms/WatchOS.platform/Developer/SDKs/WatchOS27.0.sdk -O0 -w -Xlinker -no_warn_duplicate_libraries -F/Users/admin/builder/spi-builder-workspace/.derivedData/Build/Intermediates.noindex/EagerLinkingTBDs/Debug-watchos -F/Users/admin/builder/spi-builder-workspace/.derivedData/Build/Products/Debug-watchos/PackageFrameworks -F/Users/admin/builder/spi-builder-workspace/.derivedData/Build/Products/Debug-watchos -iframework /Applications/Xcode-27.0.0-Release.Candidate.app/Contents/Developer/Platforms/WatchOS.platform/Developer/Library/Frameworks -iframework /Applications/Xcode-27.0.0-Release.Candidate.app/Contents/Developer/Platforms/WatchOS.platform/Developer/SDKs/WatchOS27.0.sdk/Developer/Library/Frameworks -filelist /Users/admin/builder/spi-builder-workspace/.derivedData/Build/Intermediates.noindex/StringIntegerAccess.build/Debug-watchos/SafeStringIntegerAccess-t.build/Objects-normal/arm64_32/SafeStringIntegerAccess.LinkFileList -nostdlib -Xlinker -object_path_lto -Xlinker /Users/admin/builder/spi-builder-workspace/.derivedData/Build/Intermediates.noindex/StringIntegerAccess.build/Debug-watchos/SafeStringIntegerAccess-t.build/Objects-normal/arm64_32/SafeStringIntegerAccess_lto.o -Xlinker -no_deduplicate -Xlinker -debug_variant -Xlinker -dependency_info -Xlinker /Users/admin/builder/spi-builder-workspace/.derivedData/Build/Intermediates.noindex/StringIntegerAccess.build/Debug-watchos/SafeStringIntegerAccess-t.build/Objects-normal/arm64_32/SafeStringIntegerAccess_dependency_info.dat -fobjc-link-runtime -L/Applications/Xcode-27.0.0-Release.Candidate.app/Contents/Developer/Toolchains/XcodeDefault.xctoolchain/usr/lib/swift/watchos -L/usr/lib/swift -Xlinker -add_ast_path -Xlinker /Users/admin/builder/spi-builder-workspace/.derivedData/Build/Intermediates.noindex/StringIntegerAccess.build/Debug-watchos/SafeStringIntegerAccess-t.build/Objects-normal/arm64_32/SafeStringIntegerAccess.swiftmodule -o /Users/admin/builder/spi-builder-workspace/.derivedData/Build/Intermediates.noindex/StringIntegerAccess.build/Debug-watchos/SafeStringIntegerAccess-t.build/Objects-normal/arm64_32/Binary/SafeStringIntegerAccess.o
CreateUniversalBinary /Users/admin/builder/spi-builder-workspace/.derivedData/Build/Products/Debug-watchos/SafeStringIntegerAccess.o normal arm64\ arm64_32 (in target 'SafeStringIntegerAccess' from project 'StringIntegerAccess')
    cd /Users/admin/builder/spi-builder-workspace/.dependencies/checkouts/Swift-String-Integer-Access
    /Applications/Xcode-27.0.0-Release.Candidate.app/Contents/Developer/Toolchains/XcodeDefault.xctoolchain/usr/bin/lipo -create /Users/admin/builder/spi-builder-workspace/.derivedData/Build/Intermediates.noindex/StringIntegerAccess.build/Debug-watchos/SafeStringIntegerAccess-t.build/Objects-normal/arm64/Binary/SafeStringIntegerAccess.o /Users/admin/builder/spi-builder-workspace/.derivedData/Build/Intermediates.noindex/StringIntegerAccess.build/Debug-watchos/SafeStringIntegerAccess-t.build/Objects-normal/arm64_32/Binary/SafeStringIntegerAccess.o -output /Users/admin/builder/spi-builder-workspace/.derivedData/Build/Products/Debug-watchos/SafeStringIntegerAccess.o
ExtractAppIntentsMetadata (in target 'SafeStringIntegerAccess' from project 'StringIntegerAccess')
    cd /Users/admin/builder/spi-builder-workspace/.dependencies/checkouts/Swift-String-Integer-Access
    /Applications/Xcode-27.0.0-Release.Candidate.app/Contents/Developer/Toolchains/XcodeDefault.xctoolchain/usr/bin/appintentsmetadataprocessor --toolchain-dir /var/run/com.apple.security.cryptexd/mnt/com.apple.MobileAsset.MetalToolchain-v27.1.266.1.3FkI3D/Metal.xctoolchain --module-name SafeStringIntegerAccess --sdk-root /Applications/Xcode-27.0.0-Release.Candidate.app/Contents/Developer/Platforms/WatchOS.platform/Developer/SDKs/WatchOS27.0.sdk --xcode-version 27A266a --platform-family watchOS --deployment-target 9.0 --bundle-identifier swift-string-integer-access.SafeStringIntegerAccess --output /Users/admin/builder/spi-builder-workspace/.derivedData/Build/Products/Debug-watchos/SafeStringIntegerAccess.appintents --target-triple arm64-apple-watchos9.0 --target-triple arm64_32-apple-watchos9.0 --binary-file /Users/admin/builder/spi-builder-workspace/.derivedData/Build/Products/Debug-watchos/SafeStringIntegerAccess.o --dependency-file /Users/admin/builder/spi-builder-workspace/.derivedData/Build/Intermediates.noindex/StringIntegerAccess.build/Debug-watchos/SafeStringIntegerAccess-t.build/Objects-normal/arm64/SafeStringIntegerAccess_dependency_info.dat --dependency-file /Users/admin/builder/spi-builder-workspace/.derivedData/Build/Intermediates.noindex/StringIntegerAccess.build/Debug-watchos/SafeStringIntegerAccess-t.build/Objects-normal/arm64_32/SafeStringIntegerAccess_dependency_info.dat --stringsdata-file /Users/admin/builder/spi-builder-workspace/.derivedData/Build/Intermediates.noindex/StringIntegerAccess.build/Debug-watchos/SafeStringIntegerAccess-t.build/Objects-normal/arm64/ExtractedAppShortcutsMetadata.stringsdata --stringsdata-file /Users/admin/builder/spi-builder-workspace/.derivedData/Build/Intermediates.noindex/StringIntegerAccess.build/Debug-watchos/SafeStringIntegerAccess-t.build/Objects-normal/arm64_32/ExtractedAppShortcutsMetadata.stringsdata --source-file-list /Users/admin/builder/spi-builder-workspace/.derivedData/Build/Intermediates.noindex/StringIntegerAccess.build/Debug-watchos/SafeStringIntegerAccess-t.build/Objects-normal/arm64/SafeStringIntegerAccess.SwiftFileList --source-file-list /Users/admin/builder/spi-builder-workspace/.derivedData/Build/Intermediates.noindex/StringIntegerAccess.build/Debug-watchos/SafeStringIntegerAccess-t.build/Objects-normal/arm64_32/SafeStringIntegerAccess.SwiftFileList --metadata-file-list /Users/admin/builder/spi-builder-workspace/.derivedData/Build/Intermediates.noindex/StringIntegerAccess.build/Debug-watchos/SafeStringIntegerAccess-t.build/SafeStringIntegerAccess.DependencyMetadataFileList --static-metadata-file-list /Users/admin/builder/spi-builder-workspace/.derivedData/Build/Intermediates.noindex/StringIntegerAccess.build/Debug-watchos/SafeStringIntegerAccess-t.build/SafeStringIntegerAccess.DependencyStaticMetadataFileList --swift-const-vals-list /Users/admin/builder/spi-builder-workspace/.derivedData/Build/Intermediates.noindex/StringIntegerAccess.build/Debug-watchos/SafeStringIntegerAccess-t.build/Objects-normal/arm64/SafeStringIntegerAccess.SwiftConstValuesFileList --swift-const-vals-list /Users/admin/builder/spi-builder-workspace/.derivedData/Build/Intermediates.noindex/StringIntegerAccess.build/Debug-watchos/SafeStringIntegerAccess-t.build/Objects-normal/arm64_32/SafeStringIntegerAccess.SwiftConstValuesFileList --force --compile-time-extraction --deployment-aware-processing --no-app-shortcuts-localization
2026-09-23 18:49:16.579 appintentsmetadataprocessor[1213:7019] Starting appintentsmetadataprocessor export
2026-09-23 18:49:16.638 appintentsmetadataprocessor[1213:7019] Extracted no relevant App Intents symbols, skipping writing output
SwiftEmitModule normal arm64_32 Emitting\ module\ for\ Introspection (in target 'Introspection' from project 'Introspection')
SwiftCompile normal arm64_32 (in target 'Introspection' from project 'Introspection')
    cd /Users/admin/builder/spi-builder-workspace/.swiftpm/xcode

/Users/admin/builder/spi-builder-workspace/Sources/Introspection/Device Info.swift:142:5: warning: 'public' modifier is redundant for struct declared in a public extension
140 |
141 |     /// Models the components of a hardware model identifier. So `"MacBookAir9,1"` would split into `{type: "MacBookAir", version: {full: "9,1", major: 9, minor: 1}}`
142 |     public struct HardwareModelIdentifier: Hashable {
    |     `- warning: 'public' modifier is redundant for struct declared in a public extension
143 |
144 |         /// The "type" portion of the hardware model identifier, like `"MacBookAir"` or `"iPhone"`
SwiftCompile normal arm64_32 Compiling\ Device\ Info.swift /Users/admin/builder/spi-builder-workspace/Sources/Introspection/Device\ Info.swift (in target 'Introspection' from project 'Introspection')
SwiftCompile normal arm64_32 /Users/admin/builder/spi-builder-workspace/Sources/Introspection/Device\ Info.swift (in target 'Introspection' from project 'Introspection')
    cd /Users/admin/builder/spi-builder-workspace/.swiftpm/xcode
    builtin-SwiftPerFileCompile Device\ Info.swift
/Users/admin/builder/spi-builder-workspace/Sources/Introspection/Device Info.swift:142:5: warning: 'public' modifier is redundant for struct declared in a public extension
140 |
141 |     /// Models the components of a hardware model identifier. So `"MacBookAir9,1"` would split into `{type: "MacBookAir", version: {full: "9,1", major: 9, minor: 1}}`
142 |     public struct HardwareModelIdentifier: Hashable {
    |     `- warning: 'public' modifier is redundant for struct declared in a public extension
143 |
144 |         /// The "type" portion of the hardware model identifier, like `"MacBookAir"` or `"iPhone"`
/Users/admin/builder/spi-builder-workspace/Sources/Introspection/Device Info.swift:102:5: error: missing return in getter expected to return 'String?'
100 |         UIDevice.current.modelName
101 |         #endif
102 |     }
    |     `- error: missing return in getter expected to return 'String?'
103 |
104 |
Failed frontend command:
/Applications/Xcode-27.0.0-Release.Candidate.app/Contents/Developer/Toolchains/XcodeDefault.xctoolchain/usr/bin/swift-frontend -frontend -c /Users/admin/builder/spi-builder-workspace/Sources/Introspection/Bundle\ Reading.swift -primary-file /Users/admin/builder/spi-builder-workspace/Sources/Introspection/Device\ Info.swift /Users/admin/builder/spi-builder-workspace/Sources/Introspection/Introspection.swift -emit-dependencies-path /Users/admin/builder/spi-builder-workspace/.derivedData/Build/Intermediates.noindex/Introspection.build/Debug-watchos/Introspection-t.build/Objects-normal/arm64_32/Device\ Info.d -emit-const-values-path /Users/admin/builder/spi-builder-workspace/.derivedData/Build/Intermediates.noindex/Introspection.build/Debug-watchos/Introspection-t.build/Objects-normal/arm64_32/Device\ Info.swiftconstvalues -emit-reference-dependencies-path /Users/admin/builder/spi-builder-workspace/.derivedData/Build/Intermediates.noindex/Introspection.build/Debug-watchos/Introspection-t.build/Objects-normal/arm64_32/Device\ Info.swiftdeps -serialize-diagnostics-path /Users/admin/builder/spi-builder-workspace/.derivedData/Build/Intermediates.noindex/Introspection.build/Debug-watchos/Introspection-t.build/Objects-normal/arm64_32/Device\ Info.dia -target arm64_32-apple-watchos9.0 -disable-cross-import-overlay-search -load-resolved-plugin /Applications/Xcode-27.0.0-Release.Candidate.app/Contents/Developer/Platforms/WatchOS.platform/Developer/usr/lib/swift/host/plugins/libFoundationMacros.dylib\#/Applications/Xcode-27.0.0-Release.Candidate.app/Contents/Developer/Platforms/WatchOS.platform/Developer/usr/bin/swift-plugin-server\#FoundationMacros -load-resolved-plugin /Applications/Xcode-27.0.0-Release.Candidate.app/Contents/Developer/Platforms/WatchOS.platform/Developer/usr/lib/swift/host/plugins/libObservationMacros.dylib\#/Applications/Xcode-27.0.0-Release.Candidate.app/Contents/Developer/Platforms/WatchOS.platform/Developer/usr/bin/swift-plugin-server\#ObservationMacros -load-resolved-plugin /Applications/Xcode-27.0.0-Release.Candidate.app/Contents/Developer/Platforms/WatchOS.platform/Developer/usr/lib/swift/host/plugins/libSwiftMacros.dylib\#/Applications/Xcode-27.0.0-Release.Candidate.app/Contents/Developer/Platforms/WatchOS.platform/Developer/usr/bin/swift-plugin-server\#SwiftMacros -disable-implicit-swift-modules -Xcc -fno-implicit-modules -Xcc -fno-implicit-module-maps -explicit-swift-module-map-file /Users/admin/builder/spi-builder-workspace/.derivedData/Build/Intermediates.noindex/Introspection.build/Debug-watchos/Introspection-t.build/Objects-normal/arm64_32/Introspection-dependencies-1.json -enable-objc-interop -sdk /Applications/Xcode-27.0.0-Release.Candidate.app/Contents/Developer/Platforms/WatchOS.platform/Developer/SDKs/WatchOS27.0.sdk -I /Users/admin/builder/spi-builder-workspace/.derivedData/Build/Products/Debug-watchos -Isystem /Applications/Xcode-27.0.0-Release.Candidate.app/Contents/Developer/Platforms/WatchOS.platform/Developer/usr/lib -F /Users/admin/builder/spi-builder-workspace/.derivedData/Build/Products/Debug-watchos/PackageFrameworks -F /Users/admin/builder/spi-builder-workspace/.derivedData/Build/Products/Debug-watchos -F /Applications/Xcode-27.0.0-Release.Candidate.app/Contents/Developer/Platforms/WatchOS.platform/Developer/Library/Frameworks -F /Applications/Xcode-27.0.0-Release.Candidate.app/Contents/Developer/Platforms/WatchOS.platform/Developer/SDKs/WatchOS27.0.sdk/Developer/Library/Frameworks -module-cache-path /Users/admin/builder/spi-builder-workspace/.derivedData/Build/Intermediates.noindex/SwiftExplicitPrecompiledModules -no-color-diagnostics -Xcc -fno-color-diagnostics -enable-testing -g -debug-info-format\=dwarf -dwarf-version\=4 -profile-generate -profile-coverage-mapping -swift-version 5 -Onone -D SWIFT_PACKAGE -D DEBUG -D SWIFT_MODULE_RESOURCE_BUNDLE_UNAVAILABLE -D Xcode -serialize-debugging-options -enable-experimental-feature DebugDescriptionMacro -empty-abi-descriptor -validate-clang-modules-once -clang-build-session-file /Users/admin/builder/spi-builder-workspace/.derivedData/ModuleCache.noindex/Session.modulevalidation -Xcc -working-directory -Xcc /Users/admin/builder/spi-builder-workspace/.swiftpm/xcode -enable-anonymous-context-mangled-names -file-compilation-dir /Users/admin/builder/spi-builder-workspace/.swiftpm/xcode -Xcc -D_LIBCPP_HARDENING_MODE\=_LIBCPP_HARDENING_MODE_DEBUG -Xcc -ivfsstatcache -Xcc /Users/admin/builder/spi-builder-workspace/.derivedData/SDKStatCaches.noindex/watchos27.0-24R360-e829b21a6f8c9b70876ba0858053c04477534ef55a1706bf4c1112bbb242f0a2.sdkstatcache -Xcc -fmodules-prune-interval\=86400 -Xcc -fmodules-prune-after\=345600 -Xcc -I/Users/admin/builder/spi-builder-workspace/.derivedData/Build/Products/Debug-watchos/include -Xcc -I/Users/admin/builder/spi-builder-workspace/.derivedData/Build/Intermediates.noindex/Introspection.build/Debug-watchos/Introspection-t.build/DerivedSources-normal/arm64_32 -Xcc -I/Users/admin/builder/spi-builder-workspace/.derivedData/Build/Intermediates.noindex/Introspection.build/Debug-watchos/Introspection-t.build/DerivedSources/arm64_32 -Xcc -I/Users/admin/builder/spi-builder-workspace/.derivedData/Build/Intermediates.noindex/Introspection.build/Debug-watchos/Introspection-t.build/DerivedSources -Xcc -DSWIFT_PACKAGE -Xcc -DDEBUG\=1 -no-auto-bridging-header-chaining -module-name Introspection -const-gather-protocols-file /Users/admin/builder/spi-builder-workspace/.derivedData/Build/Intermediates.noindex/Introspection.build/Debug-watchos/Introspection-t.build/Objects-normal/arm64_32/Introspection_const_extract_protocols.json -disable-clang-spi -clang-target arm64_32-apple-watchos27.0 -target-sdk-version 27.0 -target-sdk-name watchos27.0 -in-process-plugin-server-path /Applications/Xcode-27.0.0-Release.Candidate.app/Contents/Developer/Toolchains/XcodeDefault.xctoolchain/usr/lib/swift/host/libSwiftInProcPluginServer.dylib -parse-as-library -o /Users/admin/builder/spi-builder-workspace/.derivedData/Build/Intermediates.noindex/Introspection.build/Debug-watchos/Introspection-t.build/Objects-normal/arm64_32/Device\ Info.o -debug-module-path /Users/admin/builder/spi-builder-workspace/.derivedData/Build/Intermediates.noindex/Introspection.build/Debug-watchos/Introspection-t.build/Objects-normal/arm64_32/Introspection.swiftmodule -index-unit-output-path /Introspection.build/Debug-watchos/Introspection-t.build/Objects-normal/arm64_32/Device\ Info.o -index-store-path /Users/admin/builder/spi-builder-workspace/.derivedData/Index.noindex/DataStore -index-system-modules
SwiftCompile normal arm64_32 Compiling\ Bundle\ Reading.swift /Users/admin/builder/spi-builder-workspace/Sources/Introspection/Bundle\ Reading.swift (in target 'Introspection' from project 'Introspection')
SwiftCompile normal arm64_32 /Users/admin/builder/spi-builder-workspace/Sources/Introspection/Bundle\ Reading.swift (in target 'Introspection' from project 'Introspection')
    cd /Users/admin/builder/spi-builder-workspace/.swiftpm/xcode
    builtin-SwiftPerFileCompile Bundle\ Reading.swift
SwiftCompile normal arm64_32 Compiling\ Introspection.swift /Users/admin/builder/spi-builder-workspace/Sources/Introspection/Introspection.swift (in target 'Introspection' from project 'Introspection')
SwiftCompile normal arm64_32 /Users/admin/builder/spi-builder-workspace/Sources/Introspection/Introspection.swift (in target 'Introspection' from project 'Introspection')
    cd /Users/admin/builder/spi-builder-workspace/.swiftpm/xcode
    builtin-SwiftPerFileCompile Introspection.swift
SwiftCompile normal arm64 Compiling\ Introspection.swift /Users/admin/builder/spi-builder-workspace/Sources/Introspection/Introspection.swift (in target 'Introspection' from project 'Introspection')
SwiftCompile normal arm64 /Users/admin/builder/spi-builder-workspace/Sources/Introspection/Introspection.swift (in target 'Introspection' from project 'Introspection')
    cd /Users/admin/builder/spi-builder-workspace/.swiftpm/xcode
    builtin-SwiftPerFileCompile Introspection.swift
SwiftEmitModule normal arm64 Emitting\ module\ for\ Introspection (in target 'Introspection' from project 'Introspection')
/Users/admin/builder/spi-builder-workspace/Sources/Introspection/Device Info.swift:142:5: warning: 'public' modifier is redundant for struct declared in a public extension
140 |
141 |     /// Models the components of a hardware model identifier. So `"MacBookAir9,1"` would split into `{type: "MacBookAir", version: {full: "9,1", major: 9, minor: 1}}`
142 |     public struct HardwareModelIdentifier: Hashable {
    |     `- warning: 'public' modifier is redundant for struct declared in a public extension
143 |
144 |         /// The "type" portion of the hardware model identifier, like `"MacBookAir"` or `"iPhone"`
SwiftCompile normal arm64 (in target 'Introspection' from project 'Introspection')
    cd /Users/admin/builder/spi-builder-workspace/.swiftpm/xcode

SwiftCompile normal arm64 Compiling\ Bundle\ Reading.swift /Users/admin/builder/spi-builder-workspace/Sources/Introspection/Bundle\ Reading.swift (in target 'Introspection' from project 'Introspection')
SwiftCompile normal arm64 /Users/admin/builder/spi-builder-workspace/Sources/Introspection/Bundle\ Reading.swift (in target 'Introspection' from project 'Introspection')
    cd /Users/admin/builder/spi-builder-workspace/.swiftpm/xcode
    builtin-SwiftPerFileCompile Bundle\ Reading.swift
SwiftCompile normal arm64 Compiling\ Device\ Info.swift /Users/admin/builder/spi-builder-workspace/Sources/Introspection/Device\ Info.swift (in target 'Introspection' from project 'Introspection')
SwiftCompile normal arm64 /Users/admin/builder/spi-builder-workspace/Sources/Introspection/Device\ Info.swift (in target 'Introspection' from project 'Introspection')
    cd /Users/admin/builder/spi-builder-workspace/.swiftpm/xcode
    builtin-SwiftPerFileCompile Device\ Info.swift
/Users/admin/builder/spi-builder-workspace/Sources/Introspection/Device Info.swift:142:5: warning: 'public' modifier is redundant for struct declared in a public extension
140 |
141 |     /// Models the components of a hardware model identifier. So `"MacBookAir9,1"` would split into `{type: "MacBookAir", version: {full: "9,1", major: 9, minor: 1}}`
142 |     public struct HardwareModelIdentifier: Hashable {
    |     `- warning: 'public' modifier is redundant for struct declared in a public extension
143 |
144 |         /// The "type" portion of the hardware model identifier, like `"MacBookAir"` or `"iPhone"`
/Users/admin/builder/spi-builder-workspace/Sources/Introspection/Device Info.swift:102:5: error: missing return in getter expected to return 'String?'
100 |         UIDevice.current.modelName
101 |         #endif
102 |     }
    |     `- error: missing return in getter expected to return 'String?'
103 |
104 |
Failed frontend command:
/Applications/Xcode-27.0.0-Release.Candidate.app/Contents/Developer/Toolchains/XcodeDefault.xctoolchain/usr/bin/swift-frontend -frontend -c /Users/admin/builder/spi-builder-workspace/Sources/Introspection/Bundle\ Reading.swift -primary-file /Users/admin/builder/spi-builder-workspace/Sources/Introspection/Device\ Info.swift /Users/admin/builder/spi-builder-workspace/Sources/Introspection/Introspection.swift -emit-dependencies-path /Users/admin/builder/spi-builder-workspace/.derivedData/Build/Intermediates.noindex/Introspection.build/Debug-watchos/Introspection-t.build/Objects-normal/arm64/Device\ Info.d -emit-const-values-path /Users/admin/builder/spi-builder-workspace/.derivedData/Build/Intermediates.noindex/Introspection.build/Debug-watchos/Introspection-t.build/Objects-normal/arm64/Device\ Info.swiftconstvalues -emit-reference-dependencies-path /Users/admin/builder/spi-builder-workspace/.derivedData/Build/Intermediates.noindex/Introspection.build/Debug-watchos/Introspection-t.build/Objects-normal/arm64/Device\ Info.swiftdeps -serialize-diagnostics-path /Users/admin/builder/spi-builder-workspace/.derivedData/Build/Intermediates.noindex/Introspection.build/Debug-watchos/Introspection-t.build/Objects-normal/arm64/Device\ Info.dia -target arm64-apple-watchos9.0 -disable-cross-import-overlay-search -load-resolved-plugin /Applications/Xcode-27.0.0-Release.Candidate.app/Contents/Developer/Platforms/WatchOS.platform/Developer/usr/lib/swift/host/plugins/libFoundationMacros.dylib\#/Applications/Xcode-27.0.0-Release.Candidate.app/Contents/Developer/Platforms/WatchOS.platform/Developer/usr/bin/swift-plugin-server\#FoundationMacros -load-resolved-plugin /Applications/Xcode-27.0.0-Release.Candidate.app/Contents/Developer/Platforms/WatchOS.platform/Developer/usr/lib/swift/host/plugins/libObservationMacros.dylib\#/Applications/Xcode-27.0.0-Release.Candidate.app/Contents/Developer/Platforms/WatchOS.platform/Developer/usr/bin/swift-plugin-server\#ObservationMacros -load-resolved-plugin /Applications/Xcode-27.0.0-Release.Candidate.app/Contents/Developer/Platforms/WatchOS.platform/Developer/usr/lib/swift/host/plugins/libSwiftMacros.dylib\#/Applications/Xcode-27.0.0-Release.Candidate.app/Contents/Developer/Platforms/WatchOS.platform/Developer/usr/bin/swift-plugin-server\#SwiftMacros -disable-implicit-swift-modules -Xcc -fno-implicit-modules -Xcc -fno-implicit-module-maps -explicit-swift-module-map-file /Users/admin/builder/spi-builder-workspace/.derivedData/Build/Intermediates.noindex/Introspection.build/Debug-watchos/Introspection-t.build/Objects-normal/arm64/Introspection-dependencies-2.json -Xllvm -aarch64-use-tbi -enable-objc-interop -stack-check -sdk /Applications/Xcode-27.0.0-Release.Candidate.app/Contents/Developer/Platforms/WatchOS.platform/Developer/SDKs/WatchOS27.0.sdk -I /Users/admin/builder/spi-builder-workspace/.derivedData/Build/Products/Debug-watchos -Isystem /Applications/Xcode-27.0.0-Release.Candidate.app/Contents/Developer/Platforms/WatchOS.platform/Developer/usr/lib -F /Users/admin/builder/spi-builder-workspace/.derivedData/Build/Products/Debug-watchos/PackageFrameworks -F /Users/admin/builder/spi-builder-workspace/.derivedData/Build/Products/Debug-watchos -F /Applications/Xcode-27.0.0-Release.Candidate.app/Contents/Developer/Platforms/WatchOS.platform/Developer/Library/Frameworks -F /Applications/Xcode-27.0.0-Release.Candidate.app/Contents/Developer/Platforms/WatchOS.platform/Developer/SDKs/WatchOS27.0.sdk/Developer/Library/Frameworks -module-cache-path /Users/admin/builder/spi-builder-workspace/.derivedData/Build/Intermediates.noindex/SwiftExplicitPrecompiledModules -no-color-diagnostics -Xcc -fno-color-diagnostics -enable-testing -g -debug-info-format\=dwarf -dwarf-version\=4 -profile-generate -profile-coverage-mapping -swift-version 5 -Onone -D SWIFT_PACKAGE -D DEBUG -D SWIFT_MODULE_RESOURCE_BUNDLE_UNAVAILABLE -D Xcode -serialize-debugging-options -enable-experimental-feature DebugDescriptionMacro -empty-abi-descriptor -validate-clang-modules-once -clang-build-session-file /Users/admin/builder/spi-builder-workspace/.derivedData/ModuleCache.noindex/Session.modulevalidation -Xcc -working-directory -Xcc /Users/admin/builder/spi-builder-workspace/.swiftpm/xcode -enable-anonymous-context-mangled-names -file-compilation-dir /Users/admin/builder/spi-builder-workspace/.swiftpm/xcode -Xcc -D_LIBCPP_HARDENING_MODE\=_LIBCPP_HARDENING_MODE_DEBUG -Xcc -ivfsstatcache -Xcc /Users/admin/builder/spi-builder-workspace/.derivedData/SDKStatCaches.noindex/watchos27.0-24R360-e829b21a6f8c9b70876ba0858053c04477534ef55a1706bf4c1112bbb242f0a2.sdkstatcache -Xcc -fmodules-prune-interval\=86400 -Xcc -fmodules-prune-after\=345600 -Xcc -I/Users/admin/builder/spi-builder-workspace/.derivedData/Build/Products/Debug-watchos/include -Xcc -I/Users/admin/builder/spi-builder-workspace/.derivedData/Build/Intermediates.noindex/Introspection.build/Debug-watchos/Introspection-t.build/DerivedSources-normal/arm64 -Xcc -I/Users/admin/builder/spi-builder-workspace/.derivedData/Build/Intermediates.noindex/Introspection.build/Debug-watchos/Introspection-t.build/DerivedSources/arm64 -Xcc -I/Users/admin/builder/spi-builder-workspace/.derivedData/Build/Intermediates.noindex/Introspection.build/Debug-watchos/Introspection-t.build/DerivedSources -Xcc -DSWIFT_PACKAGE -Xcc -DDEBUG\=1 -no-auto-bridging-header-chaining -module-name Introspection -const-gather-protocols-file /Users/admin/builder/spi-builder-workspace/.derivedData/Build/Intermediates.noindex/Introspection.build/Debug-watchos/Introspection-t.build/Objects-normal/arm64/Introspection_const_extract_protocols.json -disable-clang-spi -clang-target arm64-apple-watchos27.0 -target-sdk-version 27.0 -target-sdk-name watchos27.0 -in-process-plugin-server-path /Applications/Xcode-27.0.0-Release.Candidate.app/Contents/Developer/Toolchains/XcodeDefault.xctoolchain/usr/lib/swift/host/libSwiftInProcPluginServer.dylib -parse-as-library -o /Users/admin/builder/spi-builder-workspace/.derivedData/Build/Intermediates.noindex/Introspection.build/Debug-watchos/Introspection-t.build/Objects-normal/arm64/Device\ Info.o -debug-module-path /Users/admin/builder/spi-builder-workspace/.derivedData/Build/Intermediates.noindex/Introspection.build/Debug-watchos/Introspection-t.build/Objects-normal/arm64/Introspection.swiftmodule -index-unit-output-path /Introspection.build/Debug-watchos/Introspection-t.build/Objects-normal/arm64/Device\ Info.o -index-store-path /Users/admin/builder/spi-builder-workspace/.derivedData/Index.noindex/DataStore -index-system-modules
SwiftDriverJobDiscovery normal arm64_32 Compiling Introspection.swift (in target 'Introspection' from project 'Introspection')
SwiftDriverJobDiscovery normal arm64 Compiling Introspection.swift (in target 'Introspection' from project 'Introspection')
SwiftDriverJobDiscovery normal arm64 Compiling Bundle Reading.swift (in target 'Introspection' from project 'Introspection')
SwiftDriverJobDiscovery normal arm64_32 Compiling Bundle Reading.swift (in target 'Introspection' from project 'Introspection')
SwiftDriverJobDiscovery normal arm64 Emitting module for Introspection (in target 'Introspection' from project 'Introspection')
SwiftDriverJobDiscovery normal arm64_32 Emitting module for Introspection (in target 'Introspection' from project 'Introspection')
SwiftDriver\ Compilation\ Requirements Introspection normal arm64 com.apple.xcode.tools.swift.compiler (in target 'Introspection' from project 'Introspection')
    cd /Users/admin/builder/spi-builder-workspace/.swiftpm/xcode
    builtin-Swift-Compilation-Requirements -- /Applications/Xcode-27.0.0-Release.Candidate.app/Contents/Developer/Toolchains/XcodeDefault.xctoolchain/usr/bin/swiftc -parse-as-library -module-name Introspection -Onone @/Users/admin/builder/spi-builder-workspace/.derivedData/Build/Intermediates.noindex/Introspection.build/Debug-watchos/Introspection-t.build/Objects-normal/arm64/Introspection.SwiftFileList -DSWIFT_PACKAGE -DDEBUG -DSWIFT_MODULE_RESOURCE_BUNDLE_UNAVAILABLE -DXcode -plugin-path /Applications/Xcode-27.0.0-Release.Candidate.app/Contents/Developer/Toolchains/XcodeDefault.xctoolchain/usr/lib/swift/host/plugins/testing -enable-experimental-feature DebugDescriptionMacro -sdk /Applications/Xcode-27.0.0-Release.Candidate.app/Contents/Developer/Platforms/WatchOS.platform/Developer/SDKs/WatchOS27.0.sdk -target arm64-apple-watchos9.0 -g -module-cache-path /Users/admin/builder/spi-builder-workspace/.derivedData/ModuleCache.noindex -Xfrontend -serialize-debugging-options -profile-coverage-mapping -profile-generate -enable-testing -index-store-path /Users/admin/builder/spi-builder-workspace/.derivedData/Index.noindex/DataStore -Xcc -D_LIBCPP_HARDENING_MODE\=_LIBCPP_HARDENING_MODE_DEBUG -swift-version 5 -I /Users/admin/builder/spi-builder-workspace/.derivedData/Build/Products/Debug-watchos -Isystem /Applications/Xcode-27.0.0-Release.Candidate.app/Contents/Developer/Platforms/WatchOS.platform/Developer/usr/lib -F /Users/admin/builder/spi-builder-workspace/.derivedData/Build/Products/Debug-watchos/PackageFrameworks -F /Users/admin/builder/spi-builder-workspace/.derivedData/Build/Products/Debug-watchos -F /Applications/Xcode-27.0.0-Release.Candidate.app/Contents/Developer/Platforms/WatchOS.platform/Developer/Library/Frameworks -F /Applications/Xcode-27.0.0-Release.Candidate.app/Contents/Developer/Platforms/WatchOS.platform/Developer/SDKs/WatchOS27.0.sdk/Developer/Library/Frameworks -c -j10 -enable-batch-mode -incremental -Xcc -ivfsstatcache -Xcc /Users/admin/builder/spi-builder-workspace/.derivedData/SDKStatCaches.noindex/watchos27.0-24R360-e829b21a6f8c9b70876ba0858053c04477534ef55a1706bf4c1112bbb242f0a2.sdkstatcache -output-file-map /Users/admin/builder/spi-builder-workspace/.derivedData/Build/Intermediates.noindex/Introspection.build/Debug-watchos/Introspection-t.build/Objects-normal/arm64/Introspection-OutputFileMap.json -save-temps -no-color-diagnostics -explicit-module-build -module-cache-path /Users/admin/builder/spi-builder-workspace/.derivedData/Build/Intermediates.noindex/SwiftExplicitPrecompiledModules -clang-scanner-module-cache-path /Users/admin/builder/spi-builder-workspace/.derivedData/ModuleCache.noindex -sdk-module-cache-path /Users/admin/builder/spi-builder-workspace/.derivedData/SDKExplicitPrecompiledModules -emit-dependencies -emit-module -emit-module-path /Users/admin/builder/spi-builder-workspace/.derivedData/Build/Intermediates.noindex/Introspection.build/Debug-watchos/Introspection-t.build/Objects-normal/arm64/Introspection.swiftmodule -serialize-diagnostics -dependency-scan-serialize-diagnostics-path /Users/admin/builder/spi-builder-workspace/.derivedData/Build/Intermediates.noindex/Introspection.build/Debug-watchos/Introspection-t.build/Objects-normal/arm64/Introspection-dependency-scan.dia -validate-clang-modules-once -clang-build-session-file /Users/admin/builder/spi-builder-workspace/.derivedData/ModuleCache.noindex/Session.modulevalidation -Xcc -fmodules-prune-interval\=86400 -Xcc -fmodules-prune-after\=345600 -emit-const-values -const-gather-protocols-list /Users/admin/builder/spi-builder-workspace/.derivedData/Build/Intermediates.noindex/Introspection.build/Debug-watchos/Introspection-t.build/Objects-normal/arm64/Introspection_const_extract_protocols.json -Xcc -I/Users/admin/builder/spi-builder-workspace/.derivedData/Build/Products/Debug-watchos/include -Xcc -I/Users/admin/builder/spi-builder-workspace/.derivedData/Build/Intermediates.noindex/Introspection.build/Debug-watchos/Introspection-t.build/DerivedSources-normal/arm64 -Xcc -I/Users/admin/builder/spi-builder-workspace/.derivedData/Build/Intermediates.noindex/Introspection.build/Debug-watchos/Introspection-t.build/DerivedSources/arm64 -Xcc -I/Users/admin/builder/spi-builder-workspace/.derivedData/Build/Intermediates.noindex/Introspection.build/Debug-watchos/Introspection-t.build/DerivedSources -Xcc -DSWIFT_PACKAGE -Xcc -DDEBUG\=1 -emit-objc-header -emit-objc-header-path /Users/admin/builder/spi-builder-workspace/.derivedData/Build/Intermediates.noindex/Introspection.build/Debug-watchos/Introspection-t.build/Objects-normal/arm64/Introspection-Swift.h -working-directory /Users/admin/builder/spi-builder-workspace/.swiftpm/xcode -experimental-emit-module-separately -disable-cmo
SwiftDriver\ Compilation\ Requirements Introspection normal arm64_32 com.apple.xcode.tools.swift.compiler (in target 'Introspection' from project 'Introspection')
    cd /Users/admin/builder/spi-builder-workspace/.swiftpm/xcode
    builtin-Swift-Compilation-Requirements -- /Applications/Xcode-27.0.0-Release.Candidate.app/Contents/Developer/Toolchains/XcodeDefault.xctoolchain/usr/bin/swiftc -parse-as-library -module-name Introspection -Onone @/Users/admin/builder/spi-builder-workspace/.derivedData/Build/Intermediates.noindex/Introspection.build/Debug-watchos/Introspection-t.build/Objects-normal/arm64_32/Introspection.SwiftFileList -DSWIFT_PACKAGE -DDEBUG -DSWIFT_MODULE_RESOURCE_BUNDLE_UNAVAILABLE -DXcode -plugin-path /Applications/Xcode-27.0.0-Release.Candidate.app/Contents/Developer/Toolchains/XcodeDefault.xctoolchain/usr/lib/swift/host/plugins/testing -enable-experimental-feature DebugDescriptionMacro -sdk /Applications/Xcode-27.0.0-Release.Candidate.app/Contents/Developer/Platforms/WatchOS.platform/Developer/SDKs/WatchOS27.0.sdk -target arm64_32-apple-watchos9.0 -g -module-cache-path /Users/admin/builder/spi-builder-workspace/.derivedData/ModuleCache.noindex -Xfrontend -serialize-debugging-options -profile-coverage-mapping -profile-generate -enable-testing -index-store-path /Users/admin/builder/spi-builder-workspace/.derivedData/Index.noindex/DataStore -Xcc -D_LIBCPP_HARDENING_MODE\=_LIBCPP_HARDENING_MODE_DEBUG -swift-version 5 -I /Users/admin/builder/spi-builder-workspace/.derivedData/Build/Products/Debug-watchos -Isystem /Applications/Xcode-27.0.0-Release.Candidate.app/Contents/Developer/Platforms/WatchOS.platform/Developer/usr/lib -F /Users/admin/builder/spi-builder-workspace/.derivedData/Build/Products/Debug-watchos/PackageFrameworks -F /Users/admin/builder/spi-builder-workspace/.derivedData/Build/Products/Debug-watchos -F /Applications/Xcode-27.0.0-Release.Candidate.app/Contents/Developer/Platforms/WatchOS.platform/Developer/Library/Frameworks -F /Applications/Xcode-27.0.0-Release.Candidate.app/Contents/Developer/Platforms/WatchOS.platform/Developer/SDKs/WatchOS27.0.sdk/Developer/Library/Frameworks -c -j10 -enable-batch-mode -incremental -Xcc -ivfsstatcache -Xcc /Users/admin/builder/spi-builder-workspace/.derivedData/SDKStatCaches.noindex/watchos27.0-24R360-e829b21a6f8c9b70876ba0858053c04477534ef55a1706bf4c1112bbb242f0a2.sdkstatcache -output-file-map /Users/admin/builder/spi-builder-workspace/.derivedData/Build/Intermediates.noindex/Introspection.build/Debug-watchos/Introspection-t.build/Objects-normal/arm64_32/Introspection-OutputFileMap.json -save-temps -no-color-diagnostics -explicit-module-build -module-cache-path /Users/admin/builder/spi-builder-workspace/.derivedData/Build/Intermediates.noindex/SwiftExplicitPrecompiledModules -clang-scanner-module-cache-path /Users/admin/builder/spi-builder-workspace/.derivedData/ModuleCache.noindex -sdk-module-cache-path /Users/admin/builder/spi-builder-workspace/.derivedData/SDKExplicitPrecompiledModules -emit-dependencies -emit-module -emit-module-path /Users/admin/builder/spi-builder-workspace/.derivedData/Build/Intermediates.noindex/Introspection.build/Debug-watchos/Introspection-t.build/Objects-normal/arm64_32/Introspection.swiftmodule -serialize-diagnostics -dependency-scan-serialize-diagnostics-path /Users/admin/builder/spi-builder-workspace/.derivedData/Build/Intermediates.noindex/Introspection.build/Debug-watchos/Introspection-t.build/Objects-normal/arm64_32/Introspection-dependency-scan.dia -validate-clang-modules-once -clang-build-session-file /Users/admin/builder/spi-builder-workspace/.derivedData/ModuleCache.noindex/Session.modulevalidation -Xcc -fmodules-prune-interval\=86400 -Xcc -fmodules-prune-after\=345600 -emit-const-values -const-gather-protocols-list /Users/admin/builder/spi-builder-workspace/.derivedData/Build/Intermediates.noindex/Introspection.build/Debug-watchos/Introspection-t.build/Objects-normal/arm64_32/Introspection_const_extract_protocols.json -Xcc -I/Users/admin/builder/spi-builder-workspace/.derivedData/Build/Products/Debug-watchos/include -Xcc -I/Users/admin/builder/spi-builder-workspace/.derivedData/Build/Intermediates.noindex/Introspection.build/Debug-watchos/Introspection-t.build/DerivedSources-normal/arm64_32 -Xcc -I/Users/admin/builder/spi-builder-workspace/.derivedData/Build/Intermediates.noindex/Introspection.build/Debug-watchos/Introspection-t.build/DerivedSources/arm64_32 -Xcc -I/Users/admin/builder/spi-builder-workspace/.derivedData/Build/Intermediates.noindex/Introspection.build/Debug-watchos/Introspection-t.build/DerivedSources -Xcc -DSWIFT_PACKAGE -Xcc -DDEBUG\=1 -emit-objc-header -emit-objc-header-path /Users/admin/builder/spi-builder-workspace/.derivedData/Build/Intermediates.noindex/Introspection.build/Debug-watchos/Introspection-t.build/Objects-normal/arm64_32/Introspection-Swift.h -working-directory /Users/admin/builder/spi-builder-workspace/.swiftpm/xcode -experimental-emit-module-separately -disable-cmo
Copy /Users/admin/builder/spi-builder-workspace/.derivedData/Build/Products/Debug-watchos/Introspection.swiftmodule/arm64-apple-watchos.swiftdoc /Users/admin/builder/spi-builder-workspace/.derivedData/Build/Intermediates.noindex/Introspection.build/Debug-watchos/Introspection-t.build/Objects-normal/arm64/Introspection.swiftdoc (in target 'Introspection' from project 'Introspection')
    cd /Users/admin/builder/spi-builder-workspace
    builtin-copy -exclude .DS_Store -exclude CVS -exclude .svn -exclude .git -exclude .hg -resolve-src-symlinks -rename /Users/admin/builder/spi-builder-workspace/.derivedData/Build/Intermediates.noindex/Introspection.build/Debug-watchos/Introspection-t.build/Objects-normal/arm64/Introspection.swiftdoc /Users/admin/builder/spi-builder-workspace/.derivedData/Build/Products/Debug-watchos/Introspection.swiftmodule/arm64-apple-watchos.swiftdoc
Copy /Users/admin/builder/spi-builder-workspace/.derivedData/Build/Products/Debug-watchos/Introspection.swiftmodule/arm64-apple-watchos.abi.json /Users/admin/builder/spi-builder-workspace/.derivedData/Build/Intermediates.noindex/Introspection.build/Debug-watchos/Introspection-t.build/Objects-normal/arm64/Introspection.abi.json (in target 'Introspection' from project 'Introspection')
    cd /Users/admin/builder/spi-builder-workspace
    builtin-copy -exclude .DS_Store -exclude CVS -exclude .svn -exclude .git -exclude .hg -resolve-src-symlinks -rename /Users/admin/builder/spi-builder-workspace/.derivedData/Build/Intermediates.noindex/Introspection.build/Debug-watchos/Introspection-t.build/Objects-normal/arm64/Introspection.abi.json /Users/admin/builder/spi-builder-workspace/.derivedData/Build/Products/Debug-watchos/Introspection.swiftmodule/arm64-apple-watchos.abi.json
Copy /Users/admin/builder/spi-builder-workspace/.derivedData/Build/Products/Debug-watchos/Introspection.swiftmodule/arm64-apple-watchos.swiftmodule /Users/admin/builder/spi-builder-workspace/.derivedData/Build/Intermediates.noindex/Introspection.build/Debug-watchos/Introspection-t.build/Objects-normal/arm64/Introspection.swiftmodule (in target 'Introspection' from project 'Introspection')
    cd /Users/admin/builder/spi-builder-workspace
    builtin-copy -exclude .DS_Store -exclude CVS -exclude .svn -exclude .git -exclude .hg -resolve-src-symlinks -rename /Users/admin/builder/spi-builder-workspace/.derivedData/Build/Intermediates.noindex/Introspection.build/Debug-watchos/Introspection-t.build/Objects-normal/arm64/Introspection.swiftmodule /Users/admin/builder/spi-builder-workspace/.derivedData/Build/Products/Debug-watchos/Introspection.swiftmodule/arm64-apple-watchos.swiftmodule
Copy /Users/admin/builder/spi-builder-workspace/.derivedData/Build/Products/Debug-watchos/Introspection.swiftmodule/Project/arm64-apple-watchos.swiftsourceinfo /Users/admin/builder/spi-builder-workspace/.derivedData/Build/Intermediates.noindex/Introspection.build/Debug-watchos/Introspection-t.build/Objects-normal/arm64/Introspection.swiftsourceinfo (in target 'Introspection' from project 'Introspection')
    cd /Users/admin/builder/spi-builder-workspace
    builtin-copy -exclude .DS_Store -exclude CVS -exclude .svn -exclude .git -exclude .hg -resolve-src-symlinks -rename /Users/admin/builder/spi-builder-workspace/.derivedData/Build/Intermediates.noindex/Introspection.build/Debug-watchos/Introspection-t.build/Objects-normal/arm64/Introspection.swiftsourceinfo /Users/admin/builder/spi-builder-workspace/.derivedData/Build/Products/Debug-watchos/Introspection.swiftmodule/Project/arm64-apple-watchos.swiftsourceinfo
SwiftMergeGeneratedHeaders /Users/admin/builder/spi-builder-workspace/.derivedData/Build/Intermediates.noindex/GeneratedModuleMaps-watchos/Introspection-Swift.h /Users/admin/builder/spi-builder-workspace/.derivedData/Build/Intermediates.noindex/Introspection.build/Debug-watchos/Introspection-t.build/Objects-normal/arm64/Introspection-Swift.h /Users/admin/builder/spi-builder-workspace/.derivedData/Build/Intermediates.noindex/Introspection.build/Debug-watchos/Introspection-t.build/Objects-normal/arm64_32/Introspection-Swift.h (in target 'Introspection' from project 'Introspection')
    cd /Users/admin/builder/spi-builder-workspace
    builtin-swiftHeaderTool -arch arm64 /Users/admin/builder/spi-builder-workspace/.derivedData/Build/Intermediates.noindex/Introspection.build/Debug-watchos/Introspection-t.build/Objects-normal/arm64/Introspection-Swift.h -arch arm64_32 /Users/admin/builder/spi-builder-workspace/.derivedData/Build/Intermediates.noindex/Introspection.build/Debug-watchos/Introspection-t.build/Objects-normal/arm64_32/Introspection-Swift.h -o /Users/admin/builder/spi-builder-workspace/.derivedData/Build/Intermediates.noindex/GeneratedModuleMaps-watchos/Introspection-Swift.h
Copy /Users/admin/builder/spi-builder-workspace/.derivedData/Build/Products/Debug-watchos/Introspection.swiftmodule/arm64_32-apple-watchos.swiftdoc /Users/admin/builder/spi-builder-workspace/.derivedData/Build/Intermediates.noindex/Introspection.build/Debug-watchos/Introspection-t.build/Objects-normal/arm64_32/Introspection.swiftdoc (in target 'Introspection' from project 'Introspection')
    cd /Users/admin/builder/spi-builder-workspace
    builtin-copy -exclude .DS_Store -exclude CVS -exclude .svn -exclude .git -exclude .hg -resolve-src-symlinks -rename /Users/admin/builder/spi-builder-workspace/.derivedData/Build/Intermediates.noindex/Introspection.build/Debug-watchos/Introspection-t.build/Objects-normal/arm64_32/Introspection.swiftdoc /Users/admin/builder/spi-builder-workspace/.derivedData/Build/Products/Debug-watchos/Introspection.swiftmodule/arm64_32-apple-watchos.swiftdoc
Copy /Users/admin/builder/spi-builder-workspace/.derivedData/Build/Products/Debug-watchos/Introspection.swiftmodule/arm64_32-apple-watchos.abi.json /Users/admin/builder/spi-builder-workspace/.derivedData/Build/Intermediates.noindex/Introspection.build/Debug-watchos/Introspection-t.build/Objects-normal/arm64_32/Introspection.abi.json (in target 'Introspection' from project 'Introspection')
    cd /Users/admin/builder/spi-builder-workspace
    builtin-copy -exclude .DS_Store -exclude CVS -exclude .svn -exclude .git -exclude .hg -resolve-src-symlinks -rename /Users/admin/builder/spi-builder-workspace/.derivedData/Build/Intermediates.noindex/Introspection.build/Debug-watchos/Introspection-t.build/Objects-normal/arm64_32/Introspection.abi.json /Users/admin/builder/spi-builder-workspace/.derivedData/Build/Products/Debug-watchos/Introspection.swiftmodule/arm64_32-apple-watchos.abi.json
Copy /Users/admin/builder/spi-builder-workspace/.derivedData/Build/Products/Debug-watchos/Introspection.swiftmodule/arm64_32-apple-watchos.swiftmodule /Users/admin/builder/spi-builder-workspace/.derivedData/Build/Intermediates.noindex/Introspection.build/Debug-watchos/Introspection-t.build/Objects-normal/arm64_32/Introspection.swiftmodule (in target 'Introspection' from project 'Introspection')
    cd /Users/admin/builder/spi-builder-workspace
    builtin-copy -exclude .DS_Store -exclude CVS -exclude .svn -exclude .git -exclude .hg -resolve-src-symlinks -rename /Users/admin/builder/spi-builder-workspace/.derivedData/Build/Intermediates.noindex/Introspection.build/Debug-watchos/Introspection-t.build/Objects-normal/arm64_32/Introspection.swiftmodule /Users/admin/builder/spi-builder-workspace/.derivedData/Build/Products/Debug-watchos/Introspection.swiftmodule/arm64_32-apple-watchos.swiftmodule
Copy /Users/admin/builder/spi-builder-workspace/.derivedData/Build/Products/Debug-watchos/Introspection.swiftmodule/Project/arm64_32-apple-watchos.swiftsourceinfo /Users/admin/builder/spi-builder-workspace/.derivedData/Build/Intermediates.noindex/Introspection.build/Debug-watchos/Introspection-t.build/Objects-normal/arm64_32/Introspection.swiftsourceinfo (in target 'Introspection' from project 'Introspection')
    cd /Users/admin/builder/spi-builder-workspace
    builtin-copy -exclude .DS_Store -exclude CVS -exclude .svn -exclude .git -exclude .hg -resolve-src-symlinks -rename /Users/admin/builder/spi-builder-workspace/.derivedData/Build/Intermediates.noindex/Introspection.build/Debug-watchos/Introspection-t.build/Objects-normal/arm64_32/Introspection.swiftsourceinfo /Users/admin/builder/spi-builder-workspace/.derivedData/Build/Products/Debug-watchos/Introspection.swiftmodule/Project/arm64_32-apple-watchos.swiftsourceinfo
PruneExplicitPrecompiledModules /Users/admin/builder/spi-builder-workspace/.derivedData/Build/Intermediates.noindex/ExplicitPrecompiledModules
PruneExplicitPrecompiledModules /Users/admin/builder/spi-builder-workspace/.derivedData/Build/Intermediates.noindex/SwiftExplicitPrecompiledModules
PruneExplicitPrecompiledModules /Users/admin/builder/spi-builder-workspace/.derivedData/SDKExplicitPrecompiledModules
2026-09-23 18:49:08.359 xcodebuild[907:5309] [MT] IDERunDestination: Supported platforms for the buildables in the current scheme is empty.
** BUILD FAILED **
The following build commands failed:
	SwiftCompile normal arm64_32 /Users/admin/builder/spi-builder-workspace/Sources/Introspection/Device\ Info.swift (in target 'Introspection' from project 'Introspection')
	SwiftCompile normal arm64_32 Compiling\ Device\ Info.swift /Users/admin/builder/spi-builder-workspace/Sources/Introspection/Device\ Info.swift (in target 'Introspection' from project 'Introspection')
	SwiftCompile normal arm64 /Users/admin/builder/spi-builder-workspace/Sources/Introspection/Device\ Info.swift (in target 'Introspection' from project 'Introspection')
	SwiftCompile normal arm64 Compiling\ Device\ Info.swift /Users/admin/builder/spi-builder-workspace/Sources/Introspection/Device\ Info.swift (in target 'Introspection' from project 'Introspection')
	Building workspace Introspection with scheme Introspection
(5 failures)
Command line invocation:
    /Applications/Xcode-27.0.0-Release.Candidate.app/Contents/Developer/usr/bin/xcodebuild -IDEClonedSourcePackagesDirPathOverride=/Users/admin/builder/spi-builder-workspace/.dependencies -resolvePackageDependencies
Resolve Package Graph
Resolved source packages:
  Introspection: /Users/admin/builder/spi-builder-workspace
  FunctionTools: https://github.com/RougeWare/Swift-Function-Tools.git @ 2.0.1
  CollectionTools: https://github.com/RougeWare/Swift-Collection-Tools.git @ 3.2.1
  StringIntegerAccess: https://github.com/RougeWare/Swift-String-Integer-Access.git @ 2.1.0
  RangeTools: https://github.com/RougeWare/Swift-Range-Tools.git @ 1.2.1
  SafeCollectionAccess: https://github.com/RougeWare/Swift-Safe-Collection-Access.git @ 2.3.0
  SpecialString: https://github.com/RougeWare/Swift-Special-String.git @ 1.2.0
  SemVer: https://github.com/RougeWare/Swift-SemVer.git @ 3.0.0-Beta.5
resolved source packages: Introspection, FunctionTools, CollectionTools, StringIntegerAccess, RangeTools, SafeCollectionAccess, SpecialString, SemVer
2026-09-23 18:49:18.077 xcodebuild[1224:7070] [MT] IDERunDestination: Supported platforms for the buildables in the current scheme is empty.
{
  "dependencies" : [
    {
      "identity" : "swift-collection-tools",
      "requirement" : {
        "range" : [
          {
            "lower_bound" : "3.2.0",
            "upper_bound" : "4.0.0"
          }
        ]
      },
      "type" : "sourceControl",
      "url" : "https://github.com/RougeWare/Swift-Collection-Tools.git"
    },
    {
      "identity" : "swift-semver",
      "requirement" : {
        "range" : [
          {
            "lower_bound" : "3.0.0-Beta.5",
            "upper_bound" : "4.0.0"
          }
        ]
      },
      "type" : "sourceControl",
      "url" : "https://github.com/RougeWare/Swift-SemVer.git"
    },
    {
      "identity" : "swift-string-integer-access",
      "requirement" : {
        "range" : [
          {
            "lower_bound" : "2.1.0",
            "upper_bound" : "3.0.0"
          }
        ]
      },
      "type" : "sourceControl",
      "url" : "https://github.com/RougeWare/Swift-String-Integer-Access.git"
    },
    {
      "identity" : "swift-special-string",
      "requirement" : {
        "range" : [
          {
            "lower_bound" : "1.1.3",
            "upper_bound" : "2.0.0"
          }
        ]
      },
      "type" : "sourceControl",
      "url" : "https://github.com/RougeWare/Swift-Special-String.git"
    }
  ],
  "manifest_display_name" : "Introspection",
  "name" : "Introspection",
  "path" : "/Users/admin/builder/spi-builder-workspace",
  "platforms" : [
    {
      "name" : "macos",
      "version" : "10.15"
    },
    {
      "name" : "ios",
      "version" : "13.0"
    },
    {
      "name" : "tvos",
      "version" : "13.0"
    },
    {
      "name" : "watchos",
      "version" : "6.0"
    }
  ],
  "products" : [
    {
      "name" : "Introspection",
      "targets" : [
        "Introspection"
      ],
      "type" : {
        "library" : [
          "automatic"
        ]
      }
    }
  ],
  "targets" : [
    {
      "c99name" : "IntrospectionTests",
      "module_type" : "SwiftTarget",
      "name" : "IntrospectionTests",
      "path" : "Tests/IntrospectionTests",
      "sources" : [
        "Bundle Reading tests.swift",
        "Device Info tests.swift"
      ],
      "target_dependencies" : [
        "Introspection"
      ],
      "type" : "test"
    },
    {
      "c99name" : "Introspection",
      "module_type" : "SwiftTarget",
      "name" : "Introspection",
      "path" : "Sources/Introspection",
      "product_dependencies" : [
        "SafeStringIntegerAccess",
        "CollectionTools",
        "SemVer",
        "SpecialString",
        "StringIntegerAccess"
      ],
      "product_memberships" : [
        "Introspection"
      ],
      "sources" : [
        "Bundle Reading.swift",
        "Device Info.swift",
        "Introspection.swift"
      ],
      "type" : "library"
    }
  ],
  "tools_version" : "5.2"
}
{
  "workspace" : {
    "name" : "Introspection",
    "schemes" : [
      "Introspection"
    ]
  }
}
2026-09-23 18:49:19.314 xcodebuild[1232:7137] [MT] IDERunDestination: Supported platforms for the buildables in the current scheme is empty.
Running build ...
env DEVELOPER_DIR=/Applications/Xcode-27.0.0-Release.Candidate.app xcrun xcodebuild -IDEClonedSourcePackagesDirPathOverride=$PWD/.dependencies -skipMacroValidation -skipPackagePluginValidation -derivedDataPath $PWD/.derivedData build -scheme Introspection -destination generic/platform=watchOS
Command line invocation:
    /Applications/Xcode-27.0.0-Release.Candidate.app/Contents/Developer/usr/bin/xcodebuild -IDEClonedSourcePackagesDirPathOverride=/Users/admin/builder/spi-builder-workspace/.dependencies -skipMacroValidation -skipPackagePluginValidation -derivedDataPath /Users/admin/builder/spi-builder-workspace/.derivedData build -scheme Introspection -destination generic/platform=watchOS
Resolve Package Graph
Resolved source packages:
  SpecialString: https://github.com/RougeWare/Swift-Special-String.git @ 1.2.0
  StringIntegerAccess: https://github.com/RougeWare/Swift-String-Integer-Access.git @ 2.1.0
  RangeTools: https://github.com/RougeWare/Swift-Range-Tools.git @ 1.2.1
  SafeCollectionAccess: https://github.com/RougeWare/Swift-Safe-Collection-Access.git @ 2.3.0
  SemVer: https://github.com/RougeWare/Swift-SemVer.git @ 3.0.0-Beta.5
  CollectionTools: https://github.com/RougeWare/Swift-Collection-Tools.git @ 3.2.1
  Introspection: /Users/admin/builder/spi-builder-workspace
  FunctionTools: https://github.com/RougeWare/Swift-Function-Tools.git @ 2.0.1
ComputePackagePrebuildTargetDependencyGraph
Prepare packages
CreateBuildRequest
SendProjectDescription
CreateBuildOperation
ComputeTargetDependencyGraph
note: Building targets in dependency order
note: Target dependency graph (18 targets)
    Target 'Introspection-product' in project 'Introspection'
        ➜ Explicit dependency on target 'Introspection' in project 'Introspection'
        ➜ Explicit dependency on target 'SafeStringIntegerAccess-product' in project 'StringIntegerAccess'
        ➜ Explicit dependency on target 'CollectionTools-product' in project 'CollectionTools'
        ➜ Explicit dependency on target 'SemVer-product' in project 'SemVer'
        ➜ Explicit dependency on target 'SpecialString-product' in project 'SpecialString'
        ➜ Explicit dependency on target 'StringIntegerAccess-product' in project 'StringIntegerAccess'
    Target 'Introspection' in project 'Introspection'
        ➜ Explicit dependency on target 'SafeStringIntegerAccess-product' in project 'StringIntegerAccess'
        ➜ Explicit dependency on target 'CollectionTools-product' in project 'CollectionTools'
        ➜ Explicit dependency on target 'SemVer-product' in project 'SemVer'
        ➜ Explicit dependency on target 'SpecialString-product' in project 'SpecialString'
        ➜ Explicit dependency on target 'StringIntegerAccess-product' in project 'StringIntegerAccess'
    Target 'StringIntegerAccess-product' in project 'StringIntegerAccess'
        ➜ Explicit dependency on target 'StringIntegerAccess' in project 'StringIntegerAccess'
        ➜ Explicit dependency on target 'RangeTools-product' in project 'RangeTools'
    Target 'SpecialString-product' in project 'SpecialString'
        ➜ Explicit dependency on target 'SpecialString' in project 'SpecialString'
    Target 'SpecialString' in project 'SpecialString' (no dependencies)
    Target 'SemVer-product' in project 'SemVer'
        ➜ Explicit dependency on target 'SemVer' in project 'SemVer'
    Target 'SemVer' in project 'SemVer' (no dependencies)
    Target 'CollectionTools-product' in project 'CollectionTools'
        ➜ Explicit dependency on target 'CollectionTools' in project 'CollectionTools'
        ➜ Explicit dependency on target 'FunctionTools-product' in project 'FunctionTools'
    Target 'CollectionTools' in project 'CollectionTools'
        ➜ Explicit dependency on target 'FunctionTools-product' in project 'FunctionTools'
    Target 'FunctionTools-product' in project 'FunctionTools'
        ➜ Explicit dependency on target 'FunctionTools' in project 'FunctionTools'
    Target 'FunctionTools' in project 'FunctionTools' (no dependencies)
    Target 'SafeStringIntegerAccess-product' in project 'StringIntegerAccess'
        ➜ Explicit dependency on target 'SafeStringIntegerAccess' in project 'StringIntegerAccess'
        ➜ Explicit dependency on target 'StringIntegerAccess' in project 'StringIntegerAccess'
        ➜ Explicit dependency on target 'RangeTools-product' in project 'RangeTools'
        ➜ Explicit dependency on target 'SafeCollectionAccess-product' in project 'SafeCollectionAccess'
    Target 'SafeStringIntegerAccess' in project 'StringIntegerAccess'
        ➜ Explicit dependency on target 'StringIntegerAccess' in project 'StringIntegerAccess'
        ➜ Explicit dependency on target 'RangeTools-product' in project 'RangeTools'
        ➜ Explicit dependency on target 'SafeCollectionAccess-product' in project 'SafeCollectionAccess'
    Target 'SafeCollectionAccess-product' in project 'SafeCollectionAccess'
        ➜ Explicit dependency on target 'SafeCollectionAccess' in project 'SafeCollectionAccess'
        ➜ Explicit dependency on target 'RangeTools-product' in project 'RangeTools'
    Target 'SafeCollectionAccess' in project 'SafeCollectionAccess'
        ➜ Explicit dependency on target 'RangeTools-product' in project 'RangeTools'
    Target 'StringIntegerAccess' in project 'StringIntegerAccess'
        ➜ Explicit dependency on target 'RangeTools-product' in project 'RangeTools'
    Target 'RangeTools-product' in project 'RangeTools'
        ➜ Explicit dependency on target 'RangeTools' in project 'RangeTools'
    Target 'RangeTools' in project 'RangeTools' (no dependencies)
GatherProvisioningInputs
CreateBuildDescription
ClangStatCache /Applications/Xcode-27.0.0-Release.Candidate.app/Contents/Developer/Toolchains/XcodeDefault.xctoolchain/usr/bin/clang-stat-cache /Applications/Xcode-27.0.0-Release.Candidate.app/Contents/Developer/Platforms/WatchOS.platform/Developer/SDKs/WatchOS27.0.sdk /Users/admin/builder/spi-builder-workspace/.derivedData/SDKStatCaches.noindex/watchos27.0-24R360-e829b21a6f8c9b70876ba0858053c04477534ef55a1706bf4c1112bbb242f0a2.sdkstatcache
    cd /Users/admin/builder/spi-builder-workspace/.swiftpm/xcode
    /Applications/Xcode-27.0.0-Release.Candidate.app/Contents/Developer/Toolchains/XcodeDefault.xctoolchain/usr/bin/clang-stat-cache /Applications/Xcode-27.0.0-Release.Candidate.app/Contents/Developer/Platforms/WatchOS.platform/Developer/SDKs/WatchOS27.0.sdk -o /Users/admin/builder/spi-builder-workspace/.derivedData/SDKStatCaches.noindex/watchos27.0-24R360-e829b21a6f8c9b70876ba0858053c04477534ef55a1706bf4c1112bbb242f0a2.sdkstatcache
SwiftDriver Introspection normal arm64_32 com.apple.xcode.tools.swift.compiler (in target 'Introspection' from project 'Introspection')
    cd /Users/admin/builder/spi-builder-workspace/.swiftpm/xcode
    builtin-SwiftDriver -- /Applications/Xcode-27.0.0-Release.Candidate.app/Contents/Developer/Toolchains/XcodeDefault.xctoolchain/usr/bin/swiftc -parse-as-library -module-name Introspection -Onone @/Users/admin/builder/spi-builder-workspace/.derivedData/Build/Intermediates.noindex/Introspection.build/Debug-watchos/Introspection-t.build/Objects-normal/arm64_32/Introspection.SwiftFileList -DSWIFT_PACKAGE -DDEBUG -DSWIFT_MODULE_RESOURCE_BUNDLE_UNAVAILABLE -DXcode -plugin-path /Applications/Xcode-27.0.0-Release.Candidate.app/Contents/Developer/Toolchains/XcodeDefault.xctoolchain/usr/lib/swift/host/plugins/testing -enable-experimental-feature DebugDescriptionMacro -sdk /Applications/Xcode-27.0.0-Release.Candidate.app/Contents/Developer/Platforms/WatchOS.platform/Developer/SDKs/WatchOS27.0.sdk -target arm64_32-apple-watchos9.0 -g -module-cache-path /Users/admin/builder/spi-builder-workspace/.derivedData/ModuleCache.noindex -Xfrontend -serialize-debugging-options -profile-coverage-mapping -profile-generate -enable-testing -index-store-path /Users/admin/builder/spi-builder-workspace/.derivedData/Index.noindex/DataStore -Xcc -D_LIBCPP_HARDENING_MODE\=_LIBCPP_HARDENING_MODE_DEBUG -swift-version 5 -I /Users/admin/builder/spi-builder-workspace/.derivedData/Build/Products/Debug-watchos -Isystem /Applications/Xcode-27.0.0-Release.Candidate.app/Contents/Developer/Platforms/WatchOS.platform/Developer/usr/lib -F /Users/admin/builder/spi-builder-workspace/.derivedData/Build/Products/Debug-watchos/PackageFrameworks -F /Users/admin/builder/spi-builder-workspace/.derivedData/Build/Products/Debug-watchos -F /Applications/Xcode-27.0.0-Release.Candidate.app/Contents/Developer/Platforms/WatchOS.platform/Developer/Library/Frameworks -F /Applications/Xcode-27.0.0-Release.Candidate.app/Contents/Developer/Platforms/WatchOS.platform/Developer/SDKs/WatchOS27.0.sdk/Developer/Library/Frameworks -c -j10 -enable-batch-mode -incremental -Xcc -ivfsstatcache -Xcc /Users/admin/builder/spi-builder-workspace/.derivedData/SDKStatCaches.noindex/watchos27.0-24R360-e829b21a6f8c9b70876ba0858053c04477534ef55a1706bf4c1112bbb242f0a2.sdkstatcache -output-file-map /Users/admin/builder/spi-builder-workspace/.derivedData/Build/Intermediates.noindex/Introspection.build/Debug-watchos/Introspection-t.build/Objects-normal/arm64_32/Introspection-OutputFileMap.json -save-temps -no-color-diagnostics -explicit-module-build -module-cache-path /Users/admin/builder/spi-builder-workspace/.derivedData/Build/Intermediates.noindex/SwiftExplicitPrecompiledModules -clang-scanner-module-cache-path /Users/admin/builder/spi-builder-workspace/.derivedData/ModuleCache.noindex -sdk-module-cache-path /Users/admin/builder/spi-builder-workspace/.derivedData/SDKExplicitPrecompiledModules -emit-dependencies -emit-module -emit-module-path /Users/admin/builder/spi-builder-workspace/.derivedData/Build/Intermediates.noindex/Introspection.build/Debug-watchos/Introspection-t.build/Objects-normal/arm64_32/Introspection.swiftmodule -serialize-diagnostics -dependency-scan-serialize-diagnostics-path /Users/admin/builder/spi-builder-workspace/.derivedData/Build/Intermediates.noindex/Introspection.build/Debug-watchos/Introspection-t.build/Objects-normal/arm64_32/Introspection-dependency-scan.dia -validate-clang-modules-once -clang-build-session-file /Users/admin/builder/spi-builder-workspace/.derivedData/ModuleCache.noindex/Session.modulevalidation -Xcc -fmodules-prune-interval\=86400 -Xcc -fmodules-prune-after\=345600 -emit-const-values -const-gather-protocols-list /Users/admin/builder/spi-builder-workspace/.derivedData/Build/Intermediates.noindex/Introspection.build/Debug-watchos/Introspection-t.build/Objects-normal/arm64_32/Introspection_const_extract_protocols.json -Xcc -I/Users/admin/builder/spi-builder-workspace/.derivedData/Build/Products/Debug-watchos/include -Xcc -I/Users/admin/builder/spi-builder-workspace/.derivedData/Build/Intermediates.noindex/Introspection.build/Debug-watchos/Introspection-t.build/DerivedSources-normal/arm64_32 -Xcc -I/Users/admin/builder/spi-builder-workspace/.derivedData/Build/Intermediates.noindex/Introspection.build/Debug-watchos/Introspection-t.build/DerivedSources/arm64_32 -Xcc -I/Users/admin/builder/spi-builder-workspace/.derivedData/Build/Intermediates.noindex/Introspection.build/Debug-watchos/Introspection-t.build/DerivedSources -Xcc -DSWIFT_PACKAGE -Xcc -DDEBUG\=1 -emit-objc-header -emit-objc-header-path /Users/admin/builder/spi-builder-workspace/.derivedData/Build/Intermediates.noindex/Introspection.build/Debug-watchos/Introspection-t.build/Objects-normal/arm64_32/Introspection-Swift.h -working-directory /Users/admin/builder/spi-builder-workspace/.swiftpm/xcode -experimental-emit-module-separately -disable-cmo
SwiftDriver Introspection normal arm64 com.apple.xcode.tools.swift.compiler (in target 'Introspection' from project 'Introspection')
    cd /Users/admin/builder/spi-builder-workspace/.swiftpm/xcode
    builtin-SwiftDriver -- /Applications/Xcode-27.0.0-Release.Candidate.app/Contents/Developer/Toolchains/XcodeDefault.xctoolchain/usr/bin/swiftc -parse-as-library -module-name Introspection -Onone @/Users/admin/builder/spi-builder-workspace/.derivedData/Build/Intermediates.noindex/Introspection.build/Debug-watchos/Introspection-t.build/Objects-normal/arm64/Introspection.SwiftFileList -DSWIFT_PACKAGE -DDEBUG -DSWIFT_MODULE_RESOURCE_BUNDLE_UNAVAILABLE -DXcode -plugin-path /Applications/Xcode-27.0.0-Release.Candidate.app/Contents/Developer/Toolchains/XcodeDefault.xctoolchain/usr/lib/swift/host/plugins/testing -enable-experimental-feature DebugDescriptionMacro -sdk /Applications/Xcode-27.0.0-Release.Candidate.app/Contents/Developer/Platforms/WatchOS.platform/Developer/SDKs/WatchOS27.0.sdk -target arm64-apple-watchos9.0 -g -module-cache-path /Users/admin/builder/spi-builder-workspace/.derivedData/ModuleCache.noindex -Xfrontend -serialize-debugging-options -profile-coverage-mapping -profile-generate -enable-testing -index-store-path /Users/admin/builder/spi-builder-workspace/.derivedData/Index.noindex/DataStore -Xcc -D_LIBCPP_HARDENING_MODE\=_LIBCPP_HARDENING_MODE_DEBUG -swift-version 5 -I /Users/admin/builder/spi-builder-workspace/.derivedData/Build/Products/Debug-watchos -Isystem /Applications/Xcode-27.0.0-Release.Candidate.app/Contents/Developer/Platforms/WatchOS.platform/Developer/usr/lib -F /Users/admin/builder/spi-builder-workspace/.derivedData/Build/Products/Debug-watchos/PackageFrameworks -F /Users/admin/builder/spi-builder-workspace/.derivedData/Build/Products/Debug-watchos -F /Applications/Xcode-27.0.0-Release.Candidate.app/Contents/Developer/Platforms/WatchOS.platform/Developer/Library/Frameworks -F /Applications/Xcode-27.0.0-Release.Candidate.app/Contents/Developer/Platforms/WatchOS.platform/Developer/SDKs/WatchOS27.0.sdk/Developer/Library/Frameworks -c -j10 -enable-batch-mode -incremental -Xcc -ivfsstatcache -Xcc /Users/admin/builder/spi-builder-workspace/.derivedData/SDKStatCaches.noindex/watchos27.0-24R360-e829b21a6f8c9b70876ba0858053c04477534ef55a1706bf4c1112bbb242f0a2.sdkstatcache -output-file-map /Users/admin/builder/spi-builder-workspace/.derivedData/Build/Intermediates.noindex/Introspection.build/Debug-watchos/Introspection-t.build/Objects-normal/arm64/Introspection-OutputFileMap.json -save-temps -no-color-diagnostics -explicit-module-build -module-cache-path /Users/admin/builder/spi-builder-workspace/.derivedData/Build/Intermediates.noindex/SwiftExplicitPrecompiledModules -clang-scanner-module-cache-path /Users/admin/builder/spi-builder-workspace/.derivedData/ModuleCache.noindex -sdk-module-cache-path /Users/admin/builder/spi-builder-workspace/.derivedData/SDKExplicitPrecompiledModules -emit-dependencies -emit-module -emit-module-path /Users/admin/builder/spi-builder-workspace/.derivedData/Build/Intermediates.noindex/Introspection.build/Debug-watchos/Introspection-t.build/Objects-normal/arm64/Introspection.swiftmodule -serialize-diagnostics -dependency-scan-serialize-diagnostics-path /Users/admin/builder/spi-builder-workspace/.derivedData/Build/Intermediates.noindex/Introspection.build/Debug-watchos/Introspection-t.build/Objects-normal/arm64/Introspection-dependency-scan.dia -validate-clang-modules-once -clang-build-session-file /Users/admin/builder/spi-builder-workspace/.derivedData/ModuleCache.noindex/Session.modulevalidation -Xcc -fmodules-prune-interval\=86400 -Xcc -fmodules-prune-after\=345600 -emit-const-values -const-gather-protocols-list /Users/admin/builder/spi-builder-workspace/.derivedData/Build/Intermediates.noindex/Introspection.build/Debug-watchos/Introspection-t.build/Objects-normal/arm64/Introspection_const_extract_protocols.json -Xcc -I/Users/admin/builder/spi-builder-workspace/.derivedData/Build/Products/Debug-watchos/include -Xcc -I/Users/admin/builder/spi-builder-workspace/.derivedData/Build/Intermediates.noindex/Introspection.build/Debug-watchos/Introspection-t.build/DerivedSources-normal/arm64 -Xcc -I/Users/admin/builder/spi-builder-workspace/.derivedData/Build/Intermediates.noindex/Introspection.build/Debug-watchos/Introspection-t.build/DerivedSources/arm64 -Xcc -I/Users/admin/builder/spi-builder-workspace/.derivedData/Build/Intermediates.noindex/Introspection.build/Debug-watchos/Introspection-t.build/DerivedSources -Xcc -DSWIFT_PACKAGE -Xcc -DDEBUG\=1 -emit-objc-header -emit-objc-header-path /Users/admin/builder/spi-builder-workspace/.derivedData/Build/Intermediates.noindex/Introspection.build/Debug-watchos/Introspection-t.build/Objects-normal/arm64/Introspection-Swift.h -working-directory /Users/admin/builder/spi-builder-workspace/.swiftpm/xcode -experimental-emit-module-separately -disable-cmo
SwiftEmitModule normal arm64 Emitting\ module\ for\ Introspection (in target 'Introspection' from project 'Introspection')
SwiftCompile normal arm64 (in target 'Introspection' from project 'Introspection')
    cd /Users/admin/builder/spi-builder-workspace/.swiftpm/xcode

/Users/admin/builder/spi-builder-workspace/Sources/Introspection/Device Info.swift:142:5: warning: 'public' modifier is redundant for struct declared in a public extension
140 |
141 |     /// Models the components of a hardware model identifier. So `"MacBookAir9,1"` would split into `{type: "MacBookAir", version: {full: "9,1", major: 9, minor: 1}}`
142 |     public struct HardwareModelIdentifier: Hashable {
    |     `- warning: 'public' modifier is redundant for struct declared in a public extension
143 |
144 |         /// The "type" portion of the hardware model identifier, like `"MacBookAir"` or `"iPhone"`
SwiftEmitModule normal arm64_32 Emitting\ module\ for\ Introspection (in target 'Introspection' from project 'Introspection')
/Users/admin/builder/spi-builder-workspace/Sources/Introspection/Device Info.swift:142:5: warning: 'public' modifier is redundant for struct declared in a public extension
140 |
141 |     /// Models the components of a hardware model identifier. So `"MacBookAir9,1"` would split into `{type: "MacBookAir", version: {full: "9,1", major: 9, minor: 1}}`
142 |     public struct HardwareModelIdentifier: Hashable {
    |     `- warning: 'public' modifier is redundant for struct declared in a public extension
143 |
144 |         /// The "type" portion of the hardware model identifier, like `"MacBookAir"` or `"iPhone"`
SwiftCompile normal arm64_32 (in target 'Introspection' from project 'Introspection')
    cd /Users/admin/builder/spi-builder-workspace/.swiftpm/xcode

SwiftCompile normal arm64_32 Compiling\ Device\ Info.swift /Users/admin/builder/spi-builder-workspace/Sources/Introspection/Device\ Info.swift (in target 'Introspection' from project 'Introspection')
SwiftCompile normal arm64_32 /Users/admin/builder/spi-builder-workspace/Sources/Introspection/Device\ Info.swift (in target 'Introspection' from project 'Introspection')
    cd /Users/admin/builder/spi-builder-workspace/.swiftpm/xcode
    builtin-SwiftPerFileCompile Device\ Info.swift
/Users/admin/builder/spi-builder-workspace/Sources/Introspection/Device Info.swift:142:5: warning: 'public' modifier is redundant for struct declared in a public extension
140 |
141 |     /// Models the components of a hardware model identifier. So `"MacBookAir9,1"` would split into `{type: "MacBookAir", version: {full: "9,1", major: 9, minor: 1}}`
142 |     public struct HardwareModelIdentifier: Hashable {
    |     `- warning: 'public' modifier is redundant for struct declared in a public extension
143 |
144 |         /// The "type" portion of the hardware model identifier, like `"MacBookAir"` or `"iPhone"`
/Users/admin/builder/spi-builder-workspace/Sources/Introspection/Device Info.swift:102:5: error: missing return in getter expected to return 'String?'
100 |         UIDevice.current.modelName
101 |         #endif
102 |     }
    |     `- error: missing return in getter expected to return 'String?'
103 |
104 |
Failed frontend command:
/Applications/Xcode-27.0.0-Release.Candidate.app/Contents/Developer/Toolchains/XcodeDefault.xctoolchain/usr/bin/swift-frontend -frontend -c /Users/admin/builder/spi-builder-workspace/Sources/Introspection/Bundle\ Reading.swift -primary-file /Users/admin/builder/spi-builder-workspace/Sources/Introspection/Device\ Info.swift /Users/admin/builder/spi-builder-workspace/Sources/Introspection/Introspection.swift -emit-dependencies-path /Users/admin/builder/spi-builder-workspace/.derivedData/Build/Intermediates.noindex/Introspection.build/Debug-watchos/Introspection-t.build/Objects-normal/arm64_32/Device\ Info.d -emit-const-values-path /Users/admin/builder/spi-builder-workspace/.derivedData/Build/Intermediates.noindex/Introspection.build/Debug-watchos/Introspection-t.build/Objects-normal/arm64_32/Device\ Info.swiftconstvalues -emit-reference-dependencies-path /Users/admin/builder/spi-builder-workspace/.derivedData/Build/Intermediates.noindex/Introspection.build/Debug-watchos/Introspection-t.build/Objects-normal/arm64_32/Device\ Info.swiftdeps -serialize-diagnostics-path /Users/admin/builder/spi-builder-workspace/.derivedData/Build/Intermediates.noindex/Introspection.build/Debug-watchos/Introspection-t.build/Objects-normal/arm64_32/Device\ Info.dia -target arm64_32-apple-watchos9.0 -disable-cross-import-overlay-search -load-resolved-plugin /Applications/Xcode-27.0.0-Release.Candidate.app/Contents/Developer/Platforms/WatchOS.platform/Developer/usr/lib/swift/host/plugins/libFoundationMacros.dylib\#/Applications/Xcode-27.0.0-Release.Candidate.app/Contents/Developer/Platforms/WatchOS.platform/Developer/usr/bin/swift-plugin-server\#FoundationMacros -load-resolved-plugin /Applications/Xcode-27.0.0-Release.Candidate.app/Contents/Developer/Platforms/WatchOS.platform/Developer/usr/lib/swift/host/plugins/libObservationMacros.dylib\#/Applications/Xcode-27.0.0-Release.Candidate.app/Contents/Developer/Platforms/WatchOS.platform/Developer/usr/bin/swift-plugin-server\#ObservationMacros -load-resolved-plugin /Applications/Xcode-27.0.0-Release.Candidate.app/Contents/Developer/Platforms/WatchOS.platform/Developer/usr/lib/swift/host/plugins/libSwiftMacros.dylib\#/Applications/Xcode-27.0.0-Release.Candidate.app/Contents/Developer/Platforms/WatchOS.platform/Developer/usr/bin/swift-plugin-server\#SwiftMacros -disable-implicit-swift-modules -Xcc -fno-implicit-modules -Xcc -fno-implicit-module-maps -explicit-swift-module-map-file /Users/admin/builder/spi-builder-workspace/.derivedData/Build/Intermediates.noindex/Introspection.build/Debug-watchos/Introspection-t.build/Objects-normal/arm64_32/Introspection-dependencies-1.json -enable-objc-interop -sdk /Applications/Xcode-27.0.0-Release.Candidate.app/Contents/Developer/Platforms/WatchOS.platform/Developer/SDKs/WatchOS27.0.sdk -I /Users/admin/builder/spi-builder-workspace/.derivedData/Build/Products/Debug-watchos -Isystem /Applications/Xcode-27.0.0-Release.Candidate.app/Contents/Developer/Platforms/WatchOS.platform/Developer/usr/lib -F /Users/admin/builder/spi-builder-workspace/.derivedData/Build/Products/Debug-watchos/PackageFrameworks -F /Users/admin/builder/spi-builder-workspace/.derivedData/Build/Products/Debug-watchos -F /Applications/Xcode-27.0.0-Release.Candidate.app/Contents/Developer/Platforms/WatchOS.platform/Developer/Library/Frameworks -F /Applications/Xcode-27.0.0-Release.Candidate.app/Contents/Developer/Platforms/WatchOS.platform/Developer/SDKs/WatchOS27.0.sdk/Developer/Library/Frameworks -module-cache-path /Users/admin/builder/spi-builder-workspace/.derivedData/Build/Intermediates.noindex/SwiftExplicitPrecompiledModules -no-color-diagnostics -Xcc -fno-color-diagnostics -enable-testing -g -debug-info-format\=dwarf -dwarf-version\=4 -profile-generate -profile-coverage-mapping -swift-version 5 -Onone -D SWIFT_PACKAGE -D DEBUG -D SWIFT_MODULE_RESOURCE_BUNDLE_UNAVAILABLE -D Xcode -serialize-debugging-options -enable-experimental-feature DebugDescriptionMacro -empty-abi-descriptor -validate-clang-modules-once -clang-build-session-file /Users/admin/builder/spi-builder-workspace/.derivedData/ModuleCache.noindex/Session.modulevalidation -Xcc -working-directory -Xcc /Users/admin/builder/spi-builder-workspace/.swiftpm/xcode -enable-anonymous-context-mangled-names -file-compilation-dir /Users/admin/builder/spi-builder-workspace/.swiftpm/xcode -Xcc -D_LIBCPP_HARDENING_MODE\=_LIBCPP_HARDENING_MODE_DEBUG -Xcc -ivfsstatcache -Xcc /Users/admin/builder/spi-builder-workspace/.derivedData/SDKStatCaches.noindex/watchos27.0-24R360-e829b21a6f8c9b70876ba0858053c04477534ef55a1706bf4c1112bbb242f0a2.sdkstatcache -Xcc -fmodules-prune-interval\=86400 -Xcc -fmodules-prune-after\=345600 -Xcc -I/Users/admin/builder/spi-builder-workspace/.derivedData/Build/Products/Debug-watchos/include -Xcc -I/Users/admin/builder/spi-builder-workspace/.derivedData/Build/Intermediates.noindex/Introspection.build/Debug-watchos/Introspection-t.build/DerivedSources-normal/arm64_32 -Xcc -I/Users/admin/builder/spi-builder-workspace/.derivedData/Build/Intermediates.noindex/Introspection.build/Debug-watchos/Introspection-t.build/DerivedSources/arm64_32 -Xcc -I/Users/admin/builder/spi-builder-workspace/.derivedData/Build/Intermediates.noindex/Introspection.build/Debug-watchos/Introspection-t.build/DerivedSources -Xcc -DSWIFT_PACKAGE -Xcc -DDEBUG\=1 -no-auto-bridging-header-chaining -module-name Introspection -const-gather-protocols-file /Users/admin/builder/spi-builder-workspace/.derivedData/Build/Intermediates.noindex/Introspection.build/Debug-watchos/Introspection-t.build/Objects-normal/arm64_32/Introspection_const_extract_protocols.json -disable-clang-spi -clang-target arm64_32-apple-watchos27.0 -target-sdk-version 27.0 -target-sdk-name watchos27.0 -in-process-plugin-server-path /Applications/Xcode-27.0.0-Release.Candidate.app/Contents/Developer/Toolchains/XcodeDefault.xctoolchain/usr/lib/swift/host/libSwiftInProcPluginServer.dylib -parse-as-library -o /Users/admin/builder/spi-builder-workspace/.derivedData/Build/Intermediates.noindex/Introspection.build/Debug-watchos/Introspection-t.build/Objects-normal/arm64_32/Device\ Info.o -debug-module-path /Users/admin/builder/spi-builder-workspace/.derivedData/Build/Intermediates.noindex/Introspection.build/Debug-watchos/Introspection-t.build/Objects-normal/arm64_32/Introspection.swiftmodule -index-unit-output-path /Introspection.build/Debug-watchos/Introspection-t.build/Objects-normal/arm64_32/Device\ Info.o -index-store-path /Users/admin/builder/spi-builder-workspace/.derivedData/Index.noindex/DataStore -index-system-modules
SwiftCompile normal arm64 Compiling\ Device\ Info.swift /Users/admin/builder/spi-builder-workspace/Sources/Introspection/Device\ Info.swift (in target 'Introspection' from project 'Introspection')
SwiftCompile normal arm64 /Users/admin/builder/spi-builder-workspace/Sources/Introspection/Device\ Info.swift (in target 'Introspection' from project 'Introspection')
    cd /Users/admin/builder/spi-builder-workspace/.swiftpm/xcode
    builtin-SwiftPerFileCompile Device\ Info.swift
/Users/admin/builder/spi-builder-workspace/Sources/Introspection/Device Info.swift:142:5: warning: 'public' modifier is redundant for struct declared in a public extension
140 |
141 |     /// Models the components of a hardware model identifier. So `"MacBookAir9,1"` would split into `{type: "MacBookAir", version: {full: "9,1", major: 9, minor: 1}}`
142 |     public struct HardwareModelIdentifier: Hashable {
    |     `- warning: 'public' modifier is redundant for struct declared in a public extension
143 |
144 |         /// The "type" portion of the hardware model identifier, like `"MacBookAir"` or `"iPhone"`
/Users/admin/builder/spi-builder-workspace/Sources/Introspection/Device Info.swift:102:5: error: missing return in getter expected to return 'String?'
100 |         UIDevice.current.modelName
101 |         #endif
102 |     }
    |     `- error: missing return in getter expected to return 'String?'
103 |
104 |
Failed frontend command:
/Applications/Xcode-27.0.0-Release.Candidate.app/Contents/Developer/Toolchains/XcodeDefault.xctoolchain/usr/bin/swift-frontend -frontend -c /Users/admin/builder/spi-builder-workspace/Sources/Introspection/Bundle\ Reading.swift -primary-file /Users/admin/builder/spi-builder-workspace/Sources/Introspection/Device\ Info.swift /Users/admin/builder/spi-builder-workspace/Sources/Introspection/Introspection.swift -emit-dependencies-path /Users/admin/builder/spi-builder-workspace/.derivedData/Build/Intermediates.noindex/Introspection.build/Debug-watchos/Introspection-t.build/Objects-normal/arm64/Device\ Info.d -emit-const-values-path /Users/admin/builder/spi-builder-workspace/.derivedData/Build/Intermediates.noindex/Introspection.build/Debug-watchos/Introspection-t.build/Objects-normal/arm64/Device\ Info.swiftconstvalues -emit-reference-dependencies-path /Users/admin/builder/spi-builder-workspace/.derivedData/Build/Intermediates.noindex/Introspection.build/Debug-watchos/Introspection-t.build/Objects-normal/arm64/Device\ Info.swiftdeps -serialize-diagnostics-path /Users/admin/builder/spi-builder-workspace/.derivedData/Build/Intermediates.noindex/Introspection.build/Debug-watchos/Introspection-t.build/Objects-normal/arm64/Device\ Info.dia -target arm64-apple-watchos9.0 -disable-cross-import-overlay-search -load-resolved-plugin /Applications/Xcode-27.0.0-Release.Candidate.app/Contents/Developer/Platforms/WatchOS.platform/Developer/usr/lib/swift/host/plugins/libFoundationMacros.dylib\#/Applications/Xcode-27.0.0-Release.Candidate.app/Contents/Developer/Platforms/WatchOS.platform/Developer/usr/bin/swift-plugin-server\#FoundationMacros -load-resolved-plugin /Applications/Xcode-27.0.0-Release.Candidate.app/Contents/Developer/Platforms/WatchOS.platform/Developer/usr/lib/swift/host/plugins/libObservationMacros.dylib\#/Applications/Xcode-27.0.0-Release.Candidate.app/Contents/Developer/Platforms/WatchOS.platform/Developer/usr/bin/swift-plugin-server\#ObservationMacros -load-resolved-plugin /Applications/Xcode-27.0.0-Release.Candidate.app/Contents/Developer/Platforms/WatchOS.platform/Developer/usr/lib/swift/host/plugins/libSwiftMacros.dylib\#/Applications/Xcode-27.0.0-Release.Candidate.app/Contents/Developer/Platforms/WatchOS.platform/Developer/usr/bin/swift-plugin-server\#SwiftMacros -disable-implicit-swift-modules -Xcc -fno-implicit-modules -Xcc -fno-implicit-module-maps -explicit-swift-module-map-file /Users/admin/builder/spi-builder-workspace/.derivedData/Build/Intermediates.noindex/Introspection.build/Debug-watchos/Introspection-t.build/Objects-normal/arm64/Introspection-dependencies-2.json -Xllvm -aarch64-use-tbi -enable-objc-interop -stack-check -sdk /Applications/Xcode-27.0.0-Release.Candidate.app/Contents/Developer/Platforms/WatchOS.platform/Developer/SDKs/WatchOS27.0.sdk -I /Users/admin/builder/spi-builder-workspace/.derivedData/Build/Products/Debug-watchos -Isystem /Applications/Xcode-27.0.0-Release.Candidate.app/Contents/Developer/Platforms/WatchOS.platform/Developer/usr/lib -F /Users/admin/builder/spi-builder-workspace/.derivedData/Build/Products/Debug-watchos/PackageFrameworks -F /Users/admin/builder/spi-builder-workspace/.derivedData/Build/Products/Debug-watchos -F /Applications/Xcode-27.0.0-Release.Candidate.app/Contents/Developer/Platforms/WatchOS.platform/Developer/Library/Frameworks -F /Applications/Xcode-27.0.0-Release.Candidate.app/Contents/Developer/Platforms/WatchOS.platform/Developer/SDKs/WatchOS27.0.sdk/Developer/Library/Frameworks -module-cache-path /Users/admin/builder/spi-builder-workspace/.derivedData/Build/Intermediates.noindex/SwiftExplicitPrecompiledModules -no-color-diagnostics -Xcc -fno-color-diagnostics -enable-testing -g -debug-info-format\=dwarf -dwarf-version\=4 -profile-generate -profile-coverage-mapping -swift-version 5 -Onone -D SWIFT_PACKAGE -D DEBUG -D SWIFT_MODULE_RESOURCE_BUNDLE_UNAVAILABLE -D Xcode -serialize-debugging-options -enable-experimental-feature DebugDescriptionMacro -empty-abi-descriptor -validate-clang-modules-once -clang-build-session-file /Users/admin/builder/spi-builder-workspace/.derivedData/ModuleCache.noindex/Session.modulevalidation -Xcc -working-directory -Xcc /Users/admin/builder/spi-builder-workspace/.swiftpm/xcode -enable-anonymous-context-mangled-names -file-compilation-dir /Users/admin/builder/spi-builder-workspace/.swiftpm/xcode -Xcc -D_LIBCPP_HARDENING_MODE\=_LIBCPP_HARDENING_MODE_DEBUG -Xcc -ivfsstatcache -Xcc /Users/admin/builder/spi-builder-workspace/.derivedData/SDKStatCaches.noindex/watchos27.0-24R360-e829b21a6f8c9b70876ba0858053c04477534ef55a1706bf4c1112bbb242f0a2.sdkstatcache -Xcc -fmodules-prune-interval\=86400 -Xcc -fmodules-prune-after\=345600 -Xcc -I/Users/admin/builder/spi-builder-workspace/.derivedData/Build/Products/Debug-watchos/include -Xcc -I/Users/admin/builder/spi-builder-workspace/.derivedData/Build/Intermediates.noindex/Introspection.build/Debug-watchos/Introspection-t.build/DerivedSources-normal/arm64 -Xcc -I/Users/admin/builder/spi-builder-workspace/.derivedData/Build/Intermediates.noindex/Introspection.build/Debug-watchos/Introspection-t.build/DerivedSources/arm64 -Xcc -I/Users/admin/builder/spi-builder-workspace/.derivedData/Build/Intermediates.noindex/Introspection.build/Debug-watchos/Introspection-t.build/DerivedSources -Xcc -DSWIFT_PACKAGE -Xcc -DDEBUG\=1 -no-auto-bridging-header-chaining -module-name Introspection -const-gather-protocols-file /Users/admin/builder/spi-builder-workspace/.derivedData/Build/Intermediates.noindex/Introspection.build/Debug-watchos/Introspection-t.build/Objects-normal/arm64/Introspection_const_extract_protocols.json -disable-clang-spi -clang-target arm64-apple-watchos27.0 -target-sdk-version 27.0 -target-sdk-name watchos27.0 -in-process-plugin-server-path /Applications/Xcode-27.0.0-Release.Candidate.app/Contents/Developer/Toolchains/XcodeDefault.xctoolchain/usr/lib/swift/host/libSwiftInProcPluginServer.dylib -parse-as-library -o /Users/admin/builder/spi-builder-workspace/.derivedData/Build/Intermediates.noindex/Introspection.build/Debug-watchos/Introspection-t.build/Objects-normal/arm64/Device\ Info.o -debug-module-path /Users/admin/builder/spi-builder-workspace/.derivedData/Build/Intermediates.noindex/Introspection.build/Debug-watchos/Introspection-t.build/Objects-normal/arm64/Introspection.swiftmodule -index-unit-output-path /Introspection.build/Debug-watchos/Introspection-t.build/Objects-normal/arm64/Device\ Info.o -index-store-path /Users/admin/builder/spi-builder-workspace/.derivedData/Index.noindex/DataStore -index-system-modules
PruneExplicitPrecompiledModules /Users/admin/builder/spi-builder-workspace/.derivedData/SDKExplicitPrecompiledModules
PruneExplicitPrecompiledModules /Users/admin/builder/spi-builder-workspace/.derivedData/Build/Intermediates.noindex/SwiftExplicitPrecompiledModules
PruneExplicitPrecompiledModules /Users/admin/builder/spi-builder-workspace/.derivedData/Build/Intermediates.noindex/ExplicitPrecompiledModules
2026-09-23 18:49:20.301 xcodebuild[1233:7162] [MT] IDERunDestination: Supported platforms for the buildables in the current scheme is empty.
** BUILD FAILED **
The following build commands failed:
	SwiftCompile normal arm64_32 /Users/admin/builder/spi-builder-workspace/Sources/Introspection/Device\ Info.swift (in target 'Introspection' from project 'Introspection')
	SwiftCompile normal arm64_32 Compiling\ Device\ Info.swift /Users/admin/builder/spi-builder-workspace/Sources/Introspection/Device\ Info.swift (in target 'Introspection' from project 'Introspection')
	SwiftCompile normal arm64 /Users/admin/builder/spi-builder-workspace/Sources/Introspection/Device\ Info.swift (in target 'Introspection' from project 'Introspection')
	SwiftCompile normal arm64 Compiling\ Device\ Info.swift /Users/admin/builder/spi-builder-workspace/Sources/Introspection/Device\ Info.swift (in target 'Introspection' from project 'Introspection')
	Building workspace Introspection with scheme Introspection
(5 failures)
BUILD FAILURE 6.4 watchOS