Build Information
Failed to build GoogleCloudManagedKafkaV1, reference 0.5.0 (440583), with Swift 6.2 for Android on 11 Oct 2026 13:35:12 UTC.
Build Command
bash -c docker run --pull=always --rm -v "checkouts-54344845-2":/host -w "$PWD" -e JAVA_HOME="/root/.sdkman/candidates/java/current" -e SPI_BUILD="1" -e SPI_PROCESSING="1" registry.gitlab.com/saguaro1/spi-images:android-6.2-latest swift build --swift-sdk aarch64-unknown-linux-android28 2>&1Build Log
========================================
RunAll
========================================
Builder version: 5.1.1
Interrupt handler set up.
========================================
Checkout
========================================
Clone URL: https://github.com/googleapis/swift-google-cloud-managedkafka-v1.git
Reference: 0.5.0
Initialized empty Git repository in /host/spi-builder-workspace/.git/
hint: Using 'master' as the name for the initial branch. This default branch name
hint: is subject to change. To configure the initial branch name to use in all
hint: of your new repositories, which will suppress this warning, call:
hint:
hint: git config --global init.defaultBranch <name>
hint:
hint: Names commonly chosen instead of 'master' are 'main', 'trunk' and
hint: 'development'. The just-created branch can be renamed via this command:
hint:
hint: git branch -m <name>
From https://github.com/googleapis/swift-google-cloud-managedkafka-v1
* tag 0.5.0 -> FETCH_HEAD
HEAD is now at 440583d chore: release circa 2026-10-07 (#1382)
Cloned https://github.com/googleapis/swift-google-cloud-managedkafka-v1.git
Revision (git rev-parse @):
440583d4967fa9f3ec9e6a038950377f7eb4e723
SPI manifest file found: $PWD/.spi.yml
SUCCESS checkout https://github.com/googleapis/swift-google-cloud-managedkafka-v1.git at 0.5.0
========================================
Build
========================================
Selected platform: android
Swift version: 6.2
Building package at path: $PWD
https://github.com/googleapis/swift-google-cloud-managedkafka-v1.git
Running build ...
bash -c docker run --pull=always --rm -v "checkouts-54344845-2":/host -w "$PWD" -e JAVA_HOME="/root/.sdkman/candidates/java/current" -e SPI_BUILD="1" -e SPI_PROCESSING="1" registry.gitlab.com/saguaro1/spi-images:android-6.2-latest swift build --swift-sdk aarch64-unknown-linux-android28 2>&1
android-6.2-latest: Pulling from saguaro1/spi-images
Digest: sha256:a839c9ce201f1dacc8eb056626ec7ab0a1c6d53d7b77c83feda395f4507c51be
Status: Image is up to date for registry.gitlab.com/saguaro1/spi-images:android-6.2-latest
Fetching https://github.com/googleapis/swift-google-gax
Fetching https://github.com/googleapis/swift-google-rpc
Fetching https://github.com/googleapis/swift-google-wkt
Fetching https://github.com/apple/swift-log
Fetching https://github.com/googleapis/swift-google-longrunning
Fetching https://github.com/googleapis/swift-google-auth
[1/422] Fetching swift-google-rpc
[255/1041] Fetching swift-google-rpc, swift-google-longrunning
[305/2064] Fetching swift-google-rpc, swift-google-longrunning, swift-google-wkt
[1431/3087] Fetching swift-google-rpc, swift-google-longrunning, swift-google-wkt, swift-google-auth
[1565/11344] Fetching swift-google-rpc, swift-google-longrunning, swift-google-wkt, swift-google-auth, swift-log
[2169/13092] Fetching swift-google-rpc, swift-google-longrunning, swift-google-wkt, swift-google-auth, swift-log, swift-google-gax
Fetched https://github.com/googleapis/swift-google-wkt from cache (0.44s)
[3015/12069] Fetching swift-google-rpc, swift-google-longrunning, swift-google-auth, swift-log, swift-google-gax
Fetching https://github.com/googleapis/swift-google-cloud-location
Fetched https://github.com/googleapis/swift-google-longrunning from cache (0.48s)
[5423/11450] Fetching swift-google-rpc, swift-google-auth, swift-log, swift-google-gax
Fetched https://github.com/googleapis/swift-google-auth from cache (0.49s)
[5226/10427] Fetching swift-google-rpc, swift-log, swift-google-gax
Fetched https://github.com/googleapis/swift-google-gax from cache (0.54s)
[7524/8679] Fetching swift-google-rpc, swift-log
Fetched https://github.com/apple/swift-log from cache (0.68s)
Fetched https://github.com/googleapis/swift-google-rpc from cache (0.68s)
[1/552] Fetching swift-google-cloud-location
Fetched https://github.com/googleapis/swift-google-cloud-location from cache (0.40s)
Computing version for https://github.com/googleapis/swift-google-wkt
Computed https://github.com/googleapis/swift-google-wkt at 0.5.0 (1.14s)
Fetching https://github.com/swift-extras/swift-extras-base64
[1/954] Fetching swift-extras-base64
Fetched https://github.com/swift-extras/swift-extras-base64 from cache (0.42s)
Computing version for https://github.com/googleapis/swift-google-rpc
Computed https://github.com/googleapis/swift-google-rpc at 0.5.0 (0.73s)
Computing version for https://github.com/googleapis/swift-google-longrunning
Computed https://github.com/googleapis/swift-google-longrunning at 0.5.0 (0.27s)
Computing version for https://github.com/googleapis/swift-google-gax
Computed https://github.com/googleapis/swift-google-gax at 0.5.0 (0.33s)
Fetching https://github.com/swift-server/async-http-client.git
[1/16464] Fetching async-http-client
Fetching https://github.com/apple/swift-nio
Fetched https://github.com/swift-server/async-http-client.git from cache (1.22s)
[1/86374] Fetching swift-nio
Fetched https://github.com/apple/swift-nio from cache (3.54s)
Computing version for https://github.com/googleapis/swift-google-cloud-location
Computed https://github.com/googleapis/swift-google-cloud-location at 0.5.0 (4.92s)
Computing version for https://github.com/googleapis/swift-google-auth
Computed https://github.com/googleapis/swift-google-auth at 0.5.0 (0.15s)
Fetching https://github.com/vapor/jwt-kit.git
Fetching https://github.com/apple/swift-system.git
[1/10254] Fetching jwt-kit
[719/17495] Fetching jwt-kit, swift-system
Fetched https://github.com/apple/swift-system.git from cache (1.02s)
Fetched https://github.com/vapor/jwt-kit.git from cache (1.02s)
Computing version for https://github.com/swift-extras/swift-extras-base64
Computed https://github.com/swift-extras/swift-extras-base64 at 1.2.0 (1.17s)
Computing version for https://github.com/swift-server/async-http-client.git
Computed https://github.com/swift-server/async-http-client.git at 1.36.2 (0.18s)
Fetching https://github.com/apple/swift-nio-transport-services.git
Fetching https://github.com/apple/swift-nio-extras.git
Fetching https://github.com/apple/swift-atomics.git
Fetching https://github.com/apple/swift-algorithms.git
Fetching https://github.com/apple/swift-distributed-tracing.git
Fetching https://github.com/apple/swift-service-context.git
[1/1500] Fetching swift-service-context
[541/3389] Fetching swift-service-context, swift-atomics
[1250/9553] Fetching swift-service-context, swift-atomics, swift-algorithms
[1477/12420] Fetching swift-service-context, swift-atomics, swift-algorithms, swift-nio-transport-services
[1820/19123] Fetching swift-service-context, swift-atomics, swift-algorithms, swift-nio-transport-services, swift-nio-extras
[2347/25674] Fetching swift-service-context, swift-atomics, swift-algorithms, swift-nio-transport-services, swift-nio-extras, swift-distributed-tracing
Fetched https://github.com/apple/swift-atomics.git from cache (0.49s)
[22279/23785] Fetching swift-service-context, swift-algorithms, swift-nio-transport-services, swift-nio-extras, swift-distributed-tracing
Fetching https://github.com/apple/swift-nio-http2.git
Fetched https://github.com/apple/swift-service-context.git from cache (0.55s)
Fetched https://github.com/apple/swift-nio-transport-services.git from cache (0.55s)
Fetched https://github.com/apple/swift-nio-extras.git from cache (0.55s)
Fetched https://github.com/apple/swift-algorithms.git from cache (0.55s)
Fetched https://github.com/apple/swift-distributed-tracing.git from cache (0.55s)
Fetching https://github.com/apple/swift-configuration.git
Fetching https://github.com/apple/swift-nio-ssl.git
[1/3928] Fetching swift-configuration
[983/20799] Fetching swift-configuration, swift-nio-ssl
[2084/33093] Fetching swift-configuration, swift-nio-ssl, swift-nio-http2
Fetched https://github.com/apple/swift-configuration.git from cache (0.47s)
[2812/29165] Fetching swift-nio-ssl, swift-nio-http2
Fetched https://github.com/apple/swift-nio-http2.git from cache (0.92s)
Fetched https://github.com/apple/swift-nio-ssl.git from cache (1.18s)
Computing version for https://github.com/apple/swift-service-context.git
Computed https://github.com/apple/swift-service-context.git at 1.3.0 (1.88s)
Computing version for https://github.com/apple/swift-algorithms.git
Computed https://github.com/apple/swift-algorithms.git at 1.2.1 (1.33s)
Fetching https://github.com/apple/swift-numerics.git
[1/6733] Fetching swift-numerics
Fetched https://github.com/apple/swift-numerics.git from cache (0.54s)
Computing version for https://github.com/apple/swift-log
Computed https://github.com/apple/swift-log at 1.16.1 (0.71s)
Computing version for https://github.com/apple/swift-distributed-tracing.git
Computed https://github.com/apple/swift-distributed-tracing.git at 1.5.0 (0.15s)
Computing version for https://github.com/apple/swift-atomics.git
Computed https://github.com/apple/swift-atomics.git at 1.3.1 (0.15s)
Computing version for https://github.com/apple/swift-numerics.git
Computed https://github.com/apple/swift-numerics.git at 1.1.1 (0.14s)
Computing version for https://github.com/apple/swift-nio
Computed https://github.com/apple/swift-nio at 2.104.0 (0.34s)
Fetching https://github.com/apple/swift-collections.git
[1/28703] Fetching swift-collections
Fetched https://github.com/apple/swift-collections.git from cache (1.17s)
Computing version for https://github.com/apple/swift-configuration.git
Computed https://github.com/apple/swift-configuration.git at 1.2.2 (1.98s)
Fetching https://github.com/swift-server/swift-service-lifecycle
[1/2867] Fetching swift-service-lifecycle
Fetched https://github.com/swift-server/swift-service-lifecycle from cache (0.49s)
Computing version for https://github.com/apple/swift-nio-transport-services.git
Computed https://github.com/apple/swift-nio-transport-services.git at 1.28.0 (0.65s)
Computing version for https://github.com/swift-server/swift-service-lifecycle
Computed https://github.com/swift-server/swift-service-lifecycle at 2.12.1 (0.14s)
Fetching https://github.com/apple/swift-async-algorithms.git
[1/6820] Fetching swift-async-algorithms
Fetched https://github.com/apple/swift-async-algorithms.git from cache (0.53s)
Computing version for https://github.com/apple/swift-async-algorithms.git
Computed https://github.com/apple/swift-async-algorithms.git at 1.1.7 (0.74s)
Computing version for https://github.com/apple/swift-collections.git
Computed https://github.com/apple/swift-collections.git at 1.7.2 (0.24s)
Computing version for https://github.com/apple/swift-nio-http2.git
Computed https://github.com/apple/swift-nio-http2.git at 1.46.0 (0.16s)
Computing version for https://github.com/vapor/jwt-kit.git
Computed https://github.com/vapor/jwt-kit.git at 5.7.1 (0.14s)
Fetching https://github.com/apple/swift-certificates.git
Fetching https://github.com/apple/swift-crypto.git
[1/18629] Fetching swift-crypto
[374/26238] Fetching swift-crypto, swift-certificates
Fetched https://github.com/apple/swift-certificates.git from cache (1.16s)
Fetched https://github.com/apple/swift-crypto.git from cache (1.18s)
Computing version for https://github.com/apple/swift-crypto.git
Computed https://github.com/apple/swift-crypto.git at 4.5.2 (1.79s)
Fetching https://github.com/apple/swift-asn1.git
[1/2009] Fetching swift-asn1
Fetched https://github.com/apple/swift-asn1.git from cache (0.40s)
Computing version for https://github.com/apple/swift-asn1.git
Computed https://github.com/apple/swift-asn1.git at 1.7.3 (0.59s)
Computing version for https://github.com/apple/swift-certificates.git
Computed https://github.com/apple/swift-certificates.git at 1.21.0 (0.21s)
Computing version for https://github.com/apple/swift-nio-ssl.git
Computed https://github.com/apple/swift-nio-ssl.git at 2.37.5 (0.19s)
Computing version for https://github.com/apple/swift-system.git
Computed https://github.com/apple/swift-system.git at 1.8.1 (0.18s)
Computing version for https://github.com/apple/swift-nio-extras.git
Computed https://github.com/apple/swift-nio-extras.git at 1.35.1 (0.27s)
Fetching https://github.com/apple/swift-http-structured-headers.git
Fetching https://github.com/apple/swift-http-types.git
[1/1253] Fetching swift-http-structured-headers
[14/3192] Fetching swift-http-structured-headers, swift-http-types
Fetched https://github.com/apple/swift-http-structured-headers.git from cache (0.37s)
Fetched https://github.com/apple/swift-http-types.git from cache (0.37s)
Computing version for https://github.com/apple/swift-http-structured-headers.git
Computed https://github.com/apple/swift-http-structured-headers.git at 1.7.0 (0.53s)
Computing version for https://github.com/apple/swift-http-types.git
Computed https://github.com/apple/swift-http-types.git at 1.8.0 (0.17s)
Creating working copy for https://github.com/apple/swift-collections.git
Working copy of https://github.com/apple/swift-collections.git resolved at 1.7.2
Creating working copy for https://github.com/swift-server/swift-service-lifecycle
Working copy of https://github.com/swift-server/swift-service-lifecycle resolved at 2.12.1
Creating working copy for https://github.com/apple/swift-certificates.git
Working copy of https://github.com/apple/swift-certificates.git resolved at 1.21.0
Creating working copy for https://github.com/apple/swift-system.git
Working copy of https://github.com/apple/swift-system.git resolved at 1.8.1
Creating working copy for https://github.com/googleapis/swift-google-rpc
Working copy of https://github.com/googleapis/swift-google-rpc resolved at 0.5.0
Creating working copy for https://github.com/googleapis/swift-google-wkt
Working copy of https://github.com/googleapis/swift-google-wkt resolved at 0.5.0
Creating working copy for https://github.com/googleapis/swift-google-cloud-location
Working copy of https://github.com/googleapis/swift-google-cloud-location resolved at 0.5.0
Creating working copy for https://github.com/apple/swift-nio-extras.git
Working copy of https://github.com/apple/swift-nio-extras.git resolved at 1.35.1
Creating working copy for https://github.com/apple/swift-nio-transport-services.git
Working copy of https://github.com/apple/swift-nio-transport-services.git resolved at 1.28.0
Creating working copy for https://github.com/apple/swift-nio-ssl.git
Working copy of https://github.com/apple/swift-nio-ssl.git resolved at 2.37.5
Creating working copy for https://github.com/swift-server/async-http-client.git
Working copy of https://github.com/swift-server/async-http-client.git resolved at 1.36.2
Creating working copy for https://github.com/googleapis/swift-google-gax
Working copy of https://github.com/googleapis/swift-google-gax resolved at 0.5.0
Creating working copy for https://github.com/apple/swift-asn1.git
Working copy of https://github.com/apple/swift-asn1.git resolved at 1.7.3
Creating working copy for https://github.com/apple/swift-log
Working copy of https://github.com/apple/swift-log resolved at 1.16.1
Creating working copy for https://github.com/apple/swift-http-types.git
Working copy of https://github.com/apple/swift-http-types.git resolved at 1.8.0
Creating working copy for https://github.com/googleapis/swift-google-auth
Working copy of https://github.com/googleapis/swift-google-auth resolved at 0.5.0
Creating working copy for https://github.com/swift-extras/swift-extras-base64
Working copy of https://github.com/swift-extras/swift-extras-base64 resolved at 1.2.0
Creating working copy for https://github.com/apple/swift-nio-http2.git
Working copy of https://github.com/apple/swift-nio-http2.git resolved at 1.46.0
Creating working copy for https://github.com/apple/swift-algorithms.git
Working copy of https://github.com/apple/swift-algorithms.git resolved at 1.2.1
Creating working copy for https://github.com/apple/swift-crypto.git
Working copy of https://github.com/apple/swift-crypto.git resolved at 4.5.2
Creating working copy for https://github.com/apple/swift-distributed-tracing.git
Working copy of https://github.com/apple/swift-distributed-tracing.git resolved at 1.5.0
Creating working copy for https://github.com/apple/swift-http-structured-headers.git
Working copy of https://github.com/apple/swift-http-structured-headers.git resolved at 1.7.0
Creating working copy for https://github.com/apple/swift-numerics.git
Working copy of https://github.com/apple/swift-numerics.git resolved at 1.1.1
Creating working copy for https://github.com/apple/swift-nio
Working copy of https://github.com/apple/swift-nio resolved at 2.104.0
Creating working copy for https://github.com/apple/swift-atomics.git
Working copy of https://github.com/apple/swift-atomics.git resolved at 1.3.1
Creating working copy for https://github.com/apple/swift-service-context.git
Working copy of https://github.com/apple/swift-service-context.git resolved at 1.3.0
Creating working copy for https://github.com/apple/swift-configuration.git
Working copy of https://github.com/apple/swift-configuration.git resolved at 1.2.2
Creating working copy for https://github.com/vapor/jwt-kit.git
Working copy of https://github.com/vapor/jwt-kit.git resolved at 5.7.1
Creating working copy for https://github.com/apple/swift-async-algorithms.git
Working copy of https://github.com/apple/swift-async-algorithms.git resolved at 1.1.7
Creating working copy for https://github.com/googleapis/swift-google-longrunning
Working copy of https://github.com/googleapis/swift-google-longrunning resolved at 0.5.0
Building for debugging...
[0/1078] Write sources
[55/1078] Write swift-version--11D90AFD9DD3AB2.txt
[56/1078] Compiling aesni-gcm-x86_64-linux.S
[57/1089] Compiling _NumericsShims _NumericsShims.c
[57/1089] Write sources
[62/1089] Compiling _AtomicsShims.c
[63/1093] Compiling p_ec.cc
[64/1093] Compiling stack.cc
[64/1093] Compiling print.cc
[64/1093] Write sources
[96/1093] Compiling CXKCPShims shims.c
[98/1114] Emitting module _NIOBase64
[98/1114] Compiling p_dsa_asn1.cc
[99/1114] Compiling p_rsa.cc
[100/1114] Compiling p5_pbev2.cc
[102/1156] Emitting module ServiceContextModule
[103/1156] Compiling RealModule Float80+Real.swift
[104/1157] Compiling InternalCollectionsUtilities Debugging.swift
[105/1157] Compiling InternalCollectionsUtilities Descriptions.swift
[106/1159] Compiling InternalCollectionsUtilities UnsafeMutablePointer+Extras.swift
[107/1159] Compiling InternalCollectionsUtilities UnsafeMutableRawBufferPointer+Extras.swift
[108/1159] Compiling InternalCollectionsUtilities UnsafePointer+Extras.swift
[109/1162] Compiling RealModule RelaxedArithmetic.swift
[110/1162] Emitting module RealModule
[111/1162] Compiling ServiceContextModule ServiceContext.swift
[112/1162] Compiling InternalCollectionsUtilities Iterable+CopyContents.swift
[113/1162] Compiling InternalCollectionsUtilities Iterable+Equality.swift
[114/1162] Compiling InternalCollectionsUtilities LifetimeOverride.swift
[115/1162] Compiling InternalCollectionsUtilities MutableRef.swift
[116/1162] Compiling InternalCollectionsUtilities UnsafeRawBufferPointer+Extras.swift
[117/1162] Compiling InternalCollectionsUtilities _SortedCollection.swift
[118/1162] Compiling InternalCollectionsUtilities _UniqueCollection.swift
[123/1162] Compiling InternalCollectionsUtilities MutableSpan+Extras.swift
[124/1162] Compiling InternalCollectionsUtilities OutputSpan+Extras.swift
[125/1162] Compiling InternalCollectionsUtilities RandomAccessCollection+Offsets.swift
[126/1162] Compiling InternalCollectionsUtilities Span+Extras.swift
[127/1162] Compiling InternalCollectionsUtilities _UnsafeBitSet+_Word.swift
[128/1162] Compiling InternalCollectionsUtilities _UnsafeBitSet.swift
[129/1162] Compiling InternalCollectionsUtilities UnsafeBufferPointer+Extras.swift
[130/1162] Compiling InternalCollectionsUtilities UnsafeMutableBufferPointer+Extras.swift
[131/1162] Compiling SwiftASN1 DER.swift
[132/1162] Compiling SwiftASN1 Errors.swift
[133/1162] Compiling InternalCollectionsUtilities TemporaryAllocation.swift
[134/1162] Compiling InternalCollectionsUtilities _UnsafeBitSet+Index.swift
[135/1162] Compiling Logging LoggingSystem.swift
[136/1162] Compiling InternalCollectionsUtilities FixedWidthInteger+roundUpToPowerOfTwo.swift
[137/1162] Compiling InternalCollectionsUtilities Integer rank.swift
[138/1163] Compiling _NIOBase64 Base64.swift
[141/1164] Compiling InternalCollectionsUtilities UInt+first and last set bit.swift
[143/1164] Compiling InternalCollectionsUtilities BorrowingIteratorProtocol+Equality.swift
[144/1164] Compiling InternalCollectionsUtilities BorrowingIteratorProtocol+Extras.swift
[146/1164] Compiling InternalCollectionsUtilities UInt+reversed.swift
[147/1164] Compiling RealModule Float16+Real.swift
[148/1167] Emitting module _CertificateInternals
[149/1167] Compiling _CertificateInternals _TinyArray.swift
[150/1168] Compiling ServiceContextModule ServiceContextKey.swift
[159/1171] Emitting module InternalCollectionsUtilities
[165/1172] Compiling _NIODataStructures PriorityQueue.swift
[166/1172] Compiling _NIODataStructures _TinyArray.swift
[167/1172] Compiling Logging Logger+Attributes.swift
[168/1172] Compiling Logging Logger.swift
[169/1172] Compiling Logging Logger+With.swift
[170/1172] Emitting module SwiftASN1
[173/1178] Wrapping AST for _NIOBase64 for debugging
[174/1178] Wrapping AST for _CertificateInternals for debugging
[176/1178] Compiling RealModule RealFunctions.swift
[177/1178] Compiling RealModule Real.swift
[178/1179] Emitting module _NIODataStructures
[179/1179] Compiling _NIODataStructures Heap.swift
[179/1182] Wrapping AST for ServiceContextModule for debugging
[182/1184] Compiling ExtrasBase64 Base64+Span.swift
[183/1184] Compiling Instrumentation Instrument.swift
[184/1184] Compiling Instrumentation NoOpInstrument.swift
[184/1184] Wrapping AST for InternalCollectionsUtilities for debugging
[187/1184] Compiling SpanPreview MutableSpan+InputSpanHelpers.swift
[188/1184] Compiling SpanPreview OutputSpan+InputSpanHelpers.swift
[188/1184] Compiling SimpleFIPS202.c
[189/1184] Emitting module Instrumentation
[191/1184] Emitting module SpanPreview
[192/1184] Compiling SpanPreview InputSpan.swift
[193/1185] Compiling Instrumentation MultiplexInstrument.swift
[193/1185] Compiling KeccakSponge.c
[194/1185] Wrapping AST for _NIODataStructures for debugging
[195/1185] Wrapping AST for RealModule for debugging
[196/1185] Compiling KeccakHash.c
[198/1185] Compiling CNIOWindows shim.c
[201/1185] Compiling CNIOWindows WSAStartup.c
[202/1185] Compiling CNIOWASI CNIOWASI.c
[203/1185] Compiling CSystem shims.c
[204/1185] Compiling CNIOPosix event_loop_id.c
[205/1185] Wrapping AST for SpanPreview for debugging
[206/1186] Compiling CNIOOpenBSD shim.c
[207/1264] Compiling CNIOLinux shim.c
[208/1264] Compiling CNIOLinux liburing_shims.c
[209/1264] Compiling KeccakP-1600-opt64.c
[210/1264] Compiling CNIOLLHTTP c_nio_http.c
[212/1264] Compiling SystemPackage Mocking.swift
[213/1264] Compiling SystemPackage RawBuffer.swift
[214/1264] Compiling SystemPackage Syscalls.swift
[215/1264] Compiling SystemPackage WindowsSyscallAdapters.swift
[216/1264] Compiling SystemPackage MachPort.swift
[217/1264] Compiling SystemPackage PlatformString.swift
[217/1269] Compiling CNIOLLHTTP c_nio_api.c
[219/1269] Compiling SystemPackage FilePathTempWindows.swift
[220/1269] Compiling SystemPackage FilePathWindows.swift
[221/1269] Compiling SystemPackage FilePermissions.swift
[222/1269] Compiling SystemPackage IOCompletion.swift
[223/1269] Compiling SystemPackage IORequest.swift
[224/1269] Compiling SystemPackage IORing+Util.swift
[224/1269] Compiling CNIOFreeBSD shim.c
[225/1269] Compiling CNIOLLHTTP c_nio_llhttp.c
[226/1269] Compiling CNIOExtrasZlib zutil.c
[228/1269] Compiling DequeModule UniqueDeque+Initializers.swift
[229/1269] Compiling DequeModule UniqueDeque+Insertions.swift
[230/1269] Compiling DequeModule UniqueDeque+Iterable.swift
[231/1269] Compiling DequeModule UniqueDeque+Prepend.swift
[232/1269] Compiling DequeModule UniqueDeque+Removals.swift
[232/1269] Compiling CNIOExtrasZlib inftrees.c
[234/1269] Compiling SystemPackage FilePathComponentView.swift
[235/1269] Compiling SystemPackage FilePathComponents.swift
[236/1269] Compiling SystemPackage FilePathParsing.swift
[237/1269] Compiling SystemPackage FilePathString.swift
[238/1269] Compiling SystemPackage FilePathSyntax.swift
[239/1269] Compiling SystemPackage FileFlags.swift
[239/1269] Compiling CNIOExtrasZlib trees.c
[240/1269] Compiling CNIOExtrasZlib inffast.c
[241/1269] Compiling CNIOExtrasZlib inflate.c
[243/1269] Compiling SystemPackage Errno.swift
[244/1269] Compiling SystemPackage ErrnoWindows.swift
[245/1269] Compiling SystemPackage FileDescriptor.swift
[246/1269] Compiling SystemPackage FileHelpers.swift
[247/1269] Compiling SystemPackage FileOperations.swift
[248/1269] Compiling SystemPackage FilePath.swift
[249/1269] Compiling ExtrasBase64 Base32.swift
[249/1269] Compiling CNIOExtrasZlib crc32.c
[250/1269] Compiling CNIOExtrasZlib deflate.c
[252/1269] Compiling SystemPackage IORing.swift
[253/1269] Compiling SystemPackage RawIORequest.swift
[254/1269] Compiling SystemPackage Backcompat.swift
[255/1269] Compiling SystemPackage CInterop.swift
[256/1269] Compiling SystemPackage Constants.swift
[257/1269] Compiling SystemPackage Exports.swift
[257/1269] Compiling CNIODarwin shim.c
[258/1269] Compiling CNIOExtrasZlib adler32.c
[259/1269] Compiling fiat_p256_adx_sqr.S
[260/1269] Compiling fiat_p256_adx_mul.S
[261/1269] Compiling fiat_curve25519_adx_square.S
[263/1269] Compiling SystemPackage FileMode.swift
[264/1269] Compiling SystemPackage FileType.swift
[265/1269] Compiling SystemPackage Identifiers.swift
[266/1269] Compiling SystemPackage Stat.swift
[267/1269] Compiling SystemPackage FilePathTemp.swift
[268/1269] Compiling SystemPackage FilePathTempPosix.swift
[268/1269] Compiling CNIOBoringSSLShims shims.c
[269/1269] Compiling fiat_curve25519_adx_mul.S
[284/1275] Compiling Logging MetadataProvider.swift
[297/1275] Emitting module Logging
[298/1276] Compiling Instrumentation InstrumentationSystem.swift
[299/1276] Compiling Instrumentation Locks.swift
[316/1277] Wrapping AST for SwiftASN1 for debugging
[317/1277] Wrapping AST for Logging for debugging
[318/1277] Wrapping AST for Instrumentation for debugging
[320/1277] Emitting module SystemPackage
[326/1285] Compiling Tracing InstrumentationSystem+Tracing.swift
[327/1286] Compiling Tracing TracingTime.swift
[328/1286] Compiling Tracing Tracer.swift
[329/1286] Compiling Tracing TracerProtocol.swift
[330/1286] Compiling Tracing TracerProtocol+Legacy.swift
[331/1286] Compiling Tracing WithTracer.swift
[331/1286] Compiling tls_method.cc
[333/1286] Emitting module Tracing
[334/1286] Compiling Tracing SpanProtocol.swift
[335/1286] Compiling Tracing NoOpTracer.swift
[336/1287] Compiling tls_record.cc
[337/1287] Wrapping AST for Tracing for debugging
[339/1287] Emitting module DequeModule
[340/1287] Compiling SystemPackage SystemString.swift
[341/1287] Compiling SystemPackage Util+StringArray.swift
[342/1287] Compiling SystemPackage Util.swift
[343/1287] Compiling SystemPackage UtilConsumers.swift
[344/1287] Compiling SystemPackage WinSDK+Overlay.swift
[345/1288] Compiling tls13_server.cc
[346/1288] Wrapping AST for SystemPackage for debugging
[347/1288] Compiling tls13_enc.cc
[349/1288] Compiling DequeModule UniqueDeque+Replacements.swift
[350/1288] Compiling DequeModule UniqueDeque.swift
[351/1288] Compiling DequeModule _DequeSlot.swift
[352/1288] Compiling DequeModule _UnsafeDequeHandle.swift
[353/1288] Compiling DequeModule _UnsafeDequeSegments.swift
[354/1289] Compiling tls13_client.cc
[355/1332] Compiling t1_enc.cc
[356/1332] Wrapping AST for DequeModule for debugging
[357/1332] Compiling tls13_both.cc
[359/1332] Compiling Configuration Deprecations.swift
[360/1332] Compiling Configuration ExpressibleByConfigInt.swift
[361/1332] Compiling Configuration ExpressibleByConfigString.swift
[362/1332] Compiling Configuration CLIKeyEncoder.swift
[363/1332] Compiling Configuration ConfigKeyEncoder.swift
[364/1332] Compiling Configuration DotSeparatorKeyDecoder.swift
[364/1337] Compiling ssl_transcript.cc
[365/1337] Compiling ssl_x509.cc
[367/1337] Emitting module Configuration
[367/1337] Compiling ssl_stat.cc
[368/1337] Compiling ssl_versions.cc
[370/1337] Compiling ExtrasBase64 Base64.swift
[371/1337] Compiling ExtrasBase64 Base32+Span.swift
[371/1337] Compiling ssl_session.cc
[372/1337] Compiling ssl_key_share.cc
[373/1337] Compiling ssl_file.cc
[374/1337] Compiling ssl_privkey.cc
[376/1337] Emitting module ExtrasBase64
[377/1338] Compiling ssl_lib.cc
[378/1369] Compiling ssl_credential.cc
[379/1369] Wrapping AST for ExtrasBase64 for debugging
[381/1369] Compiling GoogleWKT WKTAny.swift
[382/1369] Compiling GoogleWKT WKTAnyError.swift
[383/1369] Compiling GoogleWKT WKTBoolValue.swift
[384/1369] Compiling GoogleWKT WKTBytesValue.swift
[385/1369] Compiling GoogleWKT WKTField.swift
[386/1369] Compiling GoogleWKT WKTMethod.swift
[387/1369] Compiling Configuration JSONSnapshot.swift
[388/1369] Compiling Configuration PropertyListSnapshot.swift
[389/1369] Compiling Configuration ReloadingFileProvider.swift
[390/1369] Compiling Configuration ReloadingFileProviderMetrics.swift
[391/1369] Compiling Configuration YAMLSnapshot.swift
[392/1369] Compiling Configuration InMemoryProvider.swift
[393/1369] Compiling Configuration CombineLatestManyStorage.swift
[394/1369] Compiling Configuration AsyncSequences.swift
[395/1369] Compiling Configuration FoundationExtensions.swift
[396/1369] Compiling Configuration Span.swift
[397/1369] Compiling Configuration ConfigBytesFromStringDecoder.swift
[398/1369] Compiling Configuration MutableInMemoryProvider.swift
[399/1369] Compiling Configuration ConfigProvider+Operators.swift
[400/1369] Compiling Configuration KeyMappingProvider.swift
[401/1369] Compiling Configuration SecretsSpecifier.swift
[402/1369] Compiling Configuration AsyncCombineLatestManySequence.swift
[403/1369] Compiling Configuration CombineLatestManyStateMachine.swift
[404/1369] Compiling GoogleWKT WKTMixin.swift
[405/1369] Compiling GoogleWKT WKTOption.swift
[406/1369] Compiling GoogleWKT WKTValue.swift
[407/1369] Compiling GoogleWKT WKTApi.swift
[408/1369] Compiling GoogleWKT WKTEnum.swift
[409/1369] Compiling GoogleWKT WKTEnumValue.swift
[409/1369] Compiling ssl_asn1.cc
[410/1369] Compiling ssl_cert.cc
[412/1369] Emitting module GoogleWKT
[412/1373] Compiling ssl_cipher.cc
[414/1373] Compiling GoogleWKT AnyPackable.swift
[415/1373] Compiling GoogleWKT DecodeToDefault.swift
[416/1373] Compiling GoogleWKT DiscoveryBase64.swift
[417/1373] Compiling GoogleWKT ProtoJSONDecoder.swift
[418/1373] Compiling GoogleWKT ProtoJSONEncoder.swift
[419/1373] Compiling GoogleWKT WKTDoubleValue.swift
[419/1373] Compiling s3_pkt.cc
[422/1373] Compiling GoogleWKT WKTDuration.swift
[423/1373] Compiling GoogleWKT WKTEmpty.swift
[424/1373] Compiling GoogleWKT WKTFieldMask.swift
[424/1373] Compiling ssl_buffer.cc
[430/1373] Compiling GoogleWKT WKTSourceContext.swift
[431/1373] Compiling GoogleWKT WKTSyntax.swift
[432/1373] Compiling GoogleWKT WKTType.swift
[433/1373] Compiling GoogleWKT PackageVersion.swift
[434/1373] Compiling GoogleWKT WKTFloatValue.swift
[435/1373] Compiling GoogleWKT WKTInt32Value.swift
[436/1373] Compiling GoogleWKT WKTInt64Value.swift
[437/1373] Compiling GoogleWKT WKTRecursive.swift
[438/1373] Compiling GoogleWKT UnknownFields.swift
[443/1373] Compiling GoogleWKT WKTStringValue.swift
[444/1373] Compiling GoogleWKT WKTTimestamp.swift
[445/1373] Compiling GoogleWKT WKTUInt32Value.swift
[446/1373] Compiling GoogleWKT WKTUInt64Value.swift
[446/1373] Compiling ssl_aead_ctx.cc
[451/1373] Compiling s3_both.cc
[458/1373] Compiling s3_lib.cc
[466/1375] Wrapping AST for Configuration for debugging
[467/1375] Compiling handshake_server.cc
[468/1390] Wrapping AST for GoogleWKT for debugging
[469/1390] Compiling handshake_client.cc
[471/1390] Compiling GoogleRpc LocalizedMessage.swift
[472/1390] Compiling GoogleRpc PackageVersion.swift
[472/1392] Compiling handshake.cc
[474/1392] Compiling GoogleRpc RequestInfo.swift
[475/1392] Compiling GoogleRpc ResourceInfo.swift
[475/1392] Compiling handoff.cc
[477/1392] Compiling GoogleRpc DebugInfo.swift
[478/1392] Compiling GoogleRpc ErrorInfo.swift
[479/1392] Compiling GoogleRpc Help.swift
[480/1392] Compiling GoogleRpc HttpHeader.swift
[481/1392] Compiling GoogleRpc PreconditionFailure.swift
[482/1392] Compiling GoogleRpc QuotaFailure.swift
[483/1392] Compiling GoogleRpc HttpRequest.swift
[484/1392] Compiling GoogleRpc HttpResponse.swift
[485/1392] Compiling GoogleRpc BadRequest.swift
[486/1392] Compiling GoogleRpc Code.swift
[487/1392] Emitting module GoogleRpc
[488/1392] Compiling GoogleRpc RetryInfo.swift
[489/1392] Compiling GoogleRpc Status.swift
[490/1393] Compiling encrypted_client_hello.cc
[491/1393] Compiling extensions.cc
[492/1393] Compiling d1_srtp.cc
[493/1393] Wrapping AST for GoogleRpc for debugging
[494/1393] Compiling dtls_record.cc
[495/1393] Compiling md5-x86_64-linux.S
[496/1393] Compiling md5-x86_64-apple.S
[497/1393] Compiling md5-586-linux.S
[498/1393] Compiling md5-586-apple.S
[499/1393] Compiling chacha20_poly1305_x86_64-linux.S
[500/1393] Compiling chacha20_poly1305_x86_64-apple.S
[501/1393] Compiling chacha20_poly1305_armv8-win.S
[502/1393] Compiling chacha20_poly1305_armv8-apple.S
[503/1393] Compiling chacha20_poly1305_armv8-linux.S
[504/1393] Compiling chacha-x86_64-linux.S
[505/1393] Compiling chacha-x86_64-apple.S
[506/1393] Compiling chacha-x86-linux.S
[507/1393] Compiling dtls_method.cc
[508/1393] Compiling chacha-x86-apple.S
[509/1393] Compiling chacha-armv8-win.S
[510/1393] Compiling chacha-armv8-linux.S
[511/1393] Compiling chacha-armv8-apple.S
[512/1393] Compiling chacha-armv4-linux.S
[513/1393] Compiling aes128gcmsiv-x86_64-linux.S
[514/1393] Compiling aes128gcmsiv-x86_64-apple.S
[515/1393] Compiling x86_64-mont5-linux.S
[516/1393] Compiling x86_64-mont5-apple.S
[517/1393] Compiling x86_64-mont-linux.S
[518/1393] Compiling x86_64-mont-apple.S
[519/1393] Compiling d1_pkt.cc
[520/1393] Compiling err_data.cc
[520/1393] Compiling x86-mont-linux.S
[522/1393] Compiling x86-mont-apple.S
[523/1393] Compiling vpaes-x86_64-linux.S
[524/1393] Compiling vpaes-x86_64-apple.S
[525/1393] Compiling vpaes-x86-apple.S
[526/1393] Compiling vpaes-x86-linux.S
[527/1393] Compiling vpaes-armv8-win.S
[528/1393] Compiling vpaes-armv8-apple.S
[529/1393] Compiling vpaes-armv8-linux.S
[530/1393] Compiling vpaes-armv7-linux.S
[530/1393] Compiling sha512-x86_64-linux.S
[532/1393] Compiling sha512-x86_64-apple.S
[533/1393] Compiling sha512-armv8-win.S
[534/1393] Compiling sha512-armv8-apple.S
[535/1393] Compiling sha512-armv4-linux.S
[536/1393] Compiling sha512-586-linux.S
[537/1393] Compiling sha512-armv8-linux.S
[538/1393] Compiling sha512-586-apple.S
[539/1393] Compiling sha256-x86_64-linux.S
[540/1393] Compiling sha256-armv8-win.S
[541/1393] Compiling sha256-x86_64-apple.S
[542/1393] Compiling sha256-armv4-linux.S
[543/1393] Compiling sha256-armv8-linux.S
[544/1393] Compiling sha256-armv8-apple.S
[545/1393] Compiling sha256-586-linux.S
[546/1393] Compiling sha256-586-apple.S
[547/1393] Compiling d1_lib.cc
[548/1393] Compiling sha1-x86_64-linux.S
[549/1393] Compiling sha1-x86_64-apple.S
[550/1393] Compiling sha1-armv8-win.S
[551/1393] Compiling sha1-armv8-apple.S
[552/1393] Compiling sha1-armv8-linux.S
[553/1393] Compiling sha1-armv4-large-linux.S
[554/1393] Compiling sha1-586-apple.S
[555/1393] Compiling sha1-586-linux.S
[556/1393] Compiling rsaz-avx2-linux.S
[557/1393] Compiling rsaz-avx2-apple.S
[558/1393] Compiling rdrand-x86_64-linux.S
[559/1393] Compiling rdrand-x86_64-apple.S
[560/1393] Compiling p256_beeu-x86_64-asm-linux.S
[561/1393] Compiling p256_beeu-x86_64-asm-apple.S
[562/1393] Compiling p256_beeu-armv8-asm-win.S
[563/1393] Compiling bio_ssl.cc
[564/1393] Compiling p256_beeu-armv8-asm-linux.S
[565/1393] Compiling p256_beeu-armv8-asm-apple.S
[566/1393] Compiling p256-x86_64-asm-linux.S
[567/1393] Compiling p256-x86_64-asm-apple.S
[568/1393] Compiling p256-armv8-asm-win.S
[569/1393] Compiling p256-armv8-asm-apple.S
[570/1393] Compiling ghashv8-armv8-win.S
[571/1393] Compiling p256-armv8-asm-linux.S
[572/1393] Compiling ghashv8-armv8-apple.S
[573/1393] Compiling ghashv8-armv7-linux.S
[574/1393] Compiling ghashv8-armv8-linux.S
[575/1393] Compiling ghash-x86_64-linux.S
[576/1393] Compiling ghash-x86_64-apple.S
[577/1393] Compiling ghash-x86-linux.S
[578/1393] Compiling ghash-ssse3-x86_64-apple.S
[579/1393] Compiling ghash-ssse3-x86_64-linux.S
[580/1393] Compiling ghash-x86-apple.S
[581/1393] Compiling ghash-ssse3-x86-linux.S
[582/1393] Compiling ghash-ssse3-x86-apple.S
[583/1393] Compiling ghash-neon-armv8-win.S
[584/1393] Compiling ghash-neon-armv8-apple.S
[585/1393] Compiling ghash-neon-armv8-linux.S
[586/1393] Compiling ghash-armv4-linux.S
[586/1393] Compiling co-586-linux.S
[588/1393] Compiling co-586-apple.S
[589/1393] Compiling bsaes-armv7-linux.S
[590/1393] Compiling bn-armv8-win.S
[591/1393] Compiling bn-armv8-apple.S
[592/1393] Compiling bn-armv8-linux.S
[593/1393] Compiling bn-586-apple.S
[594/1393] Compiling bn-586-linux.S
[595/1393] Compiling armv8-mont-win.S
[596/1393] Compiling armv8-mont-apple.S
[597/1393] Compiling armv8-mont-linux.S
[598/1393] Compiling aesv8-gcm-armv8-win.S
[599/1393] Compiling armv4-mont-linux.S
[600/1393] Compiling aesv8-gcm-armv8-apple.S
[601/1393] Compiling aesv8-armv8-win.S
[602/1393] Compiling aesv8-gcm-armv8-linux.S
[603/1393] Compiling aesv8-armv8-apple.S
[604/1393] Compiling aesv8-armv7-linux.S
[605/1393] Compiling aesv8-armv8-linux.S
[606/1393] Compiling aesni-x86_64-linux.S
[607/1393] Compiling aesni-x86-linux.S
[608/1393] Compiling aesni-x86_64-apple.S
[609/1393] Compiling aesni-x86-apple.S
[610/1393] Compiling aes-gcm-avx2-x86_64-linux.S
[611/1393] Compiling aesni-gcm-x86_64-apple.S
[612/1393] Compiling aes-gcm-avx2-x86_64-apple.S
[613/1393] Compiling aes-gcm-avx10-x86_64-apple.S
[614/1393] Compiling aes-gcm-avx10-x86_64-linux.S
[615/1393] Compiling d1_both.cc
[616/1393] Compiling x_req.cc
[617/1393] Compiling x_x509a.cc
[618/1393] Compiling x_x509.cc
[619/1393] Compiling x_spki.cc
[619/1393] Compiling x_sig.cc
[620/1393] Compiling x_pubkey.cc
[621/1393] Compiling x_val.cc
[623/1393] Compiling x_name.cc
[624/1393] Compiling x509spki.cc
[625/1393] Compiling x_exten.cc
[626/1393] Compiling x_algor.cc
[627/1393] Compiling x509rset.cc
[628/1393] Compiling x_attrib.cc
[629/1393] Compiling x_crl.cc
[630/1393] Compiling x_all.cc
[631/1393] Compiling x509name.cc
[632/1393] Compiling x509_txt.cc
[633/1393] Compiling x509cset.cc
[634/1393] Compiling x509_vpm.cc
[635/1393] Compiling x509_v3.cc
[636/1393] Compiling x509_trs.cc
[637/1393] Compiling x509_set.cc
[638/1393] Compiling x509_vfy.cc
[639/1393] Compiling x509_req.cc
[640/1393] Compiling x509_def.cc
[641/1393] Compiling x509_obj.cc
[642/1393] Compiling x509_ext.cc
[643/1393] Compiling x509_lu.cc
[644/1393] Compiling x509_d2.cc
[645/1393] Compiling x509_cmp.cc
[646/1393] Compiling x509_att.cc
[647/1393] Compiling x509.cc
[648/1393] Compiling v3_skey.cc
[649/1393] Compiling v3_prn.cc
[650/1393] Compiling v3_purp.cc
[650/1393] Compiling v3_pmaps.cc
[652/1393] Compiling v3_ocsp.cc
[652/1393] Compiling v3_pcons.cc
[654/1393] Compiling v3_utl.cc
[655/1393] Compiling v3_ncons.cc
[656/1393] Compiling v3_int.cc
[657/1393] Compiling v3_ia5.cc
[658/1393] Compiling v3_lib.cc
[659/1393] Compiling v3_info.cc
[660/1393] Compiling v3_genn.cc
[661/1393] Compiling v3_extku.cc
[662/1393] Compiling v3_enum.cc
[663/1393] Compiling v3_crld.cc
[664/1393] Compiling v3_bitst.cc
[665/1393] Compiling v3_cpols.cc
[666/1393] Compiling v3_akeya.cc
[667/1393] Compiling v3_conf.cc
[668/1393] Compiling v3_bcons.cc
[669/1393] Compiling v3_akey.cc
[670/1393] Compiling v3_alt.cc
[671/1393] Compiling t_x509a.cc
[672/1393] Compiling i2d_pr.cc
[673/1393] Compiling t_crl.cc
[674/1393] Compiling name_print.cc
[675/1393] Compiling t_x509.cc
[676/1393] Compiling rsa_pss.cc
[677/1393] Compiling t_req.cc
[678/1393] Compiling policy.cc
[679/1393] Compiling by_file.cc
[680/1393] Compiling by_dir.cc
[681/1393] Compiling algorithm.cc
[682/1393] Compiling a_sign.cc
[682/1393] Compiling a_verify.cc
[684/1393] Compiling asn1_gen.cc
[685/1393] Compiling voprf.cc
[686/1393] Compiling a_digest.cc
[687/1393] Compiling trust_token.cc
[688/1393] Compiling thread_win.cc
[689/1393] Compiling thread_none.cc
[690/1393] Compiling thread.cc
[691/1393] Compiling thread_pthread.cc
[692/1393] Compiling pmbtoken.cc
[693/1393] Compiling siphash.cc
[694/1393] Compiling slhdsa.cc
[695/1393] Compiling spake2plus.cc
[696/1393] Compiling sha512.cc
[697/1393] Compiling sha1.cc
[698/1393] Compiling sha256.cc
[699/1393] Compiling rsa_print.cc
[700/1393] Compiling rsa_extra.cc
[701/1393] Compiling rsa_crypt.cc
[702/1393] Compiling refcount.cc
[703/1393] Compiling rc4.cc
[704/1393] Compiling windows.cc
[705/1393] Compiling urandom.cc
[706/1393] Compiling trusty.cc
[707/1393] Compiling rand.cc
[708/1393] Compiling rsa_asn1.cc
[709/1393] Compiling passive.cc
[710/1393] Compiling poly1305_arm_asm.S
[711/1393] Compiling ios.cc
[712/1393] Compiling getentropy.cc
[713/1393] Compiling deterministic.cc
[714/1393] Compiling forkunsafe.cc
[715/1393] Compiling fork_detect.cc
[716/1393] Compiling poly1305_vec.cc
[717/1393] Compiling pool.cc
[718/1393] Compiling poly1305_arm.cc
[719/1393] Compiling poly1305.cc
[720/1393] Compiling pkcs7.cc
[721/1393] Compiling pkcs8_x509.cc
[722/1393] Compiling pkcs8.cc
[723/1393] Compiling pkcs7_x509.cc
[724/1393] Compiling pem_xaux.cc
[725/1393] Compiling pem_x509.cc
[726/1393] Compiling pem_pkey.cc
[727/1393] Compiling pem_pk8.cc
[728/1393] Compiling pem_oth.cc
[729/1393] Compiling mlkem.cc
[730/1393] Compiling obj_xref.cc
[731/1393] Compiling mldsa.cc
[732/1393] Compiling pem_info.cc
[733/1393] Compiling pem_all.cc
[734/1393] Compiling pem_lib.cc
[735/1393] Compiling poly_rq_mul.S
[736/1393] Compiling obj.cc
[737/1393] Compiling fips_shared_support.cc
[738/1393] Compiling mem.cc
[739/1393] Compiling md5.cc
[740/1393] Compiling md4.cc
[741/1393] Compiling lhash.cc
[742/1393] Compiling kyber.cc
[743/1393] Compiling ex_data.cc
[744/1393] Compiling sign.cc
[745/1393] Compiling hpke.cc
[746/1393] Compiling hrss.cc
[747/1393] Compiling scrypt.cc
[748/1393] Compiling pbkdf.cc
[749/1393] Compiling p_x25519.cc
[750/1393] Compiling p_x25519_asn1.cc
[751/1393] Compiling p_ed25519.cc
[752/1393] Compiling p_ed25519_asn1.cc
[753/1393] Compiling p_ec_asn1.cc
[754/1393] Compiling p_dh_asn1.cc
[755/1393] Compiling p_rsa_asn1.cc
[756/1393] Compiling p_hkdf.cc
[757/1393] Compiling p_dh.cc
[758/1393] Compiling evp_ctx.cc
[759/1393] Compiling evp.cc
[760/1393] Compiling engine.cc
[761/1393] Compiling err.cc
[762/1393] Compiling evp_asn1.cc
[763/1393] Compiling ecdh.cc
[764/1393] Compiling hash_to_curve.cc
[765/1393] Compiling ecdsa_asn1.cc
[766/1393] Compiling ec_derive.cc
[767/1393] Compiling dsa.cc
[768/1393] Compiling ec_asn1.cc
[769/1393] Compiling params.cc
[770/1393] Compiling dsa_asn1.cc
[771/1393] Compiling x25519-asm-arm.S
[772/1393] Compiling digest_extra.cc
[773/1393] Compiling dh_asn1.cc
[774/1393] Compiling des.cc
[775/1393] Compiling bcm.cc
[776/1393] Compiling curve25519_64_adx.cc
[777/1393] Compiling crypto.cc
[778/1393] Compiling spake25519.cc
[779/1393] Compiling cpu_intel.cc
[780/1393] Compiling cpu_arm_linux.cc
[781/1393] Compiling curve25519.cc
[782/1393] Compiling cpu_arm_freebsd.cc
[783/1393] Compiling cpu_aarch64_win.cc
[784/1393] Compiling cpu_aarch64_sysreg.cc
[785/1393] Compiling cpu_aarch64_openbsd.cc
[786/1393] Compiling cpu_aarch64_linux.cc
[787/1393] Compiling cpu_aarch64_fuchsia.cc
[788/1393] Compiling cpu_aarch64_apple.cc
[789/1393] Compiling conf.cc
[790/1393] Compiling tls_cbc.cc
[791/1393] Compiling get_cipher.cc
[792/1393] Compiling e_tls.cc
[793/1393] Compiling e_null.cc
[794/1393] Compiling e_rc2.cc
[795/1393] Compiling e_chacha20poly1305.cc
[796/1393] Compiling e_rc4.cc
[797/1393] Compiling e_des.cc
[798/1393] Compiling e_aesgcmsiv.cc
[799/1393] Compiling e_aesctrhmac.cc
[800/1393] Compiling derive_key.cc
[801/1393] Compiling chacha.cc
[802/1393] Compiling buf.cc
[803/1393] Compiling unicode.cc
[804/1393] Compiling cbs.cc
[805/1393] Compiling cbb.cc
[806/1393] Compiling ber.cc
[807/1393] Compiling asn1_compat.cc
[808/1393] Compiling convert.cc
[809/1393] Compiling bn_asn1.cc
[810/1393] Compiling blake2.cc
[811/1393] Compiling socket_helper.cc
[812/1393] Compiling socket.cc
[813/1393] Compiling printf.cc
[814/1393] Compiling hexdump.cc
[815/1393] Compiling pair.cc
[816/1393] Compiling errno.cc
[817/1393] Compiling file.cc
[818/1393] Compiling fd.cc
[819/1393] Compiling connect.cc
[820/1393] Compiling bio_mem.cc
[821/1393] Compiling bio.cc
[822/1393] Compiling base64.cc
[823/1393] Compiling tasn_typ.cc
[824/1393] Compiling tasn_fre.cc
[825/1393] Compiling tasn_utl.cc
[826/1393] Compiling tasn_enc.cc
[827/1393] Compiling posix_time.cc
[828/1393] Compiling tasn_new.cc
[829/1393] Compiling f_string.cc
[830/1393] Compiling tasn_dec.cc
[831/1393] Compiling f_int.cc
[832/1393] Compiling asn1_par.cc
[833/1393] Compiling asn_pack.cc
[834/1393] Compiling asn1_lib.cc
[835/1393] Compiling a_utctm.cc
[836/1393] Compiling a_type.cc
[837/1393] Compiling a_time.cc
[838/1393] Compiling a_octet.cc
[839/1393] Compiling a_strnid.cc
[840/1393] Compiling a_object.cc
[840/1393] Compiling a_strex.cc
[842/1393] Compiling a_i2d_fp.cc
[843/1393] Compiling a_mbstr.cc
[844/1393] Compiling a_dup.cc
[845/1393] Compiling a_int.cc
[846/1393] Compiling a_d2i_fp.cc
[847/1393] Compiling CGoogleGaxCRC32C CGoogleGaxCRC32C.c
[848/1393] Compiling fiat_p256_adx_sqr.S
[849/1393] Compiling fiat_p256_adx_mul.S
[850/1393] Compiling fiat_curve25519_adx_square.S
[851/1393] Compiling fiat_curve25519_adx_mul.S
[852/1393] Compiling md5-x86_64-linux.S
[853/1393] Compiling md5-x86_64-apple.S
[854/1393] Compiling a_gentm.cc
[855/1393] Compiling md5-586-linux.S
[856/1393] Compiling md5-586-apple.S
[857/1393] Compiling a_bitstr.cc
[858/1393] Compiling chacha20_poly1305_x86_64-linux.S
[859/1393] Compiling chacha20_poly1305_x86_64-apple.S
[860/1393] Compiling chacha20_poly1305_armv8-win.S
[861/1393] Compiling CCryptoBoringSSLShims shims.c
[862/1393] Compiling chacha20_poly1305_armv8-apple.S
[863/1393] Compiling chacha-x86_64-linux.S
[864/1393] Compiling chacha-x86_64-apple.S
[865/1393] Compiling chacha20_poly1305_armv8-linux.S
[866/1393] Compiling chacha-x86-linux.S
[867/1393] Compiling chacha-x86-apple.S
[868/1393] Compiling chacha-armv8-win.S
[869/1393] Compiling chacha-armv8-apple.S
[870/1393] Compiling chacha-armv4-linux.S
[871/1393] Compiling chacha-armv8-linux.S
[872/1393] Compiling a_bool.cc
[873/1393] Compiling aes128gcmsiv-x86_64-apple.S
[874/1393] Compiling aes128gcmsiv-x86_64-linux.S
[875/1393] Compiling x86_64-mont5-apple.S
[876/1393] Compiling x86_64-mont5-linux.S
[877/1393] Compiling x86_64-mont-linux.S
[878/1393] Compiling x86-mont-linux.S
[879/1393] Compiling x86_64-mont-apple.S
[880/1393] Compiling x86-mont-apple.S
[881/1393] Compiling vpaes-x86_64-linux.S
[882/1393] Compiling vpaes-x86_64-apple.S
[883/1393] Compiling vpaes-x86-linux.S
[884/1393] Compiling vpaes-x86-apple.S
[885/1393] Compiling vpaes-armv8-win.S
[886/1393] Compiling vpaes-armv8-linux.S
[887/1393] Compiling sha512-x86_64-linux.S
[888/1393] Compiling vpaes-armv8-apple.S
[889/1393] Compiling vpaes-armv7-linux.S
[890/1393] Compiling sha512-x86_64-apple.S
[891/1393] Compiling sha512-armv8-win.S
[892/1393] Compiling sha512-armv8-apple.S
[893/1393] Compiling sha512-armv4-linux.S
[894/1393] Compiling sha512-armv8-linux.S
[895/1393] Compiling err_data.cc
[896/1393] Compiling sha512-586-linux.S
[896/1393] Compiling sha512-586-apple.S
[898/1393] Compiling sha256-x86_64-linux.S
[899/1393] Compiling sha256-x86_64-apple.S
[900/1393] Compiling sha256-armv8-win.S
[901/1393] Compiling sha256-armv8-apple.S
[902/1393] Compiling sha256-586-linux.S
[903/1393] Compiling sha256-armv4-linux.S
[904/1393] Compiling sha256-586-apple.S
[905/1393] Compiling sha256-armv8-linux.S
[906/1393] Compiling sha1-x86_64-linux.S
[907/1393] Compiling sha1-x86_64-apple.S
[908/1393] Compiling sha1-armv8-win.S
[909/1393] Compiling sha1-armv8-apple.S
[910/1393] Compiling sha1-armv4-large-linux.S
[911/1393] Compiling sha1-armv8-linux.S
[912/1393] Compiling sha1-586-linux.S
[913/1393] Compiling sha1-586-apple.S
[914/1393] Compiling rsaz-avx2-apple.S
[915/1393] Compiling rsaz-avx2-linux.S
[916/1393] Compiling rdrand-x86_64-linux.S
[917/1393] Compiling rdrand-x86_64-apple.S
[918/1393] Compiling p256_beeu-x86_64-asm-linux.S
[919/1393] Compiling p256_beeu-x86_64-asm-apple.S
[920/1393] Compiling p256_beeu-armv8-asm-apple.S
[920/1393] Compiling p256_beeu-armv8-asm-win.S
[922/1393] Compiling p256_beeu-armv8-asm-linux.S
[923/1393] Compiling p256-x86_64-asm-linux.S
[924/1393] Compiling p256-x86_64-asm-apple.S
[925/1393] Compiling p256-armv8-asm-win.S
[926/1393] Compiling p256-armv8-asm-apple.S
[927/1393] Compiling ghashv8-armv8-win.S
[928/1393] Compiling ghashv8-armv8-apple.S
[929/1393] Compiling p256-armv8-asm-linux.S
[930/1393] Compiling ghashv8-armv8-linux.S
[931/1393] Compiling ghashv8-armv7-linux.S
[932/1393] Compiling ghash-x86_64-linux.S
[932/1393] Compiling ghash-x86_64-apple.S
[934/1393] Compiling ghash-x86-linux.S
[935/1393] Compiling ghash-x86-apple.S
[936/1393] Compiling ghash-ssse3-x86_64-apple.S
[937/1393] Compiling ghash-ssse3-x86_64-linux.S
[938/1393] Compiling ghash-neon-armv8-win.S
[939/1393] Compiling ghash-ssse3-x86-apple.S
[940/1393] Compiling ghash-ssse3-x86-linux.S
[941/1393] Compiling ghash-neon-armv8-linux.S
[942/1393] Compiling ghash-neon-armv8-apple.S
[943/1393] Compiling ghash-armv4-linux.S
[944/1393] Compiling co-586-linux.S
[945/1393] Compiling co-586-apple.S
[946/1393] Compiling bsaes-armv7-linux.S
[947/1393] Compiling bn-armv8-win.S
[948/1393] Compiling bn-armv8-linux.S
[949/1393] Compiling bn-armv8-apple.S
[950/1393] Compiling bn-586-linux.S
[951/1393] Compiling bn-586-apple.S
[952/1393] Compiling armv8-mont-win.S
[953/1393] Compiling armv8-mont-apple.S
[954/1393] Compiling armv4-mont-linux.S
[955/1393] Compiling armv8-mont-linux.S
[956/1393] Compiling aesv8-gcm-armv8-win.S
[957/1393] Compiling aesv8-gcm-armv8-linux.S
[958/1393] Compiling aesv8-gcm-armv8-apple.S
[959/1393] Compiling aesv8-armv8-apple.S
[960/1393] Compiling aesv8-armv8-win.S
[961/1393] Compiling aesv8-armv8-linux.S
[962/1393] Compiling aesv8-armv7-linux.S
[963/1393] Compiling aesni-x86_64-linux.S
[964/1393] Compiling aesni-x86_64-apple.S
[965/1393] Compiling aesni-x86-apple.S
[966/1393] Compiling aesni-x86-linux.S
[967/1393] Compiling aesni-gcm-x86_64-linux.S
[968/1393] Compiling aes-gcm-avx512-x86_64-linux.S
[969/1393] Compiling aesni-gcm-x86_64-apple.S
[970/1393] Compiling aes-gcm-avx2-x86_64-linux.S
[971/1393] Compiling aes-gcm-avx2-x86_64-apple.S
[972/1393] Compiling aes-gcm-avx512-x86_64-apple.S
[973/1393] Compiling xwing.cc
[974/1393] Compiling x_sig.cc
[975/1393] Compiling x_spki.cc
[976/1393] Compiling x_x509.cc
[977/1393] Compiling x_x509a.cc
[977/1393] Compiling x_req.cc
[979/1393] Compiling c-nioatomics.c
[980/1393] Compiling x_pubkey.cc
[981/1393] Compiling x_name.cc
[982/1393] Compiling x_all.cc
[983/1393] Compiling x_attrib.cc
[984/1393] Compiling x_exten.cc
[985/1393] Compiling x_crl.cc
[986/1393] Compiling c-atomics.c
[987/1393] Compiling x_algor.cc
[988/1400] Compiling x509spki.cc
[989/1400] Compiling x509rset.cc
[990/1400] Compiling x509name.cc
[991/1400] Compiling x509_vpm.cc
[992/1400] Compiling x509_v3.cc
[993/1400] Compiling x509cset.cc
[994/1400] Compiling x509_vfy.cc
[996/1400] Compiling NIOConcurrencyHelpers NIOAtomic.swift
[997/1400] Compiling NIOConcurrencyHelpers lock.swift
[998/1400] Compiling NIOConcurrencyHelpers atomics.swift
[999/1400] Compiling NIOConcurrencyHelpers NIOLock.swift
[1000/1400] Compiling NIOConcurrencyHelpers NIOLockedValueBox.swift
[1001/1400] Compiling NIOConcurrencyHelpers NIOThreadPoolWorkAvailable.swift
[1002/1400] Emitting module NIOConcurrencyHelpers
[1003/1401] Wrapping AST for NIOConcurrencyHelpers for debugging
[1004/1401] Compiling x509_txt.cc
[1005/1401] Compiling x509_set.cc
[1006/1401] Compiling x509_trs.cc
[1007/1401] Compiling x509_obj.cc
[1008/1401] Compiling x509_req.cc
[1009/1401] Compiling x509_ext.cc
[1010/1401] Compiling x509_lu.cc
[1011/1401] Compiling x509_def.cc
[1012/1401] Compiling x509_d2.cc
[1013/1401] Compiling x509_cmp.cc
[1014/1401] Compiling x509_att.cc
[1015/1401] Compiling x509.cc
[1016/1401] Compiling v3_utl.cc
[1017/1401] Compiling v3_skey.cc
[1018/1401] Compiling v3_purp.cc
[1019/1401] Compiling v3_pmaps.cc
[1020/1401] Compiling v3_prn.cc
[1021/1401] Compiling v3_pcons.cc
[1022/1401] Compiling v3_ocsp.cc
[1023/1401] Compiling v3_ncons.cc
[1024/1401] Compiling v3_lib.cc
[1025/1401] Compiling v3_int.cc
[1026/1401] Compiling v3_info.cc
[1027/1401] Compiling v3_genn.cc
[1027/1401] Compiling v3_ia5.cc
[1029/1401] Compiling v3_extku.cc
[1030/1401] Compiling v3_enum.cc
[1031/1401] Compiling v3_crld.cc
[1032/1401] Compiling v3_conf.cc
[1033/1401] Compiling v3_cpols.cc
[1034/1401] Compiling v3_bitst.cc
[1035/1401] Compiling v3_alt.cc
[1036/1401] Compiling v3_akeya.cc
[1037/1401] Compiling v3_bcons.cc
[1038/1401] Compiling v3_akey.cc
[1039/1401] Compiling t_x509a.cc
[1040/1401] Compiling t_crl.cc
[1041/1401] Compiling t_x509.cc
[1042/1401] Compiling i2d_pr.cc
[1043/1401] Compiling t_req.cc
[1044/1401] Compiling rsa_pss.cc
[1045/1401] Compiling name_print.cc
[1046/1401] Compiling policy.cc
[1047/1401] Compiling by_file.cc
[1048/1401] Compiling asn1_gen.cc
[1049/1401] Compiling algorithm.cc
[1050/1401] Compiling voprf.cc
[1051/1401] Compiling a_verify.cc
[1052/1401] Compiling by_dir.cc
[1053/1401] Compiling a_sign.cc
[1054/1401] Compiling thread_win.cc
[1055/1401] Compiling a_digest.cc
[1056/1401] Compiling trust_token.cc
[1057/1401] Compiling thread_none.cc
[1058/1401] Compiling thread_pthread.cc
[1059/1401] Compiling thread.cc
[1060/1401] Compiling pmbtoken.cc
[1061/1401] Compiling stack.cc
[1062/1401] Compiling siphash.cc
[1063/1401] Compiling sha256.cc
[1064/1401] Compiling sha1.cc
[1065/1401] Compiling spake2plus.cc
[1066/1401] Compiling slhdsa.cc
[1066/1401] Compiling sha512.cc
[1068/1401] Compiling rsa_extra.cc
[1069/1401] Compiling rsa_crypt.cc
[1070/1401] Compiling rsa_print.cc
[1071/1401] Compiling refcount.cc
[1072/1401] Compiling windows.cc
[1073/1401] Compiling trusty.cc
[1074/1401] Compiling rc4.cc
[1075/1401] Compiling urandom.cc
[1076/1401] Compiling rsa_asn1.cc
[1077/1401] Compiling rand.cc
[1078/1401] Compiling passive.cc
[1079/1401] Compiling ios.cc
[1080/1401] Compiling poly1305_arm_asm.S
[1081/1401] Compiling getentropy.cc
[1082/1401] Compiling fork_detect.cc
[1083/1401] Compiling forkunsafe.cc
[1084/1401] Compiling deterministic.cc
[1085/1401] Compiling poly1305_vec.cc
[1086/1401] Compiling poly1305_arm.cc
[1087/1401] Compiling pool.cc
[1088/1401] Compiling poly1305.cc
[1089/1401] Compiling p5_pbev2.cc
[1090/1401] Compiling pkcs8.cc
[1091/1401] Compiling pkcs8_x509.cc
[1092/1401] Compiling pkcs7.cc
[1093/1401] Compiling pkcs7_x509.cc
[1094/1401] Compiling pem_xaux.cc
[1095/1401] Compiling pem_x509.cc
[1096/1401] Compiling pem_pkey.cc
[1097/1401] Compiling pem_pk8.cc
[1098/1401] Compiling mlkem.cc
[1099/1401] Compiling pem_oth.cc
[1100/1401] Compiling pem_info.cc
[1101/1401] Compiling obj_xref.cc
[1102/1401] Compiling pem_lib.cc
[1103/1401] Compiling obj.cc
[1104/1401] Compiling pem_all.cc
[1105/1401] Compiling poly_rq_mul.S
[1106/1401] Compiling mldsa.cc
[1107/1401] Compiling lhash.cc
[1108/1401] Compiling fips_shared_support.cc
[1109/1401] Compiling mem.cc
[1110/1401] Compiling md4.cc
[1111/1401] Compiling md5.cc
[1112/1401] Compiling kyber.cc
[1113/1401] Compiling fuzzer_mode.cc
[1114/1401] Compiling ex_data.cc
[1115/1401] Compiling hrss.cc
[1116/1401] Compiling hpke.cc
[1116/1401] Compiling scrypt.cc
[1118/1401] Compiling print.cc
[1118/1401] Compiling pbkdf.cc
[1120/1401] Compiling sign.cc
[1121/1401] Compiling p_x25519.cc
[1122/1401] Compiling p_x25519_asn1.cc
[1123/1401] Compiling p_rsa_asn1.cc
[1124/1401] Compiling p_rsa.cc
[1125/1401] Compiling p_hkdf.cc
[1126/1401] Compiling p_ed25519_asn1.cc
[1127/1401] Compiling p_ed25519.cc
[1128/1401] Compiling p_ec.cc
[1129/1401] Compiling p_ec_asn1.cc
[1130/1401] Compiling p_dsa_asn1.cc
[1131/1401] Compiling p_dh_asn1.cc
[1132/1401] Compiling p_dh.cc
[1133/1401] Compiling evp_asn1.cc
[1134/1401] Compiling engine.cc
[1135/1401] Compiling err.cc
[1136/1401] Compiling evp_ctx.cc
[1137/1401] Compiling evp.cc
[1138/1401] Compiling ecdsa_p1363.cc
[1139/1401] Compiling ecdh.cc
[1140/1401] Compiling ec_derive.cc
[1141/1401] Compiling ecdsa_asn1.cc
[1142/1401] Compiling dsa.cc
[1143/1401] Compiling hash_to_curve.cc
[1144/1401] Compiling dsa_asn1.cc
[1145/1401] Compiling ec_asn1.cc
[1146/1401] Compiling dh_asn1.cc
[1147/1401] Compiling params.cc
[1148/1401] Compiling x25519-asm-arm.S
[1149/1401] Compiling des.cc
[1150/1401] Compiling curve25519_64_adx.cc
[1151/1401] Compiling spake25519.cc
[1152/1401] Compiling digest_extra.cc
[1153/1401] Compiling curve25519.cc
[1154/1401] Compiling crypto.cc
[1155/1401] Compiling cpu_arm_linux.cc
[1156/1401] Compiling cpu_intel.cc
[1157/1401] Compiling cpu_arm_freebsd.cc
[1158/1401] Compiling cpu_aarch64_win.cc
[1159/1401] Compiling cpu_aarch64_sysreg.cc
[1160/1401] Compiling cpu_aarch64_openbsd.cc
[1161/1401] Compiling cpu_aarch64_linux.cc
[1162/1401] Compiling cpu_aarch64_fuchsia.cc
[1163/1401] Compiling cpu_aarch64_apple.cc
[1164/1401] Compiling tls_cbc.cc
[1165/1401] Compiling conf.cc
[1166/1401] Compiling get_cipher.cc
[1167/1401] Compiling e_tls.cc
[1168/1401] Compiling e_rc4.cc
[1169/1401] Compiling cms.cc
[1170/1401] Compiling e_rc2.cc
[1171/1401] Compiling e_null.cc
[1172/1401] Compiling e_des.cc
[1173/1401] Compiling e_aesgcmsiv.cc
[1174/1401] Compiling e_chacha20poly1305.cc
[1175/1401] Compiling e_aeseax.cc
[1176/1401] Compiling e_aesctrhmac.cc
[1177/1401] Compiling derive_key.cc
[1178/1401] Compiling chacha.cc
[1179/1401] Compiling unicode.cc
[1180/1401] Compiling cbs.cc
[1181/1401] Compiling sqrt.cc
[1182/1401] Compiling asn1_compat.cc
[1183/1401] Compiling cbb.cc
[1184/1401] Compiling ber.cc
[1185/1401] Compiling buf.cc
[1186/1401] Compiling exponentiation.cc
[1187/1401] Compiling div.cc
[1188/1401] Compiling printf.cc
[1189/1401] Compiling blake2.cc
[1190/1401] Compiling pair.cc
[1191/1401] Compiling convert.cc
[1192/1401] Compiling bn_asn1.cc
[1193/1401] Compiling hexdump.cc
[1194/1401] Compiling file.cc
[1195/1401] Compiling errno.cc
[1196/1401] Compiling fd.cc
[1197/1401] Compiling bio_mem.cc
[1198/1401] Compiling base64.cc
[1199/1401] Compiling bio.cc
[1200/1401] Compiling tasn_fre.cc
[1201/1401] Compiling tasn_utl.cc
[1202/1401] Compiling tasn_typ.cc
[1203/1401] Compiling tasn_enc.cc
[1204/1401] Compiling posix_time.cc
[1205/1401] Compiling tasn_new.cc
[1206/1401] Compiling f_string.cc
[1207/1401] Compiling f_int.cc
[1208/1401] Compiling tasn_dec.cc
[1209/1401] Compiling asn_pack.cc
[1210/1401] Compiling asn1_par.cc
[1211/1401] Compiling asn1_lib.cc
[1212/1401] Compiling a_octet.cc
[1212/1401] Compiling a_utctm.cc
[1214/1401] Compiling a_type.cc
[1215/1401] Compiling bcm.cc
[1216/1401] Compiling a_time.cc
[1217/1401] Compiling a_strex.cc
[1218/1401] Compiling a_strnid.cc
[1219/1401] Compiling a_i2d_fp.cc
[1220/1401] Compiling a_object.cc
[1221/1401] Compiling a_int.cc
[1222/1401] Compiling CAsyncHTTPClient CAsyncHTTPClient.c
[1222/1401] Write sources
[1226/1401] Compiling a_dup.cc
[1227/1419] Compiling a_d2i_fp.cc
[1228/1444] Compiling a_gentm.cc
[1229/1444] Compiling a_bool.cc
[1230/1444] Compiling a_mbstr.cc
[1231/1444] Compiling aes.cc
[1233/1444] Compiling Algorithms Grouped.swift
[1234/1444] Compiling Algorithms Indexed.swift
[1235/1446] Compiling Algorithms MinMax.swift
[1236/1446] Compiling Algorithms FlattenCollection.swift
[1237/1446] Compiling Algorithms Combinations.swift
[1238/1446] Compiling Algorithms Compacted.swift
[1239/1446] Compiling Algorithms Cycle.swift
[1239/1446] Compiling a_bitstr.cc
[1241/1446] Compiling Algorithms Permutations.swift
[1242/1446] Compiling Algorithms Product.swift
[1243/1446] Compiling Algorithms Joined.swift
[1244/1446] Compiling Algorithms Keyed.swift
[1245/1454] Compiling Algorithms EitherSequence.swift
[1246/1454] Compiling Algorithms FirstNonNil.swift
[1247/1454] Compiling Algorithms Partition.swift
[1248/1454] Compiling Atomics IntegerOperations.swift
[1249/1454] Compiling Atomics Unmanaged extensions.swift
[1251/1454] Compiling Algorithms Reductions.swift
[1252/1454] Compiling Algorithms Rotate.swift
[1253/1454] Compiling Algorithms Split.swift
[1254/1454] Compiling Algorithms Stride.swift
[1255/1454] Compiling Algorithms Suffix.swift
[1262/1457] Compiling CryptoBoringWrapper RandomBytes.swift
[1271/1457] Compiling CryptoBoringWrapper FiniteFieldArithmeticContext.swift
[1272/1457] Compiling Algorithms Trim.swift
[1273/1457] Compiling Algorithms Unique.swift
[1274/1457] Compiling Algorithms Windows.swift
[1275/1457] Compiling CryptoBoringWrapper EllipticCurve.swift
[1276/1457] Compiling CryptoBoringWrapper CryptoKitErrors_boring.swift
[1277/1457] Compiling CryptoBoringWrapper EllipticCurvePoint.swift
[1278/1457] Compiling CryptoBoringWrapper BoringSSLAEAD.swift
[1279/1457] Emitting module CryptoBoringWrapper
[1280/1457] Compiling CryptoBoringWrapper ArbitraryPrecisionInteger.swift
[1281/1458] Wrapping AST for CryptoBoringWrapper for debugging
[1283/1458] Emitting module Atomics
[1284/1458] Compiling Algorithms AdjacentPairs.swift
[1285/1458] Compiling Algorithms Chain.swift
[1286/1458] Compiling Algorithms Chunked.swift
[1291/1515] Wrapping AST for Atomics for debugging
[1293/1607] Emitting module Algorithms
[1294/1608] Wrapping AST for Algorithms for debugging
[1296/1608] Compiling NIOCore NIOCoreSendableMetatype.swift
[1297/1608] Compiling NIOCore NIODecodedAsyncSequence.swift
[1298/1608] Compiling NIOCore NIOLoopBound.swift
[1299/1608] Compiling NIOCore NIOPooledRecvBufferAllocator.swift
[1300/1608] Compiling NIOCore NIOScheduledCallback.swift
[1301/1608] Compiling NIOCore NIOSendable.swift
[1302/1608] Compiling NIOCore NIOSplitLinesMessageDecoder.swift
[1303/1608] Compiling NIOCore NIOTransportAccessibleChannelCore.swift
[1304/1608] Compiling NIOCore RecvByteBufferAllocator.swift
[1305/1616] Compiling Crypto HPKE-LabeledExtract.swift
[1306/1616] Compiling Crypto HPKE-Utils.swift
[1307/1616] Compiling Crypto DHKEM.swift
[1308/1616] Compiling Crypto HPKE-KEM-Curve25519.swift
[1309/1616] Compiling Crypto HPKE-NIST-EC-KEMs.swift
[1310/1616] Compiling Crypto HPKE-KEM.swift
[1311/1616] Compiling Crypto HPKE-Errors.swift
[1312/1616] Compiling Crypto HPKE.swift
[1313/1616] Compiling Crypto HPKE-Context.swift
[1314/1616] Compiling Crypto HPKE-KeySchedule.swift
[1315/1616] Compiling Crypto HPKE-Modes.swift
[1316/1616] Compiling Crypto Insecure.swift
[1317/1627] Compiling NIOCore IPProtocol.swift
[1318/1627] Compiling NIOCore IntegerBitPacking.swift
[1319/1627] Compiling NIOCore IntegerTypes.swift
[1320/1627] Compiling NIOCore Interfaces.swift
[1321/1627] Compiling NIOCore Linux.swift
[1322/1627] Compiling NIOCore MarkedCircularBuffer.swift
[1323/1627] Compiling NIOCore MulticastChannel.swift
[1324/1627] Compiling NIOCore NIOAny.swift
[1325/1627] Compiling NIOCore NIOCloseOnErrorHandler.swift
[1338/1627] Compiling NIOCore NIOThrowingAsyncSequenceProducer.swift
[1339/1627] Compiling NIOCore BSDSocketAPI.swift
[1340/1627] Compiling NIOCore ByteBuffer-aux.swift
[1341/1627] Compiling NIOCore ByteBuffer-binaryEncodedLengthPrefix.swift
[1342/1627] Compiling NIOCore ByteBuffer-conversions.swift
[1343/1627] Compiling NIOCore ByteBuffer-core.swift
[1344/1627] Compiling NIOCore ByteBuffer-hex.swift
[1345/1627] Compiling NIOCore ByteBuffer-int.swift
[1346/1627] Compiling NIOCore ByteBuffer-lengthPrefix.swift
[1347/1627] Compiling NIOCore AddressedEnvelope.swift
[1348/1627] Compiling NIOCore AsyncAwaitSupport.swift
[1349/1627] Compiling NIOCore AsyncChannel.swift
[1350/1627] Emitting module Crypto
[1354/1627] Compiling NIOCore SingleStepByteToMessageDecoder.swift
[1355/1627] Compiling NIOCore SocketAddresses.swift
[1356/1627] Compiling NIOCore SocketOptionProvider.swift
[1357/1627] Compiling NIOCore SystemCallHelpers.swift
[1358/1627] Compiling NIOCore TimeAmount+Duration.swift
[1359/1627] Compiling NIOCore TypeAssistedChannelHandler.swift
[1360/1627] Compiling NIOCore UniversalBootstrapSupport.swift
[1361/1627] Compiling NIOCore Utilities.swift
[1362/1627] Compiling NIOCore EventLoopFuture+Deprecated.swift
[1363/1627] Compiling NIOCore EventLoopFuture+WithEventLoop.swift
[1364/1627] Compiling NIOCore EventLoopFuture.swift
[1365/1627] Compiling NIOCore FileDescriptor.swift
[1366/1627] Compiling NIOCore FileHandle.swift
[1367/1627] Compiling NIOCore FileRegion.swift
[1368/1627] Compiling NIOCore GlobalSingletons.swift
[1369/1627] Compiling NIOCore IO.swift
[1370/1627] Compiling NIOCore IOData.swift
[1374/1627] Compiling NIOCore AsyncChannelHandler.swift
[1375/1627] Compiling NIOCore AsyncChannelInboundStream.swift
[1376/1627] Compiling NIOCore AsyncChannelOutboundWriter.swift
[1377/1627] Compiling NIOCore NIOAsyncSequenceProducer.swift
[1378/1627] Compiling NIOCore NIOAsyncSequenceProducerStrategies.swift
[1379/1627] Compiling NIOCore NIOAsyncWriter.swift
[1380/1627] Compiling NIOCore ByteBuffer-multi-int.swift
[1381/1627] Compiling NIOCore ByteBuffer-quicBinaryEncodingStrategy.swift
[1382/1627] Compiling NIOCore ByteBuffer-views.swift
[1383/1627] Compiling NIOCore Channel.swift
[1384/1627] Compiling NIOCore ChannelHandler.swift
[1385/1627] Compiling NIOCore ChannelHandlers.swift
[1386/1627] Compiling NIOCore ChannelInvoker.swift
[1387/1627] Compiling NIOCore ChannelOption.swift
[1388/1627] Compiling NIOCore ChannelPipeline.swift
[1389/1627] Compiling NIOCore CircularBuffer.swift
[1390/1627] Compiling NIOCore Codec.swift
[1391/1627] Compiling NIOCore ConvenienceOptionSupport.swift
[1392/1627] Compiling NIOCore DeadChannel.swift
[1393/1627] Compiling NIOCore DispatchQueue+WithFuture.swift
[1394/1627] Compiling NIOCore EventLoop+Deprecated.swift
[1395/1627] Compiling NIOCore EventLoop+SerialExecutor.swift
[1396/1627] Compiling NIOCore EventLoop.swift
[1397/1627] Compiling NIOCore EventLoopFuture+AssumeIsolated.swift
[1416/1627] Compiling Crypto Signature.swift
[1417/1627] Compiling Crypto CryptoKitErrors_boring.swift
[1418/1627] Compiling Crypto Optional+withUnsafeBytes_boring.swift
[1419/1627] Compiling Crypto RNG_boring.swift
[1420/1627] Compiling Crypto SafeCompare_boring.swift
[1421/1627] Compiling Crypto Zeroization_boring.swift
[1422/1627] Compiling Crypto _CryptoModuleAnchor.swift
[1423/1627] Compiling Crypto PrettyBytes.swift
[1424/1627] Compiling Crypto SafeCompare.swift
[1425/1627] Compiling Crypto SecureBytes.swift
[1426/1627] Compiling Crypto Zeroization.swift
[1427/1628] Wrapping AST for Crypto for debugging
[1437/1690] Emitting module CryptoExtras
[1438/1698] Compiling CryptoExtras Data+Extensions.swift
[1439/1698] Compiling CryptoExtras DigestType.swift
[1440/1698] Compiling CryptoExtras Error.swift
[1441/1698] Compiling CryptoExtras I2OSP.swift
[1442/1698] Compiling CryptoExtras IntegerEncoding.swift
[1443/1698] Compiling CryptoExtras PEMDocument.swift
[1444/1698] Compiling CryptoExtras PrettyBytes.swift
[1445/1698] Compiling CryptoExtras SubjectPublicKeyInfo.swift
[1446/1698] Compiling CryptoExtras PBKDF2.swift
[1447/1698] Compiling CryptoExtras Scrypt_boring.swift
[1448/1698] Compiling CryptoExtras Scrypt.swift
[1449/1698] Compiling CryptoExtras OPRF.swift
[1450/1698] Compiling CryptoExtras OPRFClient.swift
[1451/1698] Compiling CryptoExtras OPRFServer.swift
[1452/1698] Compiling CryptoExtras VOPRF+API.swift
[1453/1698] Compiling CryptoExtras VOPRFClient.swift
[1454/1698] Compiling CryptoExtras VOPRFServer.swift
[1455/1698] Compiling CryptoExtras ThreadOps.swift
[1456/1698] Compiling CryptoExtras ThreadPosix.swift
[1457/1698] Compiling CryptoExtras ThreadSpecific.swift
[1458/1698] Compiling CryptoExtras ThreadWindows.swift
[1459/1698] Compiling CryptoExtras DLEQ.swift
[1460/1698] Compiling CryptoExtras Prover.swift
[1461/1698] Compiling CryptoExtras Verifier.swift
[1462/1698] Compiling CryptoExtras ZKPToolbox.swift
[1463/1698] Compiling CryptoExtras PKCS8DERRepresentation.swift
[1464/1698] Compiling CryptoExtras PKCS8PrivateKey.swift
[1465/1698] Compiling CryptoExtras RFC8410AlgorithmIdentifier.swift
[1466/1698] Compiling CryptoExtras ECToolbox_boring.swift
[1467/1698] Compiling CryptoExtras ECToolbox.swift
[1468/1698] Compiling CryptoExtras HashToField.swift
[1469/1698] Compiling CryptoExtras KDF.swift
[1470/1698] Compiling CryptoExtras PBKDF2_boring.swift
[1471/1698] Compiling CryptoExtras PBKDF2_commoncrypto.swift
[1472/1698] Compiling CryptoExtras ARCServer.swift
[1473/1698] Compiling CryptoExtras ChaCha20CTR_boring.swift
[1474/1698] Compiling CryptoExtras ChaCha20CTR.swift
[1475/1698] Compiling CryptoExtras BoringSSLSHA512256Context.swift
[1476/1698] Compiling CryptoExtras BoringSSLSHA512256HashFunction.swift
[1477/1698] Compiling CryptoExtras SHA512256.swift
[1478/1698] Compiling CryptoExtras SHA512256Digest.swift
[1479/1698] Compiling CryptoExtras Curve25519+PEM.swift
[1480/1698] Compiling CryptoExtras ObjectIdentifier.swift
[1481/1698] Compiling CryptoExtras AES_CBC.swift
[1482/1698] Compiling CryptoExtras AES_CFB.swift
[1483/1698] Compiling CryptoExtras AES_CTR.swift
[1484/1698] Compiling CryptoExtras AES_GCM_SIV.swift
[1485/1698] Compiling CryptoExtras Block Function.swift
[1486/1698] Compiling CryptoExtras AES_CBC_boring.swift
[1487/1698] Compiling CryptoExtras AES_CFB_boring.swift
[1488/1698] Compiling CryptoExtras AES_CTR_boring.swift
[1489/1698] Compiling CryptoExtras AES_GCM_SIV_boring.swift
[1490/1698] Compiling CryptoExtras CMAC.swift
[1491/1698] Compiling CryptoExtras ARC+API.swift
[1492/1698] Compiling CryptoExtras ARC.swift
[1493/1698] Compiling CryptoExtras ARCCredential.swift
[1494/1698] Compiling CryptoExtras ARCEncoding.swift
[1495/1698] Compiling CryptoExtras ARCPrecredential.swift
[1496/1698] Compiling CryptoExtras ARCPresentation.swift
[1497/1698] Compiling CryptoExtras ARCRequest.swift
[1498/1698] Compiling CryptoExtras ARCResponse.swift
[1499/1698] Compiling CryptoExtras BoringSSLPassphraseCallbackManager.swift
[1500/1698] Compiling CryptoExtras RSA+BlindSigning.swift
[1501/1698] Compiling CryptoExtras RSA.swift
[1502/1698] Compiling CryptoExtras RSA_boring.swift
[1503/1698] Compiling CryptoExtras Reexport.swift
[1504/1698] Compiling CryptoExtras Zeroization_boring.swift
[1505/1698] Compiling CryptoExtras BoringSSLHelpers.swift
[1506/1698] Compiling CryptoExtras CryptoKitErrors_boring.swift
[1507/1700] Wrapping AST for CryptoExtras for debugging
[1509/1701] Compiling _CryptoExtras Exports.swift
[1510/1701] Emitting module _CryptoExtras
[1511/1702] Wrapping AST for _CryptoExtras for debugging
[1513/1797] Compiling X509 CertificateSerialNumber.swift
[1514/1797] Compiling X509 CertificateVersion.swift
[1515/1797] Compiling X509 CMSAttribute.swift
[1516/1797] Compiling X509 CMSContentInfo.swift
[1517/1797] Compiling X509 CMSEncapsulatedContentInfo.swift
[1518/1797] Compiling X509 CMSIssuerAndSerialNumber.swift
[1519/1797] Compiling X509 CMSOperations.swift
[1520/1797] Compiling X509 CMSSignature.swift
[1521/1797] Compiling X509 CMSSignedData.swift
[1522/1797] Compiling X509 CMSSignerIdentifier.swift
[1523/1797] Compiling X509 CMSSignerInfo.swift
[1524/1797] Compiling X509 CMSVersion.swift
[1525/1797] Compiling X509 Curve25519+DER.swift
[1526/1797] Compiling X509 CustomPrivateKey.swift
[1527/1797] Compiling X509 Digests.swift
[1528/1797] Compiling X509 DistinguishedName.swift
[1529/1797] Compiling X509 CommonName.swift
[1530/1797] Compiling X509 CountryName.swift
[1531/1797] Compiling X509 CSRAttribute.swift
[1532/1797] Compiling X509 CSRAttributes.swift
[1533/1797] Compiling X509 CSRVersion.swift
[1534/1797] Compiling X509 CertificateSigningRequest.swift
[1535/1797] Compiling X509 CertificationRequestInfo.swift
[1536/1797] Compiling X509 ExtensionRequest.swift
[1537/1797] Compiling X509 Certificate.swift
[1538/1797] Compiling X509 CertificatePrivateKey.swift
[1539/1797] Compiling X509 CertificatePublicKey.swift
[1540/1797] Emitting module NIOCore
[1541/1799] Wrapping AST for NIOCore for debugging
[1543/1855] Compiling NIOFoundationEssentialsCompat Codable+ByteBuffer.swift
[1544/1855] Emitting module NIOFoundationEssentialsCompat
[1545/1855] Compiling NIOPosix BSDSocketAPICommon.swift
[1546/1855] Compiling NIOPosix BSDSocketAPIPosix.swift
[1547/1855] Compiling NIOPosix BSDSocketAPIWindows.swift
[1548/1855] Compiling NIOPosix BaseSocket.swift
[1549/1855] Compiling NIOPosix BaseSocketChannel+AccessibleTransport.swift
[1550/1855] Compiling NIOPosix BaseSocketChannel+SocketOptionProvider.swift
[1551/1855] Compiling NIOPosix BaseSocketChannel.swift
[1552/1855] Compiling NIOPosix HappyEyeballs.swift
[1553/1855] Compiling NIOPosix IO.swift
[1554/1855] Compiling NIOPosix IntegerBitPacking.swift
[1555/1855] Compiling NIOPosix IntegerTypes.swift
[1556/1855] Compiling NIOPosix Linux.swift
[1557/1855] Compiling NIOPosix LinuxCPUSet.swift
[1558/1855] Compiling NIOPosix LinuxUring.swift
[1559/1868] Compiling NIOPosix BaseStreamSocketChannel.swift
[1560/1868] Compiling NIOPosix Bootstrap.swift
[1561/1868] Compiling NIOPosix ControlMessage.swift
[1562/1868] Compiling NIOPosix DatagramVectorReadManager.swift
[1563/1868] Compiling NIOPosix Errors+Any.swift
[1564/1868] Compiling NIOPosix FileDescriptor.swift
[1565/1868] Compiling NIOPosix GetaddrinfoResolver.swift
[1566/1868] Compiling NIOPosix MultiThreadedEventLoopGroup.swift
[1567/1868] Compiling NIOPosix NIOPosixSendableMetatype.swift
[1568/1868] Compiling NIOPosix NIORandomizedDNSResolver.swift
[1569/1868] Compiling NIOPosix NIOThreadPool.swift
[1570/1868] Compiling NIOPosix NonBlockingFileIO.swift
[1571/1868] Compiling NIOPosix PendingDatagramWritesManager.swift
[1572/1868] Compiling NIOPosix PendingWritesManager.swift
[1573/1868] Compiling NIOFoundationEssentialsCompat ByteBuffer-foundation.swift
[1574/1869] Compiling NIOPosix Selectable.swift
[1575/1869] Compiling NIOPosix SelectableChannel.swift
[1576/1869] Compiling NIOPosix SelectableEventLoop.swift
[1577/1869] Compiling NIOPosix SelectorEpoll.swift
[1578/1869] Compiling NIOPosix SelectorGeneric.swift
[1579/1869] Compiling NIOPosix SelectorKqueue.swift
[1580/1869] Compiling NIOPosix SelectorUring.swift
[1581/1869] Compiling NIOPosix PipeChannel.swift
[1582/1869] Compiling NIOPosix PipePair.swift
[1583/1869] Compiling NIOPosix Pool.swift
[1584/1869] Compiling NIOPosix PosixSingletons+ConcurrencyTakeOver.swift
[1585/1869] Compiling NIOPosix PosixSingletons.swift
[1586/1869] Compiling NIOPosix RawSocketBootstrap.swift
[1587/1869] Wrapping AST for NIOFoundationEssentialsCompat for debugging
[1589/1869] Emitting module NIOEmbedded
[1590/1869] Compiling NIOEmbedded AsyncTestingEventLoop.swift
[1591/1869] Compiling NIOEmbedded Embedded.swift
[1592/1869] Compiling NIOEmbedded AsyncTestingChannel.swift
[1594/1870] Compiling X509 OCSPExtensionID.swift
[1595/1870] Compiling X509 OCSPNonce.swift
[1596/1870] Compiling X509 OCSPPolicy.swift
[1597/1870] Compiling X509 OCSPRequest.swift
[1598/1870] Compiling X509 OCSPResponse.swift
[1599/1870] Compiling X509 OCSPResponseBytes.swift
[1600/1870] Compiling X509 OCSPResponseData.swift
[1601/1870] Compiling X509 OCSPResponseStatus.swift
[1602/1870] Compiling X509 OCSPSignature.swift
[1603/1870] Compiling X509 OCSPSingleRequest.swift
[1604/1870] Compiling X509 OCSPSingleResponse.swift
[1605/1870] Compiling X509 OCSPTBSRequest.swift
[1606/1870] Compiling X509 OCSPVersion.swift
[1607/1870] Compiling NIOPosix Resolver.swift
[1608/1870] Compiling NIOPosix SelectorWSAPoll.swift
[1609/1870] Compiling NIOPosix ServerSocket.swift
[1610/1870] Compiling NIOPosix Socket.swift
[1611/1870] Compiling NIOPosix SocketChannel.swift
[1612/1870] Compiling NIOPosix SocketProtocols.swift
[1613/1870] Compiling NIOPosix StructuredConcurrencyHelpers.swift
[1614/1870] Compiling NIOPosix System.swift
[1615/1870] Compiling X509 LockedValueBox.swift
[1616/1870] Compiling X509 BasicOCSPResponse.swift
[1617/1870] Compiling X509 DirectoryString.swift
[1618/1870] Compiling X509 OCSPCertID.swift
[1619/1870] Compiling X509 OCSPCertStatus.swift
[1620/1870] Compiling X509 DomainComponent.swift
[1621/1870] Compiling X509 EmailAddress.swift
[1622/1870] Compiling X509 LocalityName.swift
[1623/1870] Compiling X509 OrganizationName.swift
[1624/1870] Compiling X509 OrganizationalUnitName.swift
[1625/1870] Compiling X509 StateOrProvinceName.swift
[1626/1870] Compiling X509 StreetAddress.swift
[1627/1870] Compiling X509 Error.swift
[1628/1870] Compiling X509 AuthorityInformationAccess.swift
[1629/1870] Compiling X509 AuthorityKeyIdentifier.swift
[1630/1870] Compiling X509 BasicConstraints.swift
[1631/1870] Compiling X509 ExtendedKeyUsage.swift
[1632/1870] Compiling X509 ExtensionIdentifiers.swift
[1633/1870] Compiling X509 KeyUsage.swift
[1634/1870] Compiling X509 PKCS8PrivateKey.swift
[1635/1870] Compiling X509 PromiseAndFuture.swift
[1636/1870] Compiling X509 RDNAttribute.swift
[1637/1870] Compiling X509 RandomNumberGenerator+bytes.swift
[1638/1870] Compiling X509 RelativeDistinguishedName.swift
[1639/1870] Compiling X509 SEC1PrivateKey.swift
[1640/1870] Compiling X509 SecKeyWrapper.swift
[1641/1870] Compiling X509 Signature.swift
[1642/1870] Compiling X509 SignatureAlgorithm.swift
[1643/1870] Compiling X509 AllOfPolicies.swift
[1644/1870] Compiling X509 AnyPolicy.swift
[1645/1870] Compiling X509 CertificateStore.swift
[1646/1870] Compiling X509 CustomCertificateStore.swift
[1653/1877] Wrapping AST for NIOEmbedded for debugging
[1655/1877] Emitting module NIOPosix
[1663/1877] Compiling NIOPosix Thread.swift
[1664/1877] Compiling NIOPosix ThreadPosix.swift
[1665/1877] Compiling NIOPosix ThreadWindows.swift
[1666/1877] Compiling NIOPosix Utilities.swift
[1667/1877] Compiling NIOPosix VsockAddress.swift
[1668/1877] Compiling NIOPosix VsockChannelEvents.swift
[1669/1877] Compiling NIOPosix Windows.swift
[1698/1877] Emitting module X509
[1706/1878] Wrapping AST for NIOPosix for debugging
[1708/1880] Compiling NIO Exports.swift
[1709/1880] Emitting module NIO
[1710/1881] Wrapping AST for NIO for debugging
[1712/1920] Compiling X509 ValidatedCertificateChain.swift
[1713/1920] Compiling X509 VerificationDiagnostic.swift
[1714/1920] Compiling X509 Verifier.swift
[1715/1920] Compiling X509 VerifierPolicy.swift
[1716/1920] Compiling X509 AlgorithmIdentifier.swift
[1717/1920] Compiling X509 ECDSASignature.swift
[1718/1920] Compiling X509 RSAPKCS1PublicKey.swift
[1719/1920] Compiling X509 SubjectPublicKeyInfo.swift
[1720/1920] Compiling X509 TBSCertificate.swift
[1721/1920] Compiling X509 Time.swift
[1722/1920] Compiling X509 TimeCalculations.swift
[1723/1920] Compiling X509 Validity.swift
[1724/1920] Compiling X509 X509SendableMetatype.swift
[1726/1921] Emitting module NIOFoundationCompat
[1727/1921] Compiling NIOFoundationCompat WaitSpinningRunLoop.swift
[1728/1921] Compiling NIOFoundationCompat JSONSerialization+ByteBuffer.swift
[1729/1921] Compiling NIOFoundationCompat Exports.swift
[1730/1921] Compiling NIOTLS NIOTypedApplicationProtocolNegotiationHandler.swift
[1731/1921] Compiling NIOTLS TLSEvents.swift
[1731/1922] Wrapping AST for X509 for debugging
[1734/1922] Compiling NIOSOCKS ClientStateMachine.swift
[1735/1922] Compiling NIOSOCKS SelectedAuthenticationMethod.swift
[1736/1932] Compiling NIOSOCKS SOCKSResponse.swift
[1736/1990] Wrapping AST for NIOFoundationCompat for debugging
[1738/1990] Emitting module NIOSOCKS
[1739/1990] Compiling JWTKit AudienceClaim.swift
[1740/1990] Compiling JWTKit BoolClaim.swift
[1741/1990] Compiling JWTKit ExpirationClaim.swift
[1742/1990] Compiling JWTKit GoogleHostedDomainClaim.swift
[1743/1990] Compiling JWTKit IDClaim.swift
[1744/1990] Compiling JWTKit IssuedAtClaim.swift
[1745/1990] Compiling JWTKit IssuerClaim.swift
[1746/1990] Compiling JWTKit JWTClaim.swift
[1747/1990] Compiling NIOTLS ApplicationProtocolNegotiationHandler.swift
[1748/1990] Compiling NIOTLS ProtocolNegotiationHandlerStateMachine.swift
[1749/1990] Compiling NIOTLS SNIHandler.swift
[1750/1990] Emitting module NIOTLS
[1752/1991] Compiling NIOSOCKS ServerStateMachine.swift
[1753/1992] Wrapping AST for NIOTLS for debugging
[1754/2022] Wrapping AST for NIOSOCKS for debugging
[1756/2022] Compiling NIOSSL NIOSSLSecureBytes.swift
[1757/2022] Compiling NIOSSL RNG.swift
[1758/2024] Compiling NIOSSL SSLCallbacks.swift
[1759/2024] Compiling NIOSSL SubjectAlternativeName.swift
[1760/2024] Compiling NIOSSL FreeBSDCABundle.swift
[1761/2024] Compiling NIOSSL IdentityVerification.swift
[1762/2024] Compiling NIOSSL LinuxCABundle.swift
[1763/2024] Emitting module JWTKit
[1764/2033] Compiling NIOSSL AndroidCABundle.swift
[1765/2033] Compiling NIOSSL ByteBufferBIO.swift
[1766/2033] Compiling NIOSSL CustomPrivateKey.swift
[1770/2033] Compiling NIOSSL NIOSSLClientHandler.swift
[1771/2033] Compiling NIOSSL NIOSSLHandler+Configuration.swift
[1772/2033] Compiling NIOSSL NIOSSLHandler.swift
[1773/2033] Compiling NIOSSL NIOSSLServerHandler.swift
[1774/2033] Compiling JWTKit MLDSAType.swift
[1775/2033] Compiling JWTKit JWTKeyCollection+UnsecuredNone.swift
[1776/2033] Compiling JWTKit UnsecuredNoneSigner.swift
[1777/2033] Compiling JWTKit JWTKeyCollection+RSA.swift
[1778/2033] Compiling JWTKit RSA.swift
[1779/2033] Compiling JWTKit RSAError.swift
[1780/2033] Compiling JWTKit RSASigner.swift
[1781/2033] Compiling JWTKit Base64URL.swift
[1782/2033] Compiling JWTKit CryptoSigner.swift
[1783/2033] Compiling JWTKit JWTSerializer.swift
[1784/2033] Compiling JWTKit JWTSigner.swift
[1785/2033] Compiling JWTKit JWTKeyCollection+MLDSA.swift
[1786/2033] Compiling JWTKit MLDSA.swift
[1787/2033] Compiling JWTKit MLDSA65+MLDSAKey.swift
[1788/2033] Compiling JWTKit MLDSA87+MLDSAKey.swift
[1789/2033] Compiling JWTKit MLDSAError.swift
[1790/2033] Compiling JWTKit MLDSAKey.swift
[1791/2033] Compiling JWTKit MLDSASigner.swift
[1792/2033] Compiling NIOSSL ObjectIdentifier.swift
[1793/2033] Compiling NIOSSL PosixPort.swift
[1798/2033] Compiling NIOHTTP1 NIOTypedHTTPServerUpgradeHandler.swift
[1799/2033] Compiling NIOHTTP1 NIOTypedHTTPServerUpgraderStateMachine.swift
[1800/2033] Compiling NIOSSL SSLCertificateExtensions.swift
[1801/2033] Compiling NIOSSL SSLCertificateName.swift
[1810/2033] Compiling NIOSSL SSLConnection.swift
[1811/2033] Compiling NIOSSL SSLContext.swift
[1812/2033] Compiling NIOSSL SSLErrors.swift
[1813/2033] Compiling NIOSSL SSLInit.swift
[1814/2033] Compiling NIOSSL SSLPKCS12Bundle.swift
[1815/2033] Compiling NIOSSL SSLPrivateKey.swift
[1816/2033] Compiling NIOSSL SSLPublicKey.swift
[1817/2033] Compiling NIOSSL SecurityFrameworkCertificateVerification.swift
[1818/2033] Compiling NIOSSL String+unsafeUninitializedCapacity.swift
[1819/2033] Compiling JWTKit JWTKeyCollection+EdDSA.swift
[1820/2033] Compiling JWTKit HMAC.swift
[1821/2033] Compiling JWTKit HMACError.swift
[1822/2033] Compiling JWTKit HMACSigner.swift
[1823/2033] Compiling JWTKit JWTKeyCollection+HMAC.swift
[1824/2033] Compiling JWTKit Insecure.swift
[1825/2033] Compiling JWTKit JWK.swift
[1826/2033] Compiling JWTKit JWKIdentifier.swift
[1827/2033] Compiling JWTKit JWKS.swift
[1828/2033] Compiling JWTKit JWKSigner.swift
[1829/2033] Compiling JWTKit JWTAlgorithm.swift
[1830/2033] Compiling JWTKit JWTError.swift
[1831/2033] Compiling JWTKit JWTHeader+CommonFields.swift
[1832/2033] Compiling JWTKit JWTHeader.swift
[1833/2033] Compiling JWTKit JWTHeaderField.swift
[1834/2033] Compiling JWTKit JWTKeyCollection.swift
[1835/2033] Compiling JWTKit JWTParser+MandatoryVerificationFields.swift
[1836/2033] Compiling JWTKit JWTParser.swift
[1837/2033] Compiling JWTKit JWTPayload.swift
[1838/2033] Emitting module NIOHTTP1
[1843/2034] Emitting module NIOSSL
[1843/2054] Wrapping AST for NIOHTTP1 for debugging
[1845/2055] Emitting module NIOHTTPCompression
[1850/2055] Compiling NIOHTTPCompression HTTPDecompressor.swift
[1851/2055] Compiling NIOHPACK IndexedHeaderTable.swift
[1852/2055] Compiling NIOHPACK HuffmanTables.swift
[1853/2055] Compiling NIOHPACK IntegerCoding.swift
[1854/2056] Compiling JWTKit CustomizedJSONCoders.swift
[1855/2056] Compiling JWTKit Utilities.swift
[1856/2056] Compiling JWTKit AppleIdentityToken.swift
[1857/2056] Compiling JWTKit FirebaseAuthIdentityToken.swift
[1858/2056] Compiling JWTKit GoogleIdentityToken.swift
[1859/2056] Compiling JWTKit MicrosoftIdentityToken.swift
[1860/2056] Compiling JWTKit EmptyPolicy.swift
[1861/2056] Compiling JWTKit ValidationTimePayload.swift
[1862/2056] Compiling JWTKit X5CVerifier.swift
[1863/2057] Compiling NIOHTTPCompression HTTPCompression.swift
[1864/2057] Compiling NIOHPACK StaticHeaderTable.swift
[1865/2057] Compiling NIOHPACK HuffmanCoding.swift
[1867/2057] Compiling NIOHTTPCompression HTTPRequestCompressor.swift
[1868/2057] Compiling NIOHTTPCompression HTTPResponseCompressor.swift
[1869/2057] Compiling NIOHTTPCompression HTTPDecompression.swift
[1871/2058] Compiling NIOHPACK DynamicHeaderTable.swift
[1872/2058] Compiling NIOHPACK HPACKDecoder.swift
[1873/2058] Compiling NIOHPACK HPACKHeader.swift
[1874/2058] Compiling NIOHPACK HeaderTables.swift
[1875/2058] Compiling NIOHPACK HPACKEncoder.swift
[1879/2058] Wrapping AST for JWTKit for debugging
[1885/2058] Compiling NIOHPACK HPACKErrors.swift
[1888/2058] Wrapping AST for NIOHTTPCompression for debugging
[1902/2058] Emitting module NIOHPACK
[1905/2059] Wrapping AST for NIOHPACK for debugging
[1907/2122] Compiling NIOHTTP2 HTTP2Settings.swift
[1908/2122] Compiling NIOHTTP2 HTTP2Stream.swift
[1909/2122] Compiling NIOHTTP2 HTTP2StreamChannel+OutboundStreamMultiplexer.swift
[1910/2122] Compiling NIOHTTP2 HTTP2StreamChannel.swift
[1911/2123] Wrapping AST for NIOSSL for debugging
[1913/2123] Compiling NIOHTTP2 MaySendFrames.swift
[1914/2123] Compiling NIOHTTP2 SendingDataState.swift
[1915/2123] Compiling NIOHTTP2 SendingGoawayState.swift
[1916/2123] Compiling NIOHTTP2 SendingHeadersState.swift
[1917/2123] Compiling NIOHTTP2 SendingPushPromiseState.swift
[1918/2123] Compiling NIOHTTP2 SendingRstStreamState.swift
[1919/2123] Compiling NIOHTTP2 SendingWindowUpdateState.swift
[1920/2123] Compiling NIOHTTP2 HTTP2SettingsState.swift
[1921/2123] Compiling NIOHTTP2 HasExtendedConnectSettings.swift
[1922/2131] Emitting module NIOHTTP2
[1923/2131] Compiling NIOHTTP2 HTTP2StreamMultiplexer.swift
[1924/2131] Compiling NIOHTTP2 HTTP2ToHTTP1Codec.swift
[1925/2131] Compiling NIOHTTP2 HTTP2UserEvents.swift
[1926/2131] Compiling NIOHTTP2 InboundEventBuffer.swift
[1927/2131] Compiling NIOHTTP2 InboundWindowManager.swift
[1928/2131] Compiling NIOHTTP2 MultiplexerAbstractChannel.swift
[1929/2131] Compiling NIOHTTP2 NIOHTTP2FrameDelegate.swift
[1930/2131] Compiling NIOHTTP2 NIOHTTP2ServerConnectionManagementHandler+StateMachine.swift
[1931/2131] Compiling NIOHTTP2 ConnectionStateMachine.swift
[1932/2131] Compiling NIOHTTP2 ConnectionStreamsState.swift
[1933/2131] Compiling NIOHTTP2 MayReceiveFrames.swift
[1934/2131] Compiling NIOHTTP2 ReceivingDataState.swift
[1935/2131] Compiling NIOHTTP2 ReceivingGoAwayState.swift
[1936/2131] Compiling NIOHTTP2 ReceivingHeadersState.swift
[1937/2131] Compiling NIOHTTP2 ReceivingPushPromiseState.swift
[1938/2131] Compiling NIOHTTP2 ReceivingRstStreamState.swift
[1939/2131] Compiling NIOHTTP2 ReceivingWindowUpdateState.swift
[1940/2131] Compiling NIOHTTP2 NIOHTTP2ServerConnectionManagementHandler.swift
[1941/2131] Compiling NIOHTTP2 StreamChannelFlowController.swift
[1942/2131] Compiling NIOHTTP2 StreamChannelList.swift
[1943/2131] Compiling NIOHTTP2 StreamMap.swift
[1944/2131] Compiling NIOHTTP2 StreamStateMachine.swift
[1945/2131] Compiling NIOHTTP2 Timer.swift
[1946/2131] Compiling NIOHTTP2 UnsafeTransfer.swift
[1947/2131] Compiling NIOHTTP2 WatermarkedFlowController.swift
[1948/2131] Compiling NIOHTTP2 DOSHeuristics.swift
[1949/2131] Compiling NIOHTTP2 Error+Any.swift
[1950/2131] Compiling NIOHTTP2 ConcurrentStreamBuffer.swift
[1951/2131] Compiling NIOHTTP2 ControlFrameBuffer.swift
[1952/2131] Compiling NIOHTTP2 OutboundFlowControlBuffer.swift
[1953/2131] Compiling NIOHTTP2 OutboundFrameBuffer.swift
[1954/2131] Compiling NIOHTTP2 GlitchesMonitor.swift
[1955/2131] Compiling NIOHTTP2 HPACKHeaders+Validation.swift
[1956/2131] Compiling NIOHTTP2 HTTP2ChannelHandler+InboundStreamMultiplexer.swift
[1957/2131] Compiling NIOHTTP2 HTTP2FrameParser.swift
[1958/2131] Compiling NIOHTTP2 HTTP2PingData.swift
[1959/2131] Compiling NIOHTTP2 HTTP2PipelineHelpers.swift
[1964/2131] Compiling NIOHTTP2 HTTP2StreamDelegate.swift
[1965/2131] Compiling NIOHTTP2 HTTP2StreamID.swift
[1966/2131] Compiling NIOHTTP2 HasFlowControlWindows.swift
[1967/2131] Compiling NIOHTTP2 HasLocalSettings.swift
[1968/2131] Compiling NIOHTTP2 HasRemoteSettings.swift
[1969/2131] Compiling NIOHTTP2 LocallyQuiescingState.swift
[1970/2131] Compiling NIOHTTP2 QuiescingState.swift
[1971/2131] Compiling NIOHTTP2 RemotelyQuiescingState.swift
[1972/2131] Compiling NIOHTTP2 SendAndReceiveGoawayState.swift
[1973/2131] Compiling NIOHTTP2 StateMachineResult.swift
[1974/2131] Compiling NIOHTTP2 ContentLengthVerifier.swift
[1975/2131] Compiling NIOHTTP2 HTTP2ChannelHandler+InlineStreamMultiplexer.swift
[1976/2131] Compiling NIOHTTP2 HTTP2ChannelHandler.swift
[1977/2131] Compiling NIOHTTP2 HTTP2CommonInboundStreamMultiplexer.swift
[1978/2131] Compiling NIOHTTP2 HTTP2ConnectionStateChange.swift
[1979/2131] Compiling NIOHTTP2 HTTP2Error.swift
[1980/2131] Compiling NIOHTTP2 HTTP2ErrorCode.swift
[1981/2131] Compiling NIOHTTP2 HTTP2FlowControlWindow.swift
[1982/2131] Compiling NIOHTTP2 HTTP2Frame.swift
[1983/2131] Compiling NIOHTTP2 HTTP2FrameEncoder.swift
[1984/2132] Wrapping AST for NIOHTTP2 for debugging
[1986/2196] Compiling AsyncHTTPClient AnyAsyncSequence.swift
[1987/2196] Compiling AsyncHTTPClient AnyAsyncSequenceProucerDelete.swift
[1988/2196] Compiling AsyncHTTPClient AsyncLazySequence.swift
[1989/2196] Compiling AsyncHTTPClient HTTPClient+execute.swift
[1990/2196] Compiling AsyncHTTPClient HTTPClient+shutdown.swift
[1991/2196] Compiling AsyncHTTPClient HTTPClient+tracing.swift
[1992/2196] Compiling AsyncHTTPClient HTTPClientRequest+Prepared.swift
[1993/2196] Compiling AsyncHTTPClient HTTPClientRequest+auth.swift
[1994/2196] Compiling AsyncHTTPClient HTTPClientRequest.swift
[1995/2204] Emitting module AsyncHTTPClient
[1996/2204] Compiling AsyncHTTPClient HTTPClientResponse.swift
[1997/2204] Compiling AsyncHTTPClient SingleIteratorPrecondition.swift
[1998/2204] Compiling AsyncHTTPClient Transaction+StateMachine.swift
[1999/2204] Compiling AsyncHTTPClient Transaction.swift
[2000/2204] Compiling AsyncHTTPClient Base64.swift
[2001/2204] Compiling AsyncHTTPClient BasicAuth.swift
[2002/2204] Compiling AsyncHTTPClient BestEffortHashableTLSConfiguration.swift
[2003/2204] Compiling AsyncHTTPClient Configuration+BrowserLike.swift
[2004/2204] Compiling AsyncHTTPClient ConnectionPool.swift
[2005/2204] Compiling AsyncHTTPClient LRUCache.swift
[2006/2204] Compiling AsyncHTTPClient NIOLoopBound+Execute.swift
[2007/2204] Compiling AsyncHTTPClient NWErrorHandler.swift
[2008/2204] Compiling AsyncHTTPClient NWWaitingHandler.swift
[2009/2204] Compiling AsyncHTTPClient TLSConfiguration.swift
[2010/2204] Compiling AsyncHTTPClient RedirectState.swift
[2011/2204] Compiling AsyncHTTPClient RequestBag+StateMachine.swift
[2012/2204] Compiling AsyncHTTPClient RequestBag+Tracing.swift
[2013/2204] Compiling AsyncHTTPClient RequestBag.swift
[2014/2204] Compiling AsyncHTTPClient RequestValidation.swift
[2015/2204] Compiling AsyncHTTPClient SSLContextCache.swift
[2016/2204] Compiling AsyncHTTPClient Scheme.swift
[2017/2204] Compiling AsyncHTTPClient Singleton.swift
[2018/2204] Compiling AsyncHTTPClient StringConvertibleInstances.swift
[2019/2204] Compiling AsyncHTTPClient StructuredConcurrencyHelpers.swift
[2020/2204] Compiling AsyncHTTPClient TracingSupport.swift
[2021/2204] Compiling AsyncHTTPClient Utils.swift
[2022/2204] Compiling AsyncHTTPClient HTTPConnectionEvent.swift
[2023/2204] Compiling AsyncHTTPClient HTTPConnectionPool+Factory.swift
[2024/2204] Compiling AsyncHTTPClient HTTPConnectionPool+Manager.swift
[2025/2204] Compiling AsyncHTTPClient HTTPConnectionPool.swift
[2026/2204] Compiling AsyncHTTPClient HTTPExecutableRequest.swift
[2027/2204] Compiling AsyncHTTPClient HTTPRequestStateMachine+Demand.swift
[2028/2204] Compiling AsyncHTTPClient HTTPRequestStateMachine.swift
[2029/2204] Compiling AsyncHTTPClient RequestBodyLength.swift
[2030/2204] Compiling AsyncHTTPClient RequestFramingMetadata.swift
[2031/2204] Compiling AsyncHTTPClient RequestOptions.swift
[2032/2204] Compiling AsyncHTTPClient HTTPConnectionPool+Backoff.swift
[2033/2204] Compiling AsyncHTTPClient HTTPConnectionPool+HTTP1Connections.swift
[2034/2204] Compiling AsyncHTTPClient HTTPConnectionPool+HTTP1StateMachine.swift
[2035/2204] Compiling AsyncHTTPClient HTTPConnectionPool+HTTP2Connections.swift
[2036/2204] Compiling AsyncHTTPClient HTTPConnectionPool+HTTP2StateMachine.swift
[2037/2204] Compiling AsyncHTTPClient HTTPConnectionPool+RequestQueue.swift
[2038/2204] Compiling AsyncHTTPClient HTTPConnectionPool+StateMachine.swift
[2039/2204] Compiling AsyncHTTPClient ConnectionTarget.swift
[2040/2204] Compiling AsyncHTTPClient DeconstructedURL.swift
[2041/2204] Compiling AsyncHTTPClient FileDownloadDelegate.swift
[2042/2204] Compiling AsyncHTTPClient FoundationExtensions.swift
[2043/2204] Compiling AsyncHTTPClient HTTPClient+HTTPCookie.swift
[2044/2204] Compiling AsyncHTTPClient HTTPClient+Proxy.swift
[2045/2204] Compiling AsyncHTTPClient HTTPClient+StructuredConcurrency.swift
[2046/2204] Compiling AsyncHTTPClient HTTPClient.swift
[2047/2204] Compiling AsyncHTTPClient HTTPClientConfiguration+SwiftConfiguration.swift
[2048/2204] Compiling AsyncHTTPClient HTTPHandler.swift
[2049/2204] Compiling AsyncHTTPClient HTTP1ProxyConnectHandler.swift
[2050/2204] Compiling AsyncHTTPClient SOCKSEventsHandler.swift
[2051/2204] Compiling AsyncHTTPClient TLSEventsHandler.swift
[2052/2204] Compiling AsyncHTTPClient HTTP1ClientChannelHandler.swift
[2053/2204] Compiling AsyncHTTPClient HTTP1Connection.swift
[2054/2204] Compiling AsyncHTTPClient HTTP1ConnectionStateMachine.swift
[2055/2204] Compiling AsyncHTTPClient HTTP2ClientRequestHandler.swift
[2056/2204] Compiling AsyncHTTPClient HTTP2Connection.swift
[2057/2204] Compiling AsyncHTTPClient HTTP2IdleHandler.swift
[2058/2205] Wrapping AST for AsyncHTTPClient for debugging
[2060/2228] Emitting module GoogleAuth
[2061/2231] Compiling GoogleAuth AnonymousCredentials.swift
[2062/2231] Compiling GoogleAuth ApiKeyCredentials.swift
[2063/2231] Compiling GoogleAuth ExternalAccountCredentials.swift
[2064/2231] Compiling GoogleAuth UserAccountData.swift
[2065/2231] Compiling GoogleAuth UserAccountTokenProvider.swift
[2066/2231] Compiling GoogleAuth UserCredentials.swift
[2067/2231] Compiling GoogleAuth SubjectTokenProvider.swift
[2068/2231] Compiling GoogleAuth MDSAccessTokenProvider.swift
[2069/2231] Compiling GoogleAuth MDSCredentials.swift
[2070/2231] Compiling GoogleAuth CredentialParserRegistry.swift
[2071/2231] Compiling GoogleAuth Credentials.swift
[2072/2231] Compiling GoogleAuth CredentialsError.swift
[2073/2231] Compiling GoogleAuth ServiceAccountCredentials.swift
[2074/2231] Compiling GoogleAuth ServiceAccountData.swift
[2075/2231] Compiling GoogleAuth ServiceAccountTokenProvider.swift
[2076/2231] Compiling GoogleAuth AuthHTTPClient.swift
[2077/2231] Compiling GoogleAuth AuthHTTPError.swift
[2078/2231] Compiling GoogleAuth RetryEngine.swift
[2079/2231] Compiling GoogleAuth ADC.swift
[2080/2231] Compiling GoogleAuth ADCPath.swift
[2081/2231] Compiling GoogleAuth ADCResolver.swift
[2082/2231] Compiling GoogleAuth AuthHeaders.swift
[2083/2231] Compiling GoogleAuth STSHandler.swift
[2084/2231] Compiling GoogleAuth TokenCache.swift
[2085/2231] Compiling GoogleAuth PackageVersion.swift
[2086/2232] Wrapping AST for GoogleAuth for debugging
[2088/2290] Compiling GoogleGax AIP194+PollingErrorPolicy.swift
[2089/2290] Compiling GoogleGax AIP194+RetryPolicy.swift
[2090/2290] Compiling GoogleGax AIP194.swift
[2091/2290] Compiling GoogleGax AdaptiveThrottler.swift
[2092/2290] Compiling GoogleGax AlwaysPoll.swift
[2093/2290] Compiling GoogleGax AlwaysRetry.swift
[2094/2290] Compiling GoogleGax ApiClientHeader.swift
[2095/2290] Compiling GoogleGax BackoffPolicy.swift
[2096/2290] Compiling GoogleGax BasePollingErrorPolicy.swift
[2097/2298] Emitting module GoogleGax
[2098/2298] Compiling GoogleGax ContinueOnIO.swift
[2099/2298] Compiling GoogleGax CredentialsProtocol.swift
[2100/2298] Compiling GoogleGax ErrorWrapper.swift
[2101/2298] Compiling GoogleGax ExponentialBackoff+BackoffPolicy.swift
[2102/2298] Compiling GoogleGax ExponentialBackoff+PollingBackoffPolicy.swift
[2103/2298] Compiling GoogleGax ExponentialBackoff.swift
[2104/2298] Compiling GoogleGax HTTPClient.swift
[2105/2298] Compiling GoogleGax HTTPClientHolder.swift
[2106/2298] Compiling GoogleGax Pagination.swift
/host/spi-builder-workspace/.build/checkouts/swift-google-gax/Sources/GoogleGax/Pagination.swift:44:22: error: cannot convert '@Sendable (String) async throws -> (response: ResponseType, items: [Item], nextToken: String)' to 'nonisolated(nonsending) @Sendable (String) async throws -> (response: ResponseType, items: [Item], nextToken: String)' because crossing of an isolation boundary requires parameter and result types to conform to 'Sendable' protocol
42 | ) where ResponseType: _PaginatedResponse<Item> {
43 | self.initialPageToken = initialPageToken ?? ""
44 | self.fetchPage = { token in
| |- error: cannot convert '@Sendable (String) async throws -> (response: ResponseType, items: [Item], nextToken: String)' to 'nonisolated(nonsending) @Sendable (String) async throws -> (response: ResponseType, items: [Item], nextToken: String)' because crossing of an isolation boundary requires parameter and result types to conform to 'Sendable' protocol
| `- note: type 'Item' does not conform to 'Sendable' protocol
45 | let response = try await listRpc(token)
46 | return (response, response._getPaginatedItems(), response._nextPageToken())
[2107/2298] Compiling GoogleGax PollingBackoffPolicy.swift
/host/spi-builder-workspace/.build/checkouts/swift-google-gax/Sources/GoogleGax/Pagination.swift:44:22: error: cannot convert '@Sendable (String) async throws -> (response: ResponseType, items: [Item], nextToken: String)' to 'nonisolated(nonsending) @Sendable (String) async throws -> (response: ResponseType, items: [Item], nextToken: String)' because crossing of an isolation boundary requires parameter and result types to conform to 'Sendable' protocol
42 | ) where ResponseType: _PaginatedResponse<Item> {
43 | self.initialPageToken = initialPageToken ?? ""
44 | self.fetchPage = { token in
| |- error: cannot convert '@Sendable (String) async throws -> (response: ResponseType, items: [Item], nextToken: String)' to 'nonisolated(nonsending) @Sendable (String) async throws -> (response: ResponseType, items: [Item], nextToken: String)' because crossing of an isolation boundary requires parameter and result types to conform to 'Sendable' protocol
| `- note: type 'Item' does not conform to 'Sendable' protocol
45 | let response = try await listRpc(token)
46 | return (response, response._getPaginatedItems(), response._nextPageToken())
[2108/2298] Compiling GoogleGax PollingErrorPolicy.swift
/host/spi-builder-workspace/.build/checkouts/swift-google-gax/Sources/GoogleGax/Pagination.swift:44:22: error: cannot convert '@Sendable (String) async throws -> (response: ResponseType, items: [Item], nextToken: String)' to 'nonisolated(nonsending) @Sendable (String) async throws -> (response: ResponseType, items: [Item], nextToken: String)' because crossing of an isolation boundary requires parameter and result types to conform to 'Sendable' protocol
42 | ) where ResponseType: _PaginatedResponse<Item> {
43 | self.initialPageToken = initialPageToken ?? ""
44 | self.fetchPage = { token in
| |- error: cannot convert '@Sendable (String) async throws -> (response: ResponseType, items: [Item], nextToken: String)' to 'nonisolated(nonsending) @Sendable (String) async throws -> (response: ResponseType, items: [Item], nextToken: String)' because crossing of an isolation boundary requires parameter and result types to conform to 'Sendable' protocol
| `- note: type 'Item' does not conform to 'Sendable' protocol
45 | let response = try await listRpc(token)
46 | return (response, response._getPaginatedItems(), response._nextPageToken())
[2109/2298] Compiling GoogleGax PollingResult.swift
/host/spi-builder-workspace/.build/checkouts/swift-google-gax/Sources/GoogleGax/Pagination.swift:44:22: error: cannot convert '@Sendable (String) async throws -> (response: ResponseType, items: [Item], nextToken: String)' to 'nonisolated(nonsending) @Sendable (String) async throws -> (response: ResponseType, items: [Item], nextToken: String)' because crossing of an isolation boundary requires parameter and result types to conform to 'Sendable' protocol
42 | ) where ResponseType: _PaginatedResponse<Item> {
43 | self.initialPageToken = initialPageToken ?? ""
44 | self.fetchPage = { token in
| |- error: cannot convert '@Sendable (String) async throws -> (response: ResponseType, items: [Item], nextToken: String)' to 'nonisolated(nonsending) @Sendable (String) async throws -> (response: ResponseType, items: [Item], nextToken: String)' because crossing of an isolation boundary requires parameter and result types to conform to 'Sendable' protocol
| `- note: type 'Item' does not conform to 'Sendable' protocol
45 | let response = try await listRpc(token)
46 | return (response, response._getPaginatedItems(), response._nextPageToken())
[2110/2298] Compiling GoogleGax PollingState.swift
/host/spi-builder-workspace/.build/checkouts/swift-google-gax/Sources/GoogleGax/Pagination.swift:44:22: error: cannot convert '@Sendable (String) async throws -> (response: ResponseType, items: [Item], nextToken: String)' to 'nonisolated(nonsending) @Sendable (String) async throws -> (response: ResponseType, items: [Item], nextToken: String)' because crossing of an isolation boundary requires parameter and result types to conform to 'Sendable' protocol
42 | ) where ResponseType: _PaginatedResponse<Item> {
43 | self.initialPageToken = initialPageToken ?? ""
44 | self.fetchPage = { token in
| |- error: cannot convert '@Sendable (String) async throws -> (response: ResponseType, items: [Item], nextToken: String)' to 'nonisolated(nonsending) @Sendable (String) async throws -> (response: ResponseType, items: [Item], nextToken: String)' because crossing of an isolation boundary requires parameter and result types to conform to 'Sendable' protocol
| `- note: type 'Item' does not conform to 'Sendable' protocol
45 | let response = try await listRpc(token)
46 | return (response, response._getPaginatedItems(), response._nextPageToken())
[2111/2298] Compiling GoogleGax ProtobufConversionError.swift
/host/spi-builder-workspace/.build/checkouts/swift-google-gax/Sources/GoogleGax/Pagination.swift:44:22: error: cannot convert '@Sendable (String) async throws -> (response: ResponseType, items: [Item], nextToken: String)' to 'nonisolated(nonsending) @Sendable (String) async throws -> (response: ResponseType, items: [Item], nextToken: String)' because crossing of an isolation boundary requires parameter and result types to conform to 'Sendable' protocol
42 | ) where ResponseType: _PaginatedResponse<Item> {
43 | self.initialPageToken = initialPageToken ?? ""
44 | self.fetchPage = { token in
| |- error: cannot convert '@Sendable (String) async throws -> (response: ResponseType, items: [Item], nextToken: String)' to 'nonisolated(nonsending) @Sendable (String) async throws -> (response: ResponseType, items: [Item], nextToken: String)' because crossing of an isolation boundary requires parameter and result types to conform to 'Sendable' protocol
| `- note: type 'Item' does not conform to 'Sendable' protocol
45 | let response = try await listRpc(token)
46 | return (response, response._getPaginatedItems(), response._nextPageToken())
[2112/2298] Compiling GoogleGax QueryParameter.swift
/host/spi-builder-workspace/.build/checkouts/swift-google-gax/Sources/GoogleGax/Pagination.swift:44:22: error: cannot convert '@Sendable (String) async throws -> (response: ResponseType, items: [Item], nextToken: String)' to 'nonisolated(nonsending) @Sendable (String) async throws -> (response: ResponseType, items: [Item], nextToken: String)' because crossing of an isolation boundary requires parameter and result types to conform to 'Sendable' protocol
42 | ) where ResponseType: _PaginatedResponse<Item> {
43 | self.initialPageToken = initialPageToken ?? ""
44 | self.fetchPage = { token in
| |- error: cannot convert '@Sendable (String) async throws -> (response: ResponseType, items: [Item], nextToken: String)' to 'nonisolated(nonsending) @Sendable (String) async throws -> (response: ResponseType, items: [Item], nextToken: String)' because crossing of an isolation boundary requires parameter and result types to conform to 'Sendable' protocol
| `- note: type 'Item' does not conform to 'Sendable' protocol
45 | let response = try await listRpc(token)
46 | return (response, response._getPaginatedItems(), response._nextPageToken())
[2113/2298] Compiling GoogleGax RequestError.swift
/host/spi-builder-workspace/.build/checkouts/swift-google-gax/Sources/GoogleGax/Pagination.swift:44:22: error: cannot convert '@Sendable (String) async throws -> (response: ResponseType, items: [Item], nextToken: String)' to 'nonisolated(nonsending) @Sendable (String) async throws -> (response: ResponseType, items: [Item], nextToken: String)' because crossing of an isolation boundary requires parameter and result types to conform to 'Sendable' protocol
42 | ) where ResponseType: _PaginatedResponse<Item> {
43 | self.initialPageToken = initialPageToken ?? ""
44 | self.fetchPage = { token in
| |- error: cannot convert '@Sendable (String) async throws -> (response: ResponseType, items: [Item], nextToken: String)' to 'nonisolated(nonsending) @Sendable (String) async throws -> (response: ResponseType, items: [Item], nextToken: String)' because crossing of an isolation boundary requires parameter and result types to conform to 'Sendable' protocol
| `- note: type 'Item' does not conform to 'Sendable' protocol
45 | let response = try await listRpc(token)
46 | return (response, response._getPaginatedItems(), response._nextPageToken())
[2114/2298] Compiling GoogleGax HTTPClientProtocol.swift
[2115/2298] Compiling GoogleGax HTTPClientRequest.swift
[2116/2298] Compiling GoogleGax HTTPClientResponse.swift
[2117/2298] Compiling GoogleGax HTTPHeaders.swift
[2118/2298] Compiling GoogleGax HTTPResponseBody.swift
[2119/2298] Compiling GoogleGax HeaderNames.swift
[2120/2298] Compiling GoogleGax Host.swift
[2121/2298] Compiling GoogleGax InProgressResult.swift
[2122/2298] Compiling GoogleGax BaseRetryPolicy.swift
[2123/2298] Compiling GoogleGax BindingError.swift
[2124/2298] Compiling GoogleGax CRC32C.swift
[2125/2298] Compiling GoogleGax CircuitBreaker.swift
[2126/2298] Compiling GoogleGax ClientError.swift
[2127/2298] Compiling GoogleGax ClientOptions.swift
[2128/2298] Compiling GoogleGax ContinueOnIO+PollingErrorPolicy.swift
[2129/2298] Compiling GoogleGax ContinueOnIO+RetryPolicy.swift
[2130/2298] Compiling GoogleGax LimitedAttemptCount+PollingErrorPolicy.swift
[2131/2298] Compiling GoogleGax LimitedAttemptCount+RetryPolicy.swift
[2132/2298] Compiling GoogleGax LimitedAttemptCount.swift
[2133/2298] Compiling GoogleGax LimitedElapsedTime+PollingErrorPolicy.swift
[2134/2298] Compiling GoogleGax LimitedElapsedTime+RetryPolicy.swift
[2135/2298] Compiling GoogleGax LimitedElapsedTime.swift
[2136/2298] Compiling GoogleGax LongRunningOperations.swift
[2137/2298] Compiling GoogleGax NeverRetry.swift
[2138/2298] Compiling GoogleGax RequestOptions.swift
[2139/2298] Compiling GoogleGax RetryLoop.swift
[2140/2298] Compiling GoogleGax RetryPolicy.swift
[2141/2298] Compiling GoogleGax RetryResult.swift
[2142/2298] Compiling GoogleGax RetryState.swift
[2143/2298] Compiling GoogleGax RetryThrottler.swift
[2144/2298] Compiling GoogleGax RetryThrottlerError.swift
[2145/2298] Compiling GoogleGax RoutingMatcher.swift
[2146/2298] Compiling GoogleGax ServiceError.swift
[2147/2298] Compiling GoogleGax StatusDetail.swift
[2148/2298] Compiling GoogleGax StrictIdempotency.swift
[2149/2298] Compiling GoogleGax ThrottleResult.swift
[2150/2298] Compiling GoogleGax TooManyRequests+PollingErrorPolicy.swift
[2151/2298] Compiling GoogleGax TooManyRequests+RetryPolicy.swift
[2152/2298] Compiling GoogleGax TooManyRequests.swift
[2153/2298] Compiling GoogleGax PackageVersion.swift
BUILD FAILURE 6.2 android