The Swift Package Index logo.Swift Package Index

Build Information

Failed to build YMatterType, reference 1.7.0 (3a9f8d), with Swift 6.4 for visionOS using Xcode 27.0 on 19 Sep 2026 18:06:28 UTC.

Build Command

env DEVELOPER_DIR=/Applications/Xcode-27.0.0-Release.Candidate.app xcrun xcodebuild -IDEClonedSourcePackagesDirPathOverride=$PWD/.dependencies -skipMacroValidation -skipPackagePluginValidation -derivedDataPath $PWD/.derivedData build -scheme YMatterType -destination generic/platform=xrOS

Build Log

========================================
RunAll
========================================
Builder version: 5.1.0
Interrupt handler set up.
========================================
Checkout
========================================
Clone URL: https://github.com/codeandtheory/YMatterType.git
Reference: 1.7.0
Initialized empty Git repository in /Users/admin/builder/spi-builder-workspace/.git/
From https://github.com/codeandtheory/YMatterType
 * tag               1.7.0      -> FETCH_HEAD
HEAD is now at 3a9f8dd [ISSUE] fixed swift lint warnings (#84)
Cloned https://github.com/codeandtheory/YMatterType.git
Revision (git rev-parse @):
3a9f8dd625ecfde9f9cb2c2e236b102fda148e95
SPI manifest file found: $PWD/.spi.yml
SUCCESS checkout https://github.com/codeandtheory/YMatterType.git at 1.7.0
========================================
Build
========================================
Selected platform:         visionOS
Swift version:             6.4
Building package at path:  $PWD
https://github.com/codeandtheory/YMatterType.git
Command line invocation:
    /Applications/Xcode-27.0.0-Release.Candidate.app/Contents/Developer/usr/bin/xcodebuild -IDEClonedSourcePackagesDirPathOverride=/Users/admin/builder/spi-builder-workspace/.dependencies -resolvePackageDependencies
Resolve Package Graph
Resolve Package Graph
Resolved source packages:
  YMatterType: /Users/admin/builder/spi-builder-workspace
resolved source packages: YMatterType
2026-09-19 14:05:23.589 xcodebuild[525:2996] [MT] IDERunDestination: Supported platforms for the buildables in the current scheme is empty.
2026-09-19 14:05:23.737 xcodebuild[525:2996] [MT] IDERunDestination: Supported platforms for the buildables in the current scheme is empty.
2026-09-19 14:05:25.357 xcodebuild[525:2996] [MT] IDERunDestination: Supported platforms for the buildables in the current scheme is empty.
{
  "default_localization" : "en",
  "dependencies" : [
  ],
  "manifest_display_name" : "YMatterType",
  "name" : "YMatterType",
  "path" : "/Users/admin/builder/spi-builder-workspace",
  "platforms" : [
    {
      "name" : "ios",
      "version" : "14.0"
    },
    {
      "name" : "tvos",
      "version" : "14.0"
    }
  ],
  "products" : [
    {
      "name" : "YMatterType",
      "targets" : [
        "YMatterType"
      ],
      "type" : {
        "library" : [
          "automatic"
        ]
      }
    }
  ],
  "targets" : [
    {
      "c99name" : "YMatterTypeTests",
      "module_type" : "SwiftTarget",
      "name" : "YMatterTypeTests",
      "path" : "Tests/YMatterTypeTests",
      "resources" : [
        {
          "path" : "/Users/admin/builder/spi-builder-workspace/Tests/YMatterTypeTests/Assets",
          "rule" : {
            "copy" : {
            }
          }
        }
      ],
      "sources" : [
        "Elements/ElementBreakpointAdjustedTests.swift",
        "Elements/ElementColorAdjustedTests.swift",
        "Elements/ElementFontAdjustedTests.swift",
        "Elements/Mocks/MockButton.swift",
        "Elements/Mocks/MockLabel.swift",
        "Elements/Mocks/MockTextField.swift",
        "Elements/Mocks/MockTextView.swift",
        "Elements/Representables/TypographyLabelRepresentableTests.swift",
        "Elements/TextStyleLabelTests.swift",
        "Elements/TypographyButtonTests.swift",
        "Elements/TypographyElementTests.swift",
        "Elements/TypographyLabelTests.swift",
        "Elements/TypographyTextFieldTests.swift",
        "Elements/TypographyTextViewTests.swift",
        "Extensions/Foundation/BaseStringTestCase.swift",
        "Extensions/Foundation/NSAttributedString+baseAttributesTests.swift",
        "Extensions/Foundation/NSAttributedString+textCaseTests.swift",
        "Extensions/Foundation/String+textCaseTests.swift",
        "Extensions/Foundation/String+textSizeTests.swift",
        "Extensions/UIKit/NSParagraphStyle+lineSpacingTests.swift",
        "Extensions/UIKit/UIFont+registerTests.swift",
        "Extensions/UIKit/UITraitCollection+breakpointTests.swift",
        "Extensions/UIKit/UITraitCollection+fontAppearanceTests.swift",
        "Extensions/UIKit/UITraitCollection+traits.swift",
        "Helpers/CGFloat+rounded.swift",
        "Helpers/NSAttributedString+hasAttribute.swift",
        "Helpers/Typography+YMatterTypeTests.swift",
        "Helpers/UIEdgeInsets+vertical.swift",
        "Helpers/UIFont+load.swift",
        "Helpers/UITraitCollection+default.swift",
        "Helpers/XCTestCase+MemoryLeakTracking.swift",
        "Helpers/XCTestCase+TypographyEquatable.swift",
        "Typography/FontFamily/DefaultFontFamilyFactoryTests.swift",
        "Typography/FontFamily/DefaultFontFamilyTests.swift",
        "Typography/FontFamily/FontFamilyTests.swift",
        "Typography/FontFamily/HelveticaNeueFontFamilyTests.swift",
        "Typography/FontFamily/SystemFontFamilyTests.swift",
        "Typography/TypogaphyTests.swift",
        "Typography/Typography+EnumTests.swift",
        "Typography/Typography+FontTests.swift",
        "Typography/Typography+MutatorsTests.swift",
        "Typography/Typography+SystemTests.swift",
        "Typography/TypographyLayoutTests.swift",
        "YMatterType+LoggingTests.swift"
      ],
      "target_dependencies" : [
        "YMatterType"
      ],
      "type" : "test"
    },
    {
      "c99name" : "YMatterType",
      "module_type" : "SwiftTarget",
      "name" : "YMatterType",
      "path" : "Sources/YMatterType",
      "product_memberships" : [
        "YMatterType"
      ],
      "sources" : [
        "Elements/Representables/TypographyLabelRepresentable.swift",
        "Elements/TextStyleLabel.swift",
        "Elements/TypographyButton.swift",
        "Elements/TypographyLabel.swift",
        "Elements/TypographyTextField.swift",
        "Elements/TypographyTextView.swift",
        "Extensions/Foundation/NSAttributedString+baseAttributes.swift",
        "Extensions/Foundation/NSAttributedString+textCase.swift",
        "Extensions/Foundation/String+textCase.swift",
        "Extensions/Foundation/String+textSize.swift",
        "Extensions/UIKit/NSParagraphStyle+lineSpacing.swift",
        "Extensions/UIKit/UIFont+register.swift",
        "Extensions/UIKit/UITraitCollection+breakpoint.swift",
        "Extensions/UIKit/UITraitCollection+fontAppearance.swift",
        "Typography/FontFamily/DefaultFontFamily.swift",
        "Typography/FontFamily/DefaultFontFamilyFactory.swift",
        "Typography/FontFamily/FontFamily.swift",
        "Typography/FontFamily/FontFamilyFactory.swift",
        "Typography/FontFamily/HelveticaNeueFontFamily.swift",
        "Typography/FontFamily/SystemFontFamily.swift",
        "Typography/Typography+Enums.swift",
        "Typography/Typography+Font.swift",
        "Typography/Typography+Mutators.swift",
        "Typography/Typography+System.swift",
        "Typography/Typography.swift",
        "Typography/TypographyLayout.swift",
        "YMatterType+Logging.swift"
      ],
      "type" : "library"
    }
  ],
  "tools_version" : "5.5"
}
{
  "workspace" : {
    "name" : "YMatterType",
    "schemes" : [
      "YMatterType"
    ]
  }
}
2026-09-19 14:06:10.714 xcodebuild[623:3945] [MT] IDERunDestination: Supported platforms for the buildables in the current scheme is empty.
2026-09-19 14:06:10.819 xcodebuild[623:3945] [MT] IDERunDestination: Supported platforms for the buildables in the current scheme is empty.
Running build ...
env DEVELOPER_DIR=/Applications/Xcode-27.0.0-Release.Candidate.app xcrun xcodebuild -IDEClonedSourcePackagesDirPathOverride=$PWD/.dependencies -skipMacroValidation -skipPackagePluginValidation -derivedDataPath $PWD/.derivedData build -scheme YMatterType -destination generic/platform=xrOS
Command line invocation:
    /Applications/Xcode-27.0.0-Release.Candidate.app/Contents/Developer/usr/bin/xcodebuild -IDEClonedSourcePackagesDirPathOverride=/Users/admin/builder/spi-builder-workspace/.dependencies -skipMacroValidation -skipPackagePluginValidation -derivedDataPath /Users/admin/builder/spi-builder-workspace/.derivedData build -scheme YMatterType -destination generic/platform=xrOS
Resolve Package Graph
Resolved source packages:
  YMatterType: /Users/admin/builder/spi-builder-workspace
ComputePackagePrebuildTargetDependencyGraph
Prepare packages
CreateBuildRequest
SendProjectDescription
CreateBuildOperation
ComputeTargetDependencyGraph
note: Building targets in dependency order
note: Target dependency graph (4 targets)
    Target 'YMatterTypeTests-product' in project 'YMatterType'
        ➜ Explicit dependency on target 'YMatterType_YMatterTypeTests' in project 'YMatterType'
        ➜ Explicit dependency on target 'YMatterType' in project 'YMatterType'
    Target 'YMatterType_YMatterTypeTests' in project 'YMatterType' (no dependencies)
    Target 'YMatterType-product' in project 'YMatterType'
        ➜ Explicit dependency on target 'YMatterType' in project 'YMatterType'
    Target 'YMatterType' in project 'YMatterType' (no dependencies)
GatherProvisioningInputs
CreateBuildDescription
ExecuteExternalTool /Applications/Xcode-27.0.0-Release.Candidate.app/Contents/Developer/Toolchains/XcodeDefault.xctoolchain/usr/bin/clang -v -E -dM -isysroot /Applications/Xcode-27.0.0-Release.Candidate.app/Contents/Developer/Platforms/XROS.platform/Developer/SDKs/XROS27.0.sdk -x c -c /dev/null
ExecuteExternalTool /Applications/Xcode-27.0.0-Release.Candidate.app/Contents/Developer/Toolchains/XcodeDefault.xctoolchain/usr/bin/swiftc --version
ExecuteExternalTool /Applications/Xcode-27.0.0-Release.Candidate.app/Contents/Developer/Toolchains/XcodeDefault.xctoolchain/usr/bin/ld -version_details
Build description signature: f801bdc7327d862a271c1e12b169be7b
Build description path: /Users/admin/builder/spi-builder-workspace/.derivedData/Build/Intermediates.noindex/XCBuildData/f801bdc7327d862a271c1e12b169be7b.xcbuilddata
CreateBuildDirectory /Users/admin/builder/spi-builder-workspace/.derivedData/ModuleCache.noindex
    cd /Users/admin/builder/spi-builder-workspace/.swiftpm/xcode
    builtin-create-build-directory /Users/admin/builder/spi-builder-workspace/.derivedData/ModuleCache.noindex
CreateBuildDirectory /Users/admin/builder/spi-builder-workspace/.derivedData/CompilationCache.noindex
    cd /Users/admin/builder/spi-builder-workspace/.swiftpm/xcode
    builtin-create-build-directory /Users/admin/builder/spi-builder-workspace/.derivedData/CompilationCache.noindex
CreateBuildDirectory /Users/admin/builder/spi-builder-workspace/.derivedData/SDKExplicitPrecompiledModules
    cd /Users/admin/builder/spi-builder-workspace/.swiftpm/xcode
    builtin-create-build-directory /Users/admin/builder/spi-builder-workspace/.derivedData/SDKExplicitPrecompiledModules
ClangStatCache /Applications/Xcode-27.0.0-Release.Candidate.app/Contents/Developer/Toolchains/XcodeDefault.xctoolchain/usr/bin/clang-stat-cache /Applications/Xcode-27.0.0-Release.Candidate.app/Contents/Developer/Platforms/XROS.platform/Developer/SDKs/XROS27.0.sdk /Users/admin/builder/spi-builder-workspace/.derivedData/SDKStatCaches.noindex/xros27.0-24M361-e829b21a6f8c9b70876ba0858053c044735bd543db762f57723cac368afd1ce4.sdkstatcache
    cd /Users/admin/builder/spi-builder-workspace/.swiftpm/xcode
    /Applications/Xcode-27.0.0-Release.Candidate.app/Contents/Developer/Toolchains/XcodeDefault.xctoolchain/usr/bin/clang-stat-cache /Applications/Xcode-27.0.0-Release.Candidate.app/Contents/Developer/Platforms/XROS.platform/Developer/SDKs/XROS27.0.sdk -o /Users/admin/builder/spi-builder-workspace/.derivedData/SDKStatCaches.noindex/xros27.0-24M361-e829b21a6f8c9b70876ba0858053c044735bd543db762f57723cac368afd1ce4.sdkstatcache
CreateBuildDirectory /Users/admin/builder/spi-builder-workspace/.derivedData/Build/Intermediates.noindex
    cd /Users/admin/builder/spi-builder-workspace/.swiftpm/xcode
    builtin-create-build-directory /Users/admin/builder/spi-builder-workspace/.derivedData/Build/Intermediates.noindex
CreateBuildDirectory /Users/admin/builder/spi-builder-workspace/.derivedData/Build/Products
    cd /Users/admin/builder/spi-builder-workspace/.swiftpm/xcode
    builtin-create-build-directory /Users/admin/builder/spi-builder-workspace/.derivedData/Build/Products
CreateBuildDirectory /Users/admin/builder/spi-builder-workspace/.derivedData/Build/Intermediates.noindex/SwiftExplicitPrecompiledModules
    cd /Users/admin/builder/spi-builder-workspace/.swiftpm/xcode
    builtin-create-build-directory /Users/admin/builder/spi-builder-workspace/.derivedData/Build/Intermediates.noindex/SwiftExplicitPrecompiledModules
CreateBuildDirectory /Users/admin/builder/spi-builder-workspace/.derivedData/Build/Intermediates.noindex/PrecompiledHeaders
    cd /Users/admin/builder/spi-builder-workspace/.swiftpm/xcode
    builtin-create-build-directory /Users/admin/builder/spi-builder-workspace/.derivedData/Build/Intermediates.noindex/PrecompiledHeaders
CreateBuildDirectory /Users/admin/builder/spi-builder-workspace/.derivedData/Build/Intermediates.noindex/ExplicitPrecompiledModules
    cd /Users/admin/builder/spi-builder-workspace/.swiftpm/xcode
    builtin-create-build-directory /Users/admin/builder/spi-builder-workspace/.derivedData/Build/Intermediates.noindex/ExplicitPrecompiledModules
CreateBuildDirectory /Users/admin/builder/spi-builder-workspace/.derivedData/Build/Intermediates.noindex/EagerLinkingTBDs/Debug-xros
    cd /Users/admin/builder/spi-builder-workspace/.swiftpm/xcode
    builtin-create-build-directory /Users/admin/builder/spi-builder-workspace/.derivedData/Build/Intermediates.noindex/EagerLinkingTBDs/Debug-xros
CreateBuildDirectory /Users/admin/builder/spi-builder-workspace/.derivedData/Build/Products/Debug-xros
    cd /Users/admin/builder/spi-builder-workspace/.swiftpm/xcode
    builtin-create-build-directory /Users/admin/builder/spi-builder-workspace/.derivedData/Build/Products/Debug-xros
CreateBuildDirectory /Users/admin/builder/spi-builder-workspace/.derivedData/Build/Products/Debug-xros/PackageFrameworks
    cd /Users/admin/builder/spi-builder-workspace/.swiftpm/xcode
    builtin-create-build-directory /Users/admin/builder/spi-builder-workspace/.derivedData/Build/Products/Debug-xros/PackageFrameworks
WriteAuxiliaryFile /Users/admin/builder/spi-builder-workspace/.derivedData/Build/Intermediates.noindex/YMatterType.build/Debug-xros/YMatterType_YMatterTypeTests-b.build/YMatterType_YMatterTypeTests.DependencyMetadataFileList (in target 'YMatterType_YMatterTypeTests' from project 'YMatterType')
    cd /Users/admin/builder/spi-builder-workspace
    write-file /Users/admin/builder/spi-builder-workspace/.derivedData/Build/Intermediates.noindex/YMatterType.build/Debug-xros/YMatterType_YMatterTypeTests-b.build/YMatterType_YMatterTypeTests.DependencyMetadataFileList
WriteAuxiliaryFile /Users/admin/builder/spi-builder-workspace/.derivedData/Build/Intermediates.noindex/YMatterType.build/Debug-xros/YMatterTypeTests-p.build/empty-YMatterTypeTests.plist (in target 'YMatterTypeTests-product' from project 'YMatterType')
    cd /Users/admin/builder/spi-builder-workspace
    write-file /Users/admin/builder/spi-builder-workspace/.derivedData/Build/Intermediates.noindex/YMatterType.build/Debug-xros/YMatterTypeTests-p.build/empty-YMatterTypeTests.plist
WriteAuxiliaryFile /Users/admin/builder/spi-builder-workspace/.derivedData/Build/Intermediates.noindex/YMatterType.build/Debug-xros/YMatterType_YMatterTypeTests-b.build/YMatterType_YMatterTypeTests.DependencyStaticMetadataFileList (in target 'YMatterType_YMatterTypeTests' from project 'YMatterType')
    cd /Users/admin/builder/spi-builder-workspace
    write-file /Users/admin/builder/spi-builder-workspace/.derivedData/Build/Intermediates.noindex/YMatterType.build/Debug-xros/YMatterType_YMatterTypeTests-b.build/YMatterType_YMatterTypeTests.DependencyStaticMetadataFileList
WriteAuxiliaryFile /Users/admin/builder/spi-builder-workspace/.derivedData/Build/Intermediates.noindex/YMatterType.build/Debug-xros/YMatterTypeTests-p.build/YMatterTypeTests.DependencyMetadataFileList (in target 'YMatterTypeTests-product' from project 'YMatterType')
    cd /Users/admin/builder/spi-builder-workspace
    write-file /Users/admin/builder/spi-builder-workspace/.derivedData/Build/Intermediates.noindex/YMatterType.build/Debug-xros/YMatterTypeTests-p.build/YMatterTypeTests.DependencyMetadataFileList
WriteAuxiliaryFile /Users/admin/builder/spi-builder-workspace/.derivedData/Build/Intermediates.noindex/YMatterType.build/Debug-xros/YMatterTypeTests-p.build/YMatterTypeTests.DependencyStaticMetadataFileList (in target 'YMatterTypeTests-product' from project 'YMatterType')
    cd /Users/admin/builder/spi-builder-workspace
    write-file /Users/admin/builder/spi-builder-workspace/.derivedData/Build/Intermediates.noindex/YMatterType.build/Debug-xros/YMatterTypeTests-p.build/YMatterTypeTests.DependencyStaticMetadataFileList
WriteAuxiliaryFile /Users/admin/builder/spi-builder-workspace/.derivedData/Build/Intermediates.noindex/YMatterType.build/Debug-xros/YMatterType_YMatterTypeTests-b.build/empty-YMatterType_YMatterTypeTests.plist (in target 'YMatterType_YMatterTypeTests' from project 'YMatterType')
    cd /Users/admin/builder/spi-builder-workspace
    write-file /Users/admin/builder/spi-builder-workspace/.derivedData/Build/Intermediates.noindex/YMatterType.build/Debug-xros/YMatterType_YMatterTypeTests-b.build/empty-YMatterType_YMatterTypeTests.plist
WriteAuxiliaryFile /Users/admin/builder/spi-builder-workspace/.derivedData/Build/Intermediates.noindex/YMatterType.build/Debug-xros/YMatterTypeTests-p.build/Objects-normal/arm64/YMatterTypeTests.SwiftFileList (in target 'YMatterTypeTests-product' from project 'YMatterType')
    cd /Users/admin/builder/spi-builder-workspace
    write-file /Users/admin/builder/spi-builder-workspace/.derivedData/Build/Intermediates.noindex/YMatterType.build/Debug-xros/YMatterTypeTests-p.build/Objects-normal/arm64/YMatterTypeTests.SwiftFileList
WriteAuxiliaryFile /Users/admin/builder/spi-builder-workspace/.derivedData/Build/Intermediates.noindex/YMatterType.build/Debug-xros/YMatterTypeTests-p.build/Objects-normal/arm64/YMatterTypeTests_const_extract_protocols.json (in target 'YMatterTypeTests-product' from project 'YMatterType')
    cd /Users/admin/builder/spi-builder-workspace
    write-file /Users/admin/builder/spi-builder-workspace/.derivedData/Build/Intermediates.noindex/YMatterType.build/Debug-xros/YMatterTypeTests-p.build/Objects-normal/arm64/YMatterTypeTests_const_extract_protocols.json
WriteAuxiliaryFile /Users/admin/builder/spi-builder-workspace/.derivedData/Build/Intermediates.noindex/YMatterType.build/Debug-xros/YMatterTypeTests-p.build/Objects-normal/arm64/YMatterTypeTests.SwiftConstValuesFileList (in target 'YMatterTypeTests-product' from project 'YMatterType')
    cd /Users/admin/builder/spi-builder-workspace
    write-file /Users/admin/builder/spi-builder-workspace/.derivedData/Build/Intermediates.noindex/YMatterType.build/Debug-xros/YMatterTypeTests-p.build/Objects-normal/arm64/YMatterTypeTests.SwiftConstValuesFileList
WriteAuxiliaryFile /Users/admin/builder/spi-builder-workspace/.derivedData/Build/Intermediates.noindex/YMatterType.build/Debug-xros/YMatterTypeTests-p.build/Objects-normal/arm64/YMatterTypeTests.LinkFileList (in target 'YMatterTypeTests-product' from project 'YMatterType')
    cd /Users/admin/builder/spi-builder-workspace
    write-file /Users/admin/builder/spi-builder-workspace/.derivedData/Build/Intermediates.noindex/YMatterType.build/Debug-xros/YMatterTypeTests-p.build/Objects-normal/arm64/YMatterTypeTests.LinkFileList
WriteAuxiliaryFile /Users/admin/builder/spi-builder-workspace/.derivedData/Build/Intermediates.noindex/YMatterType.build/Debug-xros/YMatterTypeTests-p.build/Objects-normal/arm64/YMatterTypeTests-OutputFileMap.json (in target 'YMatterTypeTests-product' from project 'YMatterType')
    cd /Users/admin/builder/spi-builder-workspace
    write-file /Users/admin/builder/spi-builder-workspace/.derivedData/Build/Intermediates.noindex/YMatterType.build/Debug-xros/YMatterTypeTests-p.build/Objects-normal/arm64/YMatterTypeTests-OutputFileMap.json
WriteAuxiliaryFile /Users/admin/builder/spi-builder-workspace/.derivedData/Build/Intermediates.noindex/YMatterType.build/Debug-xros/YMatterTypeTests-p.build/DerivedSources/resource_bundle_accessor.swift (in target 'YMatterTypeTests-product' from project 'YMatterType')
    cd /Users/admin/builder/spi-builder-workspace
    write-file /Users/admin/builder/spi-builder-workspace/.derivedData/Build/Intermediates.noindex/YMatterType.build/Debug-xros/YMatterTypeTests-p.build/DerivedSources/resource_bundle_accessor.swift
WriteAuxiliaryFile /Users/admin/builder/spi-builder-workspace/.derivedData/Build/Intermediates.noindex/YMatterType.build/Debug-xros/YMatterType-t.build/YMatterType.modulemap (in target 'YMatterType' from project 'YMatterType')
    cd /Users/admin/builder/spi-builder-workspace
    write-file /Users/admin/builder/spi-builder-workspace/.derivedData/Build/Intermediates.noindex/YMatterType.build/Debug-xros/YMatterType-t.build/YMatterType.modulemap
WriteAuxiliaryFile /Users/admin/builder/spi-builder-workspace/.derivedData/Build/Intermediates.noindex/YMatterType.build/Debug-xros/YMatterType-t.build/YMatterType.DependencyStaticMetadataFileList (in target 'YMatterType' from project 'YMatterType')
    cd /Users/admin/builder/spi-builder-workspace
    write-file /Users/admin/builder/spi-builder-workspace/.derivedData/Build/Intermediates.noindex/YMatterType.build/Debug-xros/YMatterType-t.build/YMatterType.DependencyStaticMetadataFileList
WriteAuxiliaryFile /Users/admin/builder/spi-builder-workspace/.derivedData/Build/Intermediates.noindex/YMatterType.build/Debug-xros/YMatterType-t.build/YMatterType.DependencyMetadataFileList (in target 'YMatterType' from project 'YMatterType')
    cd /Users/admin/builder/spi-builder-workspace
    write-file /Users/admin/builder/spi-builder-workspace/.derivedData/Build/Intermediates.noindex/YMatterType.build/Debug-xros/YMatterType-t.build/YMatterType.DependencyMetadataFileList
WriteAuxiliaryFile /Users/admin/builder/spi-builder-workspace/.derivedData/Build/Intermediates.noindex/YMatterType.build/Debug-xros/YMatterType-t.build/Objects-normal/arm64/YMatterType_const_extract_protocols.json (in target 'YMatterType' from project 'YMatterType')
    cd /Users/admin/builder/spi-builder-workspace
    write-file /Users/admin/builder/spi-builder-workspace/.derivedData/Build/Intermediates.noindex/YMatterType.build/Debug-xros/YMatterType-t.build/Objects-normal/arm64/YMatterType_const_extract_protocols.json
WriteAuxiliaryFile /Users/admin/builder/spi-builder-workspace/.derivedData/Build/Intermediates.noindex/YMatterType.build/Debug-xros/YMatterType-t.build/Objects-normal/arm64/YMatterType.SwiftFileList (in target 'YMatterType' from project 'YMatterType')
    cd /Users/admin/builder/spi-builder-workspace
    write-file /Users/admin/builder/spi-builder-workspace/.derivedData/Build/Intermediates.noindex/YMatterType.build/Debug-xros/YMatterType-t.build/Objects-normal/arm64/YMatterType.SwiftFileList
WriteAuxiliaryFile /Users/admin/builder/spi-builder-workspace/.derivedData/Build/Intermediates.noindex/YMatterType.build/Debug-xros/YMatterType-t.build/Objects-normal/arm64/YMatterType.SwiftConstValuesFileList (in target 'YMatterType' from project 'YMatterType')
    cd /Users/admin/builder/spi-builder-workspace
    write-file /Users/admin/builder/spi-builder-workspace/.derivedData/Build/Intermediates.noindex/YMatterType.build/Debug-xros/YMatterType-t.build/Objects-normal/arm64/YMatterType.SwiftConstValuesFileList
WriteAuxiliaryFile /Users/admin/builder/spi-builder-workspace/.derivedData/Build/Intermediates.noindex/YMatterType.build/Debug-xros/YMatterType-t.build/Objects-normal/arm64/YMatterType.LinkFileList (in target 'YMatterType' from project 'YMatterType')
    cd /Users/admin/builder/spi-builder-workspace
    write-file /Users/admin/builder/spi-builder-workspace/.derivedData/Build/Intermediates.noindex/YMatterType.build/Debug-xros/YMatterType-t.build/Objects-normal/arm64/YMatterType.LinkFileList
WriteAuxiliaryFile /Users/admin/builder/spi-builder-workspace/.derivedData/Build/Intermediates.noindex/YMatterType.build/Debug-xros/YMatterType-t.build/Objects-normal/arm64/YMatterType-OutputFileMap.json (in target 'YMatterType' from project 'YMatterType')
    cd /Users/admin/builder/spi-builder-workspace
    write-file /Users/admin/builder/spi-builder-workspace/.derivedData/Build/Intermediates.noindex/YMatterType.build/Debug-xros/YMatterType-t.build/Objects-normal/arm64/YMatterType-OutputFileMap.json
MkDir /Users/admin/builder/spi-builder-workspace/.derivedData/Build/Products/Debug-xros/YMatterType_YMatterTypeTests.bundle (in target 'YMatterType_YMatterTypeTests' from project 'YMatterType')
    cd /Users/admin/builder/spi-builder-workspace
    /bin/mkdir -p /Users/admin/builder/spi-builder-workspace/.derivedData/Build/Products/Debug-xros/YMatterType_YMatterTypeTests.bundle
Copy /Users/admin/builder/spi-builder-workspace/.derivedData/Build/Intermediates.noindex/GeneratedModuleMaps-xros/YMatterType.modulemap /Users/admin/builder/spi-builder-workspace/.derivedData/Build/Intermediates.noindex/YMatterType.build/Debug-xros/YMatterType-t.build/YMatterType.modulemap (in target 'YMatterType' from project 'YMatterType')
    cd /Users/admin/builder/spi-builder-workspace
    builtin-copy -exclude .DS_Store -exclude CVS -exclude .svn -exclude .git -exclude .hg -resolve-src-symlinks /Users/admin/builder/spi-builder-workspace/.derivedData/Build/Intermediates.noindex/YMatterType.build/Debug-xros/YMatterType-t.build/YMatterType.modulemap /Users/admin/builder/spi-builder-workspace/.derivedData/Build/Intermediates.noindex/GeneratedModuleMaps-xros
MkDir /Users/admin/builder/spi-builder-workspace/.derivedData/Build/Products/Debug-xros/YMatterTypeTests.xctest (in target 'YMatterTypeTests-product' from project 'YMatterType')
    cd /Users/admin/builder/spi-builder-workspace
    /bin/mkdir -p /Users/admin/builder/spi-builder-workspace/.derivedData/Build/Products/Debug-xros/YMatterTypeTests.xctest
CpResource /Users/admin/builder/spi-builder-workspace/.derivedData/Build/Products/Debug-xros/YMatterType_YMatterTypeTests.bundle/Assets /Users/admin/builder/spi-builder-workspace/Tests/YMatterTypeTests/Assets (in target 'YMatterType_YMatterTypeTests' from project 'YMatterType')
    cd /Users/admin/builder/spi-builder-workspace
    builtin-copy -exclude .DS_Store -exclude CVS -exclude .svn -exclude .git -exclude .hg -resolve-src-symlinks /Users/admin/builder/spi-builder-workspace/Tests/YMatterTypeTests/Assets /Users/admin/builder/spi-builder-workspace/.derivedData/Build/Products/Debug-xros/YMatterType_YMatterTypeTests.bundle
ProcessInfoPlistFile /Users/admin/builder/spi-builder-workspace/.derivedData/Build/Products/Debug-xros/YMatterType_YMatterTypeTests.bundle/Info.plist /Users/admin/builder/spi-builder-workspace/.derivedData/Build/Intermediates.noindex/YMatterType.build/Debug-xros/YMatterType_YMatterTypeTests-b.build/empty-YMatterType_YMatterTypeTests.plist (in target 'YMatterType_YMatterTypeTests' from project 'YMatterType')
    cd /Users/admin/builder/spi-builder-workspace
    builtin-infoPlistUtility /Users/admin/builder/spi-builder-workspace/.derivedData/Build/Intermediates.noindex/YMatterType.build/Debug-xros/YMatterType_YMatterTypeTests-b.build/empty-YMatterType_YMatterTypeTests.plist -producttype com.apple.product-type.bundle -expandbuildsettings -format binary -platform xros -o /Users/admin/builder/spi-builder-workspace/.derivedData/Build/Products/Debug-xros/YMatterType_YMatterTypeTests.bundle/Info.plist
RegisterExecutionPolicyException /Users/admin/builder/spi-builder-workspace/.derivedData/Build/Products/Debug-xros/YMatterType_YMatterTypeTests.bundle (in target 'YMatterType_YMatterTypeTests' from project 'YMatterType')
    cd /Users/admin/builder/spi-builder-workspace
    builtin-RegisterExecutionPolicyException /Users/admin/builder/spi-builder-workspace/.derivedData/Build/Products/Debug-xros/YMatterType_YMatterTypeTests.bundle
Touch /Users/admin/builder/spi-builder-workspace/.derivedData/Build/Products/Debug-xros/YMatterType_YMatterTypeTests.bundle (in target 'YMatterType_YMatterTypeTests' from project 'YMatterType')
    cd /Users/admin/builder/spi-builder-workspace
    /usr/bin/touch -c /Users/admin/builder/spi-builder-workspace/.derivedData/Build/Products/Debug-xros/YMatterType_YMatterTypeTests.bundle
SwiftDriver YMatterType normal arm64 com.apple.xcode.tools.swift.compiler (in target 'YMatterType' from project 'YMatterType')
    cd /Users/admin/builder/spi-builder-workspace/.swiftpm/xcode
    builtin-SwiftDriver -- /Applications/Xcode-27.0.0-Release.Candidate.app/Contents/Developer/Toolchains/XcodeDefault.xctoolchain/usr/bin/swiftc -parse-as-library -module-name YMatterType -Onone @/Users/admin/builder/spi-builder-workspace/.derivedData/Build/Intermediates.noindex/YMatterType.build/Debug-xros/YMatterType-t.build/Objects-normal/arm64/YMatterType.SwiftFileList -DSWIFT_PACKAGE -DDEBUG -DSWIFT_MODULE_RESOURCE_BUNDLE_UNAVAILABLE -DXcode -plugin-path /Applications/Xcode-27.0.0-Release.Candidate.app/Contents/Developer/Toolchains/XcodeDefault.xctoolchain/usr/lib/swift/host/plugins/testing -enable-experimental-feature DebugDescriptionMacro -sdk /Applications/Xcode-27.0.0-Release.Candidate.app/Contents/Developer/Platforms/XROS.platform/Developer/SDKs/XROS27.0.sdk -target arm64-apple-xros1.0 -g -module-cache-path /Users/admin/builder/spi-builder-workspace/.derivedData/ModuleCache.noindex -Xfrontend -serialize-debugging-options -profile-coverage-mapping -profile-generate -enable-testing -index-store-path /Users/admin/builder/spi-builder-workspace/.derivedData/Index.noindex/DataStore -Xcc -D_LIBCPP_HARDENING_MODE\=_LIBCPP_HARDENING_MODE_DEBUG -swift-version 5 -I /Users/admin/builder/spi-builder-workspace/.derivedData/Build/Products/Debug-xros -Isystem /Applications/Xcode-27.0.0-Release.Candidate.app/Contents/Developer/Platforms/XROS.platform/Developer/usr/lib -F /Users/admin/builder/spi-builder-workspace/.derivedData/Build/Products/Debug-xros -F /Applications/Xcode-27.0.0-Release.Candidate.app/Contents/Developer/Platforms/XROS.platform/Developer/Library/Frameworks -F /Applications/Xcode-27.0.0-Release.Candidate.app/Contents/Developer/Platforms/XROS.platform/Developer/SDKs/XROS27.0.sdk/Developer/Library/Frameworks -emit-localized-strings -emit-localized-strings-path /Users/admin/builder/spi-builder-workspace/.derivedData/Build/Intermediates.noindex/YMatterType.build/Debug-xros/YMatterType-t.build/Objects-normal/arm64 -c -j10 -enable-batch-mode -incremental -Xcc -ivfsstatcache -Xcc /Users/admin/builder/spi-builder-workspace/.derivedData/SDKStatCaches.noindex/xros27.0-24M361-e829b21a6f8c9b70876ba0858053c044735bd543db762f57723cac368afd1ce4.sdkstatcache -output-file-map /Users/admin/builder/spi-builder-workspace/.derivedData/Build/Intermediates.noindex/YMatterType.build/Debug-xros/YMatterType-t.build/Objects-normal/arm64/YMatterType-OutputFileMap.json -save-temps -no-color-diagnostics -explicit-module-build -module-cache-path /Users/admin/builder/spi-builder-workspace/.derivedData/Build/Intermediates.noindex/SwiftExplicitPrecompiledModules -clang-scanner-module-cache-path /Users/admin/builder/spi-builder-workspace/.derivedData/ModuleCache.noindex -sdk-module-cache-path /Users/admin/builder/spi-builder-workspace/.derivedData/SDKExplicitPrecompiledModules -emit-dependencies -emit-module -emit-module-path /Users/admin/builder/spi-builder-workspace/.derivedData/Build/Intermediates.noindex/YMatterType.build/Debug-xros/YMatterType-t.build/Objects-normal/arm64/YMatterType.swiftmodule -serialize-diagnostics -dependency-scan-serialize-diagnostics-path /Users/admin/builder/spi-builder-workspace/.derivedData/Build/Intermediates.noindex/YMatterType.build/Debug-xros/YMatterType-t.build/Objects-normal/arm64/YMatterType-dependency-scan.dia -validate-clang-modules-once -clang-build-session-file /Users/admin/builder/spi-builder-workspace/.derivedData/ModuleCache.noindex/Session.modulevalidation -Xcc -fmodules-prune-interval\=86400 -Xcc -fmodules-prune-after\=345600 -emit-const-values -const-gather-protocols-list /Users/admin/builder/spi-builder-workspace/.derivedData/Build/Intermediates.noindex/YMatterType.build/Debug-xros/YMatterType-t.build/Objects-normal/arm64/YMatterType_const_extract_protocols.json -Xcc -I/Users/admin/builder/spi-builder-workspace/.derivedData/Build/Products/Debug-xros/include -Xcc -I/Users/admin/builder/spi-builder-workspace/.derivedData/Build/Intermediates.noindex/YMatterType.build/Debug-xros/YMatterType-t.build/DerivedSources-normal/arm64 -Xcc -I/Users/admin/builder/spi-builder-workspace/.derivedData/Build/Intermediates.noindex/YMatterType.build/Debug-xros/YMatterType-t.build/DerivedSources/arm64 -Xcc -I/Users/admin/builder/spi-builder-workspace/.derivedData/Build/Intermediates.noindex/YMatterType.build/Debug-xros/YMatterType-t.build/DerivedSources -Xcc -DSWIFT_PACKAGE -Xcc -DDEBUG\=1 -emit-objc-header -emit-objc-header-path /Users/admin/builder/spi-builder-workspace/.derivedData/Build/Intermediates.noindex/YMatterType.build/Debug-xros/YMatterType-t.build/Objects-normal/arm64/YMatterType-Swift.h -working-directory /Users/admin/builder/spi-builder-workspace/.swiftpm/xcode -experimental-emit-module-separately -disable-cmo
SwiftExplicitDependencyGeneratePcm arm64 /Users/admin/builder/spi-builder-workspace/.derivedData/SDKExplicitPrecompiledModules/ptrcheck-BXA97MNLI4BB0HF5I8MJE403D.pcm
SwiftExplicitDependencyGeneratePcm arm64 /Users/admin/builder/spi-builder-workspace/.derivedData/SDKExplicitPrecompiledModules/SwiftShims-CI4H5RO9IYFFWQ2COB512Q2S9.pcm
SwiftExplicitDependencyGeneratePcm arm64 /Users/admin/builder/spi-builder-workspace/.derivedData/SDKExplicitPrecompiledModules/_Builtin_float-6WKHNW5S40U2QGHXXGETUDIRA.pcm
SwiftExplicitDependencyGeneratePcm arm64 /Users/admin/builder/spi-builder-workspace/.derivedData/SDKExplicitPrecompiledModules/ShaderGraph-AW1O397P711WTY8KSK8LZX9YA.pcm
SwiftExplicitDependencyGeneratePcm arm64 /Users/admin/builder/spi-builder-workspace/.derivedData/SDKExplicitPrecompiledModules/_Builtin_stdbool-5BU2ADS7JXQMYENKQHW9X8XOU.pcm
SwiftExplicitDependencyGeneratePcm arm64 /Users/admin/builder/spi-builder-workspace/.derivedData/SDKExplicitPrecompiledModules/_AvailabilityInternal-1Q8IQP6M38UWSGZ95UCEY2M44.pcm
SwiftExplicitDependencyGeneratePcm arm64 /Users/admin/builder/spi-builder-workspace/.derivedData/SDKExplicitPrecompiledModules/DeveloperToolsSupport-46GOQP8J1QTHLYQSJW81T8UZ3.pcm
SwiftExplicitDependencyGeneratePcm arm64 /Users/admin/builder/spi-builder-workspace/.derivedData/SDKExplicitPrecompiledModules/_SwiftConcurrencyShims-C8XHKSHX96D5YYALNM4W70Z0O.pcm
SwiftExplicitDependencyGeneratePcm arm64 /Users/admin/builder/spi-builder-workspace/.derivedData/SDKExplicitPrecompiledModules/_Builtin_stdarg-CDA349K2K4US766844K8E0PVA.pcm
SwiftExplicitDependencyGeneratePcm arm64 /Users/admin/builder/spi-builder-workspace/.derivedData/SDKExplicitPrecompiledModules/ptrauth-1WBA714DZSVUL5JQDJ08CLKZ.pcm
SwiftExplicitDependencyGeneratePcm arm64 /Users/admin/builder/spi-builder-workspace/.derivedData/SDKExplicitPrecompiledModules/_Builtin_stddef-5NQ9Z1GV07GBSRQGAQCGXGVRI.pcm
SwiftExplicitDependencyGeneratePcm arm64 /Users/admin/builder/spi-builder-workspace/.derivedData/SDKExplicitPrecompiledModules/_DarwinFoundation1-5RGRVV2TZ6WC4WZW5IXF8NQ04.pcm
SwiftExplicitDependencyGeneratePcm arm64 /Users/admin/builder/spi-builder-workspace/.derivedData/SDKExplicitPrecompiledModules/_Builtin_limits-425JDMN5HPM3D0UEI8LEHP6NM.pcm
SwiftExplicitDependencyGeneratePcm arm64 /Users/admin/builder/spi-builder-workspace/.derivedData/SDKExplicitPrecompiledModules/_DarwinFoundation2-ENTECK156YEWITZRRBTOCE4KR.pcm
SwiftExplicitDependencyGeneratePcm arm64 /Users/admin/builder/spi-builder-workspace/.derivedData/SDKExplicitPrecompiledModules/string_h-2GT67HHHHK5CF1V1S31LH0PU2.pcm
SwiftExplicitDependencyGeneratePcm arm64 /Users/admin/builder/spi-builder-workspace/.derivedData/SDKExplicitPrecompiledModules/_Builtin_stdint-8OR6T47OOYJA90ZBO3N1USDE.pcm
SwiftExplicitDependencyGeneratePcm arm64 /Users/admin/builder/spi-builder-workspace/.derivedData/SDKExplicitPrecompiledModules/sys_types-AYM0BHR77VKMWZCO2T0XGV2HF.pcm
SwiftExplicitDependencyGeneratePcm arm64 /Users/admin/builder/spi-builder-workspace/.derivedData/SDKExplicitPrecompiledModules/_Builtin_tgmath-BPYSMHWI520EQRL2HW519ZY7Z.pcm
SwiftExplicitDependencyGeneratePcm arm64 /Users/admin/builder/spi-builder-workspace/.derivedData/SDKExplicitPrecompiledModules/_Builtin_intrinsics-BC5IJI3YI34RQ61ZNVDRDZ6RN.pcm
SwiftExplicitDependencyGeneratePcm arm64 /Users/admin/builder/spi-builder-workspace/.derivedData/SDKExplicitPrecompiledModules/_Builtin_stdatomic-1VUZPM79PNCAHXVBERD53WRSF.pcm
SwiftExplicitDependencyGeneratePcm arm64 /Users/admin/builder/spi-builder-workspace/.derivedData/SDKExplicitPrecompiledModules/_DarwinFoundation3-9ZHN6JKBS40BBA81RQMV8H0IC.pcm
SwiftExplicitDependencyGeneratePcm arm64 /Users/admin/builder/spi-builder-workspace/.derivedData/SDKExplicitPrecompiledModules/_Builtin_inttypes-11B64KJD36B3YOHBR1BBXBJY8.pcm
SwiftExplicitDependencyGeneratePcm arm64 /Users/admin/builder/spi-builder-workspace/.derivedData/SDKExplicitPrecompiledModules/Darwin-60P5LVNQO3ESRRM5DCJ05PFNK.pcm
SwiftExplicitDependencyGeneratePcm arm64 /Users/admin/builder/spi-builder-workspace/.derivedData/SDKExplicitPrecompiledModules/simd-9XXAB17Y6E4BBPQADD61NZ23.pcm
SwiftExplicitDependencyGeneratePcm arm64 /Users/admin/builder/spi-builder-workspace/.derivedData/SDKExplicitPrecompiledModules/ObjectiveC-26TIBFYCEJZVP216ZZAU1X8KN.pcm
SwiftExplicitDependencyGeneratePcm arm64 /Users/admin/builder/spi-builder-workspace/.derivedData/SDKExplicitPrecompiledModules/MachO-3XTHY7HWV6RF3KXKYQVHUBUXK.pcm
SwiftExplicitDependencyGeneratePcm arm64 /Users/admin/builder/spi-builder-workspace/.derivedData/SDKExplicitPrecompiledModules/os_object-692CJ8BG6RE5H04487EJJOVXW.pcm
SwiftExplicitDependencyGeneratePcm arm64 /Users/admin/builder/spi-builder-workspace/.derivedData/SDKExplicitPrecompiledModules/os_workgroup-4U1VXMWIZD80E7PRUQF2G7P9X.pcm
SwiftExplicitDependencyGeneratePcm arm64 /Users/admin/builder/spi-builder-workspace/.derivedData/SDKExplicitPrecompiledModules/Dispatch-CLT3466HKC22GCKAWSCNG0H7T.pcm
SwiftExplicitDependencyGeneratePcm arm64 /Users/admin/builder/spi-builder-workspace/.derivedData/SDKExplicitPrecompiledModules/Spatial-5E0I2846LO3ZE24CSVR2O57TI.pcm
SwiftExplicitDependencyGeneratePcm arm64 /Users/admin/builder/spi-builder-workspace/.derivedData/SDKExplicitPrecompiledModules/CoreFoundation-AVLTZVCXBU2TO75JCN4AGU8XJ.pcm
SwiftExplicitDependencyGeneratePcm arm64 /Users/admin/builder/spi-builder-workspace/.derivedData/SDKExplicitPrecompiledModules/XPC-EP5EU7FNGP4VOA3EDM18P1KHO.pcm
SwiftExplicitDependencyGeneratePcm arm64 /Users/admin/builder/spi-builder-workspace/.derivedData/SDKExplicitPrecompiledModules/dnssd-CCUV1M8EULNEQJUXO7L0PJAL4.pcm
SwiftExplicitDependencyGeneratePcm arm64 /Users/admin/builder/spi-builder-workspace/.derivedData/SDKExplicitPrecompiledModules/os-1004XEJ3IXOOAU0KL58SM3D0K.pcm
SwiftExplicitDependencyGeneratePcm arm64 /Users/admin/builder/spi-builder-workspace/.derivedData/SDKExplicitPrecompiledModules/CoreGraphics-BFUJ177R223UT2ZI327ZTZY91.pcm
SwiftExplicitDependencyGeneratePcm arm64 /Users/admin/builder/spi-builder-workspace/.derivedData/SDKExplicitPrecompiledModules/CoreAudioTypes-45UXYEQRN95KG6BF2CW0QIYK9.pcm
SwiftExplicitDependencyGeneratePcm arm64 /Users/admin/builder/spi-builder-workspace/.derivedData/SDKExplicitPrecompiledModules/Security-8TH2M8WJIQMET4SADWX0N8372.pcm
SwiftExplicitDependencyGeneratePcm arm64 /Users/admin/builder/spi-builder-workspace/.derivedData/SDKExplicitPrecompiledModules/CFNetwork-5MI70N1VLDQSWTX4COWLMSIRO.pcm
SwiftExplicitDependencyGeneratePcm arm64 /Users/admin/builder/spi-builder-workspace/.derivedData/SDKExplicitPrecompiledModules/CoreAudio-CXS3C78T5TQDGLEGXIBJ04WJ4.pcm
SwiftExplicitDependencyGeneratePcm arm64 /Users/admin/builder/spi-builder-workspace/.derivedData/SDKExplicitPrecompiledModules/Foundation-8GON1KVEKRN3NOQI8RETBRWJP.pcm
SwiftExplicitDependencyGeneratePcm arm64 /Users/admin/builder/spi-builder-workspace/.derivedData/SDKExplicitPrecompiledModules/ImageIO-5CC6COR9KJYI1UBL7CSHLU2OG.pcm
SwiftExplicitDependencyGeneratePcm arm64 /Users/admin/builder/spi-builder-workspace/.derivedData/SDKExplicitPrecompiledModules/CoreText-6F9TY5TEPCCZ1K2KYM4GMEGHD.pcm
SwiftExplicitDependencyGeneratePcm arm64 /Users/admin/builder/spi-builder-workspace/.derivedData/SDKExplicitPrecompiledModules/IOSurface-5FE9U89GVFF9A7X7AGO2R8ENI.pcm
SwiftExplicitDependencyGeneratePcm arm64 /Users/admin/builder/spi-builder-workspace/.derivedData/SDKExplicitPrecompiledModules/Accessibility-1DR4J4YDVDGAYQTZ0FKZ1PU09.pcm
SwiftExplicitDependencyGeneratePcm arm64 /Users/admin/builder/spi-builder-workspace/.derivedData/SDKExplicitPrecompiledModules/CoreData-73N6Z547OZUEZ8ADGEC6XRHWN.pcm
SwiftExplicitDependencyGeneratePcm arm64 /Users/admin/builder/spi-builder-workspace/.derivedData/SDKExplicitPrecompiledModules/UserNotifications-8IIV1V1FPNAPA4LY1Y23LOM2N.pcm
SwiftExplicitDependencyGeneratePcm arm64 /Users/admin/builder/spi-builder-workspace/.derivedData/SDKExplicitPrecompiledModules/OSLog-BNGT87TS0GMBFF7TY70HHB69.pcm
SwiftExplicitDependencyGeneratePcm arm64 /Users/admin/builder/spi-builder-workspace/.derivedData/SDKExplicitPrecompiledModules/FileProvider-C9I28SI56F2SEVH1BCWTKGODO.pcm
SwiftExplicitDependencyGeneratePcm arm64 /Users/admin/builder/spi-builder-workspace/.derivedData/SDKExplicitPrecompiledModules/_LocationEssentials-8GQGFVARUE99D8VJX3TINY0VP.pcm
SwiftExplicitDependencyGeneratePcm arm64 /Users/admin/builder/spi-builder-workspace/.derivedData/SDKExplicitPrecompiledModules/Symbols-8G2XC01RPQ5HYIZE6JNUT864I.pcm
SwiftExplicitDependencyGeneratePcm arm64 /Users/admin/builder/spi-builder-workspace/.derivedData/SDKExplicitPrecompiledModules/UniformTypeIdentifiers-E5KMWDZEKS4QW9RO1KBRDEXV6.pcm
SwiftExplicitDependencyGeneratePcm arm64 /Users/admin/builder/spi-builder-workspace/.derivedData/SDKExplicitPrecompiledModules/CoreMIDI-7L19IC4ZH9BPYLVTD8IIFWN9R.pcm
SwiftExplicitDependencyGeneratePcm arm64 /Users/admin/builder/spi-builder-workspace/.derivedData/SDKExplicitPrecompiledModules/UIUtilities-AOVGLUWEAN6CG2UZFNESGSP6C.pcm
SwiftExplicitDependencyGeneratePcm arm64 /Users/admin/builder/spi-builder-workspace/.derivedData/SDKExplicitPrecompiledModules/Network-EQPZZF3W6BWG89K0PY9NZO3T0.pcm
SwiftExplicitDependencyGeneratePcm arm64 /Users/admin/builder/spi-builder-workspace/.derivedData/SDKExplicitPrecompiledModules/CoreTransferable-8TBYAKHCX6UC8QQSS7BD8GQK5.pcm
SwiftExplicitDependencyGeneratePcm arm64 /Users/admin/builder/spi-builder-workspace/.derivedData/SDKExplicitPrecompiledModules/OpenGLES-56BKSYXNVAP91BYZRWAKQZKGI.pcm
SwiftExplicitDependencyGeneratePcm arm64 /Users/admin/builder/spi-builder-workspace/.derivedData/SDKExplicitPrecompiledModules/LocalAuthentication-9MSPUJ85OBXBTOD7NJCT1GZ0O.pcm
SwiftExplicitDependencyGeneratePcm arm64 /Users/admin/builder/spi-builder-workspace/.derivedData/SDKExplicitPrecompiledModules/Metal-EKNUM9P3PRIBHZK1ZBD6BA2T7.pcm
SwiftExplicitDependencyGeneratePcm arm64 /Users/admin/builder/spi-builder-workspace/.derivedData/SDKExplicitPrecompiledModules/CoreLocation-1SN37095DAPVJ068LLP9TBDQX.pcm
SwiftExplicitDependencyGeneratePcm arm64 /Users/admin/builder/spi-builder-workspace/.derivedData/SDKExplicitPrecompiledModules/DataDetection-BANTQ3WXXGKZJYC0LLB3MD9K0.pcm
SwiftExplicitDependencyGeneratePcm arm64 /Users/admin/builder/spi-builder-workspace/.derivedData/SDKExplicitPrecompiledModules/AudioToolbox-2K3S8EA590EB3GMH6D6784BWZ.pcm
SwiftExplicitDependencyGeneratePcm arm64 /Users/admin/builder/spi-builder-workspace/.derivedData/SDKExplicitPrecompiledModules/CoreMotion-10LV922UPGE28QX2SOIO7ALIZ.pcm
SwiftExplicitDependencyGeneratePcm arm64 /Users/admin/builder/spi-builder-workspace/.derivedData/SDKExplicitPrecompiledModules/AVRouting-55P8FRNK50AFZOMMB2LBBOX33.pcm
SwiftExplicitDependencyGeneratePcm arm64 /Users/admin/builder/spi-builder-workspace/.derivedData/SDKExplicitPrecompiledModules/CoreVideo-E12HJSJSLO0YKWYBES11UKJ02.pcm
SwiftExplicitDependencyCompileModuleFromInterface arm64 /Users/admin/builder/spi-builder-workspace/.derivedData/SDKExplicitPrecompiledModules/ShaderGraph-URHKVVOFZL5Z.swiftmodule
SwiftExplicitDependencyGeneratePcm arm64 /Users/admin/builder/spi-builder-workspace/.derivedData/SDKExplicitPrecompiledModules/CoreML-37QYERWC0RQN4IY4377UD0TY1.pcm
SwiftExplicitDependencyGeneratePcm arm64 /Users/admin/builder/spi-builder-workspace/.derivedData/SDKExplicitPrecompiledModules/CoreImage-8WF1P230U10QM666EQMNV7OF1.pcm
SwiftExplicitDependencyGeneratePcm arm64 /Users/admin/builder/spi-builder-workspace/.derivedData/SDKExplicitPrecompiledModules/ARKitFoundation-3N77COW7DLP77CM0PWZXSR9BD.pcm
SwiftExplicitDependencyGeneratePcm arm64 /Users/admin/builder/spi-builder-workspace/.derivedData/SDKExplicitPrecompiledModules/CoreMedia-D1IBHC28BRHWLNUG1Q75G5YN0.pcm
SwiftExplicitDependencyGeneratePcm arm64 /Users/admin/builder/spi-builder-workspace/.derivedData/SDKExplicitPrecompiledModules/QuartzCore-12T8WVKUNCL1N7VXH87MM4YOB.pcm
SwiftExplicitDependencyGeneratePcm arm64 /Users/admin/builder/spi-builder-workspace/.derivedData/SDKExplicitPrecompiledModules/SwiftUICore-6OBBMA39VFD4CB6SG2PE41FAP.pcm
SwiftExplicitDependencyGeneratePcm arm64 /Users/admin/builder/spi-builder-workspace/.derivedData/SDKExplicitPrecompiledModules/MediaToolbox-1J5U29ERBPNPI1HKEJHXOP8EV.pcm
SwiftExplicitDependencyGeneratePcm arm64 /Users/admin/builder/spi-builder-workspace/.derivedData/SDKExplicitPrecompiledModules/VideoToolbox-7I4MDYIPJ4IWU1ZSL4JE3I7M6.pcm
SwiftExplicitDependencyGeneratePcm arm64 /Users/admin/builder/spi-builder-workspace/.derivedData/SDKExplicitPrecompiledModules/Vision-DVVG9MQGC3IMTVPTC1691MQ6Z.pcm
SwiftExplicitDependencyGeneratePcm arm64 /Users/admin/builder/spi-builder-workspace/.derivedData/SDKExplicitPrecompiledModules/AVFAudio-E8GATWFYYBEBB41O9N0LRRGYC.pcm
SwiftExplicitDependencyGeneratePcm arm64 /Users/admin/builder/spi-builder-workspace/.derivedData/SDKExplicitPrecompiledModules/UIKit-2D2PMAAE45TMO6S28UCGCO5BR.pcm
SwiftExplicitDependencyGeneratePcm arm64 /Users/admin/builder/spi-builder-workspace/.derivedData/SDKExplicitPrecompiledModules/AVFoundation-DFCX8GQJWVA3CZBITWEHAZEFX.pcm
SwiftExplicitDependencyGeneratePcm arm64 /Users/admin/builder/spi-builder-workspace/.derivedData/SDKExplicitPrecompiledModules/ARKitCore-307YVPJLQNB66BTBIONHZNP86.pcm
SwiftExplicitDependencyGeneratePcm arm64 /Users/admin/builder/spi-builder-workspace/.derivedData/SDKExplicitPrecompiledModules/GameController-7QL0VMQHE24OWQFUR0UFT89DW.pcm
SwiftExplicitDependencyGeneratePcm arm64 /Users/admin/builder/spi-builder-workspace/.derivedData/SDKExplicitPrecompiledModules/SwiftUI-77PUPXISY3V3TUF5FJEHUQC86.pcm
SwiftExplicitDependencyGeneratePcm arm64 /Users/admin/builder/spi-builder-workspace/.derivedData/SDKExplicitPrecompiledModules/ARKit-27VDPOZ50FG2MJG7OFV6IFQYQ.pcm
SwiftEmitModule normal arm64 Emitting\ module\ for\ YMatterType (in target 'YMatterType' from project 'YMatterType')
SwiftCompile normal arm64 (in target 'YMatterType' from project 'YMatterType')
    cd /Users/admin/builder/spi-builder-workspace/.swiftpm/xcode

SwiftCompile normal arm64 Compiling\ DefaultFontFamilyFactory.swift,\ FontFamily.swift,\ FontFamilyFactory.swift /Users/admin/builder/spi-builder-workspace/Sources/YMatterType/Typography/FontFamily/DefaultFontFamilyFactory.swift /Users/admin/builder/spi-builder-workspace/Sources/YMatterType/Typography/FontFamily/FontFamily.swift /Users/admin/builder/spi-builder-workspace/Sources/YMatterType/Typography/FontFamily/FontFamilyFactory.swift (in target 'YMatterType' from project 'YMatterType')
SwiftCompile normal arm64 /Users/admin/builder/spi-builder-workspace/Sources/YMatterType/Typography/FontFamily/DefaultFontFamilyFactory.swift (in target 'YMatterType' from project 'YMatterType')
    cd /Users/admin/builder/spi-builder-workspace/.swiftpm/xcode
    builtin-SwiftPerFileCompile DefaultFontFamilyFactory.swift
SwiftCompile normal arm64 /Users/admin/builder/spi-builder-workspace/Sources/YMatterType/Typography/FontFamily/FontFamily.swift (in target 'YMatterType' from project 'YMatterType')
    cd /Users/admin/builder/spi-builder-workspace/.swiftpm/xcode
    builtin-SwiftPerFileCompile FontFamily.swift
SwiftCompile normal arm64 /Users/admin/builder/spi-builder-workspace/Sources/YMatterType/Typography/FontFamily/FontFamilyFactory.swift (in target 'YMatterType' from project 'YMatterType')
    cd /Users/admin/builder/spi-builder-workspace/.swiftpm/xcode
    builtin-SwiftPerFileCompile FontFamilyFactory.swift
SwiftCompile normal arm64 Compiling\ Typography+Font.swift,\ Typography+Mutators.swift /Users/admin/builder/spi-builder-workspace/Sources/YMatterType/Typography/Typography+Font.swift /Users/admin/builder/spi-builder-workspace/Sources/YMatterType/Typography/Typography+Mutators.swift (in target 'YMatterType' from project 'YMatterType')
/Users/admin/builder/spi-builder-workspace/Sources/YMatterType/Typography/Typography+Font.swift:78:21: error: 'UIScreen' is unavailable in visionOS
 76 |         // but testing indicates that increasing baseline offset by 1 moves the text up 2 points,
 77 |         // hence we divide by 2 again.
 78 |         let scale = UIScreen.main.scale
    |                     `- error: 'UIScreen' is unavailable in visionOS
 79 |         let baselineOffset = max(
 80 |             ceil(((scaledLineHeight - (abs(font.descender) + font.leading) * 2 - font.capHeight) / 4) * scale) / scale,
/Applications/Xcode-27.0.0-Release.Candidate.app/Contents/Developer/Platforms/XROS.platform/Developer/SDKs/XROS27.0.sdk/System/Library/Frameworks/UIKit.framework/Headers/UIScreen.h:54:12: note: 'UIScreen' has been explicitly marked unavailable here
 52 |
 53 | UIKIT_EXTERN API_AVAILABLE(ios(2.0)) API_UNAVAILABLE(visionos, watchos) NS_SWIFT_UI_ACTOR
 54 | @interface UIScreen : NSObject <UITraitEnvironment>
    |            `- note: 'UIScreen' has been explicitly marked unavailable here
 55 |
 56 | @property(class, nonatomic, readonly) NSArray<UIScreen *> *screens API_DEPRECATED("Use UIApplication.shared.openSessions to find open sessions with scenes from other screens", ios(3.2, 16.0), visionos(1.0, 1.0)) API_UNAVAILABLE(watchos); // all screens currently attached to the device
Failed frontend command:
/Applications/Xcode-27.0.0-Release.Candidate.app/Contents/Developer/Toolchains/XcodeDefault.xctoolchain/usr/bin/swift-frontend -frontend -c /Users/admin/builder/spi-builder-workspace/Sources/YMatterType/Elements/Representables/TypographyLabelRepresentable.swift /Users/admin/builder/spi-builder-workspace/Sources/YMatterType/Elements/TextStyleLabel.swift /Users/admin/builder/spi-builder-workspace/Sources/YMatterType/Elements/TypographyButton.swift /Users/admin/builder/spi-builder-workspace/Sources/YMatterType/Elements/TypographyLabel.swift /Users/admin/builder/spi-builder-workspace/Sources/YMatterType/Elements/TypographyTextField.swift /Users/admin/builder/spi-builder-workspace/Sources/YMatterType/Elements/TypographyTextView.swift /Users/admin/builder/spi-builder-workspace/Sources/YMatterType/Extensions/Foundation/NSAttributedString+baseAttributes.swift /Users/admin/builder/spi-builder-workspace/Sources/YMatterType/Extensions/Foundation/NSAttributedString+textCase.swift /Users/admin/builder/spi-builder-workspace/Sources/YMatterType/Extensions/Foundation/String+textCase.swift /Users/admin/builder/spi-builder-workspace/Sources/YMatterType/Extensions/Foundation/String+textSize.swift /Users/admin/builder/spi-builder-workspace/Sources/YMatterType/Extensions/UIKit/NSParagraphStyle+lineSpacing.swift /Users/admin/builder/spi-builder-workspace/Sources/YMatterType/Extensions/UIKit/UIFont+register.swift /Users/admin/builder/spi-builder-workspace/Sources/YMatterType/Extensions/UIKit/UITraitCollection+breakpoint.swift /Users/admin/builder/spi-builder-workspace/Sources/YMatterType/Extensions/UIKit/UITraitCollection+fontAppearance.swift /Users/admin/builder/spi-builder-workspace/Sources/YMatterType/Typography/FontFamily/DefaultFontFamily.swift /Users/admin/builder/spi-builder-workspace/Sources/YMatterType/Typography/FontFamily/DefaultFontFamilyFactory.swift /Users/admin/builder/spi-builder-workspace/Sources/YMatterType/Typography/FontFamily/FontFamily.swift /Users/admin/builder/spi-builder-workspace/Sources/YMatterType/Typography/FontFamily/FontFamilyFactory.swift /Users/admin/builder/spi-builder-workspace/Sources/YMatterType/Typography/FontFamily/HelveticaNeueFontFamily.swift /Users/admin/builder/spi-builder-workspace/Sources/YMatterType/Typography/FontFamily/SystemFontFamily.swift /Users/admin/builder/spi-builder-workspace/Sources/YMatterType/Typography/Typography+Enums.swift -primary-file /Users/admin/builder/spi-builder-workspace/Sources/YMatterType/Typography/Typography+Font.swift -primary-file /Users/admin/builder/spi-builder-workspace/Sources/YMatterType/Typography/Typography+Mutators.swift /Users/admin/builder/spi-builder-workspace/Sources/YMatterType/Typography/Typography+System.swift /Users/admin/builder/spi-builder-workspace/Sources/YMatterType/Typography/Typography.swift /Users/admin/builder/spi-builder-workspace/Sources/YMatterType/Typography/TypographyLayout.swift /Users/admin/builder/spi-builder-workspace/Sources/YMatterType/YMatterType+Logging.swift -emit-dependencies-path /Users/admin/builder/spi-builder-workspace/.derivedData/Build/Intermediates.noindex/YMatterType.build/Debug-xros/YMatterType-t.build/Objects-normal/arm64/Typography+Font.d -emit-const-values-path /Users/admin/builder/spi-builder-workspace/.derivedData/Build/Intermediates.noindex/YMatterType.build/Debug-xros/YMatterType-t.build/Objects-normal/arm64/Typography+Font.swiftconstvalues -emit-reference-dependencies-path /Users/admin/builder/spi-builder-workspace/.derivedData/Build/Intermediates.noindex/YMatterType.build/Debug-xros/YMatterType-t.build/Objects-normal/arm64/Typography+Font.swiftdeps -serialize-diagnostics-path /Users/admin/builder/spi-builder-workspace/.derivedData/Build/Intermediates.noindex/YMatterType.build/Debug-xros/YMatterType-t.build/Objects-normal/arm64/Typography+Font.dia -emit-dependencies-path /Users/admin/builder/spi-builder-workspace/.derivedData/Build/Intermediates.noindex/YMatterType.build/Debug-xros/YMatterType-t.build/Objects-normal/arm64/Typography+Mutators.d -emit-const-values-path /Users/admin/builder/spi-builder-workspace/.derivedData/Build/Intermediates.noindex/YMatterType.build/Debug-xros/YMatterType-t.build/Objects-normal/arm64/Typography+Mutators.swiftconstvalues -emit-reference-dependencies-path /Users/admin/builder/spi-builder-workspace/.derivedData/Build/Intermediates.noindex/YMatterType.build/Debug-xros/YMatterType-t.build/Objects-normal/arm64/Typography+Mutators.swiftdeps -serialize-diagnostics-path /Users/admin/builder/spi-builder-workspace/.derivedData/Build/Intermediates.noindex/YMatterType.build/Debug-xros/YMatterType-t.build/Objects-normal/arm64/Typography+Mutators.dia -emit-localized-strings -emit-localized-strings-path /Users/admin/builder/spi-builder-workspace/.derivedData/Build/Intermediates.noindex/YMatterType.build/Debug-xros/YMatterType-t.build/Objects-normal/arm64 -target arm64-apple-xros1.0 -disable-cross-import-overlay-search -load-resolved-plugin /Applications/Xcode-27.0.0-Release.Candidate.app/Contents/Developer/Platforms/XROS.platform/Developer/usr/lib/swift/host/plugins/libFoundationMacros.dylib\#/Applications/Xcode-27.0.0-Release.Candidate.app/Contents/Developer/Platforms/XROS.platform/Developer/usr/bin/swift-plugin-server\#FoundationMacros -load-resolved-plugin /Applications/Xcode-27.0.0-Release.Candidate.app/Contents/Developer/Platforms/XROS.platform/Developer/usr/lib/swift/host/plugins/libObservationMacros.dylib\#/Applications/Xcode-27.0.0-Release.Candidate.app/Contents/Developer/Platforms/XROS.platform/Developer/usr/bin/swift-plugin-server\#ObservationMacros -load-resolved-plugin /Applications/Xcode-27.0.0-Release.Candidate.app/Contents/Developer/Platforms/XROS.platform/Developer/usr/lib/swift/host/plugins/libPreviewsMacros.dylib\#/Applications/Xcode-27.0.0-Release.Candidate.app/Contents/Developer/Platforms/XROS.platform/Developer/usr/bin/swift-plugin-server\#PreviewsMacros -load-resolved-plugin /Applications/Xcode-27.0.0-Release.Candidate.app/Contents/Developer/Platforms/XROS.platform/Developer/usr/lib/swift/host/plugins/libSwiftMacros.dylib\#/Applications/Xcode-27.0.0-Release.Candidate.app/Contents/Developer/Platforms/XROS.platform/Developer/usr/bin/swift-plugin-server\#SwiftMacros -load-resolved-plugin /Applications/Xcode-27.0.0-Release.Candidate.app/Contents/Developer/Platforms/XROS.platform/Developer/usr/lib/swift/host/plugins/libSwiftUIMacros.dylib\#/Applications/Xcode-27.0.0-Release.Candidate.app/Contents/Developer/Platforms/XROS.platform/Developer/usr/bin/swift-plugin-server\#SwiftUIMacros -disable-implicit-swift-modules -Xcc -fno-implicit-modules -Xcc -fno-implicit-module-maps -explicit-swift-module-map-file /Users/admin/builder/spi-builder-workspace/.derivedData/Build/Intermediates.noindex/YMatterType.build/Debug-xros/YMatterType-t.build/Objects-normal/arm64/YMatterType-dependencies-1.json -Xllvm -aarch64-use-tbi -enable-objc-interop -stack-check -sdk /Applications/Xcode-27.0.0-Release.Candidate.app/Contents/Developer/Platforms/XROS.platform/Developer/SDKs/XROS27.0.sdk -I /Users/admin/builder/spi-builder-workspace/.derivedData/Build/Products/Debug-xros -Isystem /Applications/Xcode-27.0.0-Release.Candidate.app/Contents/Developer/Platforms/XROS.platform/Developer/usr/lib -F /Users/admin/builder/spi-builder-workspace/.derivedData/Build/Products/Debug-xros -F /Applications/Xcode-27.0.0-Release.Candidate.app/Contents/Developer/Platforms/XROS.platform/Developer/Library/Frameworks -F /Applications/Xcode-27.0.0-Release.Candidate.app/Contents/Developer/Platforms/XROS.platform/Developer/SDKs/XROS27.0.sdk/Developer/Library/Frameworks -module-cache-path /Users/admin/builder/spi-builder-workspace/.derivedData/Build/Intermediates.noindex/SwiftExplicitPrecompiledModules -no-color-diagnostics -Xcc -fno-color-diagnostics -enable-testing -g -debug-info-format\=dwarf -dwarf-version\=4 -profile-generate -profile-coverage-mapping -swift-version 5 -Onone -D SWIFT_PACKAGE -D DEBUG -D SWIFT_MODULE_RESOURCE_BUNDLE_UNAVAILABLE -D Xcode -serialize-debugging-options -enable-experimental-feature DebugDescriptionMacro -empty-abi-descriptor -validate-clang-modules-once -clang-build-session-file /Users/admin/builder/spi-builder-workspace/.derivedData/ModuleCache.noindex/Session.modulevalidation -Xcc -working-directory -Xcc /Users/admin/builder/spi-builder-workspace/.swiftpm/xcode -enable-anonymous-context-mangled-names -file-compilation-dir /Users/admin/builder/spi-builder-workspace/.swiftpm/xcode -Xcc -D_LIBCPP_HARDENING_MODE\=_LIBCPP_HARDENING_MODE_DEBUG -Xcc -ivfsstatcache -Xcc /Users/admin/builder/spi-builder-workspace/.derivedData/SDKStatCaches.noindex/xros27.0-24M361-e829b21a6f8c9b70876ba0858053c044735bd543db762f57723cac368afd1ce4.sdkstatcache -Xcc -fmodules-prune-interval\=86400 -Xcc -fmodules-prune-after\=345600 -Xcc -I/Users/admin/builder/spi-builder-workspace/.derivedData/Build/Products/Debug-xros/include -Xcc -I/Users/admin/builder/spi-builder-workspace/.derivedData/Build/Intermediates.noindex/YMatterType.build/Debug-xros/YMatterType-t.build/DerivedSources-normal/arm64 -Xcc -I/Users/admin/builder/spi-builder-workspace/.derivedData/Build/Intermediates.noindex/YMatterType.build/Debug-xros/YMatterType-t.build/DerivedSources/arm64 -Xcc -I/Users/admin/builder/spi-builder-workspace/.derivedData/Build/Intermediates.noindex/YMatterType.build/Debug-xros/YMatterType-t.build/DerivedSources -Xcc -DSWIFT_PACKAGE -Xcc -DDEBUG\=1 -no-auto-bridging-header-chaining -module-name YMatterType -const-gather-protocols-file /Users/admin/builder/spi-builder-workspace/.derivedData/Build/Intermediates.noindex/YMatterType.build/Debug-xros/YMatterType-t.build/Objects-normal/arm64/YMatterType_const_extract_protocols.json -disable-clang-spi -clang-target arm64-apple-xros27.0 -target-sdk-version 27.0 -target-sdk-name xros27.0 -in-process-plugin-server-path /Applications/Xcode-27.0.0-Release.Candidate.app/Contents/Developer/Toolchains/XcodeDefault.xctoolchain/usr/lib/swift/host/libSwiftInProcPluginServer.dylib -parse-as-library -o /Users/admin/builder/spi-builder-workspace/.derivedData/Build/Intermediates.noindex/YMatterType.build/Debug-xros/YMatterType-t.build/Objects-normal/arm64/Typography+Font.o -o /Users/admin/builder/spi-builder-workspace/.derivedData/Build/Intermediates.noindex/YMatterType.build/Debug-xros/YMatterType-t.build/Objects-normal/arm64/Typography+Mutators.o -debug-module-path /Users/admin/builder/spi-builder-workspace/.derivedData/Build/Intermediates.noindex/YMatterType.build/Debug-xros/YMatterType-t.build/Objects-normal/arm64/YMatterType.swiftmodule -index-unit-output-path /YMatterType.build/Debug-xros/YMatterType-t.build/Objects-normal/arm64/Typography+Font.o -index-unit-output-path /YMatterType.build/Debug-xros/YMatterType-t.build/Objects-normal/arm64/Typography+Mutators.o -index-store-path /Users/admin/builder/spi-builder-workspace/.derivedData/Index.noindex/DataStore -index-system-modules
SwiftCompile normal arm64 /Users/admin/builder/spi-builder-workspace/Sources/YMatterType/Typography/Typography+Font.swift (in target 'YMatterType' from project 'YMatterType')
    cd /Users/admin/builder/spi-builder-workspace/.swiftpm/xcode
    builtin-SwiftPerFileCompile Typography+Font.swift
SwiftCompile normal arm64 /Users/admin/builder/spi-builder-workspace/Sources/YMatterType/Typography/Typography+Mutators.swift (in target 'YMatterType' from project 'YMatterType')
    cd /Users/admin/builder/spi-builder-workspace/.swiftpm/xcode
    builtin-SwiftPerFileCompile Typography+Mutators.swift
SwiftCompile normal arm64 Compiling\ NSAttributedString+baseAttributes.swift,\ NSAttributedString+textCase.swift,\ String+textCase.swift /Users/admin/builder/spi-builder-workspace/Sources/YMatterType/Extensions/Foundation/NSAttributedString+baseAttributes.swift /Users/admin/builder/spi-builder-workspace/Sources/YMatterType/Extensions/Foundation/NSAttributedString+textCase.swift /Users/admin/builder/spi-builder-workspace/Sources/YMatterType/Extensions/Foundation/String+textCase.swift (in target 'YMatterType' from project 'YMatterType')
SwiftCompile normal arm64 /Users/admin/builder/spi-builder-workspace/Sources/YMatterType/Extensions/Foundation/NSAttributedString+baseAttributes.swift (in target 'YMatterType' from project 'YMatterType')
    cd /Users/admin/builder/spi-builder-workspace/.swiftpm/xcode
    builtin-SwiftPerFileCompile NSAttributedString+baseAttributes.swift
SwiftCompile normal arm64 /Users/admin/builder/spi-builder-workspace/Sources/YMatterType/Extensions/Foundation/NSAttributedString+textCase.swift (in target 'YMatterType' from project 'YMatterType')
    cd /Users/admin/builder/spi-builder-workspace/.swiftpm/xcode
    builtin-SwiftPerFileCompile NSAttributedString+textCase.swift
SwiftCompile normal arm64 /Users/admin/builder/spi-builder-workspace/Sources/YMatterType/Extensions/Foundation/String+textCase.swift (in target 'YMatterType' from project 'YMatterType')
    cd /Users/admin/builder/spi-builder-workspace/.swiftpm/xcode
    builtin-SwiftPerFileCompile String+textCase.swift
SwiftCompile normal arm64 Compiling\ UITraitCollection+breakpoint.swift,\ UITraitCollection+fontAppearance.swift,\ DefaultFontFamily.swift /Users/admin/builder/spi-builder-workspace/Sources/YMatterType/Extensions/UIKit/UITraitCollection+breakpoint.swift /Users/admin/builder/spi-builder-workspace/Sources/YMatterType/Extensions/UIKit/UITraitCollection+fontAppearance.swift /Users/admin/builder/spi-builder-workspace/Sources/YMatterType/Typography/FontFamily/DefaultFontFamily.swift (in target 'YMatterType' from project 'YMatterType')
SwiftCompile normal arm64 /Users/admin/builder/spi-builder-workspace/Sources/YMatterType/Extensions/UIKit/UITraitCollection+breakpoint.swift (in target 'YMatterType' from project 'YMatterType')
    cd /Users/admin/builder/spi-builder-workspace/.swiftpm/xcode
    builtin-SwiftPerFileCompile UITraitCollection+breakpoint.swift
SwiftCompile normal arm64 /Users/admin/builder/spi-builder-workspace/Sources/YMatterType/Extensions/UIKit/UITraitCollection+fontAppearance.swift (in target 'YMatterType' from project 'YMatterType')
    cd /Users/admin/builder/spi-builder-workspace/.swiftpm/xcode
    builtin-SwiftPerFileCompile UITraitCollection+fontAppearance.swift
SwiftCompile normal arm64 /Users/admin/builder/spi-builder-workspace/Sources/YMatterType/Typography/FontFamily/DefaultFontFamily.swift (in target 'YMatterType' from project 'YMatterType')
    cd /Users/admin/builder/spi-builder-workspace/.swiftpm/xcode
    builtin-SwiftPerFileCompile DefaultFontFamily.swift
SwiftCompile normal arm64 Compiling\ TypographyLabel.swift,\ TypographyTextField.swift,\ TypographyTextView.swift /Users/admin/builder/spi-builder-workspace/Sources/YMatterType/Elements/TypographyLabel.swift /Users/admin/builder/spi-builder-workspace/Sources/YMatterType/Elements/TypographyTextField.swift /Users/admin/builder/spi-builder-workspace/Sources/YMatterType/Elements/TypographyTextView.swift (in target 'YMatterType' from project 'YMatterType')
/Users/admin/builder/spi-builder-workspace/Sources/YMatterType/Elements/TypographyLabel.swift:125:15: warning: 'traitCollectionDidChange' was deprecated in visionOS 1.0: Use the trait change registration APIs declared in the UITraitChangeObservable protocol [#DeprecatedDeclaration]
123 |     /// :nodoc:
124 |     override open func traitCollectionDidChange(_ previousTraitCollection: UITraitCollection?) {
125 |         super.traitCollectionDidChange(previousTraitCollection)
    |               `- warning: 'traitCollectionDidChange' was deprecated in visionOS 1.0: Use the trait change registration APIs declared in the UITraitChangeObservable protocol [#DeprecatedDeclaration]
126 |
127 |         if traitCollection.hasDifferentFontAppearance(comparedTo: previousTraitCollection) {
/Users/admin/builder/spi-builder-workspace/Sources/YMatterType/Elements/TypographyTextField.swift:125:15: warning: 'traitCollectionDidChange' was deprecated in visionOS 1.0: Use the trait change registration APIs declared in the UITraitChangeObservable protocol [#DeprecatedDeclaration]
123 |     /// :nodoc:
124 |     override open func traitCollectionDidChange(_ previousTraitCollection: UITraitCollection?) {
125 |         super.traitCollectionDidChange(previousTraitCollection)
    |               `- warning: 'traitCollectionDidChange' was deprecated in visionOS 1.0: Use the trait change registration APIs declared in the UITraitChangeObservable protocol [#DeprecatedDeclaration]
126 |
127 |         if traitCollection.hasDifferentFontAppearance(comparedTo: previousTraitCollection) {
SwiftCompile normal arm64 /Users/admin/builder/spi-builder-workspace/Sources/YMatterType/Elements/TypographyLabel.swift (in target 'YMatterType' from project 'YMatterType')
    cd /Users/admin/builder/spi-builder-workspace/.swiftpm/xcode
    builtin-SwiftPerFileCompile TypographyLabel.swift
SwiftCompile normal arm64 /Users/admin/builder/spi-builder-workspace/Sources/YMatterType/Elements/TypographyTextField.swift (in target 'YMatterType' from project 'YMatterType')
    cd /Users/admin/builder/spi-builder-workspace/.swiftpm/xcode
    builtin-SwiftPerFileCompile TypographyTextField.swift
SwiftCompile normal arm64 /Users/admin/builder/spi-builder-workspace/Sources/YMatterType/Elements/TypographyTextView.swift (in target 'YMatterType' from project 'YMatterType')
    cd /Users/admin/builder/spi-builder-workspace/.swiftpm/xcode
    builtin-SwiftPerFileCompile TypographyTextView.swift
SwiftCompile normal arm64 Compiling\ HelveticaNeueFontFamily.swift,\ SystemFontFamily.swift,\ Typography+Enums.swift /Users/admin/builder/spi-builder-workspace/Sources/YMatterType/Typography/FontFamily/HelveticaNeueFontFamily.swift /Users/admin/builder/spi-builder-workspace/Sources/YMatterType/Typography/FontFamily/SystemFontFamily.swift /Users/admin/builder/spi-builder-workspace/Sources/YMatterType/Typography/Typography+Enums.swift (in target 'YMatterType' from project 'YMatterType')
SwiftCompile normal arm64 /Users/admin/builder/spi-builder-workspace/Sources/YMatterType/Typography/FontFamily/HelveticaNeueFontFamily.swift (in target 'YMatterType' from project 'YMatterType')
    cd /Users/admin/builder/spi-builder-workspace/.swiftpm/xcode
    builtin-SwiftPerFileCompile HelveticaNeueFontFamily.swift
SwiftCompile normal arm64 /Users/admin/builder/spi-builder-workspace/Sources/YMatterType/Typography/FontFamily/SystemFontFamily.swift (in target 'YMatterType' from project 'YMatterType')
    cd /Users/admin/builder/spi-builder-workspace/.swiftpm/xcode
    builtin-SwiftPerFileCompile SystemFontFamily.swift
SwiftCompile normal arm64 /Users/admin/builder/spi-builder-workspace/Sources/YMatterType/Typography/Typography+Enums.swift (in target 'YMatterType' from project 'YMatterType')
    cd /Users/admin/builder/spi-builder-workspace/.swiftpm/xcode
    builtin-SwiftPerFileCompile Typography+Enums.swift
SwiftCompile normal arm64 Compiling\ String+textSize.swift,\ NSParagraphStyle+lineSpacing.swift,\ UIFont+register.swift /Users/admin/builder/spi-builder-workspace/Sources/YMatterType/Extensions/Foundation/String+textSize.swift /Users/admin/builder/spi-builder-workspace/Sources/YMatterType/Extensions/UIKit/NSParagraphStyle+lineSpacing.swift /Users/admin/builder/spi-builder-workspace/Sources/YMatterType/Extensions/UIKit/UIFont+register.swift (in target 'YMatterType' from project 'YMatterType')
/Users/admin/builder/spi-builder-workspace/Sources/YMatterType/Extensions/Foundation/String+textSize.swift:45:21: error: 'UIScreen' is unavailable in visionOS
43 |             scale = displayScale
44 |         } else {
45 |             scale = UIScreen.main.scale
   |                     `- error: 'UIScreen' is unavailable in visionOS
46 |         }
47 |
/Applications/Xcode-27.0.0-Release.Candidate.app/Contents/Developer/Platforms/XROS.platform/Developer/SDKs/XROS27.0.sdk/System/Library/Frameworks/UIKit.framework/Headers/UIScreen.h:54:12: note: 'UIScreen' has been explicitly marked unavailable here
 52 |
 53 | UIKIT_EXTERN API_AVAILABLE(ios(2.0)) API_UNAVAILABLE(visionos, watchos) NS_SWIFT_UI_ACTOR
 54 | @interface UIScreen : NSObject <UITraitEnvironment>
    |            `- note: 'UIScreen' has been explicitly marked unavailable here
 55 |
 56 | @property(class, nonatomic, readonly) NSArray<UIScreen *> *screens API_DEPRECATED("Use UIApplication.shared.openSessions to find open sessions with scenes from other screens", ios(3.2, 16.0), visionos(1.0, 1.0)) API_UNAVAILABLE(watchos); // all screens currently attached to the device
Failed frontend command:
/Applications/Xcode-27.0.0-Release.Candidate.app/Contents/Developer/Toolchains/XcodeDefault.xctoolchain/usr/bin/swift-frontend -frontend -c /Users/admin/builder/spi-builder-workspace/Sources/YMatterType/Elements/Representables/TypographyLabelRepresentable.swift /Users/admin/builder/spi-builder-workspace/Sources/YMatterType/Elements/TextStyleLabel.swift /Users/admin/builder/spi-builder-workspace/Sources/YMatterType/Elements/TypographyButton.swift /Users/admin/builder/spi-builder-workspace/Sources/YMatterType/Elements/TypographyLabel.swift /Users/admin/builder/spi-builder-workspace/Sources/YMatterType/Elements/TypographyTextField.swift /Users/admin/builder/spi-builder-workspace/Sources/YMatterType/Elements/TypographyTextView.swift /Users/admin/builder/spi-builder-workspace/Sources/YMatterType/Extensions/Foundation/NSAttributedString+baseAttributes.swift /Users/admin/builder/spi-builder-workspace/Sources/YMatterType/Extensions/Foundation/NSAttributedString+textCase.swift /Users/admin/builder/spi-builder-workspace/Sources/YMatterType/Extensions/Foundation/String+textCase.swift -primary-file /Users/admin/builder/spi-builder-workspace/Sources/YMatterType/Extensions/Foundation/String+textSize.swift -primary-file /Users/admin/builder/spi-builder-workspace/Sources/YMatterType/Extensions/UIKit/NSParagraphStyle+lineSpacing.swift -primary-file /Users/admin/builder/spi-builder-workspace/Sources/YMatterType/Extensions/UIKit/UIFont+register.swift /Users/admin/builder/spi-builder-workspace/Sources/YMatterType/Extensions/UIKit/UITraitCollection+breakpoint.swift /Users/admin/builder/spi-builder-workspace/Sources/YMatterType/Extensions/UIKit/UITraitCollection+fontAppearance.swift /Users/admin/builder/spi-builder-workspace/Sources/YMatterType/Typography/FontFamily/DefaultFontFamily.swift /Users/admin/builder/spi-builder-workspace/Sources/YMatterType/Typography/FontFamily/DefaultFontFamilyFactory.swift /Users/admin/builder/spi-builder-workspace/Sources/YMatterType/Typography/FontFamily/FontFamily.swift /Users/admin/builder/spi-builder-workspace/Sources/YMatterType/Typography/FontFamily/FontFamilyFactory.swift /Users/admin/builder/spi-builder-workspace/Sources/YMatterType/Typography/FontFamily/HelveticaNeueFontFamily.swift /Users/admin/builder/spi-builder-workspace/Sources/YMatterType/Typography/FontFamily/SystemFontFamily.swift /Users/admin/builder/spi-builder-workspace/Sources/YMatterType/Typography/Typography+Enums.swift /Users/admin/builder/spi-builder-workspace/Sources/YMatterType/Typography/Typography+Font.swift /Users/admin/builder/spi-builder-workspace/Sources/YMatterType/Typography/Typography+Mutators.swift /Users/admin/builder/spi-builder-workspace/Sources/YMatterType/Typography/Typography+System.swift /Users/admin/builder/spi-builder-workspace/Sources/YMatterType/Typography/Typography.swift /Users/admin/builder/spi-builder-workspace/Sources/YMatterType/Typography/TypographyLayout.swift /Users/admin/builder/spi-builder-workspace/Sources/YMatterType/YMatterType+Logging.swift -supplementary-output-file-map /Users/admin/builder/spi-builder-workspace/.derivedData/Build/Intermediates.noindex/YMatterType.build/Debug-xros/YMatterType-t.build/Objects-normal/arm64/supplementaryOutputs-4 -emit-localized-strings -emit-localized-strings-path /Users/admin/builder/spi-builder-workspace/.derivedData/Build/Intermediates.noindex/YMatterType.build/Debug-xros/YMatterType-t.build/Objects-normal/arm64 -target arm64-apple-xros1.0 -disable-cross-import-overlay-search -load-resolved-plugin /Applications/Xcode-27.0.0-Release.Candidate.app/Contents/Developer/Platforms/XROS.platform/Developer/usr/lib/swift/host/plugins/libFoundationMacros.dylib\#/Applications/Xcode-27.0.0-Release.Candidate.app/Contents/Developer/Platforms/XROS.platform/Developer/usr/bin/swift-plugin-server\#FoundationMacros -load-resolved-plugin /Applications/Xcode-27.0.0-Release.Candidate.app/Contents/Developer/Platforms/XROS.platform/Developer/usr/lib/swift/host/plugins/libObservationMacros.dylib\#/Applications/Xcode-27.0.0-Release.Candidate.app/Contents/Developer/Platforms/XROS.platform/Developer/usr/bin/swift-plugin-server\#ObservationMacros -load-resolved-plugin /Applications/Xcode-27.0.0-Release.Candidate.app/Contents/Developer/Platforms/XROS.platform/Developer/usr/lib/swift/host/plugins/libPreviewsMacros.dylib\#/Applications/Xcode-27.0.0-Release.Candidate.app/Contents/Developer/Platforms/XROS.platform/Developer/usr/bin/swift-plugin-server\#PreviewsMacros -load-resolved-plugin /Applications/Xcode-27.0.0-Release.Candidate.app/Contents/Developer/Platforms/XROS.platform/Developer/usr/lib/swift/host/plugins/libSwiftMacros.dylib\#/Applications/Xcode-27.0.0-Release.Candidate.app/Contents/Developer/Platforms/XROS.platform/Developer/usr/bin/swift-plugin-server\#SwiftMacros -load-resolved-plugin /Applications/Xcode-27.0.0-Release.Candidate.app/Contents/Developer/Platforms/XROS.platform/Developer/usr/lib/swift/host/plugins/libSwiftUIMacros.dylib\#/Applications/Xcode-27.0.0-Release.Candidate.app/Contents/Developer/Platforms/XROS.platform/Developer/usr/bin/swift-plugin-server\#SwiftUIMacros -disable-implicit-swift-modules -Xcc -fno-implicit-modules -Xcc -fno-implicit-module-maps -explicit-swift-module-map-file /Users/admin/builder/spi-builder-workspace/.derivedData/Build/Intermediates.noindex/YMatterType.build/Debug-xros/YMatterType-t.build/Objects-normal/arm64/YMatterType-dependencies-1.json -Xllvm -aarch64-use-tbi -enable-objc-interop -stack-check -sdk /Applications/Xcode-27.0.0-Release.Candidate.app/Contents/Developer/Platforms/XROS.platform/Developer/SDKs/XROS27.0.sdk -I /Users/admin/builder/spi-builder-workspace/.derivedData/Build/Products/Debug-xros -Isystem /Applications/Xcode-27.0.0-Release.Candidate.app/Contents/Developer/Platforms/XROS.platform/Developer/usr/lib -F /Users/admin/builder/spi-builder-workspace/.derivedData/Build/Products/Debug-xros -F /Applications/Xcode-27.0.0-Release.Candidate.app/Contents/Developer/Platforms/XROS.platform/Developer/Library/Frameworks -F /Applications/Xcode-27.0.0-Release.Candidate.app/Contents/Developer/Platforms/XROS.platform/Developer/SDKs/XROS27.0.sdk/Developer/Library/Frameworks -module-cache-path /Users/admin/builder/spi-builder-workspace/.derivedData/Build/Intermediates.noindex/SwiftExplicitPrecompiledModules -no-color-diagnostics -Xcc -fno-color-diagnostics -enable-testing -g -debug-info-format\=dwarf -dwarf-version\=4 -profile-generate -profile-coverage-mapping -swift-version 5 -Onone -D SWIFT_PACKAGE -D DEBUG -D SWIFT_MODULE_RESOURCE_BUNDLE_UNAVAILABLE -D Xcode -serialize-debugging-options -enable-experimental-feature DebugDescriptionMacro -empty-abi-descriptor -validate-clang-modules-once -clang-build-session-file /Users/admin/builder/spi-builder-workspace/.derivedData/ModuleCache.noindex/Session.modulevalidation -Xcc -working-directory -Xcc /Users/admin/builder/spi-builder-workspace/.swiftpm/xcode -enable-anonymous-context-mangled-names -file-compilation-dir /Users/admin/builder/spi-builder-workspace/.swiftpm/xcode -Xcc -D_LIBCPP_HARDENING_MODE\=_LIBCPP_HARDENING_MODE_DEBUG -Xcc -ivfsstatcache -Xcc /Users/admin/builder/spi-builder-workspace/.derivedData/SDKStatCaches.noindex/xros27.0-24M361-e829b21a6f8c9b70876ba0858053c044735bd543db762f57723cac368afd1ce4.sdkstatcache -Xcc -fmodules-prune-interval\=86400 -Xcc -fmodules-prune-after\=345600 -Xcc -I/Users/admin/builder/spi-builder-workspace/.derivedData/Build/Products/Debug-xros/include -Xcc -I/Users/admin/builder/spi-builder-workspace/.derivedData/Build/Intermediates.noindex/YMatterType.build/Debug-xros/YMatterType-t.build/DerivedSources-normal/arm64 -Xcc -I/Users/admin/builder/spi-builder-workspace/.derivedData/Build/Intermediates.noindex/YMatterType.build/Debug-xros/YMatterType-t.build/DerivedSources/arm64 -Xcc -I/Users/admin/builder/spi-builder-workspace/.derivedData/Build/Intermediates.noindex/YMatterType.build/Debug-xros/YMatterType-t.build/DerivedSources -Xcc -DSWIFT_PACKAGE -Xcc -DDEBUG\=1 -no-auto-bridging-header-chaining -module-name YMatterType -const-gather-protocols-file /Users/admin/builder/spi-builder-workspace/.derivedData/Build/Intermediates.noindex/YMatterType.build/Debug-xros/YMatterType-t.build/Objects-normal/arm64/YMatterType_const_extract_protocols.json -disable-clang-spi -clang-target arm64-apple-xros27.0 -target-sdk-version 27.0 -target-sdk-name xros27.0 -in-process-plugin-server-path /Applications/Xcode-27.0.0-Release.Candidate.app/Contents/Developer/Toolchains/XcodeDefault.xctoolchain/usr/lib/swift/host/libSwiftInProcPluginServer.dylib -parse-as-library -o /Users/admin/builder/spi-builder-workspace/.derivedData/Build/Intermediates.noindex/YMatterType.build/Debug-xros/YMatterType-t.build/Objects-normal/arm64/String+textSize.o -o /Users/admin/builder/spi-builder-workspace/.derivedData/Build/Intermediates.noindex/YMatterType.build/Debug-xros/YMatterType-t.build/Objects-normal/arm64/NSParagraphStyle+lineSpacing.o -o /Users/admin/builder/spi-builder-workspace/.derivedData/Build/Intermediates.noindex/YMatterType.build/Debug-xros/YMatterType-t.build/Objects-normal/arm64/UIFont+register.o -debug-module-path /Users/admin/builder/spi-builder-workspace/.derivedData/Build/Intermediates.noindex/YMatterType.build/Debug-xros/YMatterType-t.build/Objects-normal/arm64/YMatterType.swiftmodule -index-unit-output-path /YMatterType.build/Debug-xros/YMatterType-t.build/Objects-normal/arm64/String+textSize.o -index-unit-output-path /YMatterType.build/Debug-xros/YMatterType-t.build/Objects-normal/arm64/NSParagraphStyle+lineSpacing.o -index-unit-output-path /YMatterType.build/Debug-xros/YMatterType-t.build/Objects-normal/arm64/UIFont+register.o -index-store-path /Users/admin/builder/spi-builder-workspace/.derivedData/Index.noindex/DataStore -index-system-modules
SwiftCompile normal arm64 /Users/admin/builder/spi-builder-workspace/Sources/YMatterType/Extensions/Foundation/String+textSize.swift (in target 'YMatterType' from project 'YMatterType')
    cd /Users/admin/builder/spi-builder-workspace/.swiftpm/xcode
    builtin-SwiftPerFileCompile String+textSize.swift
SwiftCompile normal arm64 /Users/admin/builder/spi-builder-workspace/Sources/YMatterType/Extensions/UIKit/NSParagraphStyle+lineSpacing.swift (in target 'YMatterType' from project 'YMatterType')
    cd /Users/admin/builder/spi-builder-workspace/.swiftpm/xcode
    builtin-SwiftPerFileCompile NSParagraphStyle+lineSpacing.swift
SwiftCompile normal arm64 /Users/admin/builder/spi-builder-workspace/Sources/YMatterType/Extensions/UIKit/UIFont+register.swift (in target 'YMatterType' from project 'YMatterType')
    cd /Users/admin/builder/spi-builder-workspace/.swiftpm/xcode
    builtin-SwiftPerFileCompile UIFont+register.swift
SwiftCompile normal arm64 Compiling\ TypographyLayout.swift,\ YMatterType+Logging.swift /Users/admin/builder/spi-builder-workspace/Sources/YMatterType/Typography/TypographyLayout.swift /Users/admin/builder/spi-builder-workspace/Sources/YMatterType/YMatterType+Logging.swift (in target 'YMatterType' from project 'YMatterType')
SwiftCompile normal arm64 /Users/admin/builder/spi-builder-workspace/Sources/YMatterType/Typography/TypographyLayout.swift (in target 'YMatterType' from project 'YMatterType')
    cd /Users/admin/builder/spi-builder-workspace/.swiftpm/xcode
    builtin-SwiftPerFileCompile TypographyLayout.swift
SwiftCompile normal arm64 /Users/admin/builder/spi-builder-workspace/Sources/YMatterType/YMatterType+Logging.swift (in target 'YMatterType' from project 'YMatterType')
    cd /Users/admin/builder/spi-builder-workspace/.swiftpm/xcode
    builtin-SwiftPerFileCompile YMatterType+Logging.swift
SwiftCompile normal arm64 Compiling\ TypographyLabelRepresentable.swift,\ TextStyleLabel.swift,\ TypographyButton.swift /Users/admin/builder/spi-builder-workspace/Sources/YMatterType/Elements/Representables/TypographyLabelRepresentable.swift /Users/admin/builder/spi-builder-workspace/Sources/YMatterType/Elements/TextStyleLabel.swift /Users/admin/builder/spi-builder-workspace/Sources/YMatterType/Elements/TypographyButton.swift (in target 'YMatterType' from project 'YMatterType')
SwiftCompile normal arm64 /Users/admin/builder/spi-builder-workspace/Sources/YMatterType/Elements/Representables/TypographyLabelRepresentable.swift (in target 'YMatterType' from project 'YMatterType')
    cd /Users/admin/builder/spi-builder-workspace/.swiftpm/xcode
    builtin-SwiftPerFileCompile TypographyLabelRepresentable.swift
SwiftCompile normal arm64 /Users/admin/builder/spi-builder-workspace/Sources/YMatterType/Elements/TextStyleLabel.swift (in target 'YMatterType' from project 'YMatterType')
    cd /Users/admin/builder/spi-builder-workspace/.swiftpm/xcode
    builtin-SwiftPerFileCompile TextStyleLabel.swift
SwiftCompile normal arm64 /Users/admin/builder/spi-builder-workspace/Sources/YMatterType/Elements/TypographyButton.swift (in target 'YMatterType' from project 'YMatterType')
    cd /Users/admin/builder/spi-builder-workspace/.swiftpm/xcode
    builtin-SwiftPerFileCompile TypographyButton.swift
SwiftCompile normal arm64 Compiling\ Typography+System.swift,\ Typography.swift /Users/admin/builder/spi-builder-workspace/Sources/YMatterType/Typography/Typography+System.swift /Users/admin/builder/spi-builder-workspace/Sources/YMatterType/Typography/Typography.swift (in target 'YMatterType' from project 'YMatterType')
SwiftCompile normal arm64 /Users/admin/builder/spi-builder-workspace/Sources/YMatterType/Typography/Typography+System.swift (in target 'YMatterType' from project 'YMatterType')
    cd /Users/admin/builder/spi-builder-workspace/.swiftpm/xcode
    builtin-SwiftPerFileCompile Typography+System.swift
SwiftCompile normal arm64 /Users/admin/builder/spi-builder-workspace/Sources/YMatterType/Typography/Typography.swift (in target 'YMatterType' from project 'YMatterType')
    cd /Users/admin/builder/spi-builder-workspace/.swiftpm/xcode
    builtin-SwiftPerFileCompile Typography.swift
SwiftDriverJobDiscovery normal arm64 Emitting module for YMatterType (in target 'YMatterType' from project 'YMatterType')
SwiftDriver\ Compilation\ Requirements YMatterType normal arm64 com.apple.xcode.tools.swift.compiler (in target 'YMatterType' from project 'YMatterType')
    cd /Users/admin/builder/spi-builder-workspace/.swiftpm/xcode
    builtin-Swift-Compilation-Requirements -- /Applications/Xcode-27.0.0-Release.Candidate.app/Contents/Developer/Toolchains/XcodeDefault.xctoolchain/usr/bin/swiftc -parse-as-library -module-name YMatterType -Onone @/Users/admin/builder/spi-builder-workspace/.derivedData/Build/Intermediates.noindex/YMatterType.build/Debug-xros/YMatterType-t.build/Objects-normal/arm64/YMatterType.SwiftFileList -DSWIFT_PACKAGE -DDEBUG -DSWIFT_MODULE_RESOURCE_BUNDLE_UNAVAILABLE -DXcode -plugin-path /Applications/Xcode-27.0.0-Release.Candidate.app/Contents/Developer/Toolchains/XcodeDefault.xctoolchain/usr/lib/swift/host/plugins/testing -enable-experimental-feature DebugDescriptionMacro -sdk /Applications/Xcode-27.0.0-Release.Candidate.app/Contents/Developer/Platforms/XROS.platform/Developer/SDKs/XROS27.0.sdk -target arm64-apple-xros1.0 -g -module-cache-path /Users/admin/builder/spi-builder-workspace/.derivedData/ModuleCache.noindex -Xfrontend -serialize-debugging-options -profile-coverage-mapping -profile-generate -enable-testing -index-store-path /Users/admin/builder/spi-builder-workspace/.derivedData/Index.noindex/DataStore -Xcc -D_LIBCPP_HARDENING_MODE\=_LIBCPP_HARDENING_MODE_DEBUG -swift-version 5 -I /Users/admin/builder/spi-builder-workspace/.derivedData/Build/Products/Debug-xros -Isystem /Applications/Xcode-27.0.0-Release.Candidate.app/Contents/Developer/Platforms/XROS.platform/Developer/usr/lib -F /Users/admin/builder/spi-builder-workspace/.derivedData/Build/Products/Debug-xros -F /Applications/Xcode-27.0.0-Release.Candidate.app/Contents/Developer/Platforms/XROS.platform/Developer/Library/Frameworks -F /Applications/Xcode-27.0.0-Release.Candidate.app/Contents/Developer/Platforms/XROS.platform/Developer/SDKs/XROS27.0.sdk/Developer/Library/Frameworks -emit-localized-strings -emit-localized-strings-path /Users/admin/builder/spi-builder-workspace/.derivedData/Build/Intermediates.noindex/YMatterType.build/Debug-xros/YMatterType-t.build/Objects-normal/arm64 -c -j10 -enable-batch-mode -incremental -Xcc -ivfsstatcache -Xcc /Users/admin/builder/spi-builder-workspace/.derivedData/SDKStatCaches.noindex/xros27.0-24M361-e829b21a6f8c9b70876ba0858053c044735bd543db762f57723cac368afd1ce4.sdkstatcache -output-file-map /Users/admin/builder/spi-builder-workspace/.derivedData/Build/Intermediates.noindex/YMatterType.build/Debug-xros/YMatterType-t.build/Objects-normal/arm64/YMatterType-OutputFileMap.json -save-temps -no-color-diagnostics -explicit-module-build -module-cache-path /Users/admin/builder/spi-builder-workspace/.derivedData/Build/Intermediates.noindex/SwiftExplicitPrecompiledModules -clang-scanner-module-cache-path /Users/admin/builder/spi-builder-workspace/.derivedData/ModuleCache.noindex -sdk-module-cache-path /Users/admin/builder/spi-builder-workspace/.derivedData/SDKExplicitPrecompiledModules -emit-dependencies -emit-module -emit-module-path /Users/admin/builder/spi-builder-workspace/.derivedData/Build/Intermediates.noindex/YMatterType.build/Debug-xros/YMatterType-t.build/Objects-normal/arm64/YMatterType.swiftmodule -serialize-diagnostics -dependency-scan-serialize-diagnostics-path /Users/admin/builder/spi-builder-workspace/.derivedData/Build/Intermediates.noindex/YMatterType.build/Debug-xros/YMatterType-t.build/Objects-normal/arm64/YMatterType-dependency-scan.dia -validate-clang-modules-once -clang-build-session-file /Users/admin/builder/spi-builder-workspace/.derivedData/ModuleCache.noindex/Session.modulevalidation -Xcc -fmodules-prune-interval\=86400 -Xcc -fmodules-prune-after\=345600 -emit-const-values -const-gather-protocols-list /Users/admin/builder/spi-builder-workspace/.derivedData/Build/Intermediates.noindex/YMatterType.build/Debug-xros/YMatterType-t.build/Objects-normal/arm64/YMatterType_const_extract_protocols.json -Xcc -I/Users/admin/builder/spi-builder-workspace/.derivedData/Build/Products/Debug-xros/include -Xcc -I/Users/admin/builder/spi-builder-workspace/.derivedData/Build/Intermediates.noindex/YMatterType.build/Debug-xros/YMatterType-t.build/DerivedSources-normal/arm64 -Xcc -I/Users/admin/builder/spi-builder-workspace/.derivedData/Build/Intermediates.noindex/YMatterType.build/Debug-xros/YMatterType-t.build/DerivedSources/arm64 -Xcc -I/Users/admin/builder/spi-builder-workspace/.derivedData/Build/Intermediates.noindex/YMatterType.build/Debug-xros/YMatterType-t.build/DerivedSources -Xcc -DSWIFT_PACKAGE -Xcc -DDEBUG\=1 -emit-objc-header -emit-objc-header-path /Users/admin/builder/spi-builder-workspace/.derivedData/Build/Intermediates.noindex/YMatterType.build/Debug-xros/YMatterType-t.build/Objects-normal/arm64/YMatterType-Swift.h -working-directory /Users/admin/builder/spi-builder-workspace/.swiftpm/xcode -experimental-emit-module-separately -disable-cmo
SwiftDriverJobDiscovery normal arm64 Compiling NSAttributedString+baseAttributes.swift, NSAttributedString+textCase.swift, String+textCase.swift (in target 'YMatterType' from project 'YMatterType')
SwiftMergeGeneratedHeaders /Users/admin/builder/spi-builder-workspace/.derivedData/Build/Intermediates.noindex/GeneratedModuleMaps-xros/YMatterType-Swift.h /Users/admin/builder/spi-builder-workspace/.derivedData/Build/Intermediates.noindex/YMatterType.build/Debug-xros/YMatterType-t.build/Objects-normal/arm64/YMatterType-Swift.h (in target 'YMatterType' from project 'YMatterType')
    cd /Users/admin/builder/spi-builder-workspace
    builtin-swiftHeaderTool -arch arm64 /Users/admin/builder/spi-builder-workspace/.derivedData/Build/Intermediates.noindex/YMatterType.build/Debug-xros/YMatterType-t.build/Objects-normal/arm64/YMatterType-Swift.h -o /Users/admin/builder/spi-builder-workspace/.derivedData/Build/Intermediates.noindex/GeneratedModuleMaps-xros/YMatterType-Swift.h
Copy /Users/admin/builder/spi-builder-workspace/.derivedData/Build/Products/Debug-xros/YMatterType.swiftmodule/arm64-apple-xros.swiftmodule /Users/admin/builder/spi-builder-workspace/.derivedData/Build/Intermediates.noindex/YMatterType.build/Debug-xros/YMatterType-t.build/Objects-normal/arm64/YMatterType.swiftmodule (in target 'YMatterType' from project 'YMatterType')
    cd /Users/admin/builder/spi-builder-workspace
    builtin-copy -exclude .DS_Store -exclude CVS -exclude .svn -exclude .git -exclude .hg -resolve-src-symlinks -rename /Users/admin/builder/spi-builder-workspace/.derivedData/Build/Intermediates.noindex/YMatterType.build/Debug-xros/YMatterType-t.build/Objects-normal/arm64/YMatterType.swiftmodule /Users/admin/builder/spi-builder-workspace/.derivedData/Build/Products/Debug-xros/YMatterType.swiftmodule/arm64-apple-xros.swiftmodule
Copy /Users/admin/builder/spi-builder-workspace/.derivedData/Build/Products/Debug-xros/YMatterType.swiftmodule/arm64-apple-xros.swiftdoc /Users/admin/builder/spi-builder-workspace/.derivedData/Build/Intermediates.noindex/YMatterType.build/Debug-xros/YMatterType-t.build/Objects-normal/arm64/YMatterType.swiftdoc (in target 'YMatterType' from project 'YMatterType')
    cd /Users/admin/builder/spi-builder-workspace
    builtin-copy -exclude .DS_Store -exclude CVS -exclude .svn -exclude .git -exclude .hg -resolve-src-symlinks -rename /Users/admin/builder/spi-builder-workspace/.derivedData/Build/Intermediates.noindex/YMatterType.build/Debug-xros/YMatterType-t.build/Objects-normal/arm64/YMatterType.swiftdoc /Users/admin/builder/spi-builder-workspace/.derivedData/Build/Products/Debug-xros/YMatterType.swiftmodule/arm64-apple-xros.swiftdoc
Copy /Users/admin/builder/spi-builder-workspace/.derivedData/Build/Products/Debug-xros/YMatterType.swiftmodule/arm64-apple-xros.abi.json /Users/admin/builder/spi-builder-workspace/.derivedData/Build/Intermediates.noindex/YMatterType.build/Debug-xros/YMatterType-t.build/Objects-normal/arm64/YMatterType.abi.json (in target 'YMatterType' from project 'YMatterType')
    cd /Users/admin/builder/spi-builder-workspace
    builtin-copy -exclude .DS_Store -exclude CVS -exclude .svn -exclude .git -exclude .hg -resolve-src-symlinks -rename /Users/admin/builder/spi-builder-workspace/.derivedData/Build/Intermediates.noindex/YMatterType.build/Debug-xros/YMatterType-t.build/Objects-normal/arm64/YMatterType.abi.json /Users/admin/builder/spi-builder-workspace/.derivedData/Build/Products/Debug-xros/YMatterType.swiftmodule/arm64-apple-xros.abi.json
Copy /Users/admin/builder/spi-builder-workspace/.derivedData/Build/Products/Debug-xros/YMatterType.swiftmodule/Project/arm64-apple-xros.swiftsourceinfo /Users/admin/builder/spi-builder-workspace/.derivedData/Build/Intermediates.noindex/YMatterType.build/Debug-xros/YMatterType-t.build/Objects-normal/arm64/YMatterType.swiftsourceinfo (in target 'YMatterType' from project 'YMatterType')
    cd /Users/admin/builder/spi-builder-workspace
    builtin-copy -exclude .DS_Store -exclude CVS -exclude .svn -exclude .git -exclude .hg -resolve-src-symlinks -rename /Users/admin/builder/spi-builder-workspace/.derivedData/Build/Intermediates.noindex/YMatterType.build/Debug-xros/YMatterType-t.build/Objects-normal/arm64/YMatterType.swiftsourceinfo /Users/admin/builder/spi-builder-workspace/.derivedData/Build/Products/Debug-xros/YMatterType.swiftmodule/Project/arm64-apple-xros.swiftsourceinfo
SwiftDriver YMatterTypeTests normal arm64 com.apple.xcode.tools.swift.compiler (in target 'YMatterTypeTests-product' from project 'YMatterType')
    cd /Users/admin/builder/spi-builder-workspace/.swiftpm/xcode
    builtin-SwiftDriver -- /Applications/Xcode-27.0.0-Release.Candidate.app/Contents/Developer/Toolchains/XcodeDefault.xctoolchain/usr/bin/swiftc -parse-as-library -module-name YMatterTypeTests -Onone @/Users/admin/builder/spi-builder-workspace/.derivedData/Build/Intermediates.noindex/YMatterType.build/Debug-xros/YMatterTypeTests-p.build/Objects-normal/arm64/YMatterTypeTests.SwiftFileList -DSWIFT_PACKAGE -DDEBUG -DSWIFT_MODULE_RESOURCE_BUNDLE_AVAILABLE -DXcode -plugin-path /Applications/Xcode-27.0.0-Release.Candidate.app/Contents/Developer/Toolchains/XcodeDefault.xctoolchain/usr/lib/swift/host/plugins/testing -enable-experimental-feature DebugDescriptionMacro -sdk /Applications/Xcode-27.0.0-Release.Candidate.app/Contents/Developer/Platforms/XROS.platform/Developer/SDKs/XROS27.0.sdk -target arm64-apple-xros1.0 -g -module-cache-path /Users/admin/builder/spi-builder-workspace/.derivedData/ModuleCache.noindex -Xfrontend -serialize-debugging-options -profile-coverage-mapping -profile-generate -enable-testing -index-store-path /Users/admin/builder/spi-builder-workspace/.derivedData/Index.noindex/DataStore -Xcc -D_LIBCPP_HARDENING_MODE\=_LIBCPP_HARDENING_MODE_DEBUG -swift-version 5 -I /Users/admin/builder/spi-builder-workspace/.derivedData/Build/Products/Debug-xros -Isystem /Applications/Xcode-27.0.0-Release.Candidate.app/Contents/Developer/Platforms/XROS.platform/Developer/usr/lib -F /Users/admin/builder/spi-builder-workspace/.derivedData/Build/Products/Debug-xros/PackageFrameworks -F /Users/admin/builder/spi-builder-workspace/.derivedData/Build/Products/Debug-xros -F /Applications/Xcode-27.0.0-Release.Candidate.app/Contents/Developer/Platforms/XROS.platform/Developer/Library/Frameworks -F /Applications/Xcode-27.0.0-Release.Candidate.app/Contents/Developer/Platforms/XROS.platform/Developer/SDKs/XROS27.0.sdk/Developer/Library/Frameworks -emit-localized-strings -emit-localized-strings-path /Users/admin/builder/spi-builder-workspace/.derivedData/Build/Intermediates.noindex/YMatterType.build/Debug-xros/YMatterTypeTests-p.build/Objects-normal/arm64 -c -j10 -enable-batch-mode -incremental -Xcc -ivfsstatcache -Xcc /Users/admin/builder/spi-builder-workspace/.derivedData/SDKStatCaches.noindex/xros27.0-24M361-e829b21a6f8c9b70876ba0858053c044735bd543db762f57723cac368afd1ce4.sdkstatcache -output-file-map /Users/admin/builder/spi-builder-workspace/.derivedData/Build/Intermediates.noindex/YMatterType.build/Debug-xros/YMatterTypeTests-p.build/Objects-normal/arm64/YMatterTypeTests-OutputFileMap.json -save-temps -no-color-diagnostics -explicit-module-build -module-cache-path /Users/admin/builder/spi-builder-workspace/.derivedData/Build/Intermediates.noindex/SwiftExplicitPrecompiledModules -clang-scanner-module-cache-path /Users/admin/builder/spi-builder-workspace/.derivedData/ModuleCache.noindex -sdk-module-cache-path /Users/admin/builder/spi-builder-workspace/.derivedData/SDKExplicitPrecompiledModules -emit-dependencies -emit-module -emit-module-path /Users/admin/builder/spi-builder-workspace/.derivedData/Build/Intermediates.noindex/YMatterType.build/Debug-xros/YMatterTypeTests-p.build/Objects-normal/arm64/YMatterTypeTests.swiftmodule -serialize-diagnostics -dependency-scan-serialize-diagnostics-path /Users/admin/builder/spi-builder-workspace/.derivedData/Build/Intermediates.noindex/YMatterType.build/Debug-xros/YMatterTypeTests-p.build/Objects-normal/arm64/YMatterTypeTests-dependency-scan.dia -validate-clang-modules-once -clang-build-session-file /Users/admin/builder/spi-builder-workspace/.derivedData/ModuleCache.noindex/Session.modulevalidation -Xcc -fmodules-prune-interval\=86400 -Xcc -fmodules-prune-after\=345600 -emit-const-values -const-gather-protocols-list /Users/admin/builder/spi-builder-workspace/.derivedData/Build/Intermediates.noindex/YMatterType.build/Debug-xros/YMatterTypeTests-p.build/Objects-normal/arm64/YMatterTypeTests_const_extract_protocols.json -Xcc -I/Users/admin/builder/spi-builder-workspace/.derivedData/Build/Products/Debug-xros/include -Xcc -I/Users/admin/builder/spi-builder-workspace/.derivedData/Build/Intermediates.noindex/YMatterType.build/Debug-xros/YMatterTypeTests-p.build/DerivedSources-normal/arm64 -Xcc -I/Users/admin/builder/spi-builder-workspace/.derivedData/Build/Intermediates.noindex/YMatterType.build/Debug-xros/YMatterTypeTests-p.build/DerivedSources/arm64 -Xcc -I/Users/admin/builder/spi-builder-workspace/.derivedData/Build/Intermediates.noindex/YMatterType.build/Debug-xros/YMatterTypeTests-p.build/DerivedSources -Xcc -DSWIFT_PACKAGE -Xcc -DDEBUG\=1 -working-directory /Users/admin/builder/spi-builder-workspace/.swiftpm/xcode -experimental-emit-module-separately -disable-cmo
SwiftExplicitDependencyGeneratePcm arm64 /Users/admin/builder/spi-builder-workspace/.derivedData/Build/Intermediates.noindex/SwiftExplicitPrecompiledModules/XCUIAutomation-H5WV6GKK3U1PX81ORPJTQUHR.pcm
SwiftExplicitDependencyCompileModuleFromInterface arm64 /Users/admin/builder/spi-builder-workspace/.derivedData/Build/Intermediates.noindex/SwiftExplicitPrecompiledModules/XCUIAutomation-1ULB2S2VXDY9G.swiftmodule
SwiftExplicitDependencyGeneratePcm arm64 /Users/admin/builder/spi-builder-workspace/.derivedData/Build/Intermediates.noindex/SwiftExplicitPrecompiledModules/XCTest-8UXH2X7DOSRVJFCAILI3M8WH.pcm
SwiftExplicitDependencyCompileModuleFromInterface arm64 /Users/admin/builder/spi-builder-workspace/.derivedData/Build/Intermediates.noindex/SwiftExplicitPrecompiledModules/XCTest-3R6MGK98ZOBMC.swiftmodule
SwiftEmitModule normal arm64 Emitting\ module\ for\ YMatterTypeTests (in target 'YMatterTypeTests-product' from project 'YMatterType')
SwiftCompile normal arm64 (in target 'YMatterTypeTests-product' from project 'YMatterType')
    cd /Users/admin/builder/spi-builder-workspace/.swiftpm/xcode

SwiftCompile normal arm64 Compiling\ resource_bundle_accessor.swift,\ ElementBreakpointAdjustedTests.swift,\ ElementColorAdjustedTests.swift,\ ElementFontAdjustedTests.swift,\ MockButton.swift /Users/admin/builder/spi-builder-workspace/.derivedData/Build/Intermediates.noindex/YMatterType.build/Debug-xros/YMatterTypeTests-p.build/DerivedSources/resource_bundle_accessor.swift /Users/admin/builder/spi-builder-workspace/Tests/YMatterTypeTests/Elements/ElementBreakpointAdjustedTests.swift /Users/admin/builder/spi-builder-workspace/Tests/YMatterTypeTests/Elements/ElementColorAdjustedTests.swift /Users/admin/builder/spi-builder-workspace/Tests/YMatterTypeTests/Elements/ElementFontAdjustedTests.swift /Users/admin/builder/spi-builder-workspace/Tests/YMatterTypeTests/Elements/Mocks/MockButton.swift (in target 'YMatterTypeTests-product' from project 'YMatterType')
SwiftCompile normal arm64 /Users/admin/builder/spi-builder-workspace/.derivedData/Build/Intermediates.noindex/YMatterType.build/Debug-xros/YMatterTypeTests-p.build/DerivedSources/resource_bundle_accessor.swift (in target 'YMatterTypeTests-product' from project 'YMatterType')
    cd /Users/admin/builder/spi-builder-workspace/.swiftpm/xcode
    builtin-SwiftPerFileCompile resource_bundle_accessor.swift
SwiftCompile normal arm64 /Users/admin/builder/spi-builder-workspace/Tests/YMatterTypeTests/Elements/ElementBreakpointAdjustedTests.swift (in target 'YMatterTypeTests-product' from project 'YMatterType')
    cd /Users/admin/builder/spi-builder-workspace/.swiftpm/xcode
    builtin-SwiftPerFileCompile ElementBreakpointAdjustedTests.swift
SwiftCompile normal arm64 /Users/admin/builder/spi-builder-workspace/Tests/YMatterTypeTests/Elements/ElementColorAdjustedTests.swift (in target 'YMatterTypeTests-product' from project 'YMatterType')
    cd /Users/admin/builder/spi-builder-workspace/.swiftpm/xcode
    builtin-SwiftPerFileCompile ElementColorAdjustedTests.swift
SwiftCompile normal arm64 /Users/admin/builder/spi-builder-workspace/Tests/YMatterTypeTests/Elements/ElementFontAdjustedTests.swift (in target 'YMatterTypeTests-product' from project 'YMatterType')
    cd /Users/admin/builder/spi-builder-workspace/.swiftpm/xcode
    builtin-SwiftPerFileCompile ElementFontAdjustedTests.swift
SwiftCompile normal arm64 /Users/admin/builder/spi-builder-workspace/Tests/YMatterTypeTests/Elements/Mocks/MockButton.swift (in target 'YMatterTypeTests-product' from project 'YMatterType')
    cd /Users/admin/builder/spi-builder-workspace/.swiftpm/xcode
    builtin-SwiftPerFileCompile MockButton.swift
SwiftDriverJobDiscovery normal arm64 Compiling Typography+System.swift, Typography.swift (in target 'YMatterType' from project 'YMatterType')
PruneExplicitPrecompiledModules /Users/admin/builder/spi-builder-workspace/.derivedData/Build/Intermediates.noindex/ExplicitPrecompiledModules
PruneExplicitPrecompiledModules /Users/admin/builder/spi-builder-workspace/.derivedData/Build/Intermediates.noindex/SwiftExplicitPrecompiledModules
PruneExplicitPrecompiledModules /Users/admin/builder/spi-builder-workspace/.derivedData/SDKExplicitPrecompiledModules
2026-09-19 14:06:11.729 xcodebuild[645:4150] [MT] IDERunDestination: Supported platforms for the buildables in the current scheme is empty.
2026-09-19 14:06:11.992 xcodebuild[645:4150] [MT] IDERunDestination: Supported platforms for the buildables in the current scheme is empty.
** BUILD FAILED **
The following build commands failed:
	SwiftCompile normal arm64 Compiling\ Typography+Font.swift,\ Typography+Mutators.swift /Users/admin/builder/spi-builder-workspace/Sources/YMatterType/Typography/Typography+Font.swift /Users/admin/builder/spi-builder-workspace/Sources/YMatterType/Typography/Typography+Mutators.swift (in target 'YMatterType' from project 'YMatterType')
	SwiftCompile normal arm64 /Users/admin/builder/spi-builder-workspace/Sources/YMatterType/Typography/Typography+Font.swift (in target 'YMatterType' from project 'YMatterType')
	SwiftCompile normal arm64 Compiling\ String+textSize.swift,\ NSParagraphStyle+lineSpacing.swift,\ UIFont+register.swift /Users/admin/builder/spi-builder-workspace/Sources/YMatterType/Extensions/Foundation/String+textSize.swift /Users/admin/builder/spi-builder-workspace/Sources/YMatterType/Extensions/UIKit/NSParagraphStyle+lineSpacing.swift /Users/admin/builder/spi-builder-workspace/Sources/YMatterType/Extensions/UIKit/UIFont+register.swift (in target 'YMatterType' from project 'YMatterType')
	SwiftCompile normal arm64 /Users/admin/builder/spi-builder-workspace/Sources/YMatterType/Extensions/Foundation/String+textSize.swift (in target 'YMatterType' from project 'YMatterType')
	Building workspace YMatterType with scheme YMatterType
(5 failures)
Command line invocation:
    /Applications/Xcode-27.0.0-Release.Candidate.app/Contents/Developer/usr/bin/xcodebuild -IDEClonedSourcePackagesDirPathOverride=/Users/admin/builder/spi-builder-workspace/.dependencies -resolvePackageDependencies
Resolve Package Graph
Resolved source packages:
  YMatterType: /Users/admin/builder/spi-builder-workspace
resolved source packages: YMatterType
2026-09-19 14:06:24.361 xcodebuild[774:4742] [MT] IDERunDestination: Supported platforms for the buildables in the current scheme is empty.
2026-09-19 14:06:24.465 xcodebuild[774:4742] [MT] IDERunDestination: Supported platforms for the buildables in the current scheme is empty.
{
  "default_localization" : "en",
  "dependencies" : [
  ],
  "manifest_display_name" : "YMatterType",
  "name" : "YMatterType",
  "path" : "/Users/admin/builder/spi-builder-workspace",
  "platforms" : [
    {
      "name" : "ios",
      "version" : "14.0"
    },
    {
      "name" : "tvos",
      "version" : "14.0"
    }
  ],
  "products" : [
    {
      "name" : "YMatterType",
      "targets" : [
        "YMatterType"
      ],
      "type" : {
        "library" : [
          "automatic"
        ]
      }
    }
  ],
  "targets" : [
    {
      "c99name" : "YMatterTypeTests",
      "module_type" : "SwiftTarget",
      "name" : "YMatterTypeTests",
      "path" : "Tests/YMatterTypeTests",
      "resources" : [
        {
          "path" : "/Users/admin/builder/spi-builder-workspace/Tests/YMatterTypeTests/Assets",
          "rule" : {
            "copy" : {
            }
          }
        }
      ],
      "sources" : [
        "Elements/ElementBreakpointAdjustedTests.swift",
        "Elements/ElementColorAdjustedTests.swift",
        "Elements/ElementFontAdjustedTests.swift",
        "Elements/Mocks/MockButton.swift",
        "Elements/Mocks/MockLabel.swift",
        "Elements/Mocks/MockTextField.swift",
        "Elements/Mocks/MockTextView.swift",
        "Elements/Representables/TypographyLabelRepresentableTests.swift",
        "Elements/TextStyleLabelTests.swift",
        "Elements/TypographyButtonTests.swift",
        "Elements/TypographyElementTests.swift",
        "Elements/TypographyLabelTests.swift",
        "Elements/TypographyTextFieldTests.swift",
        "Elements/TypographyTextViewTests.swift",
        "Extensions/Foundation/BaseStringTestCase.swift",
        "Extensions/Foundation/NSAttributedString+baseAttributesTests.swift",
        "Extensions/Foundation/NSAttributedString+textCaseTests.swift",
        "Extensions/Foundation/String+textCaseTests.swift",
        "Extensions/Foundation/String+textSizeTests.swift",
        "Extensions/UIKit/NSParagraphStyle+lineSpacingTests.swift",
        "Extensions/UIKit/UIFont+registerTests.swift",
        "Extensions/UIKit/UITraitCollection+breakpointTests.swift",
        "Extensions/UIKit/UITraitCollection+fontAppearanceTests.swift",
        "Extensions/UIKit/UITraitCollection+traits.swift",
        "Helpers/CGFloat+rounded.swift",
        "Helpers/NSAttributedString+hasAttribute.swift",
        "Helpers/Typography+YMatterTypeTests.swift",
        "Helpers/UIEdgeInsets+vertical.swift",
        "Helpers/UIFont+load.swift",
        "Helpers/UITraitCollection+default.swift",
        "Helpers/XCTestCase+MemoryLeakTracking.swift",
        "Helpers/XCTestCase+TypographyEquatable.swift",
        "Typography/FontFamily/DefaultFontFamilyFactoryTests.swift",
        "Typography/FontFamily/DefaultFontFamilyTests.swift",
        "Typography/FontFamily/FontFamilyTests.swift",
        "Typography/FontFamily/HelveticaNeueFontFamilyTests.swift",
        "Typography/FontFamily/SystemFontFamilyTests.swift",
        "Typography/TypogaphyTests.swift",
        "Typography/Typography+EnumTests.swift",
        "Typography/Typography+FontTests.swift",
        "Typography/Typography+MutatorsTests.swift",
        "Typography/Typography+SystemTests.swift",
        "Typography/TypographyLayoutTests.swift",
        "YMatterType+LoggingTests.swift"
      ],
      "target_dependencies" : [
        "YMatterType"
      ],
      "type" : "test"
    },
    {
      "c99name" : "YMatterType",
      "module_type" : "SwiftTarget",
      "name" : "YMatterType",
      "path" : "Sources/YMatterType",
      "product_memberships" : [
        "YMatterType"
      ],
      "sources" : [
        "Elements/Representables/TypographyLabelRepresentable.swift",
        "Elements/TextStyleLabel.swift",
        "Elements/TypographyButton.swift",
        "Elements/TypographyLabel.swift",
        "Elements/TypographyTextField.swift",
        "Elements/TypographyTextView.swift",
        "Extensions/Foundation/NSAttributedString+baseAttributes.swift",
        "Extensions/Foundation/NSAttributedString+textCase.swift",
        "Extensions/Foundation/String+textCase.swift",
        "Extensions/Foundation/String+textSize.swift",
        "Extensions/UIKit/NSParagraphStyle+lineSpacing.swift",
        "Extensions/UIKit/UIFont+register.swift",
        "Extensions/UIKit/UITraitCollection+breakpoint.swift",
        "Extensions/UIKit/UITraitCollection+fontAppearance.swift",
        "Typography/FontFamily/DefaultFontFamily.swift",
        "Typography/FontFamily/DefaultFontFamilyFactory.swift",
        "Typography/FontFamily/FontFamily.swift",
        "Typography/FontFamily/FontFamilyFactory.swift",
        "Typography/FontFamily/HelveticaNeueFontFamily.swift",
        "Typography/FontFamily/SystemFontFamily.swift",
        "Typography/Typography+Enums.swift",
        "Typography/Typography+Font.swift",
        "Typography/Typography+Mutators.swift",
        "Typography/Typography+System.swift",
        "Typography/Typography.swift",
        "Typography/TypographyLayout.swift",
        "YMatterType+Logging.swift"
      ],
      "type" : "library"
    }
  ],
  "tools_version" : "5.5"
}
{
  "workspace" : {
    "name" : "YMatterType",
    "schemes" : [
      "YMatterType"
    ]
  }
}
2026-09-19 14:06:25.544 xcodebuild[782:4813] [MT] IDERunDestination: Supported platforms for the buildables in the current scheme is empty.
2026-09-19 14:06:25.649 xcodebuild[782:4813] [MT] IDERunDestination: Supported platforms for the buildables in the current scheme is empty.
Running build ...
env DEVELOPER_DIR=/Applications/Xcode-27.0.0-Release.Candidate.app xcrun xcodebuild -IDEClonedSourcePackagesDirPathOverride=$PWD/.dependencies -skipMacroValidation -skipPackagePluginValidation -derivedDataPath $PWD/.derivedData build -scheme YMatterType -destination generic/platform=xrOS
Command line invocation:
    /Applications/Xcode-27.0.0-Release.Candidate.app/Contents/Developer/usr/bin/xcodebuild -IDEClonedSourcePackagesDirPathOverride=/Users/admin/builder/spi-builder-workspace/.dependencies -skipMacroValidation -skipPackagePluginValidation -derivedDataPath /Users/admin/builder/spi-builder-workspace/.derivedData build -scheme YMatterType -destination generic/platform=xrOS
Resolve Package Graph
Resolved source packages:
  YMatterType: /Users/admin/builder/spi-builder-workspace
ComputePackagePrebuildTargetDependencyGraph
Prepare packages
CreateBuildRequest
SendProjectDescription
CreateBuildOperation
ComputeTargetDependencyGraph
note: Building targets in dependency order
note: Target dependency graph (4 targets)
    Target 'YMatterTypeTests-product' in project 'YMatterType'
        ➜ Explicit dependency on target 'YMatterType_YMatterTypeTests' in project 'YMatterType'
        ➜ Explicit dependency on target 'YMatterType' in project 'YMatterType'
    Target 'YMatterType_YMatterTypeTests' in project 'YMatterType' (no dependencies)
    Target 'YMatterType-product' in project 'YMatterType'
        ➜ Explicit dependency on target 'YMatterType' in project 'YMatterType'
    Target 'YMatterType' in project 'YMatterType' (no dependencies)
GatherProvisioningInputs
CreateBuildDescription
ClangStatCache /Applications/Xcode-27.0.0-Release.Candidate.app/Contents/Developer/Toolchains/XcodeDefault.xctoolchain/usr/bin/clang-stat-cache /Applications/Xcode-27.0.0-Release.Candidate.app/Contents/Developer/Platforms/XROS.platform/Developer/SDKs/XROS27.0.sdk /Users/admin/builder/spi-builder-workspace/.derivedData/SDKStatCaches.noindex/xros27.0-24M361-e829b21a6f8c9b70876ba0858053c044735bd543db762f57723cac368afd1ce4.sdkstatcache
    cd /Users/admin/builder/spi-builder-workspace/.swiftpm/xcode
    /Applications/Xcode-27.0.0-Release.Candidate.app/Contents/Developer/Toolchains/XcodeDefault.xctoolchain/usr/bin/clang-stat-cache /Applications/Xcode-27.0.0-Release.Candidate.app/Contents/Developer/Platforms/XROS.platform/Developer/SDKs/XROS27.0.sdk -o /Users/admin/builder/spi-builder-workspace/.derivedData/SDKStatCaches.noindex/xros27.0-24M361-e829b21a6f8c9b70876ba0858053c044735bd543db762f57723cac368afd1ce4.sdkstatcache
SwiftDriver YMatterTypeTests normal arm64 com.apple.xcode.tools.swift.compiler (in target 'YMatterTypeTests-product' from project 'YMatterType')
    cd /Users/admin/builder/spi-builder-workspace/.swiftpm/xcode
    builtin-SwiftDriver -- /Applications/Xcode-27.0.0-Release.Candidate.app/Contents/Developer/Toolchains/XcodeDefault.xctoolchain/usr/bin/swiftc -parse-as-library -module-name YMatterTypeTests -Onone @/Users/admin/builder/spi-builder-workspace/.derivedData/Build/Intermediates.noindex/YMatterType.build/Debug-xros/YMatterTypeTests-p.build/Objects-normal/arm64/YMatterTypeTests.SwiftFileList -DSWIFT_PACKAGE -DDEBUG -DSWIFT_MODULE_RESOURCE_BUNDLE_AVAILABLE -DXcode -plugin-path /Applications/Xcode-27.0.0-Release.Candidate.app/Contents/Developer/Toolchains/XcodeDefault.xctoolchain/usr/lib/swift/host/plugins/testing -enable-experimental-feature DebugDescriptionMacro -sdk /Applications/Xcode-27.0.0-Release.Candidate.app/Contents/Developer/Platforms/XROS.platform/Developer/SDKs/XROS27.0.sdk -target arm64-apple-xros1.0 -g -module-cache-path /Users/admin/builder/spi-builder-workspace/.derivedData/ModuleCache.noindex -Xfrontend -serialize-debugging-options -profile-coverage-mapping -profile-generate -enable-testing -index-store-path /Users/admin/builder/spi-builder-workspace/.derivedData/Index.noindex/DataStore -Xcc -D_LIBCPP_HARDENING_MODE\=_LIBCPP_HARDENING_MODE_DEBUG -swift-version 5 -I /Users/admin/builder/spi-builder-workspace/.derivedData/Build/Products/Debug-xros -Isystem /Applications/Xcode-27.0.0-Release.Candidate.app/Contents/Developer/Platforms/XROS.platform/Developer/usr/lib -F /Users/admin/builder/spi-builder-workspace/.derivedData/Build/Products/Debug-xros/PackageFrameworks -F /Users/admin/builder/spi-builder-workspace/.derivedData/Build/Products/Debug-xros -F /Applications/Xcode-27.0.0-Release.Candidate.app/Contents/Developer/Platforms/XROS.platform/Developer/Library/Frameworks -F /Applications/Xcode-27.0.0-Release.Candidate.app/Contents/Developer/Platforms/XROS.platform/Developer/SDKs/XROS27.0.sdk/Developer/Library/Frameworks -emit-localized-strings -emit-localized-strings-path /Users/admin/builder/spi-builder-workspace/.derivedData/Build/Intermediates.noindex/YMatterType.build/Debug-xros/YMatterTypeTests-p.build/Objects-normal/arm64 -c -j10 -enable-batch-mode -incremental -Xcc -ivfsstatcache -Xcc /Users/admin/builder/spi-builder-workspace/.derivedData/SDKStatCaches.noindex/xros27.0-24M361-e829b21a6f8c9b70876ba0858053c044735bd543db762f57723cac368afd1ce4.sdkstatcache -output-file-map /Users/admin/builder/spi-builder-workspace/.derivedData/Build/Intermediates.noindex/YMatterType.build/Debug-xros/YMatterTypeTests-p.build/Objects-normal/arm64/YMatterTypeTests-OutputFileMap.json -save-temps -no-color-diagnostics -explicit-module-build -module-cache-path /Users/admin/builder/spi-builder-workspace/.derivedData/Build/Intermediates.noindex/SwiftExplicitPrecompiledModules -clang-scanner-module-cache-path /Users/admin/builder/spi-builder-workspace/.derivedData/ModuleCache.noindex -sdk-module-cache-path /Users/admin/builder/spi-builder-workspace/.derivedData/SDKExplicitPrecompiledModules -emit-dependencies -emit-module -emit-module-path /Users/admin/builder/spi-builder-workspace/.derivedData/Build/Intermediates.noindex/YMatterType.build/Debug-xros/YMatterTypeTests-p.build/Objects-normal/arm64/YMatterTypeTests.swiftmodule -serialize-diagnostics -dependency-scan-serialize-diagnostics-path /Users/admin/builder/spi-builder-workspace/.derivedData/Build/Intermediates.noindex/YMatterType.build/Debug-xros/YMatterTypeTests-p.build/Objects-normal/arm64/YMatterTypeTests-dependency-scan.dia -validate-clang-modules-once -clang-build-session-file /Users/admin/builder/spi-builder-workspace/.derivedData/ModuleCache.noindex/Session.modulevalidation -Xcc -fmodules-prune-interval\=86400 -Xcc -fmodules-prune-after\=345600 -emit-const-values -const-gather-protocols-list /Users/admin/builder/spi-builder-workspace/.derivedData/Build/Intermediates.noindex/YMatterType.build/Debug-xros/YMatterTypeTests-p.build/Objects-normal/arm64/YMatterTypeTests_const_extract_protocols.json -Xcc -I/Users/admin/builder/spi-builder-workspace/.derivedData/Build/Products/Debug-xros/include -Xcc -I/Users/admin/builder/spi-builder-workspace/.derivedData/Build/Intermediates.noindex/YMatterType.build/Debug-xros/YMatterTypeTests-p.build/DerivedSources-normal/arm64 -Xcc -I/Users/admin/builder/spi-builder-workspace/.derivedData/Build/Intermediates.noindex/YMatterType.build/Debug-xros/YMatterTypeTests-p.build/DerivedSources/arm64 -Xcc -I/Users/admin/builder/spi-builder-workspace/.derivedData/Build/Intermediates.noindex/YMatterType.build/Debug-xros/YMatterTypeTests-p.build/DerivedSources -Xcc -DSWIFT_PACKAGE -Xcc -DDEBUG\=1 -working-directory /Users/admin/builder/spi-builder-workspace/.swiftpm/xcode -experimental-emit-module-separately -disable-cmo
SwiftDriver YMatterType normal arm64 com.apple.xcode.tools.swift.compiler (in target 'YMatterType' from project 'YMatterType')
    cd /Users/admin/builder/spi-builder-workspace/.swiftpm/xcode
    builtin-SwiftDriver -- /Applications/Xcode-27.0.0-Release.Candidate.app/Contents/Developer/Toolchains/XcodeDefault.xctoolchain/usr/bin/swiftc -parse-as-library -module-name YMatterType -Onone @/Users/admin/builder/spi-builder-workspace/.derivedData/Build/Intermediates.noindex/YMatterType.build/Debug-xros/YMatterType-t.build/Objects-normal/arm64/YMatterType.SwiftFileList -DSWIFT_PACKAGE -DDEBUG -DSWIFT_MODULE_RESOURCE_BUNDLE_UNAVAILABLE -DXcode -plugin-path /Applications/Xcode-27.0.0-Release.Candidate.app/Contents/Developer/Toolchains/XcodeDefault.xctoolchain/usr/lib/swift/host/plugins/testing -enable-experimental-feature DebugDescriptionMacro -sdk /Applications/Xcode-27.0.0-Release.Candidate.app/Contents/Developer/Platforms/XROS.platform/Developer/SDKs/XROS27.0.sdk -target arm64-apple-xros1.0 -g -module-cache-path /Users/admin/builder/spi-builder-workspace/.derivedData/ModuleCache.noindex -Xfrontend -serialize-debugging-options -profile-coverage-mapping -profile-generate -enable-testing -index-store-path /Users/admin/builder/spi-builder-workspace/.derivedData/Index.noindex/DataStore -Xcc -D_LIBCPP_HARDENING_MODE\=_LIBCPP_HARDENING_MODE_DEBUG -swift-version 5 -I /Users/admin/builder/spi-builder-workspace/.derivedData/Build/Products/Debug-xros -Isystem /Applications/Xcode-27.0.0-Release.Candidate.app/Contents/Developer/Platforms/XROS.platform/Developer/usr/lib -F /Users/admin/builder/spi-builder-workspace/.derivedData/Build/Products/Debug-xros -F /Applications/Xcode-27.0.0-Release.Candidate.app/Contents/Developer/Platforms/XROS.platform/Developer/Library/Frameworks -F /Applications/Xcode-27.0.0-Release.Candidate.app/Contents/Developer/Platforms/XROS.platform/Developer/SDKs/XROS27.0.sdk/Developer/Library/Frameworks -emit-localized-strings -emit-localized-strings-path /Users/admin/builder/spi-builder-workspace/.derivedData/Build/Intermediates.noindex/YMatterType.build/Debug-xros/YMatterType-t.build/Objects-normal/arm64 -c -j10 -enable-batch-mode -incremental -Xcc -ivfsstatcache -Xcc /Users/admin/builder/spi-builder-workspace/.derivedData/SDKStatCaches.noindex/xros27.0-24M361-e829b21a6f8c9b70876ba0858053c044735bd543db762f57723cac368afd1ce4.sdkstatcache -output-file-map /Users/admin/builder/spi-builder-workspace/.derivedData/Build/Intermediates.noindex/YMatterType.build/Debug-xros/YMatterType-t.build/Objects-normal/arm64/YMatterType-OutputFileMap.json -save-temps -no-color-diagnostics -explicit-module-build -module-cache-path /Users/admin/builder/spi-builder-workspace/.derivedData/Build/Intermediates.noindex/SwiftExplicitPrecompiledModules -clang-scanner-module-cache-path /Users/admin/builder/spi-builder-workspace/.derivedData/ModuleCache.noindex -sdk-module-cache-path /Users/admin/builder/spi-builder-workspace/.derivedData/SDKExplicitPrecompiledModules -emit-dependencies -emit-module -emit-module-path /Users/admin/builder/spi-builder-workspace/.derivedData/Build/Intermediates.noindex/YMatterType.build/Debug-xros/YMatterType-t.build/Objects-normal/arm64/YMatterType.swiftmodule -serialize-diagnostics -dependency-scan-serialize-diagnostics-path /Users/admin/builder/spi-builder-workspace/.derivedData/Build/Intermediates.noindex/YMatterType.build/Debug-xros/YMatterType-t.build/Objects-normal/arm64/YMatterType-dependency-scan.dia -validate-clang-modules-once -clang-build-session-file /Users/admin/builder/spi-builder-workspace/.derivedData/ModuleCache.noindex/Session.modulevalidation -Xcc -fmodules-prune-interval\=86400 -Xcc -fmodules-prune-after\=345600 -emit-const-values -const-gather-protocols-list /Users/admin/builder/spi-builder-workspace/.derivedData/Build/Intermediates.noindex/YMatterType.build/Debug-xros/YMatterType-t.build/Objects-normal/arm64/YMatterType_const_extract_protocols.json -Xcc -I/Users/admin/builder/spi-builder-workspace/.derivedData/Build/Products/Debug-xros/include -Xcc -I/Users/admin/builder/spi-builder-workspace/.derivedData/Build/Intermediates.noindex/YMatterType.build/Debug-xros/YMatterType-t.build/DerivedSources-normal/arm64 -Xcc -I/Users/admin/builder/spi-builder-workspace/.derivedData/Build/Intermediates.noindex/YMatterType.build/Debug-xros/YMatterType-t.build/DerivedSources/arm64 -Xcc -I/Users/admin/builder/spi-builder-workspace/.derivedData/Build/Intermediates.noindex/YMatterType.build/Debug-xros/YMatterType-t.build/DerivedSources -Xcc -DSWIFT_PACKAGE -Xcc -DDEBUG\=1 -emit-objc-header -emit-objc-header-path /Users/admin/builder/spi-builder-workspace/.derivedData/Build/Intermediates.noindex/YMatterType.build/Debug-xros/YMatterType-t.build/Objects-normal/arm64/YMatterType-Swift.h -working-directory /Users/admin/builder/spi-builder-workspace/.swiftpm/xcode -experimental-emit-module-separately -disable-cmo
SwiftCompile normal arm64 Compiling\ TypographyLabel.swift,\ TypographyTextField.swift,\ TypographyTextView.swift /Users/admin/builder/spi-builder-workspace/Sources/YMatterType/Elements/TypographyLabel.swift /Users/admin/builder/spi-builder-workspace/Sources/YMatterType/Elements/TypographyTextField.swift /Users/admin/builder/spi-builder-workspace/Sources/YMatterType/Elements/TypographyTextView.swift (in target 'YMatterType' from project 'YMatterType')
SwiftCompile normal arm64 /Users/admin/builder/spi-builder-workspace/Sources/YMatterType/Elements/TypographyLabel.swift (in target 'YMatterType' from project 'YMatterType')
    cd /Users/admin/builder/spi-builder-workspace/.swiftpm/xcode
    builtin-SwiftPerFileCompile TypographyLabel.swift
SwiftCompile normal arm64 /Users/admin/builder/spi-builder-workspace/Sources/YMatterType/Elements/TypographyTextField.swift (in target 'YMatterType' from project 'YMatterType')
    cd /Users/admin/builder/spi-builder-workspace/.swiftpm/xcode
    builtin-SwiftPerFileCompile TypographyTextField.swift
SwiftCompile normal arm64 /Users/admin/builder/spi-builder-workspace/Sources/YMatterType/Elements/TypographyTextView.swift (in target 'YMatterType' from project 'YMatterType')
    cd /Users/admin/builder/spi-builder-workspace/.swiftpm/xcode
    builtin-SwiftPerFileCompile TypographyTextView.swift
/Users/admin/builder/spi-builder-workspace/Sources/YMatterType/Elements/TypographyLabel.swift:125:15: warning: 'traitCollectionDidChange' was deprecated in visionOS 1.0: Use the trait change registration APIs declared in the UITraitChangeObservable protocol [#DeprecatedDeclaration]
123 |     /// :nodoc:
124 |     override open func traitCollectionDidChange(_ previousTraitCollection: UITraitCollection?) {
125 |         super.traitCollectionDidChange(previousTraitCollection)
    |               `- warning: 'traitCollectionDidChange' was deprecated in visionOS 1.0: Use the trait change registration APIs declared in the UITraitChangeObservable protocol [#DeprecatedDeclaration]
126 |
127 |         if traitCollection.hasDifferentFontAppearance(comparedTo: previousTraitCollection) {
SwiftCompile normal arm64 Compiling\ UITraitCollection+fontAppearance.swift,\ DefaultFontFamily.swift /Users/admin/builder/spi-builder-workspace/Sources/YMatterType/Extensions/UIKit/UITraitCollection+fontAppearance.swift /Users/admin/builder/spi-builder-workspace/Sources/YMatterType/Typography/FontFamily/DefaultFontFamily.swift (in target 'YMatterType' from project 'YMatterType')
SwiftCompile normal arm64 /Users/admin/builder/spi-builder-workspace/Sources/YMatterType/Extensions/UIKit/UITraitCollection+fontAppearance.swift (in target 'YMatterType' from project 'YMatterType')
    cd /Users/admin/builder/spi-builder-workspace/.swiftpm/xcode
    builtin-SwiftPerFileCompile UITraitCollection+fontAppearance.swift
SwiftCompile normal arm64 /Users/admin/builder/spi-builder-workspace/Sources/YMatterType/Typography/FontFamily/DefaultFontFamily.swift (in target 'YMatterType' from project 'YMatterType')
    cd /Users/admin/builder/spi-builder-workspace/.swiftpm/xcode
    builtin-SwiftPerFileCompile DefaultFontFamily.swift
SwiftCompile normal arm64 Compiling\ FontFamilyFactory.swift,\ HelveticaNeueFontFamily.swift /Users/admin/builder/spi-builder-workspace/Sources/YMatterType/Typography/FontFamily/FontFamilyFactory.swift /Users/admin/builder/spi-builder-workspace/Sources/YMatterType/Typography/FontFamily/HelveticaNeueFontFamily.swift (in target 'YMatterType' from project 'YMatterType')
SwiftCompile normal arm64 /Users/admin/builder/spi-builder-workspace/Sources/YMatterType/Typography/FontFamily/FontFamilyFactory.swift (in target 'YMatterType' from project 'YMatterType')
    cd /Users/admin/builder/spi-builder-workspace/.swiftpm/xcode
    builtin-SwiftPerFileCompile FontFamilyFactory.swift
SwiftCompile normal arm64 /Users/admin/builder/spi-builder-workspace/Sources/YMatterType/Typography/FontFamily/HelveticaNeueFontFamily.swift (in target 'YMatterType' from project 'YMatterType')
    cd /Users/admin/builder/spi-builder-workspace/.swiftpm/xcode
    builtin-SwiftPerFileCompile HelveticaNeueFontFamily.swift
SwiftCompile normal arm64 Compiling\ UIFont+register.swift,\ UITraitCollection+breakpoint.swift /Users/admin/builder/spi-builder-workspace/Sources/YMatterType/Extensions/UIKit/UIFont+register.swift /Users/admin/builder/spi-builder-workspace/Sources/YMatterType/Extensions/UIKit/UITraitCollection+breakpoint.swift (in target 'YMatterType' from project 'YMatterType')
SwiftCompile normal arm64 /Users/admin/builder/spi-builder-workspace/Sources/YMatterType/Extensions/UIKit/UIFont+register.swift (in target 'YMatterType' from project 'YMatterType')
    cd /Users/admin/builder/spi-builder-workspace/.swiftpm/xcode
    builtin-SwiftPerFileCompile UIFont+register.swift
SwiftCompile normal arm64 /Users/admin/builder/spi-builder-workspace/Sources/YMatterType/Extensions/UIKit/UITraitCollection+breakpoint.swift (in target 'YMatterType' from project 'YMatterType')
    cd /Users/admin/builder/spi-builder-workspace/.swiftpm/xcode
    builtin-SwiftPerFileCompile UITraitCollection+breakpoint.swift
SwiftCompile normal arm64 Compiling\ TypographyLabelRepresentable.swift,\ TextStyleLabel.swift,\ TypographyButton.swift /Users/admin/builder/spi-builder-workspace/Sources/YMatterType/Elements/Representables/TypographyLabelRepresentable.swift /Users/admin/builder/spi-builder-workspace/Sources/YMatterType/Elements/TextStyleLabel.swift /Users/admin/builder/spi-builder-workspace/Sources/YMatterType/Elements/TypographyButton.swift (in target 'YMatterType' from project 'YMatterType')
SwiftCompile normal arm64 /Users/admin/builder/spi-builder-workspace/Sources/YMatterType/Elements/Representables/TypographyLabelRepresentable.swift (in target 'YMatterType' from project 'YMatterType')
    cd /Users/admin/builder/spi-builder-workspace/.swiftpm/xcode
    builtin-SwiftPerFileCompile TypographyLabelRepresentable.swift
SwiftCompile normal arm64 /Users/admin/builder/spi-builder-workspace/Sources/YMatterType/Elements/TextStyleLabel.swift (in target 'YMatterType' from project 'YMatterType')
    cd /Users/admin/builder/spi-builder-workspace/.swiftpm/xcode
    builtin-SwiftPerFileCompile TextStyleLabel.swift
SwiftCompile normal arm64 /Users/admin/builder/spi-builder-workspace/Sources/YMatterType/Elements/TypographyButton.swift (in target 'YMatterType' from project 'YMatterType')
    cd /Users/admin/builder/spi-builder-workspace/.swiftpm/xcode
    builtin-SwiftPerFileCompile TypographyButton.swift
SwiftCompile normal arm64 Compiling\ DefaultFontFamilyFactory.swift,\ FontFamily.swift /Users/admin/builder/spi-builder-workspace/Sources/YMatterType/Typography/FontFamily/DefaultFontFamilyFactory.swift /Users/admin/builder/spi-builder-workspace/Sources/YMatterType/Typography/FontFamily/FontFamily.swift (in target 'YMatterType' from project 'YMatterType')
SwiftCompile normal arm64 /Users/admin/builder/spi-builder-workspace/Sources/YMatterType/Typography/FontFamily/DefaultFontFamilyFactory.swift (in target 'YMatterType' from project 'YMatterType')
    cd /Users/admin/builder/spi-builder-workspace/.swiftpm/xcode
    builtin-SwiftPerFileCompile DefaultFontFamilyFactory.swift
SwiftCompile normal arm64 /Users/admin/builder/spi-builder-workspace/Sources/YMatterType/Typography/FontFamily/FontFamily.swift (in target 'YMatterType' from project 'YMatterType')
    cd /Users/admin/builder/spi-builder-workspace/.swiftpm/xcode
    builtin-SwiftPerFileCompile FontFamily.swift
SwiftCompile normal arm64 Compiling\ SystemFontFamily.swift,\ Typography+Enums.swift /Users/admin/builder/spi-builder-workspace/Sources/YMatterType/Typography/FontFamily/SystemFontFamily.swift /Users/admin/builder/spi-builder-workspace/Sources/YMatterType/Typography/Typography+Enums.swift (in target 'YMatterType' from project 'YMatterType')
SwiftCompile normal arm64 /Users/admin/builder/spi-builder-workspace/Sources/YMatterType/Typography/FontFamily/SystemFontFamily.swift (in target 'YMatterType' from project 'YMatterType')
    cd /Users/admin/builder/spi-builder-workspace/.swiftpm/xcode
    builtin-SwiftPerFileCompile SystemFontFamily.swift
SwiftCompile normal arm64 /Users/admin/builder/spi-builder-workspace/Sources/YMatterType/Typography/Typography+Enums.swift (in target 'YMatterType' from project 'YMatterType')
    cd /Users/admin/builder/spi-builder-workspace/.swiftpm/xcode
    builtin-SwiftPerFileCompile Typography+Enums.swift
SwiftCompile normal arm64 Compiling\ TypographyLayout.swift,\ YMatterType+Logging.swift /Users/admin/builder/spi-builder-workspace/Sources/YMatterType/Typography/TypographyLayout.swift /Users/admin/builder/spi-builder-workspace/Sources/YMatterType/YMatterType+Logging.swift (in target 'YMatterType' from project 'YMatterType')
SwiftCompile normal arm64 /Users/admin/builder/spi-builder-workspace/Sources/YMatterType/Typography/TypographyLayout.swift (in target 'YMatterType' from project 'YMatterType')
    cd /Users/admin/builder/spi-builder-workspace/.swiftpm/xcode
    builtin-SwiftPerFileCompile TypographyLayout.swift
SwiftCompile normal arm64 /Users/admin/builder/spi-builder-workspace/Sources/YMatterType/YMatterType+Logging.swift (in target 'YMatterType' from project 'YMatterType')
    cd /Users/admin/builder/spi-builder-workspace/.swiftpm/xcode
    builtin-SwiftPerFileCompile YMatterType+Logging.swift
SwiftEmitModule normal arm64 Emitting\ module\ for\ YMatterType (in target 'YMatterType' from project 'YMatterType')
SwiftCompile normal arm64 (in target 'YMatterType' from project 'YMatterType')
    cd /Users/admin/builder/spi-builder-workspace/.swiftpm/xcode

SwiftCompile normal arm64 Compiling\ Typography+Font.swift,\ Typography+Mutators.swift /Users/admin/builder/spi-builder-workspace/Sources/YMatterType/Typography/Typography+Font.swift /Users/admin/builder/spi-builder-workspace/Sources/YMatterType/Typography/Typography+Mutators.swift (in target 'YMatterType' from project 'YMatterType')
/Users/admin/builder/spi-builder-workspace/Sources/YMatterType/Typography/Typography+Font.swift:78:21: error: 'UIScreen' is unavailable in visionOS
 76 |         // but testing indicates that increasing baseline offset by 1 moves the text up 2 points,
 77 |         // hence we divide by 2 again.
 78 |         let scale = UIScreen.main.scale
    |                     `- error: 'UIScreen' is unavailable in visionOS
 79 |         let baselineOffset = max(
 80 |             ceil(((scaledLineHeight - (abs(font.descender) + font.leading) * 2 - font.capHeight) / 4) * scale) / scale,
/Applications/Xcode-27.0.0-Release.Candidate.app/Contents/Developer/Platforms/XROS.platform/Developer/SDKs/XROS27.0.sdk/System/Library/Frameworks/UIKit.framework/Headers/UIScreen.h:54:12: note: 'UIScreen' has been explicitly marked unavailable here
 52 |
 53 | UIKIT_EXTERN API_AVAILABLE(ios(2.0)) API_UNAVAILABLE(visionos, watchos) NS_SWIFT_UI_ACTOR
 54 | @interface UIScreen : NSObject <UITraitEnvironment>
    |            `- note: 'UIScreen' has been explicitly marked unavailable here
 55 |
 56 | @property(class, nonatomic, readonly) NSArray<UIScreen *> *screens API_DEPRECATED("Use UIApplication.shared.openSessions to find open sessions with scenes from other screens", ios(3.2, 16.0), visionos(1.0, 1.0)) API_UNAVAILABLE(watchos); // all screens currently attached to the device
Failed frontend command:
/Applications/Xcode-27.0.0-Release.Candidate.app/Contents/Developer/Toolchains/XcodeDefault.xctoolchain/usr/bin/swift-frontend -frontend -c /Users/admin/builder/spi-builder-workspace/Sources/YMatterType/Elements/Representables/TypographyLabelRepresentable.swift /Users/admin/builder/spi-builder-workspace/Sources/YMatterType/Elements/TextStyleLabel.swift /Users/admin/builder/spi-builder-workspace/Sources/YMatterType/Elements/TypographyButton.swift /Users/admin/builder/spi-builder-workspace/Sources/YMatterType/Elements/TypographyLabel.swift /Users/admin/builder/spi-builder-workspace/Sources/YMatterType/Elements/TypographyTextField.swift /Users/admin/builder/spi-builder-workspace/Sources/YMatterType/Elements/TypographyTextView.swift /Users/admin/builder/spi-builder-workspace/Sources/YMatterType/Extensions/Foundation/NSAttributedString+baseAttributes.swift /Users/admin/builder/spi-builder-workspace/Sources/YMatterType/Extensions/Foundation/NSAttributedString+textCase.swift /Users/admin/builder/spi-builder-workspace/Sources/YMatterType/Extensions/Foundation/String+textCase.swift /Users/admin/builder/spi-builder-workspace/Sources/YMatterType/Extensions/Foundation/String+textSize.swift /Users/admin/builder/spi-builder-workspace/Sources/YMatterType/Extensions/UIKit/NSParagraphStyle+lineSpacing.swift /Users/admin/builder/spi-builder-workspace/Sources/YMatterType/Extensions/UIKit/UIFont+register.swift /Users/admin/builder/spi-builder-workspace/Sources/YMatterType/Extensions/UIKit/UITraitCollection+breakpoint.swift /Users/admin/builder/spi-builder-workspace/Sources/YMatterType/Extensions/UIKit/UITraitCollection+fontAppearance.swift /Users/admin/builder/spi-builder-workspace/Sources/YMatterType/Typography/FontFamily/DefaultFontFamily.swift /Users/admin/builder/spi-builder-workspace/Sources/YMatterType/Typography/FontFamily/DefaultFontFamilyFactory.swift /Users/admin/builder/spi-builder-workspace/Sources/YMatterType/Typography/FontFamily/FontFamily.swift /Users/admin/builder/spi-builder-workspace/Sources/YMatterType/Typography/FontFamily/FontFamilyFactory.swift /Users/admin/builder/spi-builder-workspace/Sources/YMatterType/Typography/FontFamily/HelveticaNeueFontFamily.swift /Users/admin/builder/spi-builder-workspace/Sources/YMatterType/Typography/FontFamily/SystemFontFamily.swift /Users/admin/builder/spi-builder-workspace/Sources/YMatterType/Typography/Typography+Enums.swift -primary-file /Users/admin/builder/spi-builder-workspace/Sources/YMatterType/Typography/Typography+Font.swift -primary-file /Users/admin/builder/spi-builder-workspace/Sources/YMatterType/Typography/Typography+Mutators.swift /Users/admin/builder/spi-builder-workspace/Sources/YMatterType/Typography/Typography+System.swift /Users/admin/builder/spi-builder-workspace/Sources/YMatterType/Typography/Typography.swift /Users/admin/builder/spi-builder-workspace/Sources/YMatterType/Typography/TypographyLayout.swift /Users/admin/builder/spi-builder-workspace/Sources/YMatterType/YMatterType+Logging.swift -emit-dependencies-path /Users/admin/builder/spi-builder-workspace/.derivedData/Build/Intermediates.noindex/YMatterType.build/Debug-xros/YMatterType-t.build/Objects-normal/arm64/Typography+Font.d -emit-const-values-path /Users/admin/builder/spi-builder-workspace/.derivedData/Build/Intermediates.noindex/YMatterType.build/Debug-xros/YMatterType-t.build/Objects-normal/arm64/Typography+Font.swiftconstvalues -emit-reference-dependencies-path /Users/admin/builder/spi-builder-workspace/.derivedData/Build/Intermediates.noindex/YMatterType.build/Debug-xros/YMatterType-t.build/Objects-normal/arm64/Typography+Font.swiftdeps -serialize-diagnostics-path /Users/admin/builder/spi-builder-workspace/.derivedData/Build/Intermediates.noindex/YMatterType.build/Debug-xros/YMatterType-t.build/Objects-normal/arm64/Typography+Font.dia -emit-dependencies-path /Users/admin/builder/spi-builder-workspace/.derivedData/Build/Intermediates.noindex/YMatterType.build/Debug-xros/YMatterType-t.build/Objects-normal/arm64/Typography+Mutators.d -emit-const-values-path /Users/admin/builder/spi-builder-workspace/.derivedData/Build/Intermediates.noindex/YMatterType.build/Debug-xros/YMatterType-t.build/Objects-normal/arm64/Typography+Mutators.swiftconstvalues -emit-reference-dependencies-path /Users/admin/builder/spi-builder-workspace/.derivedData/Build/Intermediates.noindex/YMatterType.build/Debug-xros/YMatterType-t.build/Objects-normal/arm64/Typography+Mutators.swiftdeps -serialize-diagnostics-path /Users/admin/builder/spi-builder-workspace/.derivedData/Build/Intermediates.noindex/YMatterType.build/Debug-xros/YMatterType-t.build/Objects-normal/arm64/Typography+Mutators.dia -emit-localized-strings -emit-localized-strings-path /Users/admin/builder/spi-builder-workspace/.derivedData/Build/Intermediates.noindex/YMatterType.build/Debug-xros/YMatterType-t.build/Objects-normal/arm64 -target arm64-apple-xros1.0 -disable-cross-import-overlay-search -load-resolved-plugin /Applications/Xcode-27.0.0-Release.Candidate.app/Contents/Developer/Platforms/XROS.platform/Developer/usr/lib/swift/host/plugins/libFoundationMacros.dylib\#/Applications/Xcode-27.0.0-Release.Candidate.app/Contents/Developer/Platforms/XROS.platform/Developer/usr/bin/swift-plugin-server\#FoundationMacros -load-resolved-plugin /Applications/Xcode-27.0.0-Release.Candidate.app/Contents/Developer/Platforms/XROS.platform/Developer/usr/lib/swift/host/plugins/libObservationMacros.dylib\#/Applications/Xcode-27.0.0-Release.Candidate.app/Contents/Developer/Platforms/XROS.platform/Developer/usr/bin/swift-plugin-server\#ObservationMacros -load-resolved-plugin /Applications/Xcode-27.0.0-Release.Candidate.app/Contents/Developer/Platforms/XROS.platform/Developer/usr/lib/swift/host/plugins/libPreviewsMacros.dylib\#/Applications/Xcode-27.0.0-Release.Candidate.app/Contents/Developer/Platforms/XROS.platform/Developer/usr/bin/swift-plugin-server\#PreviewsMacros -load-resolved-plugin /Applications/Xcode-27.0.0-Release.Candidate.app/Contents/Developer/Platforms/XROS.platform/Developer/usr/lib/swift/host/plugins/libSwiftMacros.dylib\#/Applications/Xcode-27.0.0-Release.Candidate.app/Contents/Developer/Platforms/XROS.platform/Developer/usr/bin/swift-plugin-server\#SwiftMacros -load-resolved-plugin /Applications/Xcode-27.0.0-Release.Candidate.app/Contents/Developer/Platforms/XROS.platform/Developer/usr/lib/swift/host/plugins/libSwiftUIMacros.dylib\#/Applications/Xcode-27.0.0-Release.Candidate.app/Contents/Developer/Platforms/XROS.platform/Developer/usr/bin/swift-plugin-server\#SwiftUIMacros -disable-implicit-swift-modules -Xcc -fno-implicit-modules -Xcc -fno-implicit-module-maps -explicit-swift-module-map-file /Users/admin/builder/spi-builder-workspace/.derivedData/Build/Intermediates.noindex/YMatterType.build/Debug-xros/YMatterType-t.build/Objects-normal/arm64/YMatterType-dependencies-1.json -Xllvm -aarch64-use-tbi -enable-objc-interop -stack-check -sdk /Applications/Xcode-27.0.0-Release.Candidate.app/Contents/Developer/Platforms/XROS.platform/Developer/SDKs/XROS27.0.sdk -I /Users/admin/builder/spi-builder-workspace/.derivedData/Build/Products/Debug-xros -Isystem /Applications/Xcode-27.0.0-Release.Candidate.app/Contents/Developer/Platforms/XROS.platform/Developer/usr/lib -F /Users/admin/builder/spi-builder-workspace/.derivedData/Build/Products/Debug-xros -F /Applications/Xcode-27.0.0-Release.Candidate.app/Contents/Developer/Platforms/XROS.platform/Developer/Library/Frameworks -F /Applications/Xcode-27.0.0-Release.Candidate.app/Contents/Developer/Platforms/XROS.platform/Developer/SDKs/XROS27.0.sdk/Developer/Library/Frameworks -module-cache-path /Users/admin/builder/spi-builder-workspace/.derivedData/Build/Intermediates.noindex/SwiftExplicitPrecompiledModules -no-color-diagnostics -Xcc -fno-color-diagnostics -enable-testing -g -debug-info-format\=dwarf -dwarf-version\=4 -profile-generate -profile-coverage-mapping -swift-version 5 -Onone -D SWIFT_PACKAGE -D DEBUG -D SWIFT_MODULE_RESOURCE_BUNDLE_UNAVAILABLE -D Xcode -serialize-debugging-options -enable-experimental-feature DebugDescriptionMacro -empty-abi-descriptor -validate-clang-modules-once -clang-build-session-file /Users/admin/builder/spi-builder-workspace/.derivedData/ModuleCache.noindex/Session.modulevalidation -Xcc -working-directory -Xcc /Users/admin/builder/spi-builder-workspace/.swiftpm/xcode -enable-anonymous-context-mangled-names -file-compilation-dir /Users/admin/builder/spi-builder-workspace/.swiftpm/xcode -Xcc -D_LIBCPP_HARDENING_MODE\=_LIBCPP_HARDENING_MODE_DEBUG -Xcc -ivfsstatcache -Xcc /Users/admin/builder/spi-builder-workspace/.derivedData/SDKStatCaches.noindex/xros27.0-24M361-e829b21a6f8c9b70876ba0858053c044735bd543db762f57723cac368afd1ce4.sdkstatcache -Xcc -fmodules-prune-interval\=86400 -Xcc -fmodules-prune-after\=345600 -Xcc -I/Users/admin/builder/spi-builder-workspace/.derivedData/Build/Products/Debug-xros/include -Xcc -I/Users/admin/builder/spi-builder-workspace/.derivedData/Build/Intermediates.noindex/YMatterType.build/Debug-xros/YMatterType-t.build/DerivedSources-normal/arm64 -Xcc -I/Users/admin/builder/spi-builder-workspace/.derivedData/Build/Intermediates.noindex/YMatterType.build/Debug-xros/YMatterType-t.build/DerivedSources/arm64 -Xcc -I/Users/admin/builder/spi-builder-workspace/.derivedData/Build/Intermediates.noindex/YMatterType.build/Debug-xros/YMatterType-t.build/DerivedSources -Xcc -DSWIFT_PACKAGE -Xcc -DDEBUG\=1 -no-auto-bridging-header-chaining -module-name YMatterType -const-gather-protocols-file /Users/admin/builder/spi-builder-workspace/.derivedData/Build/Intermediates.noindex/YMatterType.build/Debug-xros/YMatterType-t.build/Objects-normal/arm64/YMatterType_const_extract_protocols.json -disable-clang-spi -clang-target arm64-apple-xros27.0 -target-sdk-version 27.0 -target-sdk-name xros27.0 -in-process-plugin-server-path /Applications/Xcode-27.0.0-Release.Candidate.app/Contents/Developer/Toolchains/XcodeDefault.xctoolchain/usr/lib/swift/host/libSwiftInProcPluginServer.dylib -parse-as-library -o /Users/admin/builder/spi-builder-workspace/.derivedData/Build/Intermediates.noindex/YMatterType.build/Debug-xros/YMatterType-t.build/Objects-normal/arm64/Typography+Font.o -o /Users/admin/builder/spi-builder-workspace/.derivedData/Build/Intermediates.noindex/YMatterType.build/Debug-xros/YMatterType-t.build/Objects-normal/arm64/Typography+Mutators.o -debug-module-path /Users/admin/builder/spi-builder-workspace/.derivedData/Build/Intermediates.noindex/YMatterType.build/Debug-xros/YMatterType-t.build/Objects-normal/arm64/YMatterType.swiftmodule -index-unit-output-path /YMatterType.build/Debug-xros/YMatterType-t.build/Objects-normal/arm64/Typography+Font.o -index-unit-output-path /YMatterType.build/Debug-xros/YMatterType-t.build/Objects-normal/arm64/Typography+Mutators.o -index-store-path /Users/admin/builder/spi-builder-workspace/.derivedData/Index.noindex/DataStore -index-system-modules
SwiftCompile normal arm64 /Users/admin/builder/spi-builder-workspace/Sources/YMatterType/Typography/Typography+Font.swift (in target 'YMatterType' from project 'YMatterType')
    cd /Users/admin/builder/spi-builder-workspace/.swiftpm/xcode
    builtin-SwiftPerFileCompile Typography+Font.swift
SwiftCompile normal arm64 /Users/admin/builder/spi-builder-workspace/Sources/YMatterType/Typography/Typography+Mutators.swift (in target 'YMatterType' from project 'YMatterType')
    cd /Users/admin/builder/spi-builder-workspace/.swiftpm/xcode
    builtin-SwiftPerFileCompile Typography+Mutators.swift
SwiftEmitModule normal arm64 Emitting\ module\ for\ YMatterTypeTests (in target 'YMatterTypeTests-product' from project 'YMatterType')
SwiftCompile normal arm64 (in target 'YMatterTypeTests-product' from project 'YMatterType')
    cd /Users/admin/builder/spi-builder-workspace/.swiftpm/xcode

SwiftDriverJobDiscovery normal arm64 Compiling FontFamilyFactory.swift, HelveticaNeueFontFamily.swift (in target 'YMatterType' from project 'YMatterType')
SwiftCompile normal arm64 Compiling\ SystemFontFamilyTests.swift,\ TypogaphyTests.swift,\ Typography+EnumTests.swift,\ Typography+FontTests.swift /Users/admin/builder/spi-builder-workspace/Tests/YMatterTypeTests/Typography/FontFamily/SystemFontFamilyTests.swift /Users/admin/builder/spi-builder-workspace/Tests/YMatterTypeTests/Typography/TypogaphyTests.swift /Users/admin/builder/spi-builder-workspace/Tests/YMatterTypeTests/Typography/Typography+EnumTests.swift /Users/admin/builder/spi-builder-workspace/Tests/YMatterTypeTests/Typography/Typography+FontTests.swift (in target 'YMatterTypeTests-product' from project 'YMatterType')
SwiftCompile normal arm64 /Users/admin/builder/spi-builder-workspace/Tests/YMatterTypeTests/Typography/FontFamily/SystemFontFamilyTests.swift (in target 'YMatterTypeTests-product' from project 'YMatterType')
    cd /Users/admin/builder/spi-builder-workspace/.swiftpm/xcode
    builtin-SwiftPerFileCompile SystemFontFamilyTests.swift
SwiftCompile normal arm64 /Users/admin/builder/spi-builder-workspace/Tests/YMatterTypeTests/Typography/TypogaphyTests.swift (in target 'YMatterTypeTests-product' from project 'YMatterType')
    cd /Users/admin/builder/spi-builder-workspace/.swiftpm/xcode
    builtin-SwiftPerFileCompile TypogaphyTests.swift
SwiftCompile normal arm64 /Users/admin/builder/spi-builder-workspace/Tests/YMatterTypeTests/Typography/Typography+EnumTests.swift (in target 'YMatterTypeTests-product' from project 'YMatterType')
    cd /Users/admin/builder/spi-builder-workspace/.swiftpm/xcode
    builtin-SwiftPerFileCompile Typography+EnumTests.swift
SwiftCompile normal arm64 /Users/admin/builder/spi-builder-workspace/Tests/YMatterTypeTests/Typography/Typography+FontTests.swift (in target 'YMatterTypeTests-product' from project 'YMatterType')
    cd /Users/admin/builder/spi-builder-workspace/.swiftpm/xcode
    builtin-SwiftPerFileCompile Typography+FontTests.swift
SwiftDriverJobDiscovery normal arm64 Compiling UITraitCollection+fontAppearance.swift, DefaultFontFamily.swift (in target 'YMatterType' from project 'YMatterType')
SwiftCompile normal arm64 Compiling\ MockLabel.swift,\ MockTextField.swift,\ MockTextView.swift,\ TypographyLabelRepresentableTests.swift,\ TextStyleLabelTests.swift /Users/admin/builder/spi-builder-workspace/Tests/YMatterTypeTests/Elements/Mocks/MockLabel.swift /Users/admin/builder/spi-builder-workspace/Tests/YMatterTypeTests/Elements/Mocks/MockTextField.swift /Users/admin/builder/spi-builder-workspace/Tests/YMatterTypeTests/Elements/Mocks/MockTextView.swift /Users/admin/builder/spi-builder-workspace/Tests/YMatterTypeTests/Elements/Representables/TypographyLabelRepresentableTests.swift /Users/admin/builder/spi-builder-workspace/Tests/YMatterTypeTests/Elements/TextStyleLabelTests.swift (in target 'YMatterTypeTests-product' from project 'YMatterType')
SwiftCompile normal arm64 /Users/admin/builder/spi-builder-workspace/Tests/YMatterTypeTests/Elements/Mocks/MockLabel.swift (in target 'YMatterTypeTests-product' from project 'YMatterType')
    cd /Users/admin/builder/spi-builder-workspace/.swiftpm/xcode
    builtin-SwiftPerFileCompile MockLabel.swift
SwiftCompile normal arm64 /Users/admin/builder/spi-builder-workspace/Tests/YMatterTypeTests/Elements/Mocks/MockTextField.swift (in target 'YMatterTypeTests-product' from project 'YMatterType')
    cd /Users/admin/builder/spi-builder-workspace/.swiftpm/xcode
    builtin-SwiftPerFileCompile MockTextField.swift
SwiftCompile normal arm64 /Users/admin/builder/spi-builder-workspace/Tests/YMatterTypeTests/Elements/Mocks/MockTextView.swift (in target 'YMatterTypeTests-product' from project 'YMatterType')
    cd /Users/admin/builder/spi-builder-workspace/.swiftpm/xcode
    builtin-SwiftPerFileCompile MockTextView.swift
SwiftCompile normal arm64 /Users/admin/builder/spi-builder-workspace/Tests/YMatterTypeTests/Elements/Representables/TypographyLabelRepresentableTests.swift (in target 'YMatterTypeTests-product' from project 'YMatterType')
    cd /Users/admin/builder/spi-builder-workspace/.swiftpm/xcode
    builtin-SwiftPerFileCompile TypographyLabelRepresentableTests.swift
SwiftCompile normal arm64 /Users/admin/builder/spi-builder-workspace/Tests/YMatterTypeTests/Elements/TextStyleLabelTests.swift (in target 'YMatterTypeTests-product' from project 'YMatterType')
    cd /Users/admin/builder/spi-builder-workspace/.swiftpm/xcode
    builtin-SwiftPerFileCompile TextStyleLabelTests.swift
SwiftDriverJobDiscovery normal arm64 Compiling TypographyLayout.swift, YMatterType+Logging.swift (in target 'YMatterType' from project 'YMatterType')
SwiftCompile normal arm64 Compiling\ TypographyButtonTests.swift,\ TypographyElementTests.swift,\ TypographyLabelTests.swift,\ TypographyTextFieldTests.swift,\ TypographyTextViewTests.swift /Users/admin/builder/spi-builder-workspace/Tests/YMatterTypeTests/Elements/TypographyButtonTests.swift /Users/admin/builder/spi-builder-workspace/Tests/YMatterTypeTests/Elements/TypographyElementTests.swift /Users/admin/builder/spi-builder-workspace/Tests/YMatterTypeTests/Elements/TypographyLabelTests.swift /Users/admin/builder/spi-builder-workspace/Tests/YMatterTypeTests/Elements/TypographyTextFieldTests.swift /Users/admin/builder/spi-builder-workspace/Tests/YMatterTypeTests/Elements/TypographyTextViewTests.swift (in target 'YMatterTypeTests-product' from project 'YMatterType')
SwiftCompile normal arm64 /Users/admin/builder/spi-builder-workspace/Tests/YMatterTypeTests/Elements/TypographyButtonTests.swift (in target 'YMatterTypeTests-product' from project 'YMatterType')
    cd /Users/admin/builder/spi-builder-workspace/.swiftpm/xcode
    builtin-SwiftPerFileCompile TypographyButtonTests.swift
SwiftCompile normal arm64 /Users/admin/builder/spi-builder-workspace/Tests/YMatterTypeTests/Elements/TypographyElementTests.swift (in target 'YMatterTypeTests-product' from project 'YMatterType')
    cd /Users/admin/builder/spi-builder-workspace/.swiftpm/xcode
    builtin-SwiftPerFileCompile TypographyElementTests.swift
SwiftCompile normal arm64 /Users/admin/builder/spi-builder-workspace/Tests/YMatterTypeTests/Elements/TypographyLabelTests.swift (in target 'YMatterTypeTests-product' from project 'YMatterType')
    cd /Users/admin/builder/spi-builder-workspace/.swiftpm/xcode
    builtin-SwiftPerFileCompile TypographyLabelTests.swift
SwiftCompile normal arm64 /Users/admin/builder/spi-builder-workspace/Tests/YMatterTypeTests/Elements/TypographyTextFieldTests.swift (in target 'YMatterTypeTests-product' from project 'YMatterType')
    cd /Users/admin/builder/spi-builder-workspace/.swiftpm/xcode
    builtin-SwiftPerFileCompile TypographyTextFieldTests.swift
SwiftCompile normal arm64 /Users/admin/builder/spi-builder-workspace/Tests/YMatterTypeTests/Elements/TypographyTextViewTests.swift (in target 'YMatterTypeTests-product' from project 'YMatterType')
    cd /Users/admin/builder/spi-builder-workspace/.swiftpm/xcode
    builtin-SwiftPerFileCompile TypographyTextViewTests.swift
SwiftDriverJobDiscovery normal arm64 Compiling UIFont+register.swift, UITraitCollection+breakpoint.swift (in target 'YMatterType' from project 'YMatterType')
SwiftCompile normal arm64 Compiling\ BaseStringTestCase.swift,\ NSAttributedString+baseAttributesTests.swift,\ NSAttributedString+textCaseTests.swift,\ String+textCaseTests.swift,\ String+textSizeTests.swift /Users/admin/builder/spi-builder-workspace/Tests/YMatterTypeTests/Extensions/Foundation/BaseStringTestCase.swift /Users/admin/builder/spi-builder-workspace/Tests/YMatterTypeTests/Extensions/Foundation/NSAttributedString+baseAttributesTests.swift /Users/admin/builder/spi-builder-workspace/Tests/YMatterTypeTests/Extensions/Foundation/NSAttributedString+textCaseTests.swift /Users/admin/builder/spi-builder-workspace/Tests/YMatterTypeTests/Extensions/Foundation/String+textCaseTests.swift /Users/admin/builder/spi-builder-workspace/Tests/YMatterTypeTests/Extensions/Foundation/String+textSizeTests.swift (in target 'YMatterTypeTests-product' from project 'YMatterType')
SwiftCompile normal arm64 /Users/admin/builder/spi-builder-workspace/Tests/YMatterTypeTests/Extensions/Foundation/BaseStringTestCase.swift (in target 'YMatterTypeTests-product' from project 'YMatterType')
    cd /Users/admin/builder/spi-builder-workspace/.swiftpm/xcode
    builtin-SwiftPerFileCompile BaseStringTestCase.swift
SwiftCompile normal arm64 /Users/admin/builder/spi-builder-workspace/Tests/YMatterTypeTests/Extensions/Foundation/NSAttributedString+baseAttributesTests.swift (in target 'YMatterTypeTests-product' from project 'YMatterType')
    cd /Users/admin/builder/spi-builder-workspace/.swiftpm/xcode
    builtin-SwiftPerFileCompile NSAttributedString+baseAttributesTests.swift
SwiftCompile normal arm64 /Users/admin/builder/spi-builder-workspace/Tests/YMatterTypeTests/Extensions/Foundation/NSAttributedString+textCaseTests.swift (in target 'YMatterTypeTests-product' from project 'YMatterType')
    cd /Users/admin/builder/spi-builder-workspace/.swiftpm/xcode
    builtin-SwiftPerFileCompile NSAttributedString+textCaseTests.swift
SwiftCompile normal arm64 /Users/admin/builder/spi-builder-workspace/Tests/YMatterTypeTests/Extensions/Foundation/String+textCaseTests.swift (in target 'YMatterTypeTests-product' from project 'YMatterType')
    cd /Users/admin/builder/spi-builder-workspace/.swiftpm/xcode
    builtin-SwiftPerFileCompile String+textCaseTests.swift
SwiftCompile normal arm64 /Users/admin/builder/spi-builder-workspace/Tests/YMatterTypeTests/Extensions/Foundation/String+textSizeTests.swift (in target 'YMatterTypeTests-product' from project 'YMatterType')
    cd /Users/admin/builder/spi-builder-workspace/.swiftpm/xcode
    builtin-SwiftPerFileCompile String+textSizeTests.swift
PruneExplicitPrecompiledModules /Users/admin/builder/spi-builder-workspace/.derivedData/SDKExplicitPrecompiledModules
PruneExplicitPrecompiledModules /Users/admin/builder/spi-builder-workspace/.derivedData/Build/Intermediates.noindex/SwiftExplicitPrecompiledModules
PruneExplicitPrecompiledModules /Users/admin/builder/spi-builder-workspace/.derivedData/Build/Intermediates.noindex/ExplicitPrecompiledModules
2026-09-19 14:06:26.469 xcodebuild[783:4840] [MT] IDERunDestination: Supported platforms for the buildables in the current scheme is empty.
2026-09-19 14:06:26.574 xcodebuild[783:4840] [MT] IDERunDestination: Supported platforms for the buildables in the current scheme is empty.
** BUILD FAILED **
The following build commands failed:
	SwiftCompile normal arm64 Compiling\ Typography+Font.swift,\ Typography+Mutators.swift /Users/admin/builder/spi-builder-workspace/Sources/YMatterType/Typography/Typography+Font.swift /Users/admin/builder/spi-builder-workspace/Sources/YMatterType/Typography/Typography+Mutators.swift (in target 'YMatterType' from project 'YMatterType')
	SwiftCompile normal arm64 /Users/admin/builder/spi-builder-workspace/Sources/YMatterType/Typography/Typography+Font.swift (in target 'YMatterType' from project 'YMatterType')
	Building workspace YMatterType with scheme YMatterType
(3 failures)
BUILD FAILURE 6.4 visionOS