The Swift Package Index logo.Swift Package Index

Build Information

Failed to build ReadingTimePublishPlugin with Swift 5.9 for watchOS using Xcode 15.2 at 0.3.0.

Build Command

env DEVELOPER_DIR="/Applications/Xcode-15.0.0-Beta.app" xcrun xcodebuild -IDEClonedSourcePackagesDirPathOverride="$PWD/.dependencies" -derivedDataPath "$PWD/.derivedData" build -scheme ReadingTimePublishPlugin -destination "generic/platform=watchos"

Build Log

========================================
RunAll
========================================
Builder version: 4.19.0
Interrupt handler set up.
========================================
Checkout
========================================
Clone URL: https://github.com/alexito4/ReadingTimePublishPlugin.git
Reference: 0.3.0
Initialized empty Git repository in /Users/builder/builds/o86TiJKT/1/finestructure/swiftpackageindex-builder/spi-builder-workspace/.git/
From https://github.com/alexito4/ReadingTimePublishPlugin
 * tag               0.3.0      -> FETCH_HEAD
HEAD is now at 0a0bf14 fixed readme
Cloned https://github.com/alexito4/ReadingTimePublishPlugin.git into spi-builder-workspace
0a0bf141a5b626c2444601cf0ed7b2bfcfdabcdf
SUCCESS checkout https://github.com/alexito4/ReadingTimePublishPlugin.git at 0.3.0
========================================
Build
========================================
Selected platform:         watchos
Swift version:             5.9
Building package at path:  spi-builder-workspace
Command line invocation:
    /Applications/Xcode-15.0.0-Beta.app/Contents/Developer/usr/bin/xcodebuild -IDEClonedSourcePackagesDirPathOverride=/Users/builder/builds/o86TiJKT/1/finestructure/swiftpackageindex-builder/spi-builder-workspace/.dependencies -resolvePackageDependencies

User defaults from command line:
    IDEClonedSourcePackagesDirPathOverride = /Users/builder/builds/o86TiJKT/1/finestructure/swiftpackageindex-builder/spi-builder-workspace/.dependencies
    IDEPackageSupportUseBuiltinSCM = YES
Resolve Package Graph

Fetching from https://github.com/johnsundell/sweep.git (cached)

Fetching from https://github.com/johnsundell/collectionConcurrencyKit.git (cached)

Fetching from https://github.com/johnsundell/codextended.git (cached)

Fetching from https://github.com/johnsundell/plot.git (cached)

Fetching from https://github.com/johnsundell/shellout.git (cached)

Fetching from https://github.com/johnsundell/ink.git (cached)

Fetching from https://github.com/johnsundell/files.git (cached)

Fetching from https://github.com/johnsundell/publish.git (cached)

Creating working copy of package ‘files’

Checking out 4.2.0 of package ‘files’

Creating working copy of package ‘ink’

Checking out 0.5.1 of package ‘ink’

Creating working copy of package ‘plot’

Checking out 0.11.0 of package ‘plot’

Creating working copy of package ‘sweep’

Checking out 0.4.0 of package ‘sweep’

Creating working copy of package ‘shellout’

Checking out 2.3.0 of package ‘shellout’

Creating working copy of package ‘publish’

Checking out 0.9.0 of package ‘publish’

Creating working copy of package ‘collectionConcurrencyKit’

Checking out 0.2.0 of package ‘collectionConcurrencyKit’

Creating working copy of package ‘codextended’

Checking out 0.3.0 of package ‘codextended’

Resolve Package Graph


Resolved source packages:
  Sweep: https://github.com/johnsundell/sweep.git @ 0.4.0
  CollectionConcurrencyKit: https://github.com/johnsundell/collectionConcurrencyKit.git @ 0.2.0
  ReadingTimePublishPlugin: /Users/builder/builds/o86TiJKT/1/finestructure/swiftpackageindex-builder/spi-builder-workspace
  ShellOut: https://github.com/johnsundell/shellout.git @ 2.3.0
  Plot: https://github.com/johnsundell/plot.git @ 0.11.0
  Codextended: https://github.com/johnsundell/codextended.git @ 0.3.0
  Ink: https://github.com/johnsundell/ink.git @ 0.5.1
  Files: https://github.com/johnsundell/files.git @ 4.2.0
  Publish: https://github.com/johnsundell/publish.git @ 0.9.0
resolved source packages: Sweep, CollectionConcurrencyKit, ReadingTimePublishPlugin, ShellOut, Plot, Codextended, Ink, Files, Publish
{
  "workspace" : {
    "name" : "spi-builder-workspace",
    "schemes" : [
      "ReadingTimePublishPlugin"
    ]
  }
}
Running build ...
env DEVELOPER_DIR="/Applications/Xcode-15.0.0-Beta.app" xcrun xcodebuild -IDEClonedSourcePackagesDirPathOverride="$PWD/.dependencies" -derivedDataPath "$PWD/.derivedData" build -scheme ReadingTimePublishPlugin -destination "generic/platform=watchos"
Building ... (attempt 1)
Command line invocation:
    /Applications/Xcode-15.0.0-Beta.app/Contents/Developer/usr/bin/xcodebuild -IDEClonedSourcePackagesDirPathOverride=/Users/builder/builds/o86TiJKT/1/finestructure/swiftpackageindex-builder/spi-builder-workspace/.dependencies -derivedDataPath /Users/builder/builds/o86TiJKT/1/finestructure/swiftpackageindex-builder/spi-builder-workspace/.derivedData build -scheme ReadingTimePublishPlugin -destination generic/platform=watchos

User defaults from command line:
    IDEClonedSourcePackagesDirPathOverride = /Users/builder/builds/o86TiJKT/1/finestructure/swiftpackageindex-builder/spi-builder-workspace/.dependencies
    IDEDerivedDataPathOverride = /Users/builder/builds/o86TiJKT/1/finestructure/swiftpackageindex-builder/spi-builder-workspace/.derivedData
    IDEPackageSupportUseBuiltinSCM = YES
Resolve Package Graph


Resolved source packages:
  Ink: https://github.com/johnsundell/ink.git @ 0.5.1
  Publish: https://github.com/johnsundell/publish.git @ 0.9.0
  Codextended: https://github.com/johnsundell/codextended.git @ 0.3.0
  Sweep: https://github.com/johnsundell/sweep.git @ 0.4.0
  ReadingTimePublishPlugin: /Users/builder/builds/o86TiJKT/1/finestructure/swiftpackageindex-builder/spi-builder-workspace
  Files: https://github.com/johnsundell/files.git @ 4.2.0
  ShellOut: https://github.com/johnsundell/shellout.git @ 2.3.0
  Plot: https://github.com/johnsundell/plot.git @ 0.11.0
  CollectionConcurrencyKit: https://github.com/johnsundell/collectionConcurrencyKit.git @ 0.2.0
Prepare packages

Computing target dependency graph and provisioning inputs

Create build description
Build description signature: dd48bff4540fda622cf52a4b2b436501
Build description path: /Users/builder/builds/o86TiJKT/1/finestructure/swiftpackageindex-builder/spi-builder-workspace/.derivedData/Build/Intermediates.noindex/XCBuildData/dd48bff4540fda622cf52a4b2b436501.xcbuilddata

note: Building targets in dependency order
note: Target dependency graph (19 targets)
    Target 'ReadingTimePublishPluginTests' in project 'ReadingTimePublishPlugin'
        ➜ Explicit dependency on target 'ReadingTimePublishPlugin' in project 'ReadingTimePublishPlugin'
        ➜ Explicit dependency on target 'Publish' in project 'Publish'
    Target 'ReadingTimePublishPlugin' in project 'ReadingTimePublishPlugin'
        ➜ Explicit dependency on target 'ReadingTimePublishPlugin' in project 'ReadingTimePublishPlugin'
        ➜ Explicit dependency on target 'Publish' in project 'Publish'
    Target 'ReadingTimePublishPlugin' in project 'ReadingTimePublishPlugin'
        ➜ Explicit dependency on target 'Publish' in project 'Publish'
    Target 'Publish' in project 'Publish'
        ➜ Explicit dependency on target 'Publish' in project 'Publish'
        ➜ Explicit dependency on target 'Ink' in project 'Ink'
        ➜ Explicit dependency on target 'Plot' in project 'Plot'
        ➜ Explicit dependency on target 'Files' in project 'Files'
        ➜ Explicit dependency on target 'Codextended' in project 'Codextended'
        ➜ Explicit dependency on target 'ShellOut' in project 'ShellOut'
        ➜ Explicit dependency on target 'Sweep' in project 'Sweep'
        ➜ Explicit dependency on target 'CollectionConcurrencyKit' in project 'CollectionConcurrencyKit'
    Target 'Publish' in project 'Publish'
        ➜ Explicit dependency on target 'Ink' in project 'Ink'
        ➜ Explicit dependency on target 'Plot' in project 'Plot'
        ➜ Explicit dependency on target 'Files' in project 'Files'
        ➜ Explicit dependency on target 'Codextended' in project 'Codextended'
        ➜ Explicit dependency on target 'ShellOut' in project 'ShellOut'
        ➜ Explicit dependency on target 'Sweep' in project 'Sweep'
        ➜ Explicit dependency on target 'CollectionConcurrencyKit' in project 'CollectionConcurrencyKit'
    Target 'CollectionConcurrencyKit' in project 'CollectionConcurrencyKit'
        ➜ Explicit dependency on target 'CollectionConcurrencyKit' in project 'CollectionConcurrencyKit'
    Target 'CollectionConcurrencyKit' in project 'CollectionConcurrencyKit' (no dependencies)
    Target 'Sweep' in project 'Sweep'
        ➜ Explicit dependency on target 'Sweep' in project 'Sweep'
    Target 'Sweep' in project 'Sweep' (no dependencies)
    Target 'ShellOut' in project 'ShellOut'
        ➜ Explicit dependency on target 'ShellOut' in project 'ShellOut'
    Target 'ShellOut' in project 'ShellOut' (no dependencies)
    Target 'Codextended' in project 'Codextended'
        ➜ Explicit dependency on target 'Codextended' in project 'Codextended'
    Target 'Codextended' in project 'Codextended' (no dependencies)
    Target 'Files' in project 'Files'
        ➜ Explicit dependency on target 'Files' in project 'Files'
    Target 'Files' in project 'Files' (no dependencies)
    Target 'Plot' in project 'Plot'
        ➜ Explicit dependency on target 'Plot' in project 'Plot'
    Target 'Plot' in project 'Plot' (no dependencies)
    Target 'Ink' in project 'Ink'
        ➜ Explicit dependency on target 'Ink' in project 'Ink'
    Target 'Ink' in project 'Ink' (no dependencies)
error: The package product 'CollectionConcurrencyKit' requires minimum platform version 6.0 for the watchOS platform, but this target supports 5.0 (in target 'Publish' from project 'Publish')
Resolve Package Graph
** BUILD FAILED **
Retrying in 0 seconds ...
Building ... (attempt 2)
Command line invocation:
/Applications/Xcode-15.0.0-Beta.app/Contents/Developer/usr/bin/xcodebuild -IDEClonedSourcePackagesDirPathOverride=/Users/builder/builds/o86TiJKT/1/finestructure/swiftpackageindex-builder/spi-builder-workspace/.dependencies -derivedDataPath /Users/builder/builds/o86TiJKT/1/finestructure/swiftpackageindex-builder/spi-builder-workspace/.derivedData build -scheme ReadingTimePublishPlugin -destination generic/platform=watchos


User defaults from command line:
    IDEClonedSourcePackagesDirPathOverride = /Users/builder/builds/o86TiJKT/1/finestructure/swiftpackageindex-builder/spi-builder-workspace/.dependencies
    IDEDerivedDataPathOverride = /Users/builder/builds/o86TiJKT/1/finestructure/swiftpackageindex-builder/spi-builder-workspace/.derivedData
    IDEPackageSupportUseBuiltinSCM = YES
Resolve Package Graph


Resolved source packages:
  Plot: https://github.com/johnsundell/plot.git @ 0.11.0
  Files: https://github.com/johnsundell/files.git @ 4.2.0
  ReadingTimePublishPlugin: /Users/builder/builds/o86TiJKT/1/finestructure/swiftpackageindex-builder/spi-builder-workspace
  Publish: https://github.com/johnsundell/publish.git @ 0.9.0
  Codextended: https://github.com/johnsundell/codextended.git @ 0.3.0
  ShellOut: https://github.com/johnsundell/shellout.git @ 2.3.0
  Ink: https://github.com/johnsundell/ink.git @ 0.5.1
  Sweep: https://github.com/johnsundell/sweep.git @ 0.4.0
  CollectionConcurrencyKit: https://github.com/johnsundell/collectionConcurrencyKit.git @ 0.2.0

Prepare packages

Computing target dependency graph and provisioning inputs

Create build description
Build description signature: dd48bff4540fda622cf52a4b2b436501
Build description path: /Users/builder/builds/o86TiJKT/1/finestructure/swiftpackageindex-builder/spi-builder-workspace/.derivedData/Build/Intermediates.noindex/XCBuildData/dd48bff4540fda622cf52a4b2b436501.xcbuilddata

note: Building targets in dependency order
note: Target dependency graph (19 targets)
    Target 'ReadingTimePublishPluginTests' in project 'ReadingTimePublishPlugin'
        ➜ Explicit dependency on target 'ReadingTimePublishPlugin' in project 'ReadingTimePublishPlugin'
        ➜ Explicit dependency on target 'Publish' in project 'Publish'
    Target 'ReadingTimePublishPlugin' in project 'ReadingTimePublishPlugin'
        ➜ Explicit dependency on target 'ReadingTimePublishPlugin' in project 'ReadingTimePublishPlugin'
        ➜ Explicit dependency on target 'Publish' in project 'Publish'
    Target 'ReadingTimePublishPlugin' in project 'ReadingTimePublishPlugin'
        ➜ Explicit dependency on target 'Publish' in project 'Publish'
    Target 'Publish' in project 'Publish'
        ➜ Explicit dependency on target 'Publish' in project 'Publish'
        ➜ Explicit dependency on target 'Ink' in project 'Ink'
        ➜ Explicit dependency on target 'Plot' in project 'Plot'
        ➜ Explicit dependency on target 'Files' in project 'Files'
        ➜ Explicit dependency on target 'Codextended' in project 'Codextended'
        ➜ Explicit dependency on target 'ShellOut' in project 'ShellOut'
        ➜ Explicit dependency on target 'Sweep' in project 'Sweep'
        ➜ Explicit dependency on target 'CollectionConcurrencyKit' in project 'CollectionConcurrencyKit'
    Target 'Publish' in project 'Publish'
        ➜ Explicit dependency on target 'Ink' in project 'Ink'
        ➜ Explicit dependency on target 'Plot' in project 'Plot'
        ➜ Explicit dependency on target 'Files' in project 'Files'
        ➜ Explicit dependency on target 'Codextended' in project 'Codextended'
        ➜ Explicit dependency on target 'ShellOut' in project 'ShellOut'
        ➜ Explicit dependency on target 'Sweep' in project 'Sweep'
        ➜ Explicit dependency on target 'CollectionConcurrencyKit' in project 'CollectionConcurrencyKit'
    Target 'CollectionConcurrencyKit' in project 'CollectionConcurrencyKit'
        ➜ Explicit dependency on target 'CollectionConcurrencyKit' in project 'CollectionConcurrencyKit'
    Target 'CollectionConcurrencyKit' in project 'CollectionConcurrencyKit' (no dependencies)
    Target 'Sweep' in project 'Sweep'
        ➜ Explicit dependency on target 'Sweep' in project 'Sweep'
    Target 'Sweep' in project 'Sweep' (no dependencies)
    Target 'ShellOut' in project 'ShellOut'
        ➜ Explicit dependency on target 'ShellOut' in project 'ShellOut'
    Target 'ShellOut' in project 'ShellOut' (no dependencies)
    Target 'Codextended' in project 'Codextended'
        ➜ Explicit dependency on target 'Codextended' in project 'Codextended'
    Target 'Codextended' in project 'Codextended' (no dependencies)
    Target 'Files' in project 'Files'
        ➜ Explicit dependency on target 'Files' in project 'Files'
    Target 'Files' in project 'Files' (no dependencies)
    Target 'Plot' in project 'Plot'
        ➜ Explicit dependency on target 'Plot' in project 'Plot'
    Target 'Plot' in project 'Plot' (no dependencies)
    Target 'Ink' in project 'Ink'
        ➜ Explicit dependency on target 'Ink' in project 'Ink'
    Target 'Ink' in project 'Ink' (no dependencies)
error: The package product 'CollectionConcurrencyKit' requires minimum platform version 6.0 for the watchOS platform, but this target supports 5.0 (in target 'Publish' from project 'Publish')
** BUILD FAILED **
Retrying in 0 seconds ...
BUILD FAILURE 5.9 watchos

Build Machine: Mac 5