The Swift Package Index logo.Swift Package Index

Build Information

Failed to build spmgraph, reference main (47ad8a), with Swift 6.4 for Android on 23 Sep 2026 07:30:52 UTC.

Build Command

bash -c docker run --pull=always --rm -v "checkouts-54344845-0":/host -w "$PWD" -e JAVA_HOME="/root/.sdkman/candidates/java/current" -e SPI_BUILD="1" -e SPI_PROCESSING="1" registry.gitlab.com/saguaro1/spi-images:android-6.4-latest swift build --swift-sdk aarch64-unknown-linux-android28 2>&1

Build Log

========================================
RunAll
========================================
Builder version: 5.1.0
Interrupt handler set up.
========================================
Checkout
========================================
Clone URL: https://github.com/getyourguide/spmgraph.git
Reference: main
Initialized empty Git repository in /host/spi-builder-workspace/.git/
hint: Using 'master' as the name for the initial branch. This default branch name
hint: is subject to change. To configure the initial branch name to use in all
hint: of your new repositories, which will suppress this warning, call:
hint:
hint: 	git config --global init.defaultBranch <name>
hint:
hint: Names commonly chosen instead of 'master' are 'main', 'trunk' and
hint: 'development'. The just-created branch can be renamed via this command:
hint:
hint: 	git branch -m <name>
From https://github.com/getyourguide/spmgraph
 * branch            main       -> FETCH_HEAD
 * [new branch]      main       -> origin/main
HEAD is now at 47ad8ac Merge pull request #45 from getyourguide/readme-tweaks
Cloned https://github.com/getyourguide/spmgraph.git
Revision (git rev-parse @):
47ad8ac436a4f342145f3a3a612736d91e4882cd
SUCCESS checkout https://github.com/getyourguide/spmgraph.git at main
========================================
Build
========================================
Selected platform:         android
Swift version:             6.4
Building package at path:  $PWD
https://github.com/getyourguide/spmgraph.git
Running build ...
bash -c docker run --pull=always --rm -v "checkouts-54344845-0":/host -w "$PWD" -e JAVA_HOME="/root/.sdkman/candidates/java/current" -e SPI_BUILD="1" -e SPI_PROCESSING="1" registry.gitlab.com/saguaro1/spi-images:android-6.4-latest swift build --swift-sdk aarch64-unknown-linux-android28 2>&1
android-6.4-latest: Pulling from saguaro1/spi-images
Digest: sha256:abadcff584c273feba50641b454858d377ba30b35ea7287a94f45ebd8afd0ea0
Status: Image is up to date for registry.gitlab.com/saguaro1/spi-images:android-6.4-latest
Fetching https://github.com/apple/swift-package-manager
[1/192057] Fetching swift-package-manager
Fetched https://github.com/apple/swift-package-manager (8.80s)
Fetching https://github.com/aus-der-Technik/FileMonitor
[1/551] Fetching filemonitor
Fetched https://github.com/aus-der-Technik/FileMonitor (0.63s)
Fetching https://github.com/swiftlang/swift-llbuild.git
[1/29920] Fetching swift-llbuild
Fetched https://github.com/swiftlang/swift-llbuild.git (2.49s)
Fetching https://github.com/swiftlang/swift-syntax.git
[1/80014] Fetching swift-syntax
Fetched https://github.com/swiftlang/swift-syntax.git (4.08s)
Fetching https://github.com/swiftlang/swift-tools-support-core.git
[1/7399] Fetching swift-tools-support-core
Fetched https://github.com/swiftlang/swift-tools-support-core.git (0.65s)
Fetching https://github.com/swiftlang/swift-driver.git
[1/39078] Fetching swift-driver
Fetched https://github.com/swiftlang/swift-driver.git (1.81s)
Fetching https://github.com/apple/swift-argument-parser.git
Fetching https://github.com/swiftlang/swift-toolchain-sqlite
Fetching https://github.com/apple/swift-collections.git
Fetching https://github.com/apple/swift-system.git
Fetching https://github.com/apple/swift-crypto.git
[1/18549] Fetching swift-crypto
[743/25465] Fetching swift-crypto, swift-system
[951/25841] Fetching swift-crypto, swift-system, swift-toolchain-sqlite
[8780/44759] Fetching swift-crypto, swift-system, swift-toolchain-sqlite, swift-argument-parser
[9771/72452] Fetching swift-crypto, swift-system, swift-toolchain-sqlite, swift-argument-parser, swift-collections
Fetched https://github.com/apple/swift-system.git (0.78s)
Fetching https://github.com/apple/swift-certificates.git
[8136/65536] Fetching swift-crypto, swift-toolchain-sqlite, swift-argument-parser, swift-collections
Fetching https://github.com/tuist/GraphViz.git
Fetched https://github.com/apple/swift-argument-parser.git (1.21s)
[28552/46618] Fetching swift-crypto, swift-toolchain-sqlite, swift-collections
[36232/54193] Fetching swift-crypto, swift-toolchain-sqlite, swift-collections, swift-certificates
Fetched https://github.com/apple/swift-certificates.git (0.89s)
[1/572] Fetching graphviz
Fetched https://github.com/tuist/GraphViz.git (0.62s)
Fetched https://github.com/swiftlang/swift-toolchain-sqlite (1.95s)
Fetched https://github.com/apple/swift-collections.git (2.11s)
Fetched https://github.com/apple/swift-crypto.git (2.11s)
Computing version for https://github.com/apple/swift-argument-parser.git
Computed https://github.com/apple/swift-argument-parser.git at 1.6.2 (2.49s)
Computing version for https://github.com/apple/swift-crypto.git
Computed https://github.com/apple/swift-crypto.git at 3.0.0 (0.36s)
Computing version for https://github.com/tuist/GraphViz.git
Computed https://github.com/tuist/GraphViz.git at 0.4.2 (0.37s)
Computing version for https://github.com/apple/swift-certificates.git
Computed https://github.com/apple/swift-certificates.git at 1.5.0 (0.45s)
Fetching https://github.com/apple/swift-asn1.git
[1/1983] Fetching swift-asn1
Fetched https://github.com/apple/swift-asn1.git (0.54s)
Computing version for https://github.com/apple/swift-collections.git
Computed https://github.com/apple/swift-collections.git at 1.1.6 (1.04s)
Computing version for https://github.com/apple/swift-asn1.git
Computed https://github.com/apple/swift-asn1.git at 1.7.3 (0.37s)
Computing version for https://github.com/swiftlang/swift-toolchain-sqlite
Computed https://github.com/swiftlang/swift-toolchain-sqlite at 1.0.13 (0.35s)
Computing version for https://github.com/apple/swift-system.git
Computed https://github.com/apple/swift-system.git at 1.8.1 (0.35s)
Creating working copy for https://github.com/apple/swift-asn1.git
Working copy of https://github.com/apple/swift-asn1.git resolved at 1.7.3
Creating working copy for https://github.com/swiftlang/swift-llbuild.git
Working copy of https://github.com/swiftlang/swift-llbuild.git resolved at release/6.2 (073dff5)
Creating working copy for https://github.com/apple/swift-system.git
Working copy of https://github.com/apple/swift-system.git resolved at 1.8.1
Creating working copy for https://github.com/aus-der-Technik/FileMonitor
Working copy of https://github.com/aus-der-Technik/FileMonitor resolved at 1.2.0 (ef22f14)
Creating working copy for https://github.com/swiftlang/swift-toolchain-sqlite
Working copy of https://github.com/swiftlang/swift-toolchain-sqlite resolved at 1.0.13
Creating working copy for https://github.com/tuist/GraphViz.git
Working copy of https://github.com/tuist/GraphViz.git resolved at 0.4.2
Creating working copy for https://github.com/swiftlang/swift-syntax.git
Working copy of https://github.com/swiftlang/swift-syntax.git resolved at release/6.2 (5a87516)
Creating working copy for https://github.com/apple/swift-collections.git
Working copy of https://github.com/apple/swift-collections.git resolved at 1.1.6
Creating working copy for https://github.com/swiftlang/swift-driver.git
Working copy of https://github.com/swiftlang/swift-driver.git resolved at release/6.2 (aedacc6)
Creating working copy for https://github.com/apple/swift-crypto.git
Working copy of https://github.com/apple/swift-crypto.git resolved at 3.0.0
Creating working copy for https://github.com/apple/swift-certificates.git
Working copy of https://github.com/apple/swift-certificates.git resolved at 1.5.0
Creating working copy for https://github.com/apple/swift-argument-parser.git
Working copy of https://github.com/apple/swift-argument-parser.git resolved at 1.6.2
Creating working copy for https://github.com/apple/swift-package-manager
Working copy of https://github.com/apple/swift-package-manager resolved at swift-6.2-RELEASE (3cf1cb6)
Creating working copy for https://github.com/swiftlang/swift-tools-support-core.git
Working copy of https://github.com/swiftlang/swift-tools-support-core.git resolved at release/6.2 (5a993c8)
warning: 'swift-package-manager': couldn't find pc file for sqlite3
Building for debugging...
[Computing dependencies]
[Constructing description]
[Pre-planning 1 / 1975]
[Planning 1069 / 1975]
[Planning 1934 / 1975]
[Planning deferred tasks]
[Constructing 873 / 4665]
[Starting]
[169 / 1191] SPMGraphKit-product
[388 / 1217] SwiftSyntax601
[405 / 1247] SwiftSyntax602
[425 / 1251] TSCclibc
[433 / 1251] _SwiftSyntaxCShims
[440 / 1251] SwiftSyntax602
[441 / 1251] TSCLibc
[457 / 1251] TSCBasic
[458 / 1251] _CertificateInternals
[473 / 1255] SwiftSyntax600
[478 / 1257] SwiftSyntax510
[481 / 1257] SwiftSyntax510
[484 / 1257] SwiftASN1
[488 / 1257] SwiftASN1
[490 / 1257] SwiftASN1-product
[494 / 1257] InternalCollectionsUtilities
[495 / 1257] InternalCollectionsUtilities
[497 / 1257] OrderedCollections
[500 / 1257] InternalCollectionsUtilities
[501 / 1257] GraphViz
[503 / 1257] GraphViz
[504 / 1258] InternalCollectionsUtilities
[509 / 1259] InternalCollectionsUtilities
[510 / 1260] GraphViz
[515 / 1260] GraphViz
[521 / 1262] SwiftSyntax602
[529 / 1272] ArgumentParserToolInfo
[534 / 1274] SystemPackage
[535 / 1275] SystemPackage
[536 / 1275] ArgumentParserToolInfo
[538 / 1275] ArgumentParserToolInfo
[543 / 1275] SystemPackage
[544 / 1276] InternalCollectionsUtilities
[550 / 1276] PackageCollectionsModel
[555 / 1276]
[556 / 1277]
[566 / 1290] CCryptoBoringSSL
[568 / 1290] CCryptoBoringSSL
[570 / 1290] CCryptoBoringSSL
[572 / 1290] CCryptoBoringSSL
[575 / 1290] CCryptoBoringSSL
[578 / 1290] CCryptoBoringSSL
[581 / 1290] CCryptoBoringSSL
[599 / 1290] CCryptoBoringSSL
[603 / 1291] CCryptoBoringSSL
[613 / 1292] CCryptoBoringSSL
[619 / 1292] CCryptoBoringSSL
[630 / 1292] CCryptoBoringSSL
[636 / 1292] CCryptoBoringSSL
[644 / 1292] CCryptoBoringSSL
[651 / 1292] CCryptoBoringSSL
[658 / 1292] CCryptoBoringSSL
[671 / 1292] CCryptoBoringSSL
[676 / 1292] CCryptoBoringSSL
[690 / 1292] CCryptoBoringSSL
[708 / 1292] CCryptoBoringSSL
[722 / 1292] CCryptoBoringSSL
[733 / 1292] CCryptoBoringSSL
[745 / 1292] CCryptoBoringSSL
[753 / 1292] CCryptoBoringSSL
[757 / 1292] CCryptoBoringSSL
[768 / 1292] CCryptoBoringSSL
[783 / 1292] CCryptoBoringSSL
[789 / 1292] CCryptoBoringSSL
[802 / 1292] CCryptoBoringSSL
[812 / 1292] CCryptoBoringSSL
[831 / 1292] CCryptoBoringSSL
[841 / 1292] CCryptoBoringSSL
[852 / 1292] CCryptoBoringSSL
[864 / 1292] CCryptoBoringSSL
[870 / 1292] CCryptoBoringSSL
[881 / 1292] CCryptoBoringSSL
[891 / 1292] CCryptoBoringSSL
[907 / 1292] CCryptoBoringSSL
[919 / 1292] CCryptoBoringSSL
[931 / 1292] CCryptoBoringSSL
[944 / 1292] CCryptoBoringSSL
[958 / 1292] CCryptoBoringSSL
[975 / 1292] CCryptoBoringSSL
[984 / 1292] CCryptoBoringSSL
[995 / 1292] TSCUtility
[998 / 1292] CCryptoBoringSSL
error: SwiftCompile normal aarch64 /host/spi-builder-workspace/.build/checkouts/swift-tools-support-core/Sources/TSCBasic/Process/Process.swift failed with a nonzero exit code. Command line:     cd /host
    builtin-SwiftPerFileCompile Process.swift
/host/spi-builder-workspace/.build/checkouts/swift-tools-support-core/Sources/TSCBasic/Process/Process.swift:635:41: error: cannot convert value of type 'UnsafeMutablePointer<posix_spawnattr_t?>' (aka 'UnsafeMutablePointer<Optional<OpaquePointer>>') to expected argument type 'UnsafeMutablePointer<posix_spawnattr_t>' (aka 'UnsafeMutablePointer<OpaquePointer>')
 633 |       #endif
 634 |         posix_spawnattr_init(&attributes)
 635 |         defer { posix_spawnattr_destroy(&attributes) }
     |                                         |- error: cannot convert value of type 'UnsafeMutablePointer<posix_spawnattr_t?>' (aka 'UnsafeMutablePointer<Optional<OpaquePointer>>') to expected argument type 'UnsafeMutablePointer<posix_spawnattr_t>' (aka 'UnsafeMutablePointer<OpaquePointer>')
     |                                         `- note: arguments to generic parameter 'Pointee' ('posix_spawnattr_t?' (aka 'Optional<OpaquePointer>') and 'posix_spawnattr_t' (aka 'OpaquePointer')) are expected to be equal
 636 |
 637 |         // Unmask all signals.
/host/spi-builder-workspace/.build/checkouts/swift-tools-support-core/Sources/TSCBasic/Process/Process.swift:640:36: error: cannot convert value of type 'UnsafeMutablePointer<posix_spawnattr_t?>' (aka 'UnsafeMutablePointer<Optional<OpaquePointer>>') to expected argument type 'UnsafeMutablePointer<posix_spawnattr_t>' (aka 'UnsafeMutablePointer<OpaquePointer>')
 638 |         var noSignals = sigset_t()
 639 |         sigemptyset(&noSignals)
 640 |         posix_spawnattr_setsigmask(&attributes, &noSignals)
     |                                    |- error: cannot convert value of type 'UnsafeMutablePointer<posix_spawnattr_t?>' (aka 'UnsafeMutablePointer<Optional<OpaquePointer>>') to expected argument type 'UnsafeMutablePointer<posix_spawnattr_t>' (aka 'UnsafeMutablePointer<OpaquePointer>')
     |                                    `- note: arguments to generic parameter 'Pointee' ('posix_spawnattr_t?' (aka 'Optional<OpaquePointer>') and 'posix_spawnattr_t' (aka 'OpaquePointer')) are expected to be equal
 641 |
 642 |         // Reset all signals to default behavior.
/host/spi-builder-workspace/.build/checkouts/swift-tools-support-core/Sources/TSCBasic/Process/Process.swift:660:39: error: cannot convert value of type 'UnsafeMutablePointer<posix_spawnattr_t?>' (aka 'UnsafeMutablePointer<Optional<OpaquePointer>>') to expected argument type 'UnsafeMutablePointer<posix_spawnattr_t>' (aka 'UnsafeMutablePointer<OpaquePointer>')
 658 |             sigaddset(&mostSignals, i)
 659 |         }
 660 |         posix_spawnattr_setsigdefault(&attributes, &mostSignals)
     |                                       |- error: cannot convert value of type 'UnsafeMutablePointer<posix_spawnattr_t?>' (aka 'UnsafeMutablePointer<Optional<OpaquePointer>>') to expected argument type 'UnsafeMutablePointer<posix_spawnattr_t>' (aka 'UnsafeMutablePointer<OpaquePointer>')
     |                                       `- note: arguments to generic parameter 'Pointee' ('posix_spawnattr_t?' (aka 'Optional<OpaquePointer>') and 'posix_spawnattr_t' (aka 'OpaquePointer')) are expected to be equal
 661 |       #endif
 662 |
/host/spi-builder-workspace/.build/checkouts/swift-tools-support-core/Sources/TSCBasic/Process/Process.swift:668:39: error: cannot convert value of type 'UnsafeMutablePointer<posix_spawnattr_t?>' (aka 'UnsafeMutablePointer<Optional<OpaquePointer>>') to expected argument type 'UnsafeMutablePointer<posix_spawnattr_t>' (aka 'UnsafeMutablePointer<OpaquePointer>')
 666 |             // Establish a separate process group.
 667 |             flags |= POSIX_SPAWN_SETPGROUP
 668 |             posix_spawnattr_setpgroup(&attributes, 0)
     |                                       |- error: cannot convert value of type 'UnsafeMutablePointer<posix_spawnattr_t?>' (aka 'UnsafeMutablePointer<Optional<OpaquePointer>>') to expected argument type 'UnsafeMutablePointer<posix_spawnattr_t>' (aka 'UnsafeMutablePointer<OpaquePointer>')
     |                                       `- note: arguments to generic parameter 'Pointee' ('posix_spawnattr_t?' (aka 'Optional<OpaquePointer>') and 'posix_spawnattr_t' (aka 'OpaquePointer')) are expected to be equal
 669 |         }
 670 |
/host/spi-builder-workspace/.build/checkouts/swift-tools-support-core/Sources/TSCBasic/Process/Process.swift:671:34: error: cannot convert value of type 'UnsafeMutablePointer<posix_spawnattr_t?>' (aka 'UnsafeMutablePointer<Optional<OpaquePointer>>') to expected argument type 'UnsafeMutablePointer<posix_spawnattr_t>' (aka 'UnsafeMutablePointer<OpaquePointer>')
 669 |         }
 670 |
 671 |         posix_spawnattr_setflags(&attributes, Int16(flags))
     |                                  |- error: cannot convert value of type 'UnsafeMutablePointer<posix_spawnattr_t?>' (aka 'UnsafeMutablePointer<Optional<OpaquePointer>>') to expected argument type 'UnsafeMutablePointer<posix_spawnattr_t>' (aka 'UnsafeMutablePointer<OpaquePointer>')
     |                                  `- note: arguments to generic parameter 'Pointee' ('posix_spawnattr_t?' (aka 'Optional<OpaquePointer>') and 'posix_spawnattr_t' (aka 'OpaquePointer')) are expected to be equal
 672 |
 673 |         // Setup the file actions.
/host/spi-builder-workspace/.build/checkouts/swift-tools-support-core/Sources/TSCBasic/Process/Process.swift:680:50: error: cannot convert value of type 'UnsafeMutablePointer<posix_spawn_file_actions_t?>' (aka 'UnsafeMutablePointer<Optional<OpaquePointer>>') to expected argument type 'UnsafeMutablePointer<posix_spawn_file_actions_t>' (aka 'UnsafeMutablePointer<OpaquePointer>')
 678 |       #endif
 679 |         posix_spawn_file_actions_init(&fileActions)
 680 |         defer { posix_spawn_file_actions_destroy(&fileActions) }
     |                                                  |- error: cannot convert value of type 'UnsafeMutablePointer<posix_spawn_file_actions_t?>' (aka 'UnsafeMutablePointer<Optional<OpaquePointer>>') to expected argument type 'UnsafeMutablePointer<posix_spawn_file_actions_t>' (aka 'UnsafeMutablePointer<OpaquePointer>')
     |                                                  `- note: arguments to generic parameter 'Pointee' ('posix_spawn_file_actions_t?' (aka 'Optional<OpaquePointer>') and 'posix_spawn_file_actions_t' (aka 'OpaquePointer')) are expected to be equal
 681 |
 682 |         if let workingDirectory = workingDirectory?.pathString {
/host/spi-builder-workspace/.build/checkouts/swift-tools-support-core/Sources/TSCBasic/Process/Process.swift:699:42: error: cannot convert value of type 'UnsafeMutablePointer<posix_spawn_file_actions_t?>' (aka 'UnsafeMutablePointer<Optional<OpaquePointer>>') to expected argument type 'UnsafeMutablePointer<posix_spawn_file_actions_t>' (aka 'UnsafeMutablePointer<OpaquePointer>')
 697 |
 698 |         // Dupe the read portion of the remote to 0.
 699 |         posix_spawn_file_actions_adddup2(&fileActions, stdinPipe[0], 0)
     |                                          |- error: cannot convert value of type 'UnsafeMutablePointer<posix_spawn_file_actions_t?>' (aka 'UnsafeMutablePointer<Optional<OpaquePointer>>') to expected argument type 'UnsafeMutablePointer<posix_spawn_file_actions_t>' (aka 'UnsafeMutablePointer<OpaquePointer>')
     |                                          `- note: arguments to generic parameter 'Pointee' ('posix_spawn_file_actions_t?' (aka 'Optional<OpaquePointer>') and 'posix_spawn_file_actions_t' (aka 'OpaquePointer')) are expected to be equal
 700 |
 701 |         // Close the other side's pipe since it was dupped to 0.
/host/spi-builder-workspace/.build/checkouts/swift-tools-support-core/Sources/TSCBasic/Process/Process.swift:702:43: error: cannot convert value of type 'UnsafeMutablePointer<posix_spawn_file_actions_t?>' (aka 'UnsafeMutablePointer<Optional<OpaquePointer>>') to expected argument type 'UnsafeMutablePointer<posix_spawn_file_actions_t>' (aka 'UnsafeMutablePointer<OpaquePointer>')
 700 |
 701 |         // Close the other side's pipe since it was dupped to 0.
 702 |         posix_spawn_file_actions_addclose(&fileActions, stdinPipe[0])
     |                                           |- error: cannot convert value of type 'UnsafeMutablePointer<posix_spawn_file_actions_t?>' (aka 'UnsafeMutablePointer<Optional<OpaquePointer>>') to expected argument type 'UnsafeMutablePointer<posix_spawn_file_actions_t>' (aka 'UnsafeMutablePointer<OpaquePointer>')
     |                                           `- note: arguments to generic parameter 'Pointee' ('posix_spawn_file_actions_t?' (aka 'Optional<OpaquePointer>') and 'posix_spawn_file_actions_t' (aka 'OpaquePointer')) are expected to be equal
 703 |         posix_spawn_file_actions_addclose(&fileActions, stdinPipe[1])
 704 |
/host/spi-builder-workspace/.build/checkouts/swift-tools-support-core/Sources/TSCBasic/Process/Process.swift:703:43: error: cannot convert value of type 'UnsafeMutablePointer<posix_spawn_file_actions_t?>' (aka 'UnsafeMutablePointer<Optional<OpaquePointer>>') to expected argument type 'UnsafeMutablePointer<posix_spawn_file_actions_t>' (aka 'UnsafeMutablePointer<OpaquePointer>')
 701 |         // Close the other side's pipe since it was dupped to 0.
 702 |         posix_spawn_file_actions_addclose(&fileActions, stdinPipe[0])
 703 |         posix_spawn_file_actions_addclose(&fileActions, stdinPipe[1])
     |                                           |- error: cannot convert value of type 'UnsafeMutablePointer<posix_spawn_file_actions_t?>' (aka 'UnsafeMutablePointer<Optional<OpaquePointer>>') to expected argument type 'UnsafeMutablePointer<posix_spawn_file_actions_t>' (aka 'UnsafeMutablePointer<OpaquePointer>')
     |                                           `- note: arguments to generic parameter 'Pointee' ('posix_spawn_file_actions_t?' (aka 'Optional<OpaquePointer>') and 'posix_spawn_file_actions_t' (aka 'OpaquePointer')) are expected to be equal
 704 |
 705 |         var outputPipe: [Int32] = [-1, -1]
/host/spi-builder-workspace/.build/checkouts/swift-tools-support-core/Sources/TSCBasic/Process/Process.swift:712:46: error: cannot convert value of type 'UnsafeMutablePointer<posix_spawn_file_actions_t?>' (aka 'UnsafeMutablePointer<Optional<OpaquePointer>>') to expected argument type 'UnsafeMutablePointer<posix_spawn_file_actions_t>' (aka 'UnsafeMutablePointer<OpaquePointer>')
 710 |
 711 |             // Open the write end of the pipe.
 712 |             posix_spawn_file_actions_adddup2(&fileActions, outputPipe[1], 1)
     |                                              |- error: cannot convert value of type 'UnsafeMutablePointer<posix_spawn_file_actions_t?>' (aka 'UnsafeMutablePointer<Optional<OpaquePointer>>') to expected argument type 'UnsafeMutablePointer<posix_spawn_file_actions_t>' (aka 'UnsafeMutablePointer<OpaquePointer>')
     |                                              `- note: arguments to generic parameter 'Pointee' ('posix_spawn_file_actions_t?' (aka 'Optional<OpaquePointer>') and 'posix_spawn_file_actions_t' (aka 'OpaquePointer')) are expected to be equal
 713 |
 714 |             // Close the other ends of the pipe since they were dupped to 1.
/host/spi-builder-workspace/.build/checkouts/swift-tools-support-core/Sources/TSCBasic/Process/Process.swift:715:47: error: cannot convert value of type 'UnsafeMutablePointer<posix_spawn_file_actions_t?>' (aka 'UnsafeMutablePointer<Optional<OpaquePointer>>') to expected argument type 'UnsafeMutablePointer<posix_spawn_file_actions_t>' (aka 'UnsafeMutablePointer<OpaquePointer>')
 713 |
 714 |             // Close the other ends of the pipe since they were dupped to 1.
 715 |             posix_spawn_file_actions_addclose(&fileActions, outputPipe[0])
     |                                               |- error: cannot convert value of type 'UnsafeMutablePointer<posix_spawn_file_actions_t?>' (aka 'UnsafeMutablePointer<Optional<OpaquePointer>>') to expected argument type 'UnsafeMutablePointer<posix_spawn_file_actions_t>' (aka 'UnsafeMutablePointer<OpaquePointer>')
     |                                               `- note: arguments to generic parameter 'Pointee' ('posix_spawn_file_actions_t?' (aka 'Optional<OpaquePointer>') and 'posix_spawn_file_actions_t' (aka 'OpaquePointer')) are expected to be equal
 716 |             posix_spawn_file_actions_addclose(&fileActions, outputPipe[1])
 717 |
/host/spi-builder-workspace/.build/checkouts/swift-tools-support-core/Sources/TSCBasic/Process/Process.swift:716:47: error: cannot convert value of type 'UnsafeMutablePointer<posix_spawn_file_actions_t?>' (aka 'UnsafeMutablePointer<Optional<OpaquePointer>>') to expected argument type 'UnsafeMutablePointer<posix_spawn_file_actions_t>' (aka 'UnsafeMutablePointer<OpaquePointer>')
 714 |             // Close the other ends of the pipe since they were dupped to 1.
 715 |             posix_spawn_file_actions_addclose(&fileActions, outputPipe[0])
 716 |             posix_spawn_file_actions_addclose(&fileActions, outputPipe[1])
     |                                               |- error: cannot convert value of type 'UnsafeMutablePointer<posix_spawn_file_actions_t?>' (aka 'UnsafeMutablePointer<Optional<OpaquePointer>>') to expected argument type 'UnsafeMutablePointer<posix_spawn_file_actions_t>' (aka 'UnsafeMutablePointer<OpaquePointer>')
     |                                               `- note: arguments to generic parameter 'Pointee' ('posix_spawn_file_actions_t?' (aka 'Optional<OpaquePointer>') and 'posix_spawn_file_actions_t' (aka 'OpaquePointer')) are expected to be equal
 717 |
 718 |             if outputRedirection.redirectStderr {
/host/spi-builder-workspace/.build/checkouts/swift-tools-support-core/Sources/TSCBasic/Process/Process.swift:720:50: error: cannot convert value of type 'UnsafeMutablePointer<posix_spawn_file_actions_t?>' (aka 'UnsafeMutablePointer<Optional<OpaquePointer>>') to expected argument type 'UnsafeMutablePointer<posix_spawn_file_actions_t>' (aka 'UnsafeMutablePointer<OpaquePointer>')
 718 |             if outputRedirection.redirectStderr {
 719 |                 // If merged was requested, send stderr to stdout.
 720 |                 posix_spawn_file_actions_adddup2(&fileActions, 1, 2)
     |                                                  |- error: cannot convert value of type 'UnsafeMutablePointer<posix_spawn_file_actions_t?>' (aka 'UnsafeMutablePointer<Optional<OpaquePointer>>') to expected argument type 'UnsafeMutablePointer<posix_spawn_file_actions_t>' (aka 'UnsafeMutablePointer<OpaquePointer>')
     |                                                  `- note: arguments to generic parameter 'Pointee' ('posix_spawn_file_actions_t?' (aka 'Optional<OpaquePointer>') and 'posix_spawn_file_actions_t' (aka 'OpaquePointer')) are expected to be equal
 721 |             } else {
 722 |                 // If no redirect was requested, open the pipe for stderr.
/host/spi-builder-workspace/.build/checkouts/swift-tools-support-core/Sources/TSCBasic/Process/Process.swift:724:50: error: cannot convert value of type 'UnsafeMutablePointer<posix_spawn_file_actions_t?>' (aka 'UnsafeMutablePointer<Optional<OpaquePointer>>') to expected argument type 'UnsafeMutablePointer<posix_spawn_file_actions_t>' (aka 'UnsafeMutablePointer<OpaquePointer>')
 722 |                 // If no redirect was requested, open the pipe for stderr.
 723 |                 try open(pipe: &stderrPipe)
 724 |                 posix_spawn_file_actions_adddup2(&fileActions, stderrPipe[1], 2)
     |                                                  |- error: cannot convert value of type 'UnsafeMutablePointer<posix_spawn_file_actions_t?>' (aka 'UnsafeMutablePointer<Optional<OpaquePointer>>') to expected argument type 'UnsafeMutablePointer<posix_spawn_file_actions_t>' (aka 'UnsafeMutablePointer<OpaquePointer>')
     |                                                  `- note: arguments to generic parameter 'Pointee' ('posix_spawn_file_actions_t?' (aka 'Optional<OpaquePointer>') and 'posix_spawn_file_actions_t' (aka 'OpaquePointer')) are expected to be equal
 725 |
 726 |                 // Close the other ends of the pipe since they were dupped to 2.
/host/spi-builder-workspace/.build/checkouts/swift-tools-support-core/Sources/TSCBasic/Process/Process.swift:727:51: error: cannot convert value of type 'UnsafeMutablePointer<posix_spawn_file_actions_t?>' (aka 'UnsafeMutablePointer<Optional<OpaquePointer>>') to expected argument type 'UnsafeMutablePointer<posix_spawn_file_actions_t>' (aka 'UnsafeMutablePointer<OpaquePointer>')
 725 |
 726 |                 // Close the other ends of the pipe since they were dupped to 2.
 727 |                 posix_spawn_file_actions_addclose(&fileActions, stderrPipe[0])
     |                                                   |- error: cannot convert value of type 'UnsafeMutablePointer<posix_spawn_file_actions_t?>' (aka 'UnsafeMutablePointer<Optional<OpaquePointer>>') to expected argument type 'UnsafeMutablePointer<posix_spawn_file_actions_t>' (aka 'UnsafeMutablePointer<OpaquePointer>')
     |                                                   `- note: arguments to generic parameter 'Pointee' ('posix_spawn_file_actions_t?' (aka 'Optional<OpaquePointer>') and 'posix_spawn_file_actions_t' (aka 'OpaquePointer')) are expected to be equal
 728 |                 posix_spawn_file_actions_addclose(&fileActions, stderrPipe[1])
 729 |             }
/host/spi-builder-workspace/.build/checkouts/swift-tools-support-core/Sources/TSCBasic/Process/Process.swift:728:51: error: cannot convert value of type 'UnsafeMutablePointer<posix_spawn_file_actions_t?>' (aka 'UnsafeMutablePointer<Optional<OpaquePointer>>') to expected argument type 'UnsafeMutablePointer<posix_spawn_file_actions_t>' (aka 'UnsafeMutablePointer<OpaquePointer>')
 726 |                 // Close the other ends of the pipe since they were dupped to 2.
 727 |                 posix_spawn_file_actions_addclose(&fileActions, stderrPipe[0])
 728 |                 posix_spawn_file_actions_addclose(&fileActions, stderrPipe[1])
     |                                                   |- error: cannot convert value of type 'UnsafeMutablePointer<posix_spawn_file_actions_t?>' (aka 'UnsafeMutablePointer<Optional<OpaquePointer>>') to expected argument type 'UnsafeMutablePointer<posix_spawn_file_actions_t>' (aka 'UnsafeMutablePointer<OpaquePointer>')
     |                                                   `- note: arguments to generic parameter 'Pointee' ('posix_spawn_file_actions_t?' (aka 'Optional<OpaquePointer>') and 'posix_spawn_file_actions_t' (aka 'OpaquePointer')) are expected to be equal
 729 |             }
 730 |         } else {
/host/spi-builder-workspace/.build/checkouts/swift-tools-support-core/Sources/TSCBasic/Process/Process.swift:731:46: error: cannot convert value of type 'UnsafeMutablePointer<posix_spawn_file_actions_t?>' (aka 'UnsafeMutablePointer<Optional<OpaquePointer>>') to expected argument type 'UnsafeMutablePointer<posix_spawn_file_actions_t>' (aka 'UnsafeMutablePointer<OpaquePointer>')
 729 |             }
 730 |         } else {
 731 |             posix_spawn_file_actions_adddup2(&fileActions, 1, 1)
     |                                              |- error: cannot convert value of type 'UnsafeMutablePointer<posix_spawn_file_actions_t?>' (aka 'UnsafeMutablePointer<Optional<OpaquePointer>>') to expected argument type 'UnsafeMutablePointer<posix_spawn_file_actions_t>' (aka 'UnsafeMutablePointer<OpaquePointer>')
     |                                              `- note: arguments to generic parameter 'Pointee' ('posix_spawn_file_actions_t?' (aka 'Optional<OpaquePointer>') and 'posix_spawn_file_actions_t' (aka 'OpaquePointer')) are expected to be equal
 732 |             posix_spawn_file_actions_adddup2(&fileActions, 2, 2)
 733 |         }
/host/spi-builder-workspace/.build/checkouts/swift-tools-support-core/Sources/TSCBasic/Process/Process.swift:732:46: error: cannot convert value of type 'UnsafeMutablePointer<posix_spawn_file_actions_t?>' (aka 'UnsafeMutablePointer<Optional<OpaquePointer>>') to expected argument type 'UnsafeMutablePointer<posix_spawn_file_actions_t>' (aka 'UnsafeMutablePointer<OpaquePointer>')
 730 |         } else {
 731 |             posix_spawn_file_actions_adddup2(&fileActions, 1, 1)
 732 |             posix_spawn_file_actions_adddup2(&fileActions, 2, 2)
     |                                              |- error: cannot convert value of type 'UnsafeMutablePointer<posix_spawn_file_actions_t?>' (aka 'UnsafeMutablePointer<Optional<OpaquePointer>>') to expected argument type 'UnsafeMutablePointer<posix_spawn_file_actions_t>' (aka 'UnsafeMutablePointer<OpaquePointer>')
     |                                              `- note: arguments to generic parameter 'Pointee' ('posix_spawn_file_actions_t?' (aka 'Optional<OpaquePointer>') and 'posix_spawn_file_actions_t' (aka 'OpaquePointer')) are expected to be equal
 733 |         }
 734 |
/host/spi-builder-workspace/.build/checkouts/swift-tools-support-core/Sources/TSCBasic/Process/Process.swift:741:92: error: cannot convert value of type 'UnsafePointer<UnsafeMutablePointer<Int8>?>' to expected argument type 'UnsafePointer<UnsafeMutablePointer<CChar>>' (aka 'UnsafePointer<UnsafeMutablePointer<Int8>>')
 739 |         let argv = CStringArray(resolvedArgs)
 740 |         let env = CStringArray(environment.map({ "\($0.0)=\($0.1)" }))
 741 |         let rv = posix_spawnp(&processID, argv.cArray[0]!, &fileActions, &attributes, argv.cArray, env.cArray)
     |                                                                                            |- error: cannot convert value of type 'UnsafePointer<UnsafeMutablePointer<Int8>?>' to expected argument type 'UnsafePointer<UnsafeMutablePointer<CChar>>' (aka 'UnsafePointer<UnsafeMutablePointer<Int8>>')
     |                                                                                            `- note: arguments to generic parameter 'Pointee' ('UnsafeMutablePointer<Int8>?' and 'UnsafeMutablePointer<CChar>' (aka 'UnsafeMutablePointer<Int8>')) are expected to be equal
 742 |
 743 |         guard rv == 0 else {
Failed frontend command:
/root/.local/share/swiftly/toolchains/6.4.x-snapshot-2026-09-04/usr/bin/swift-frontend -frontend -c /host/spi-builder-workspace/.build/checkouts/swift-tools-support-core/Sources/TSCBasic/Await.swift /host/spi-builder-workspace/.build/checkouts/swift-tools-support-core/Sources/TSCBasic/Base64URL.swift /host/spi-builder-workspace/.build/checkouts/swift-tools-support-core/Sources/TSCBasic/ByteString.swift /host/spi-builder-workspace/.build/checkouts/swift-tools-support-core/Sources/TSCBasic/CStringArray.swift /host/spi-builder-workspace/.build/checkouts/swift-tools-support-core/Sources/TSCBasic/CacheableSequence.swift /host/spi-builder-workspace/.build/checkouts/swift-tools-support-core/Sources/TSCBasic/Closable.swift /host/spi-builder-workspace/.build/checkouts/swift-tools-support-core/Sources/TSCBasic/CodableResult.swift /host/spi-builder-workspace/.build/checkouts/swift-tools-support-core/Sources/TSCBasic/CollectionAlgorithms.swift /host/spi-builder-workspace/.build/checkouts/swift-tools-support-core/Sources/TSCBasic/CollectionExtensions.swift /host/spi-builder-workspace/.build/checkouts/swift-tools-support-core/Sources/TSCBasic/Condition.swift /host/spi-builder-workspace/.build/checkouts/swift-tools-support-core/Sources/TSCBasic/DeltaAlgorithm.swift /host/spi-builder-workspace/.build/checkouts/swift-tools-support-core/Sources/TSCBasic/DiagnosticsEngine.swift /host/spi-builder-workspace/.build/checkouts/swift-tools-support-core/Sources/TSCBasic/DictionaryExtensions.swift /host/spi-builder-workspace/.build/checkouts/swift-tools-support-core/Sources/TSCBasic/DictionaryLiteralExtensions.swift /host/spi-builder-workspace/.build/checkouts/swift-tools-support-core/Sources/TSCBasic/EditDistance.swift /host/spi-builder-workspace/.build/checkouts/swift-tools-support-core/Sources/TSCBasic/FileInfo.swift /host/spi-builder-workspace/.build/checkouts/swift-tools-support-core/Sources/TSCBasic/FileSystem.swift /host/spi-builder-workspace/.build/checkouts/swift-tools-support-core/Sources/TSCBasic/GraphAlgorithms.swift /host/spi-builder-workspace/.build/checkouts/swift-tools-support-core/Sources/TSCBasic/HashAlgorithms.swift /host/spi-builder-workspace/.build/checkouts/swift-tools-support-core/Sources/TSCBasic/JSON.swift /host/spi-builder-workspace/.build/checkouts/swift-tools-support-core/Sources/TSCBasic/JSONMapper.swift /host/spi-builder-workspace/.build/checkouts/swift-tools-support-core/Sources/TSCBasic/KeyedPair.swift /host/spi-builder-workspace/.build/checkouts/swift-tools-support-core/Sources/TSCBasic/LazyCache.swift /host/spi-builder-workspace/.build/checkouts/swift-tools-support-core/Sources/TSCBasic/Lock.swift /host/spi-builder-workspace/.build/checkouts/swift-tools-support-core/Sources/TSCBasic/OSLog.swift /host/spi-builder-workspace/.build/checkouts/swift-tools-support-core/Sources/TSCBasic/ObjectIdentifierProtocol.swift /host/spi-builder-workspace/.build/checkouts/swift-tools-support-core/Sources/TSCBasic/OrderedDictionary.swift /host/spi-builder-workspace/.build/checkouts/swift-tools-support-core/Sources/TSCBasic/OrderedSet.swift /host/spi-builder-workspace/.build/checkouts/swift-tools-support-core/Sources/TSCBasic/Path.swift -primary-file /host/spi-builder-workspace/.build/checkouts/swift-tools-support-core/Sources/TSCBasic/PathShims.swift -primary-file /host/spi-builder-workspace/.build/checkouts/swift-tools-support-core/Sources/TSCBasic/Process/Process.swift -primary-file /host/spi-builder-workspace/.build/checkouts/swift-tools-support-core/Sources/TSCBasic/Process/ProcessEnv.swift -primary-file /host/spi-builder-workspace/.build/checkouts/swift-tools-support-core/Sources/TSCBasic/Process/ProcessSet.swift -primary-file /host/spi-builder-workspace/.build/checkouts/swift-tools-support-core/Sources/TSCBasic/RegEx.swift /host/spi-builder-workspace/.build/checkouts/swift-tools-support-core/Sources/TSCBasic/Result.swift /host/spi-builder-workspace/.build/checkouts/swift-tools-support-core/Sources/TSCBasic/SortedArray.swift /host/spi-builder-workspace/.build/checkouts/swift-tools-support-core/Sources/TSCBasic/StringConversions.swift /host/spi-builder-workspace/.build/checkouts/swift-tools-support-core/Sources/TSCBasic/SynchronizedQueue.swift /host/spi-builder-workspace/.build/checkouts/swift-tools-support-core/Sources/TSCBasic/TemporaryFile.swift /host/spi-builder-workspace/.build/checkouts/swift-tools-support-core/Sources/TSCBasic/TerminalController.swift /host/spi-builder-workspace/.build/checkouts/swift-tools-support-core/Sources/TSCBasic/Thread.swift /host/spi-builder-workspace/.build/checkouts/swift-tools-support-core/Sources/TSCBasic/Tuple.swift /host/spi-builder-workspace/.build/checkouts/swift-tools-support-core/Sources/TSCBasic/WritableByteStream.swift /host/spi-builder-workspace/.build/checkouts/swift-tools-support-core/Sources/TSCBasic/misc.swift -supplementary-output-file-map /host/spi-builder-workspace/.build/out/Intermediates.noindex/swift-tools-support-core.build/Debug-android-aarch64/TSCBasic-t.build/Objects-normal/aarch64/supplementaryOutputs-18 -target aarch64-unknown-linux-android28 -Xllvm -aarch64-use-tbi -disable-objc-interop -sdk /android-ndk/android-ndk-r27d/toolchains/llvm/prebuilt/linux-x86_64/sysroot -sysroot /android-ndk/android-ndk-r27d/toolchains/llvm/prebuilt/linux-x86_64/sysroot -I /host/spi-builder-workspace/.build/out/Products/Debug-android-aarch64 -module-cache-path /host/spi-builder-workspace/.build/out/ModuleCache.noindex -color-diagnostics -Xcc -fcolor-diagnostics -enable-testing -g -debug-info-format\=dwarf -dwarf-version\=4 -suppress-warnings -swift-version 5 -Onone -D SWIFT_PACKAGE -D DEBUG -D SWIFT_MODULE_RESOURCE_BUNDLE_UNAVAILABLE -D Xcode -serialize-debugging-options -enable-experimental-feature DebugDescriptionMacro -empty-abi-descriptor -external-plugin-path /root/.local/share/swiftly/toolchains/6.4.x-snapshot-2026-09-04/usr/lib/swift/host/plugins/testing\#/root/.local/share/swiftly/toolchains/6.4.x-snapshot-2026-09-04/usr/bin/swift-plugin-server -validate-clang-modules-once -clang-build-session-file /host/spi-builder-workspace/.build/out/ModuleCache.noindex/Session.modulevalidation -Xcc -working-directory -Xcc /host -resource-dir /root/.swiftpm/swift-sdks/swift-6.4.x-DEVELOPMENT-SNAPSHOT-2026-09-04-a_android.artifactbundle/swift-android/swift-resources/usr/lib/swift-aarch64 -enable-anonymous-context-mangled-names -file-compilation-dir /host -Xcc -resource-dir -Xcc /android-ndk/android-ndk-r27d/toolchains/llvm/prebuilt/linux-x86_64/lib/clang/18 -Xcc -fmodule-map-file\=/host/spi-builder-workspace/.build/checkouts/swift-tools-support-core/Sources/TSCclibc/include/module.modulemap -Xcc -fno-omit-frame-pointer -Xcc -D_LIBCPP_HARDENING_MODE\=_LIBCPP_HARDENING_MODE_DEBUG -Xcc -fmodules-prune-interval\=86400 -Xcc -fmodules-prune-after\=345600 -Xcc -I/host/spi-builder-workspace/.build/checkouts/swift-tools-support-core/Sources/TSCclibc/include -Xcc -I/host/spi-builder-workspace/.build/out/Products/Debug-android-aarch64/include -Xcc -I/host/spi-builder-workspace/.build/out/Intermediates.noindex/swift-tools-support-core.build/Debug-android-aarch64/TSCBasic-t.build/DerivedSources-normal/aarch64 -Xcc -I/host/spi-builder-workspace/.build/out/Intermediates.noindex/swift-tools-support-core.build/Debug-android-aarch64/TSCBasic-t.build/DerivedSources/aarch64 -Xcc -I/host/spi-builder-workspace/.build/out/Intermediates.noindex/swift-tools-support-core.build/Debug-android-aarch64/TSCBasic-t.build/DerivedSources -Xcc -DSWIFT_PACKAGE -Xcc -DDEBUG\=1 -no-auto-bridging-header-chaining -module-name TSCBasic -const-gather-protocols-file /host/spi-builder-workspace/.build/out/Intermediates.noindex/swift-tools-support-core.build/Debug-android-aarch64/TSCBasic-t.build/Objects-normal/aarch64/TSCBasic_const_extract_protocols.json -in-process-plugin-server-path /root/.local/share/swiftly/toolchains/6.4.x-snapshot-2026-09-04/usr/lib/swift/host/libSwiftInProcPluginServer.so -plugin-path /root/.local/share/swiftly/toolchains/6.4.x-snapshot-2026-09-04/usr/lib/swift/host/plugins -plugin-path /root/.local/share/swiftly/toolchains/6.4.x-snapshot-2026-09-04/usr/local/lib/swift/host/plugins -parse-as-library -o /host/spi-builder-workspace/.build/out/Intermediates.noindex/swift-tools-support-core.build/Debug-android-aarch64/TSCBasic-t.build/Objects-normal/aarch64/PathShims.o -o /host/spi-builder-workspace/.build/out/Intermediates.noindex/swift-tools-support-core.build/Debug-android-aarch64/TSCBasic-t.build/Objects-normal/aarch64/Process.o -o /host/spi-builder-workspace/.build/out/Intermediates.noindex/swift-tools-support-core.build/Debug-android-aarch64/TSCBasic-t.build/Objects-normal/aarch64/ProcessEnv.o -o /host/spi-builder-workspace/.build/out/Intermediates.noindex/swift-tools-support-core.build/Debug-android-aarch64/TSCBasic-t.build/Objects-normal/aarch64/ProcessSet.o -o /host/spi-builder-workspace/.build/out/Intermediates.noindex/swift-tools-support-core.build/Debug-android-aarch64/TSCBasic-t.build/Objects-normal/aarch64/RegEx.o -index-unit-output-path /swift-tools-support-core.build/Debug-android-aarch64/TSCBasic-t.build/Objects-normal/aarch64/PathShims.o -index-unit-output-path /swift-tools-support-core.build/Debug-android-aarch64/TSCBasic-t.build/Objects-normal/aarch64/Process.o -index-unit-output-path /swift-tools-support-core.build/Debug-android-aarch64/TSCBasic-t.build/Objects-normal/aarch64/ProcessEnv.o -index-unit-output-path /swift-tools-support-core.build/Debug-android-aarch64/TSCBasic-t.build/Objects-normal/aarch64/ProcessSet.o -index-unit-output-path /swift-tools-support-core.build/Debug-android-aarch64/TSCBasic-t.build/Objects-normal/aarch64/RegEx.o -index-store-path /host/spi-builder-workspace/.build/out -index-system-modules
error: Build failed
BUILD FAILURE 6.4 android