Build Information
Failed to build SPIndicator, reference main (500cb1), with Swift 6.4 for watchOS using Xcode 27.0 on 19 Sep 2026 04:04:03 UTC.
Build Command
env DEVELOPER_DIR=/Applications/Xcode-27.0.0-Release.Candidate.app xcrun xcodebuild -IDEClonedSourcePackagesDirPathOverride=$PWD/.dependencies -skipMacroValidation -skipPackagePluginValidation -derivedDataPath $PWD/.derivedData build -scheme SPIndicator -destination generic/platform=watchOSBuild Log
========================================
RunAll
========================================
Builder version: 5.1.0
Interrupt handler set up.
========================================
Checkout
========================================
Clone URL: https://github.com/ivanvorobei/SPIndicator.git
Reference: main
Initialized empty Git repository in /Users/admin/builder/spi-builder-workspace/.git/
From https://github.com/ivanvorobei/SPIndicator
* branch main -> FETCH_HEAD
* [new branch] main -> origin/main
HEAD is now at 500cb17 Merge pull request #17 from konekoya/main
Cloned https://github.com/ivanvorobei/SPIndicator.git
Revision (git rev-parse @):
500cb17cf2bbd6bdb8eaecb8ee8d1fa737219555
SUCCESS checkout https://github.com/ivanvorobei/SPIndicator.git at main
========================================
Build
========================================
Selected platform: watchOS
Swift version: 6.4
Building package at path: $PWD
https://github.com/ivanvorobei/SPIndicator.git
Command line invocation:
/Applications/Xcode-27.0.0-Release.Candidate.app/Contents/Developer/usr/bin/xcodebuild -IDEClonedSourcePackagesDirPathOverride=/Users/admin/builder/spi-builder-workspace/.dependencies -resolvePackageDependencies
Resolve Package Graph
Resolve Package Graph
Resolved source packages:
SPIndicator: /Users/admin/builder/spi-builder-workspace
resolved source packages: SPIndicator
2026-09-19 00:03:10.674 xcodebuild[529:3035] [MT] IDERunDestination: Supported platforms for the buildables in the current scheme is empty.
{
"dependencies" : [
],
"manifest_display_name" : "SPIndicator",
"name" : "SPIndicator",
"path" : "/Users/admin/builder/spi-builder-workspace",
"platforms" : [
{
"name" : "ios",
"version" : "12.0"
},
{
"name" : "tvos",
"version" : "12.0"
}
],
"products" : [
{
"name" : "SPIndicator",
"targets" : [
"SPIndicator"
],
"type" : {
"library" : [
"automatic"
]
}
}
],
"swift_languages_versions" : [
"5"
],
"targets" : [
{
"c99name" : "SPIndicator",
"module_type" : "SwiftTarget",
"name" : "SPIndicator",
"path" : "Sources/SPIndicator",
"product_memberships" : [
"SPIndicator"
],
"sources" : [
"Extensions/SwiftUIExtension.swift",
"Extensions/UIColorExtension.swift",
"Extensions/UIFontExtension.swift",
"Extensions/UILabelExtension.swift",
"Icons/SPAlertIconErrorView.swift",
"Icons/SPIndicatorIconDoneView.swift",
"Models/SPIndicatorLayout.swift",
"Models/SPIndicatorPresentSide.swift",
"Protocols/SPIndicatorIconAnimatable.swift",
"SPIndicator.swift",
"SPIndicatorIconPreset.swift",
"SPIndicatorView.swift",
"Services/SPIndicatorHaptic.swift"
],
"type" : "library"
}
],
"tools_version" : "5.3"
}
{
"workspace" : {
"name" : "SPIndicator",
"schemes" : [
"SPIndicator"
]
}
}
2026-09-19 00:03:52.213 xcodebuild[660:4218] [MT] IDERunDestination: Supported platforms for the buildables in the current scheme is empty.
Running build ...
env DEVELOPER_DIR=/Applications/Xcode-27.0.0-Release.Candidate.app xcrun xcodebuild -IDEClonedSourcePackagesDirPathOverride=$PWD/.dependencies -skipMacroValidation -skipPackagePluginValidation -derivedDataPath $PWD/.derivedData build -scheme SPIndicator -destination generic/platform=watchOS
Command line invocation:
/Applications/Xcode-27.0.0-Release.Candidate.app/Contents/Developer/usr/bin/xcodebuild -IDEClonedSourcePackagesDirPathOverride=/Users/admin/builder/spi-builder-workspace/.dependencies -skipMacroValidation -skipPackagePluginValidation -derivedDataPath /Users/admin/builder/spi-builder-workspace/.derivedData build -scheme SPIndicator -destination generic/platform=watchOS
Resolve Package Graph
Resolved source packages:
SPIndicator: /Users/admin/builder/spi-builder-workspace
ComputePackagePrebuildTargetDependencyGraph
Prepare packages
CreateBuildRequest
SendProjectDescription
CreateBuildOperation
ComputeTargetDependencyGraph
note: Building targets in dependency order
note: Target dependency graph (2 targets)
Target 'SPIndicator-product' in project 'SPIndicator'
➜ Explicit dependency on target 'SPIndicator' in project 'SPIndicator'
Target 'SPIndicator' in project 'SPIndicator' (no dependencies)
GatherProvisioningInputs
CreateBuildDescription
ExecuteExternalTool /Applications/Xcode-27.0.0-Release.Candidate.app/Contents/Developer/Toolchains/XcodeDefault.xctoolchain/usr/bin/clang -v -E -dM -isysroot /Applications/Xcode-27.0.0-Release.Candidate.app/Contents/Developer/Platforms/WatchOS.platform/Developer/SDKs/WatchOS27.0.sdk -x c -c /dev/null
ExecuteExternalTool /Applications/Xcode-27.0.0-Release.Candidate.app/Contents/Developer/Toolchains/XcodeDefault.xctoolchain/usr/bin/swiftc --version
ExecuteExternalTool /Applications/Xcode-27.0.0-Release.Candidate.app/Contents/Developer/Toolchains/XcodeDefault.xctoolchain/usr/bin/ld -version_details
Build description signature: 8a92af4c7cac1a9b9f8e8e1c8e154f66
Build description path: /Users/admin/builder/spi-builder-workspace/.derivedData/Build/Intermediates.noindex/XCBuildData/8a92af4c7cac1a9b9f8e8e1c8e154f66.xcbuilddata
CreateBuildDirectory /Users/admin/builder/spi-builder-workspace/.derivedData/SDKExplicitPrecompiledModules
cd /Users/admin/builder/spi-builder-workspace/.swiftpm/xcode
builtin-create-build-directory /Users/admin/builder/spi-builder-workspace/.derivedData/SDKExplicitPrecompiledModules
CreateBuildDirectory /Users/admin/builder/spi-builder-workspace/.derivedData/ModuleCache.noindex
cd /Users/admin/builder/spi-builder-workspace/.swiftpm/xcode
builtin-create-build-directory /Users/admin/builder/spi-builder-workspace/.derivedData/ModuleCache.noindex
CreateBuildDirectory /Users/admin/builder/spi-builder-workspace/.derivedData/CompilationCache.noindex
cd /Users/admin/builder/spi-builder-workspace/.swiftpm/xcode
builtin-create-build-directory /Users/admin/builder/spi-builder-workspace/.derivedData/CompilationCache.noindex
CreateBuildDirectory /Users/admin/builder/spi-builder-workspace/.derivedData/Build/Products
cd /Users/admin/builder/spi-builder-workspace/.swiftpm/xcode
builtin-create-build-directory /Users/admin/builder/spi-builder-workspace/.derivedData/Build/Products
CreateBuildDirectory /Users/admin/builder/spi-builder-workspace/.derivedData/Build/Intermediates.noindex
cd /Users/admin/builder/spi-builder-workspace/.swiftpm/xcode
builtin-create-build-directory /Users/admin/builder/spi-builder-workspace/.derivedData/Build/Intermediates.noindex
ClangStatCache /Applications/Xcode-27.0.0-Release.Candidate.app/Contents/Developer/Toolchains/XcodeDefault.xctoolchain/usr/bin/clang-stat-cache /Applications/Xcode-27.0.0-Release.Candidate.app/Contents/Developer/Platforms/WatchOS.platform/Developer/SDKs/WatchOS27.0.sdk /Users/admin/builder/spi-builder-workspace/.derivedData/SDKStatCaches.noindex/watchos27.0-24R360-e829b21a6f8c9b70876ba0858053c04477534ef55a1706bf4c1112bbb242f0a2.sdkstatcache
cd /Users/admin/builder/spi-builder-workspace/.swiftpm/xcode
/Applications/Xcode-27.0.0-Release.Candidate.app/Contents/Developer/Toolchains/XcodeDefault.xctoolchain/usr/bin/clang-stat-cache /Applications/Xcode-27.0.0-Release.Candidate.app/Contents/Developer/Platforms/WatchOS.platform/Developer/SDKs/WatchOS27.0.sdk -o /Users/admin/builder/spi-builder-workspace/.derivedData/SDKStatCaches.noindex/watchos27.0-24R360-e829b21a6f8c9b70876ba0858053c04477534ef55a1706bf4c1112bbb242f0a2.sdkstatcache
CreateBuildDirectory /Users/admin/builder/spi-builder-workspace/.derivedData/Build/Intermediates.noindex/SwiftExplicitPrecompiledModules
cd /Users/admin/builder/spi-builder-workspace/.swiftpm/xcode
builtin-create-build-directory /Users/admin/builder/spi-builder-workspace/.derivedData/Build/Intermediates.noindex/SwiftExplicitPrecompiledModules
CreateBuildDirectory /Users/admin/builder/spi-builder-workspace/.derivedData/Build/Intermediates.noindex/PrecompiledHeaders
cd /Users/admin/builder/spi-builder-workspace/.swiftpm/xcode
builtin-create-build-directory /Users/admin/builder/spi-builder-workspace/.derivedData/Build/Intermediates.noindex/PrecompiledHeaders
CreateBuildDirectory /Users/admin/builder/spi-builder-workspace/.derivedData/Build/Intermediates.noindex/ExplicitPrecompiledModules
cd /Users/admin/builder/spi-builder-workspace/.swiftpm/xcode
builtin-create-build-directory /Users/admin/builder/spi-builder-workspace/.derivedData/Build/Intermediates.noindex/ExplicitPrecompiledModules
CreateBuildDirectory /Users/admin/builder/spi-builder-workspace/.derivedData/Build/Intermediates.noindex/EagerLinkingTBDs/Debug-watchos
cd /Users/admin/builder/spi-builder-workspace/.swiftpm/xcode
builtin-create-build-directory /Users/admin/builder/spi-builder-workspace/.derivedData/Build/Intermediates.noindex/EagerLinkingTBDs/Debug-watchos
CreateBuildDirectory /Users/admin/builder/spi-builder-workspace/.derivedData/Build/Products/Debug-watchos
cd /Users/admin/builder/spi-builder-workspace/.swiftpm/xcode
builtin-create-build-directory /Users/admin/builder/spi-builder-workspace/.derivedData/Build/Products/Debug-watchos
CreateBuildDirectory /Users/admin/builder/spi-builder-workspace/.derivedData/Build/Products/Debug-watchos/PackageFrameworks
cd /Users/admin/builder/spi-builder-workspace/.swiftpm/xcode
builtin-create-build-directory /Users/admin/builder/spi-builder-workspace/.derivedData/Build/Products/Debug-watchos/PackageFrameworks
WriteAuxiliaryFile /Users/admin/builder/spi-builder-workspace/.derivedData/Build/Intermediates.noindex/SPIndicator.build/Debug-watchos/SPIndicator-t.build/SPIndicator.modulemap (in target 'SPIndicator' from project 'SPIndicator')
cd /Users/admin/builder/spi-builder-workspace
write-file /Users/admin/builder/spi-builder-workspace/.derivedData/Build/Intermediates.noindex/SPIndicator.build/Debug-watchos/SPIndicator-t.build/SPIndicator.modulemap
WriteAuxiliaryFile /Users/admin/builder/spi-builder-workspace/.derivedData/Build/Intermediates.noindex/SPIndicator.build/Debug-watchos/SPIndicator-t.build/SPIndicator.DependencyMetadataFileList (in target 'SPIndicator' from project 'SPIndicator')
cd /Users/admin/builder/spi-builder-workspace
write-file /Users/admin/builder/spi-builder-workspace/.derivedData/Build/Intermediates.noindex/SPIndicator.build/Debug-watchos/SPIndicator-t.build/SPIndicator.DependencyMetadataFileList
WriteAuxiliaryFile /Users/admin/builder/spi-builder-workspace/.derivedData/Build/Intermediates.noindex/SPIndicator.build/Debug-watchos/SPIndicator-t.build/SPIndicator.DependencyStaticMetadataFileList (in target 'SPIndicator' from project 'SPIndicator')
cd /Users/admin/builder/spi-builder-workspace
write-file /Users/admin/builder/spi-builder-workspace/.derivedData/Build/Intermediates.noindex/SPIndicator.build/Debug-watchos/SPIndicator-t.build/SPIndicator.DependencyStaticMetadataFileList
WriteAuxiliaryFile /Users/admin/builder/spi-builder-workspace/.derivedData/Build/Intermediates.noindex/SPIndicator.build/Debug-watchos/SPIndicator-t.build/Objects-normal/arm64_32/SPIndicator.LinkFileList (in target 'SPIndicator' from project 'SPIndicator')
cd /Users/admin/builder/spi-builder-workspace
write-file /Users/admin/builder/spi-builder-workspace/.derivedData/Build/Intermediates.noindex/SPIndicator.build/Debug-watchos/SPIndicator-t.build/Objects-normal/arm64_32/SPIndicator.LinkFileList
WriteAuxiliaryFile /Users/admin/builder/spi-builder-workspace/.derivedData/Build/Intermediates.noindex/SPIndicator.build/Debug-watchos/SPIndicator-t.build/Objects-normal/arm64_32/SPIndicator_const_extract_protocols.json (in target 'SPIndicator' from project 'SPIndicator')
cd /Users/admin/builder/spi-builder-workspace
write-file /Users/admin/builder/spi-builder-workspace/.derivedData/Build/Intermediates.noindex/SPIndicator.build/Debug-watchos/SPIndicator-t.build/Objects-normal/arm64_32/SPIndicator_const_extract_protocols.json
WriteAuxiliaryFile /Users/admin/builder/spi-builder-workspace/.derivedData/Build/Intermediates.noindex/SPIndicator.build/Debug-watchos/SPIndicator-t.build/Objects-normal/arm64_32/SPIndicator.SwiftConstValuesFileList (in target 'SPIndicator' from project 'SPIndicator')
cd /Users/admin/builder/spi-builder-workspace
write-file /Users/admin/builder/spi-builder-workspace/.derivedData/Build/Intermediates.noindex/SPIndicator.build/Debug-watchos/SPIndicator-t.build/Objects-normal/arm64_32/SPIndicator.SwiftConstValuesFileList
WriteAuxiliaryFile /Users/admin/builder/spi-builder-workspace/.derivedData/Build/Intermediates.noindex/SPIndicator.build/Debug-watchos/SPIndicator-t.build/Objects-normal/arm64_32/SPIndicator-OutputFileMap.json (in target 'SPIndicator' from project 'SPIndicator')
cd /Users/admin/builder/spi-builder-workspace
write-file /Users/admin/builder/spi-builder-workspace/.derivedData/Build/Intermediates.noindex/SPIndicator.build/Debug-watchos/SPIndicator-t.build/Objects-normal/arm64_32/SPIndicator-OutputFileMap.json
WriteAuxiliaryFile /Users/admin/builder/spi-builder-workspace/.derivedData/Build/Intermediates.noindex/SPIndicator.build/Debug-watchos/SPIndicator-t.build/Objects-normal/arm64_32/SPIndicator.SwiftFileList (in target 'SPIndicator' from project 'SPIndicator')
cd /Users/admin/builder/spi-builder-workspace
write-file /Users/admin/builder/spi-builder-workspace/.derivedData/Build/Intermediates.noindex/SPIndicator.build/Debug-watchos/SPIndicator-t.build/Objects-normal/arm64_32/SPIndicator.SwiftFileList
WriteAuxiliaryFile /Users/admin/builder/spi-builder-workspace/.derivedData/Build/Intermediates.noindex/SPIndicator.build/Debug-watchos/SPIndicator-t.build/Objects-normal/arm64/SPIndicator-OutputFileMap.json (in target 'SPIndicator' from project 'SPIndicator')
cd /Users/admin/builder/spi-builder-workspace
write-file /Users/admin/builder/spi-builder-workspace/.derivedData/Build/Intermediates.noindex/SPIndicator.build/Debug-watchos/SPIndicator-t.build/Objects-normal/arm64/SPIndicator-OutputFileMap.json
WriteAuxiliaryFile /Users/admin/builder/spi-builder-workspace/.derivedData/Build/Intermediates.noindex/SPIndicator.build/Debug-watchos/SPIndicator-t.build/Objects-normal/arm64/SPIndicator_const_extract_protocols.json (in target 'SPIndicator' from project 'SPIndicator')
cd /Users/admin/builder/spi-builder-workspace
write-file /Users/admin/builder/spi-builder-workspace/.derivedData/Build/Intermediates.noindex/SPIndicator.build/Debug-watchos/SPIndicator-t.build/Objects-normal/arm64/SPIndicator_const_extract_protocols.json
WriteAuxiliaryFile /Users/admin/builder/spi-builder-workspace/.derivedData/Build/Intermediates.noindex/SPIndicator.build/Debug-watchos/SPIndicator-t.build/Objects-normal/arm64/SPIndicator.SwiftConstValuesFileList (in target 'SPIndicator' from project 'SPIndicator')
cd /Users/admin/builder/spi-builder-workspace
write-file /Users/admin/builder/spi-builder-workspace/.derivedData/Build/Intermediates.noindex/SPIndicator.build/Debug-watchos/SPIndicator-t.build/Objects-normal/arm64/SPIndicator.SwiftConstValuesFileList
WriteAuxiliaryFile /Users/admin/builder/spi-builder-workspace/.derivedData/Build/Intermediates.noindex/SPIndicator.build/Debug-watchos/SPIndicator-t.build/Objects-normal/arm64/SPIndicator.SwiftFileList (in target 'SPIndicator' from project 'SPIndicator')
cd /Users/admin/builder/spi-builder-workspace
write-file /Users/admin/builder/spi-builder-workspace/.derivedData/Build/Intermediates.noindex/SPIndicator.build/Debug-watchos/SPIndicator-t.build/Objects-normal/arm64/SPIndicator.SwiftFileList
WriteAuxiliaryFile /Users/admin/builder/spi-builder-workspace/.derivedData/Build/Intermediates.noindex/SPIndicator.build/Debug-watchos/SPIndicator-t.build/Objects-normal/arm64/SPIndicator.LinkFileList (in target 'SPIndicator' from project 'SPIndicator')
cd /Users/admin/builder/spi-builder-workspace
write-file /Users/admin/builder/spi-builder-workspace/.derivedData/Build/Intermediates.noindex/SPIndicator.build/Debug-watchos/SPIndicator-t.build/Objects-normal/arm64/SPIndicator.LinkFileList
Copy /Users/admin/builder/spi-builder-workspace/.derivedData/Build/Intermediates.noindex/GeneratedModuleMaps-watchos/SPIndicator.modulemap /Users/admin/builder/spi-builder-workspace/.derivedData/Build/Intermediates.noindex/SPIndicator.build/Debug-watchos/SPIndicator-t.build/SPIndicator.modulemap (in target 'SPIndicator' from project 'SPIndicator')
cd /Users/admin/builder/spi-builder-workspace
builtin-copy -exclude .DS_Store -exclude CVS -exclude .svn -exclude .git -exclude .hg -resolve-src-symlinks /Users/admin/builder/spi-builder-workspace/.derivedData/Build/Intermediates.noindex/SPIndicator.build/Debug-watchos/SPIndicator-t.build/SPIndicator.modulemap /Users/admin/builder/spi-builder-workspace/.derivedData/Build/Intermediates.noindex/GeneratedModuleMaps-watchos
SwiftDriver SPIndicator normal arm64_32 com.apple.xcode.tools.swift.compiler (in target 'SPIndicator' from project 'SPIndicator')
cd /Users/admin/builder/spi-builder-workspace/.swiftpm/xcode
builtin-SwiftDriver -- /Applications/Xcode-27.0.0-Release.Candidate.app/Contents/Developer/Toolchains/XcodeDefault.xctoolchain/usr/bin/swiftc -parse-as-library -module-name SPIndicator -Onone @/Users/admin/builder/spi-builder-workspace/.derivedData/Build/Intermediates.noindex/SPIndicator.build/Debug-watchos/SPIndicator-t.build/Objects-normal/arm64_32/SPIndicator.SwiftFileList -DSWIFT_PACKAGE -DDEBUG -DSWIFT_MODULE_RESOURCE_BUNDLE_UNAVAILABLE -DSPINDICATOR_SPM -DXcode -plugin-path /Applications/Xcode-27.0.0-Release.Candidate.app/Contents/Developer/Toolchains/XcodeDefault.xctoolchain/usr/lib/swift/host/plugins/testing -enable-experimental-feature DebugDescriptionMacro -sdk /Applications/Xcode-27.0.0-Release.Candidate.app/Contents/Developer/Platforms/WatchOS.platform/Developer/SDKs/WatchOS27.0.sdk -target arm64_32-apple-watchos9.0 -g -module-cache-path /Users/admin/builder/spi-builder-workspace/.derivedData/ModuleCache.noindex -Xfrontend -serialize-debugging-options -enable-testing -index-store-path /Users/admin/builder/spi-builder-workspace/.derivedData/Index.noindex/DataStore -Xcc -D_LIBCPP_HARDENING_MODE\=_LIBCPP_HARDENING_MODE_DEBUG -swift-version 5 -I /Users/admin/builder/spi-builder-workspace/.derivedData/Build/Products/Debug-watchos -Isystem /Applications/Xcode-27.0.0-Release.Candidate.app/Contents/Developer/Platforms/WatchOS.platform/Developer/usr/lib -F /Users/admin/builder/spi-builder-workspace/.derivedData/Build/Products/Debug-watchos -F /Applications/Xcode-27.0.0-Release.Candidate.app/Contents/Developer/Platforms/WatchOS.platform/Developer/Library/Frameworks -F /Applications/Xcode-27.0.0-Release.Candidate.app/Contents/Developer/Platforms/WatchOS.platform/Developer/SDKs/WatchOS27.0.sdk/Developer/Library/Frameworks -c -j10 -enable-batch-mode -incremental -Xcc -ivfsstatcache -Xcc /Users/admin/builder/spi-builder-workspace/.derivedData/SDKStatCaches.noindex/watchos27.0-24R360-e829b21a6f8c9b70876ba0858053c04477534ef55a1706bf4c1112bbb242f0a2.sdkstatcache -output-file-map /Users/admin/builder/spi-builder-workspace/.derivedData/Build/Intermediates.noindex/SPIndicator.build/Debug-watchos/SPIndicator-t.build/Objects-normal/arm64_32/SPIndicator-OutputFileMap.json -save-temps -no-color-diagnostics -explicit-module-build -module-cache-path /Users/admin/builder/spi-builder-workspace/.derivedData/Build/Intermediates.noindex/SwiftExplicitPrecompiledModules -clang-scanner-module-cache-path /Users/admin/builder/spi-builder-workspace/.derivedData/ModuleCache.noindex -sdk-module-cache-path /Users/admin/builder/spi-builder-workspace/.derivedData/SDKExplicitPrecompiledModules -emit-dependencies -emit-module -emit-module-path /Users/admin/builder/spi-builder-workspace/.derivedData/Build/Intermediates.noindex/SPIndicator.build/Debug-watchos/SPIndicator-t.build/Objects-normal/arm64_32/SPIndicator.swiftmodule -serialize-diagnostics -dependency-scan-serialize-diagnostics-path /Users/admin/builder/spi-builder-workspace/.derivedData/Build/Intermediates.noindex/SPIndicator.build/Debug-watchos/SPIndicator-t.build/Objects-normal/arm64_32/SPIndicator-dependency-scan.dia -validate-clang-modules-once -clang-build-session-file /Users/admin/builder/spi-builder-workspace/.derivedData/ModuleCache.noindex/Session.modulevalidation -Xcc -fmodules-prune-interval\=86400 -Xcc -fmodules-prune-after\=345600 -emit-const-values -const-gather-protocols-list /Users/admin/builder/spi-builder-workspace/.derivedData/Build/Intermediates.noindex/SPIndicator.build/Debug-watchos/SPIndicator-t.build/Objects-normal/arm64_32/SPIndicator_const_extract_protocols.json -Xcc -I/Users/admin/builder/spi-builder-workspace/.derivedData/Build/Products/Debug-watchos/include -Xcc -I/Users/admin/builder/spi-builder-workspace/.derivedData/Build/Intermediates.noindex/SPIndicator.build/Debug-watchos/SPIndicator-t.build/DerivedSources-normal/arm64_32 -Xcc -I/Users/admin/builder/spi-builder-workspace/.derivedData/Build/Intermediates.noindex/SPIndicator.build/Debug-watchos/SPIndicator-t.build/DerivedSources/arm64_32 -Xcc -I/Users/admin/builder/spi-builder-workspace/.derivedData/Build/Intermediates.noindex/SPIndicator.build/Debug-watchos/SPIndicator-t.build/DerivedSources -Xcc -DSWIFT_PACKAGE -Xcc -DDEBUG\=1 -emit-objc-header -emit-objc-header-path /Users/admin/builder/spi-builder-workspace/.derivedData/Build/Intermediates.noindex/SPIndicator.build/Debug-watchos/SPIndicator-t.build/Objects-normal/arm64_32/SPIndicator-Swift.h -working-directory /Users/admin/builder/spi-builder-workspace/.swiftpm/xcode -experimental-emit-module-separately -disable-cmo
SwiftDriver SPIndicator normal arm64 com.apple.xcode.tools.swift.compiler (in target 'SPIndicator' from project 'SPIndicator')
cd /Users/admin/builder/spi-builder-workspace/.swiftpm/xcode
builtin-SwiftDriver -- /Applications/Xcode-27.0.0-Release.Candidate.app/Contents/Developer/Toolchains/XcodeDefault.xctoolchain/usr/bin/swiftc -parse-as-library -module-name SPIndicator -Onone @/Users/admin/builder/spi-builder-workspace/.derivedData/Build/Intermediates.noindex/SPIndicator.build/Debug-watchos/SPIndicator-t.build/Objects-normal/arm64/SPIndicator.SwiftFileList -DSWIFT_PACKAGE -DDEBUG -DSWIFT_MODULE_RESOURCE_BUNDLE_UNAVAILABLE -DSPINDICATOR_SPM -DXcode -plugin-path /Applications/Xcode-27.0.0-Release.Candidate.app/Contents/Developer/Toolchains/XcodeDefault.xctoolchain/usr/lib/swift/host/plugins/testing -enable-experimental-feature DebugDescriptionMacro -sdk /Applications/Xcode-27.0.0-Release.Candidate.app/Contents/Developer/Platforms/WatchOS.platform/Developer/SDKs/WatchOS27.0.sdk -target arm64-apple-watchos9.0 -g -module-cache-path /Users/admin/builder/spi-builder-workspace/.derivedData/ModuleCache.noindex -Xfrontend -serialize-debugging-options -enable-testing -index-store-path /Users/admin/builder/spi-builder-workspace/.derivedData/Index.noindex/DataStore -Xcc -D_LIBCPP_HARDENING_MODE\=_LIBCPP_HARDENING_MODE_DEBUG -swift-version 5 -I /Users/admin/builder/spi-builder-workspace/.derivedData/Build/Products/Debug-watchos -Isystem /Applications/Xcode-27.0.0-Release.Candidate.app/Contents/Developer/Platforms/WatchOS.platform/Developer/usr/lib -F /Users/admin/builder/spi-builder-workspace/.derivedData/Build/Products/Debug-watchos -F /Applications/Xcode-27.0.0-Release.Candidate.app/Contents/Developer/Platforms/WatchOS.platform/Developer/Library/Frameworks -F /Applications/Xcode-27.0.0-Release.Candidate.app/Contents/Developer/Platforms/WatchOS.platform/Developer/SDKs/WatchOS27.0.sdk/Developer/Library/Frameworks -c -j10 -enable-batch-mode -incremental -Xcc -ivfsstatcache -Xcc /Users/admin/builder/spi-builder-workspace/.derivedData/SDKStatCaches.noindex/watchos27.0-24R360-e829b21a6f8c9b70876ba0858053c04477534ef55a1706bf4c1112bbb242f0a2.sdkstatcache -output-file-map /Users/admin/builder/spi-builder-workspace/.derivedData/Build/Intermediates.noindex/SPIndicator.build/Debug-watchos/SPIndicator-t.build/Objects-normal/arm64/SPIndicator-OutputFileMap.json -save-temps -no-color-diagnostics -explicit-module-build -module-cache-path /Users/admin/builder/spi-builder-workspace/.derivedData/Build/Intermediates.noindex/SwiftExplicitPrecompiledModules -clang-scanner-module-cache-path /Users/admin/builder/spi-builder-workspace/.derivedData/ModuleCache.noindex -sdk-module-cache-path /Users/admin/builder/spi-builder-workspace/.derivedData/SDKExplicitPrecompiledModules -emit-dependencies -emit-module -emit-module-path /Users/admin/builder/spi-builder-workspace/.derivedData/Build/Intermediates.noindex/SPIndicator.build/Debug-watchos/SPIndicator-t.build/Objects-normal/arm64/SPIndicator.swiftmodule -serialize-diagnostics -dependency-scan-serialize-diagnostics-path /Users/admin/builder/spi-builder-workspace/.derivedData/Build/Intermediates.noindex/SPIndicator.build/Debug-watchos/SPIndicator-t.build/Objects-normal/arm64/SPIndicator-dependency-scan.dia -validate-clang-modules-once -clang-build-session-file /Users/admin/builder/spi-builder-workspace/.derivedData/ModuleCache.noindex/Session.modulevalidation -Xcc -fmodules-prune-interval\=86400 -Xcc -fmodules-prune-after\=345600 -emit-const-values -const-gather-protocols-list /Users/admin/builder/spi-builder-workspace/.derivedData/Build/Intermediates.noindex/SPIndicator.build/Debug-watchos/SPIndicator-t.build/Objects-normal/arm64/SPIndicator_const_extract_protocols.json -Xcc -I/Users/admin/builder/spi-builder-workspace/.derivedData/Build/Products/Debug-watchos/include -Xcc -I/Users/admin/builder/spi-builder-workspace/.derivedData/Build/Intermediates.noindex/SPIndicator.build/Debug-watchos/SPIndicator-t.build/DerivedSources-normal/arm64 -Xcc -I/Users/admin/builder/spi-builder-workspace/.derivedData/Build/Intermediates.noindex/SPIndicator.build/Debug-watchos/SPIndicator-t.build/DerivedSources/arm64 -Xcc -I/Users/admin/builder/spi-builder-workspace/.derivedData/Build/Intermediates.noindex/SPIndicator.build/Debug-watchos/SPIndicator-t.build/DerivedSources -Xcc -DSWIFT_PACKAGE -Xcc -DDEBUG\=1 -emit-objc-header -emit-objc-header-path /Users/admin/builder/spi-builder-workspace/.derivedData/Build/Intermediates.noindex/SPIndicator.build/Debug-watchos/SPIndicator-t.build/Objects-normal/arm64/SPIndicator-Swift.h -working-directory /Users/admin/builder/spi-builder-workspace/.swiftpm/xcode -experimental-emit-module-separately -disable-cmo
SwiftExplicitDependencyGeneratePcm arm64_32 /Users/admin/builder/spi-builder-workspace/.derivedData/SDKExplicitPrecompiledModules/ptrauth-BFXF358ME5AK535N5A9Z766WU.pcm
SwiftExplicitDependencyGeneratePcm arm64_32 /Users/admin/builder/spi-builder-workspace/.derivedData/SDKExplicitPrecompiledModules/_Builtin_stdarg-D305JG44A2WPI6CJY37X3QJE8.pcm
SwiftExplicitDependencyGeneratePcm arm64_32 /Users/admin/builder/spi-builder-workspace/.derivedData/SDKExplicitPrecompiledModules/ptrcheck-7ELIH9BTIGVKX3UBITM9N72WD.pcm
SwiftExplicitDependencyGeneratePcm arm64_32 /Users/admin/builder/spi-builder-workspace/.derivedData/SDKExplicitPrecompiledModules/_SwiftConcurrencyShims-6RTBPQ03V7BM9SPRK8SUE055H.pcm
SwiftExplicitDependencyGeneratePcm arm64_32 /Users/admin/builder/spi-builder-workspace/.derivedData/SDKExplicitPrecompiledModules/_Builtin_stdbool-A967K8W8YUYEC9SN52KJ7OO88.pcm
SwiftExplicitDependencyGeneratePcm arm64_32 /Users/admin/builder/spi-builder-workspace/.derivedData/SDKExplicitPrecompiledModules/_Builtin_stddef-H44EFHQX6XSS5MZ7QP6YJZ76.pcm
SwiftExplicitDependencyGeneratePcm arm64 /Users/admin/builder/spi-builder-workspace/.derivedData/SDKExplicitPrecompiledModules/_SwiftConcurrencyShims-659N52XSKR5F0QSB880BH2FJR.pcm
SwiftExplicitDependencyGeneratePcm arm64 /Users/admin/builder/spi-builder-workspace/.derivedData/SDKExplicitPrecompiledModules/SwiftShims-4MXFZPV6FEB0XBYXCGPWAMQGL.pcm
SwiftExplicitDependencyGeneratePcm arm64 /Users/admin/builder/spi-builder-workspace/.derivedData/SDKExplicitPrecompiledModules/ptrauth-3TZ9WJCGLYD25HQPWH4968ONX.pcm
SwiftExplicitDependencyGeneratePcm arm64 /Users/admin/builder/spi-builder-workspace/.derivedData/SDKExplicitPrecompiledModules/_Builtin_stddef-1FU30Y8SWFB7OUUHMJQH5J6FM.pcm
SwiftExplicitDependencyGeneratePcm arm64 /Users/admin/builder/spi-builder-workspace/.derivedData/SDKExplicitPrecompiledModules/ptrcheck-AIF0NDOYZ8ORBNHQAQR5NNB8M.pcm
SwiftExplicitDependencyGeneratePcm arm64 /Users/admin/builder/spi-builder-workspace/.derivedData/SDKExplicitPrecompiledModules/DeveloperToolsSupport-E7CNISCB36UE8XQ9IOHK9XDX1.pcm
SwiftExplicitDependencyGeneratePcm arm64 /Users/admin/builder/spi-builder-workspace/.derivedData/SDKExplicitPrecompiledModules/_Builtin_stdarg-A7UU8LE6MP85SM26YO7PBZNUQ.pcm
SwiftExplicitDependencyGeneratePcm arm64 /Users/admin/builder/spi-builder-workspace/.derivedData/SDKExplicitPrecompiledModules/_Builtin_float-C0CW5Q4HGBQYKE77TC42IAFB5.pcm
SwiftExplicitDependencyGeneratePcm arm64 /Users/admin/builder/spi-builder-workspace/.derivedData/SDKExplicitPrecompiledModules/_Builtin_stdbool-83J96QSOFE9VX04AAS6310UAE.pcm
SwiftExplicitDependencyGeneratePcm arm64 /Users/admin/builder/spi-builder-workspace/.derivedData/SDKExplicitPrecompiledModules/_AvailabilityInternal-BUNV3UXM65NT37THI4W1AM0SF.pcm
SwiftExplicitDependencyGeneratePcm arm64_32 /Users/admin/builder/spi-builder-workspace/.derivedData/SDKExplicitPrecompiledModules/_AvailabilityInternal-244WAN3Z1QBT7PIA64EZEFY1R.pcm
SwiftExplicitDependencyGeneratePcm arm64_32 /Users/admin/builder/spi-builder-workspace/.derivedData/SDKExplicitPrecompiledModules/SwiftShims-9CQQGWTSNTN9EB5NSHDWUJICH.pcm
SwiftExplicitDependencyGeneratePcm arm64_32 /Users/admin/builder/spi-builder-workspace/.derivedData/SDKExplicitPrecompiledModules/_Builtin_float-6KO8O3PEWRCA4WC6PPLOYO6WJ.pcm
SwiftExplicitDependencyGeneratePcm arm64_32 /Users/admin/builder/spi-builder-workspace/.derivedData/SDKExplicitPrecompiledModules/DeveloperToolsSupport-DZU5G1OCMNWU0AQRULIFHUJ1Z.pcm
SwiftExplicitDependencyGeneratePcm arm64 /Users/admin/builder/spi-builder-workspace/.derivedData/SDKExplicitPrecompiledModules/_DarwinFoundation1-7SPX3MD0HMP55E4OLNCPNDQ53.pcm
SwiftExplicitDependencyGeneratePcm arm64_32 /Users/admin/builder/spi-builder-workspace/.derivedData/SDKExplicitPrecompiledModules/_DarwinFoundation1-2GWF9RFMPLQW4PDHS3NARVI3G.pcm
SwiftExplicitDependencyGeneratePcm arm64 /Users/admin/builder/spi-builder-workspace/.derivedData/SDKExplicitPrecompiledModules/_Builtin_limits-9GWPA2B0H20DYUNYHYCWKABJG.pcm
SwiftExplicitDependencyGeneratePcm arm64 /Users/admin/builder/spi-builder-workspace/.derivedData/SDKExplicitPrecompiledModules/_DarwinFoundation2-D0XAPJU49S5E9XMKYOFGSTB1Q.pcm
SwiftExplicitDependencyGeneratePcm arm64_32 /Users/admin/builder/spi-builder-workspace/.derivedData/SDKExplicitPrecompiledModules/_Builtin_limits-3VKBU2AFTD65PAJZ5CJ3LHFM2.pcm
SwiftExplicitDependencyGeneratePcm arm64_32 /Users/admin/builder/spi-builder-workspace/.derivedData/SDKExplicitPrecompiledModules/_DarwinFoundation2-9MY8GOSYRO0M9MKNXF6D3MBNK.pcm
SwiftExplicitDependencyGeneratePcm arm64_32 /Users/admin/builder/spi-builder-workspace/.derivedData/SDKExplicitPrecompiledModules/_Builtin_stdint-1HMXWI3V0V4TXHRWZOMZGZ80Y.pcm
SwiftExplicitDependencyGeneratePcm arm64_32 /Users/admin/builder/spi-builder-workspace/.derivedData/SDKExplicitPrecompiledModules/_Builtin_tgmath-23PGCKURCQILXMK0MYZRYDCOU.pcm
SwiftExplicitDependencyGeneratePcm arm64_32 /Users/admin/builder/spi-builder-workspace/.derivedData/SDKExplicitPrecompiledModules/sys_types-8TLLMW08ZJWDGIIPKOYFGHHZW.pcm
SwiftExplicitDependencyGeneratePcm arm64_32 /Users/admin/builder/spi-builder-workspace/.derivedData/SDKExplicitPrecompiledModules/string_h-BFVLUQUSBZWYMLCU9QI7VZALW.pcm
SwiftExplicitDependencyGeneratePcm arm64 /Users/admin/builder/spi-builder-workspace/.derivedData/SDKExplicitPrecompiledModules/string_h-E6PRXK75PHIPCZFWOFCQ3QBMK.pcm
SwiftExplicitDependencyGeneratePcm arm64 /Users/admin/builder/spi-builder-workspace/.derivedData/SDKExplicitPrecompiledModules/sys_types-2KXQLI78OUCDP779AE68GZJ2.pcm
SwiftExplicitDependencyGeneratePcm arm64 /Users/admin/builder/spi-builder-workspace/.derivedData/SDKExplicitPrecompiledModules/_Builtin_tgmath-8NQ96OZ0YHXEC24JI95P01UF8.pcm
SwiftExplicitDependencyGeneratePcm arm64 /Users/admin/builder/spi-builder-workspace/.derivedData/SDKExplicitPrecompiledModules/_Builtin_stdint-8XMILLJZEGRN2XG7XZUXZ5RLX.pcm
SwiftExplicitDependencyGeneratePcm arm64_32 /Users/admin/builder/spi-builder-workspace/.derivedData/SDKExplicitPrecompiledModules/_Builtin_stdatomic-1TY035TURL76BF2U98PZPPZRX.pcm
SwiftExplicitDependencyGeneratePcm arm64_32 /Users/admin/builder/spi-builder-workspace/.derivedData/SDKExplicitPrecompiledModules/_DarwinFoundation3-3DUTYQDQSD9HUAAVY947NMWOI.pcm
SwiftExplicitDependencyGeneratePcm arm64_32 /Users/admin/builder/spi-builder-workspace/.derivedData/SDKExplicitPrecompiledModules/_Builtin_intrinsics-196IIAKDQVU42DLOZP9OQCV76.pcm
SwiftExplicitDependencyGeneratePcm arm64 /Users/admin/builder/spi-builder-workspace/.derivedData/SDKExplicitPrecompiledModules/_Builtin_intrinsics-75960HIPCIYA06IUW8FIIPQT.pcm
SwiftExplicitDependencyGeneratePcm arm64 /Users/admin/builder/spi-builder-workspace/.derivedData/SDKExplicitPrecompiledModules/_Builtin_stdatomic-7JEFA3KBJJJN6TKJWY3OG1VG5.pcm
SwiftExplicitDependencyGeneratePcm arm64 /Users/admin/builder/spi-builder-workspace/.derivedData/SDKExplicitPrecompiledModules/_DarwinFoundation3-B97LRG0E9GON2NUE65TVG81HU.pcm
SwiftExplicitDependencyGeneratePcm arm64_32 /Users/admin/builder/spi-builder-workspace/.derivedData/SDKExplicitPrecompiledModules/_Builtin_inttypes-D2KPCR4PEX9AQA33NGLUT5SBR.pcm
SwiftExplicitDependencyGeneratePcm arm64 /Users/admin/builder/spi-builder-workspace/.derivedData/SDKExplicitPrecompiledModules/_Builtin_inttypes-3UQSCM7WNM9EK4HZML8TY5J3D.pcm
SwiftExplicitDependencyGeneratePcm arm64_32 /Users/admin/builder/spi-builder-workspace/.derivedData/SDKExplicitPrecompiledModules/Darwin-3FVT1SKLN2ZQ5RVOABMTQBB34.pcm
SwiftExplicitDependencyGeneratePcm arm64 /Users/admin/builder/spi-builder-workspace/.derivedData/SDKExplicitPrecompiledModules/Darwin-3984OXKFNSPE77NT743WK8SEX.pcm
SwiftExplicitDependencyGeneratePcm arm64_32 /Users/admin/builder/spi-builder-workspace/.derivedData/SDKExplicitPrecompiledModules/simd-21UNWYOBUZI1LVSQ99S1XBLMO.pcm
SwiftExplicitDependencyGeneratePcm arm64 /Users/admin/builder/spi-builder-workspace/.derivedData/SDKExplicitPrecompiledModules/simd-EH08NODU6574T74ZKU61VP9BW.pcm
SwiftExplicitDependencyGeneratePcm arm64 /Users/admin/builder/spi-builder-workspace/.derivedData/SDKExplicitPrecompiledModules/ObjectiveC-72IVD3VS2RS8Q28D9PIMY0KQP.pcm
SwiftExplicitDependencyGeneratePcm arm64 /Users/admin/builder/spi-builder-workspace/.derivedData/SDKExplicitPrecompiledModules/MachO-2U90NNSAQILBNBPS1SA4F8TYP.pcm
SwiftExplicitDependencyGeneratePcm arm64_32 /Users/admin/builder/spi-builder-workspace/.derivedData/SDKExplicitPrecompiledModules/ObjectiveC-6IJNELR2E80E7LUKESVCP2KET.pcm
SwiftExplicitDependencyGeneratePcm arm64_32 /Users/admin/builder/spi-builder-workspace/.derivedData/SDKExplicitPrecompiledModules/MachO-56838ZJ0NC1EBAJ0O6O8QMPDX.pcm
SwiftExplicitDependencyGeneratePcm arm64 /Users/admin/builder/spi-builder-workspace/.derivedData/SDKExplicitPrecompiledModules/os_object-3SDKD7F87FTZ26OON37DRYT6O.pcm
SwiftExplicitDependencyGeneratePcm arm64_32 /Users/admin/builder/spi-builder-workspace/.derivedData/SDKExplicitPrecompiledModules/os_object-5YWTC6L4756IWSTPGXS5NM0D0.pcm
SwiftExplicitDependencyGeneratePcm arm64 /Users/admin/builder/spi-builder-workspace/.derivedData/SDKExplicitPrecompiledModules/os_workgroup-89GG5G7YC2D0ZTK6AZXXQ20DH.pcm
SwiftExplicitDependencyGeneratePcm arm64_32 /Users/admin/builder/spi-builder-workspace/.derivedData/SDKExplicitPrecompiledModules/os_workgroup-5JHTPDMNBUNHLJI8LPHKQK1JK.pcm
SwiftExplicitDependencyGeneratePcm arm64_32 /Users/admin/builder/spi-builder-workspace/.derivedData/SDKExplicitPrecompiledModules/Spatial-CWVWNML3T0NXVHZDKVLD3X1YZ.pcm
SwiftExplicitDependencyGeneratePcm arm64 /Users/admin/builder/spi-builder-workspace/.derivedData/SDKExplicitPrecompiledModules/Spatial-44FJGYXFAT2AQAW9Z6T7YS02U.pcm
SwiftExplicitDependencyGeneratePcm arm64 /Users/admin/builder/spi-builder-workspace/.derivedData/SDKExplicitPrecompiledModules/Dispatch-1NLJOVAK60XP0DUB05XA59EIM.pcm
SwiftExplicitDependencyGeneratePcm arm64_32 /Users/admin/builder/spi-builder-workspace/.derivedData/SDKExplicitPrecompiledModules/Dispatch-2P62F1T4XV63S4P99TUDTOK2Q.pcm
SwiftExplicitDependencyGeneratePcm arm64_32 /Users/admin/builder/spi-builder-workspace/.derivedData/SDKExplicitPrecompiledModules/CoreFoundation-8E6Y4BA3EXYKUGJ24GT9LGV3N.pcm
SwiftExplicitDependencyGeneratePcm arm64_32 /Users/admin/builder/spi-builder-workspace/.derivedData/SDKExplicitPrecompiledModules/XPC-81Y45QFY96XYYFCW2GT6FY8S4.pcm
SwiftExplicitDependencyGeneratePcm arm64 /Users/admin/builder/spi-builder-workspace/.derivedData/SDKExplicitPrecompiledModules/CoreFoundation-8T2L24YC5NU7WO6WQJWRY7W08.pcm
SwiftExplicitDependencyGeneratePcm arm64 /Users/admin/builder/spi-builder-workspace/.derivedData/SDKExplicitPrecompiledModules/XPC-40DR0X1DHKGCV4J1IOLFS8MOU.pcm
SwiftExplicitDependencyGeneratePcm arm64 /Users/admin/builder/spi-builder-workspace/.derivedData/SDKExplicitPrecompiledModules/os-5DIL6Z9LFIGLMZAHM7X2T5435.pcm
SwiftExplicitDependencyGeneratePcm arm64_32 /Users/admin/builder/spi-builder-workspace/.derivedData/SDKExplicitPrecompiledModules/os-E5IGB442IA6SBB25TTCOLK2OC.pcm
SwiftExplicitDependencyGeneratePcm arm64_32 /Users/admin/builder/spi-builder-workspace/.derivedData/SDKExplicitPrecompiledModules/CoreAudioTypes-9GVB1DHA32M46R4A9NWSI3I2K.pcm
SwiftExplicitDependencyGeneratePcm arm64_32 /Users/admin/builder/spi-builder-workspace/.derivedData/SDKExplicitPrecompiledModules/CoreGraphics-9FDXYX6BKBUT6TJ2VF819E7T5.pcm
SwiftExplicitDependencyGeneratePcm arm64_32 /Users/admin/builder/spi-builder-workspace/.derivedData/SDKExplicitPrecompiledModules/Security-D7TOWF88VWF67TB9HAFP5UWB1.pcm
SwiftExplicitDependencyGeneratePcm arm64 /Users/admin/builder/spi-builder-workspace/.derivedData/SDKExplicitPrecompiledModules/CoreGraphics-DWNZ73GEH98SBJXZ7DEXB420K.pcm
SwiftExplicitDependencyGeneratePcm arm64 /Users/admin/builder/spi-builder-workspace/.derivedData/SDKExplicitPrecompiledModules/Security-6RZ6YBRU8WCUHRFFRVUK5WKMM.pcm
SwiftExplicitDependencyGeneratePcm arm64 /Users/admin/builder/spi-builder-workspace/.derivedData/SDKExplicitPrecompiledModules/CoreAudioTypes-A9MF7N5LT63G21HNFVM6BT14B.pcm
SwiftExplicitDependencyGeneratePcm arm64_32 /Users/admin/builder/spi-builder-workspace/.derivedData/SDKExplicitPrecompiledModules/CoreAudio-5W6MX6OUPWBMUR8VD5LHT1PZF.pcm
SwiftExplicitDependencyGeneratePcm arm64 /Users/admin/builder/spi-builder-workspace/.derivedData/SDKExplicitPrecompiledModules/CoreAudio-1B79RJJTP71GE6UY9WLESAN3C.pcm
SwiftExplicitDependencyGeneratePcm arm64_32 /Users/admin/builder/spi-builder-workspace/.derivedData/SDKExplicitPrecompiledModules/Foundation-BJ2VQGI3OGR34500MEQ1VKHPH.pcm
SwiftExplicitDependencyGeneratePcm arm64 /Users/admin/builder/spi-builder-workspace/.derivedData/SDKExplicitPrecompiledModules/Foundation-DLBKUSGXN8QHAT8W0OARR9S8A.pcm
SwiftExplicitDependencyGeneratePcm arm64 /Users/admin/builder/spi-builder-workspace/.derivedData/SDKExplicitPrecompiledModules/CoreVideo-8MRR5MNWUOAW2DBPGUQ8FKK4.pcm
SwiftExplicitDependencyGeneratePcm arm64 /Users/admin/builder/spi-builder-workspace/.derivedData/SDKExplicitPrecompiledModules/CoreText-970YJN6NIYGK1316L35Z0O8QT.pcm
SwiftExplicitDependencyGeneratePcm arm64_32 /Users/admin/builder/spi-builder-workspace/.derivedData/SDKExplicitPrecompiledModules/CoreText-C9X2REPZN2V5BSU4G80FCETDR.pcm
SwiftExplicitDependencyGeneratePcm arm64_32 /Users/admin/builder/spi-builder-workspace/.derivedData/SDKExplicitPrecompiledModules/CoreVideo-2P8HI0403J99LBDPKNFJ5D4DL.pcm
SwiftExplicitDependencyGeneratePcm arm64 /Users/admin/builder/spi-builder-workspace/.derivedData/SDKExplicitPrecompiledModules/CoreMedia-1AJVCUZNAO74KIKMFVFUUHWDI.pcm
SwiftExplicitDependencyGeneratePcm arm64_32 /Users/admin/builder/spi-builder-workspace/.derivedData/SDKExplicitPrecompiledModules/CoreMedia-AO387T8CHWTTZODD1DGT0UAFA.pcm
SwiftExplicitDependencyGeneratePcm arm64_32 /Users/admin/builder/spi-builder-workspace/.derivedData/SDKExplicitPrecompiledModules/DataDetection-U9BF7WHFVA6BZGFXXXP272PS.pcm
SwiftExplicitDependencyGeneratePcm arm64_32 /Users/admin/builder/spi-builder-workspace/.derivedData/SDKExplicitPrecompiledModules/OSLog-D9AVFY0KWO7RVBIQ73CBIJVCN.pcm
SwiftExplicitDependencyGeneratePcm arm64_32 /Users/admin/builder/spi-builder-workspace/.derivedData/SDKExplicitPrecompiledModules/CoreTransferable-5D4IR6X37682FPHJ5CBPTKQV6.pcm
SwiftExplicitDependencyGeneratePcm arm64_32 /Users/admin/builder/spi-builder-workspace/.derivedData/SDKExplicitPrecompiledModules/QuartzCore-6375NPYACK5NYVHPMC1QQ8MC2.pcm
SwiftExplicitDependencyGeneratePcm arm64_32 /Users/admin/builder/spi-builder-workspace/.derivedData/SDKExplicitPrecompiledModules/Symbols-1H97WMG76HU94F5VGJR19PXFY.pcm
SwiftExplicitDependencyGeneratePcm arm64_32 /Users/admin/builder/spi-builder-workspace/.derivedData/SDKExplicitPrecompiledModules/UIUtilities-9YFVNIMRC5HRVOIARNWHP1E3H.pcm
SwiftExplicitDependencyGeneratePcm arm64_32 /Users/admin/builder/spi-builder-workspace/.derivedData/SDKExplicitPrecompiledModules/UniformTypeIdentifiers-CJZ3NTHPSBH4XWX5EVOG56UZS.pcm
SwiftExplicitDependencyGeneratePcm arm64_32 /Users/admin/builder/spi-builder-workspace/.derivedData/SDKExplicitPrecompiledModules/SceneKit-DKNLHKM5FJBQ79LSNMSSMBUBR.pcm
SwiftExplicitDependencyGeneratePcm arm64_32 /Users/admin/builder/spi-builder-workspace/.derivedData/SDKExplicitPrecompiledModules/_LocationEssentials-AQ1OL9QKC3LQLY5CNSRM1HB53.pcm
SwiftExplicitDependencyGeneratePcm arm64_32 /Users/admin/builder/spi-builder-workspace/.derivedData/SDKExplicitPrecompiledModules/Accessibility-F385OMZ5GYBUY5O4QAJB4NRII.pcm
SwiftExplicitDependencyGeneratePcm arm64 /Users/admin/builder/spi-builder-workspace/.derivedData/SDKExplicitPrecompiledModules/Symbols-3EFABTJ9L5PQDJ7RQCYQWEJMM.pcm
SwiftExplicitDependencyGeneratePcm arm64 /Users/admin/builder/spi-builder-workspace/.derivedData/SDKExplicitPrecompiledModules/_LocationEssentials-5ZZDGDXB6HLQUC72SJW7YJ7MK.pcm
SwiftExplicitDependencyGeneratePcm arm64 /Users/admin/builder/spi-builder-workspace/.derivedData/SDKExplicitPrecompiledModules/CoreTransferable-9PPG3SLJ55T4LITIFYX2M0NOZ.pcm
SwiftExplicitDependencyGeneratePcm arm64 /Users/admin/builder/spi-builder-workspace/.derivedData/SDKExplicitPrecompiledModules/Accessibility-27QMG6ZQ1NKYTNBYFPM1XKNFC.pcm
SwiftExplicitDependencyGeneratePcm arm64 /Users/admin/builder/spi-builder-workspace/.derivedData/SDKExplicitPrecompiledModules/DataDetection-7BNVI1SZW5ISQL5SX4WL2X7I5.pcm
SwiftExplicitDependencyGeneratePcm arm64 /Users/admin/builder/spi-builder-workspace/.derivedData/SDKExplicitPrecompiledModules/QuartzCore-94KFMWNOU7ZLUZNB4T5DLZC9D.pcm
SwiftExplicitDependencyGeneratePcm arm64 /Users/admin/builder/spi-builder-workspace/.derivedData/SDKExplicitPrecompiledModules/UniformTypeIdentifiers-8L08Q8DQJV8C4AW84YVGFGTRN.pcm
SwiftExplicitDependencyGeneratePcm arm64 /Users/admin/builder/spi-builder-workspace/.derivedData/SDKExplicitPrecompiledModules/OSLog-B7VGO357Y3GJG35TST7DKDSI3.pcm
SwiftExplicitDependencyGeneratePcm arm64_32 /Users/admin/builder/spi-builder-workspace/.derivedData/SDKExplicitPrecompiledModules/CoreLocation-8XU5YMYM4P11RQMYCQAG65ITK.pcm
SwiftExplicitDependencyGeneratePcm arm64_32 /Users/admin/builder/spi-builder-workspace/.derivedData/SDKExplicitPrecompiledModules/SwiftUICore-3Q7WLRD8MR9R3NGIPUBQCP6F6.pcm
SwiftExplicitDependencyGeneratePcm arm64 /Users/admin/builder/spi-builder-workspace/.derivedData/SDKExplicitPrecompiledModules/CoreLocation-ACKJ9K7ABI14F97Y46Y6SRR17.pcm
SwiftExplicitDependencyGeneratePcm arm64 /Users/admin/builder/spi-builder-workspace/.derivedData/SDKExplicitPrecompiledModules/UIUtilities-IR7RNW23VAUKYI9MLCS9NL9A.pcm
SwiftExplicitDependencyGeneratePcm arm64_32 /Users/admin/builder/spi-builder-workspace/.derivedData/SDKExplicitPrecompiledModules/CoreData-7AU1AFQWUH88EAPDKVMLJPKVD.pcm
SwiftExplicitDependencyGeneratePcm arm64 /Users/admin/builder/spi-builder-workspace/.derivedData/SDKExplicitPrecompiledModules/UserNotifications-ARAH8MEQ0C2L0FBO39HITJMAO.pcm
SwiftExplicitDependencyGeneratePcm arm64 /Users/admin/builder/spi-builder-workspace/.derivedData/SDKExplicitPrecompiledModules/SceneKit-5HZKIL7XETTTD8TOHYPN8JKRJ.pcm
SwiftExplicitDependencyGeneratePcm arm64_32 /Users/admin/builder/spi-builder-workspace/.derivedData/SDKExplicitPrecompiledModules/UserNotifications-6TBN8TEAKO014N1T2QD926XED.pcm
SwiftExplicitDependencyGeneratePcm arm64 /Users/admin/builder/spi-builder-workspace/.derivedData/SDKExplicitPrecompiledModules/CoreData-9JFJC4UET8BAO5IPV2JU6W9V8.pcm
SwiftExplicitDependencyGeneratePcm arm64 /Users/admin/builder/spi-builder-workspace/.derivedData/SDKExplicitPrecompiledModules/SwiftUICore-C1DST1IX2Z0PTH5SJJZ1IULRB.pcm
SwiftExplicitDependencyGeneratePcm arm64_32 /Users/admin/builder/spi-builder-workspace/.derivedData/SDKExplicitPrecompiledModules/CoreMotion-1XGTVTE5PP32UHME8AC63TL6.pcm
SwiftExplicitDependencyGeneratePcm arm64 /Users/admin/builder/spi-builder-workspace/.derivedData/SDKExplicitPrecompiledModules/CoreMotion-6RD5K48QT1F4L9CATNFD2O7YB.pcm
SwiftExplicitDependencyGeneratePcm arm64_32 /Users/admin/builder/spi-builder-workspace/.derivedData/SDKExplicitPrecompiledModules/UIKit-6PPV7YPZ89CZPHYAP072QH8B6.pcm
SwiftExplicitDependencyGeneratePcm arm64 /Users/admin/builder/spi-builder-workspace/.derivedData/SDKExplicitPrecompiledModules/UIKit-27R3P1YMV4C6JLDT661G3MRIA.pcm
SwiftExplicitDependencyGeneratePcm arm64_32 /Users/admin/builder/spi-builder-workspace/.derivedData/SDKExplicitPrecompiledModules/HomeKit-DUDZOMSN3UK8GNTNBNMPIWJRN.pcm
SwiftExplicitDependencyGeneratePcm arm64_32 /Users/admin/builder/spi-builder-workspace/.derivedData/SDKExplicitPrecompiledModules/MapKit-CWGB4YMP1VX1NYQN5FULFD5DR.pcm
SwiftExplicitDependencyGeneratePcm arm64 /Users/admin/builder/spi-builder-workspace/.derivedData/SDKExplicitPrecompiledModules/MapKit-EJJWC7IL56MPLQMI93GJRE5OG.pcm
SwiftExplicitDependencyGeneratePcm arm64 /Users/admin/builder/spi-builder-workspace/.derivedData/SDKExplicitPrecompiledModules/HomeKit-DTS1N4AWILAL1URZ5IOXV5221.pcm
SwiftExplicitDependencyGeneratePcm arm64_32 /Users/admin/builder/spi-builder-workspace/.derivedData/SDKExplicitPrecompiledModules/WatchKit-FHF6WTKLC2APGK3LA2XJ6516.pcm
SwiftExplicitDependencyGeneratePcm arm64 /Users/admin/builder/spi-builder-workspace/.derivedData/SDKExplicitPrecompiledModules/WatchKit-3VT3K8YON6FJ6OWSUFJMFMP8J.pcm
SwiftExplicitDependencyGeneratePcm arm64_32 /Users/admin/builder/spi-builder-workspace/.derivedData/SDKExplicitPrecompiledModules/SwiftUI-9AYG9OCT5VOJK7V4MX1WYR86T.pcm
SwiftExplicitDependencyGeneratePcm arm64 /Users/admin/builder/spi-builder-workspace/.derivedData/SDKExplicitPrecompiledModules/SwiftUI-APXDH8ULYLM6FD17YRA73TULO.pcm
SwiftCompile normal arm64_32 Compiling\ SPIndicatorView.swift /Users/admin/builder/spi-builder-workspace/Sources/SPIndicator/SPIndicatorView.swift (in target 'SPIndicator' from project 'SPIndicator')
SwiftCompile normal arm64_32 /Users/admin/builder/spi-builder-workspace/Sources/SPIndicator/SPIndicatorView.swift (in target 'SPIndicator' from project 'SPIndicator')
cd /Users/admin/builder/spi-builder-workspace/.swiftpm/xcode
builtin-SwiftPerFileCompile SPIndicatorView.swift
SwiftCompile normal arm64_32 Compiling\ SPIndicator.swift /Users/admin/builder/spi-builder-workspace/Sources/SPIndicator/SPIndicator.swift (in target 'SPIndicator' from project 'SPIndicator')
SwiftCompile normal arm64_32 /Users/admin/builder/spi-builder-workspace/Sources/SPIndicator/SPIndicator.swift (in target 'SPIndicator' from project 'SPIndicator')
cd /Users/admin/builder/spi-builder-workspace/.swiftpm/xcode
builtin-SwiftPerFileCompile SPIndicator.swift
SwiftCompile normal arm64_32 Compiling\ SPIndicatorIconAnimatable.swift /Users/admin/builder/spi-builder-workspace/Sources/SPIndicator/Protocols/SPIndicatorIconAnimatable.swift (in target 'SPIndicator' from project 'SPIndicator')
SwiftCompile normal arm64_32 /Users/admin/builder/spi-builder-workspace/Sources/SPIndicator/Protocols/SPIndicatorIconAnimatable.swift (in target 'SPIndicator' from project 'SPIndicator')
cd /Users/admin/builder/spi-builder-workspace/.swiftpm/xcode
builtin-SwiftPerFileCompile SPIndicatorIconAnimatable.swift
SwiftCompile normal arm64_32 Compiling\ UIFontExtension.swift,\ UILabelExtension.swift /Users/admin/builder/spi-builder-workspace/Sources/SPIndicator/Extensions/UIFontExtension.swift /Users/admin/builder/spi-builder-workspace/Sources/SPIndicator/Extensions/UILabelExtension.swift (in target 'SPIndicator' from project 'SPIndicator')
SwiftCompile normal arm64_32 /Users/admin/builder/spi-builder-workspace/Sources/SPIndicator/Extensions/UIFontExtension.swift (in target 'SPIndicator' from project 'SPIndicator')
cd /Users/admin/builder/spi-builder-workspace/.swiftpm/xcode
builtin-SwiftPerFileCompile UIFontExtension.swift
SwiftCompile normal arm64_32 /Users/admin/builder/spi-builder-workspace/Sources/SPIndicator/Extensions/UILabelExtension.swift (in target 'SPIndicator' from project 'SPIndicator')
cd /Users/admin/builder/spi-builder-workspace/.swiftpm/xcode
builtin-SwiftPerFileCompile UILabelExtension.swift
SwiftEmitModule normal arm64_32 Emitting\ module\ for\ SPIndicator (in target 'SPIndicator' from project 'SPIndicator')
/Users/admin/builder/spi-builder-workspace/Sources/SPIndicator/Extensions/UILabelExtension.swift:24:11: error: 'UILabel' is unavailable in watchOS
22 | import UIKit
23 |
24 | extension UILabel {
| `- error: 'UILabel' is unavailable in watchOS
25 |
26 | func layoutDynamicHeight(width: CGFloat) {
/Applications/Xcode-27.0.0-Release.Candidate.app/Contents/Developer/Platforms/WatchOS.platform/Developer/SDKs/WatchOS27.0.sdk/System/Library/Frameworks/UIKit.framework/Headers/UILabel.h:33:12: note: 'UILabel' has been explicitly marked unavailable here
31 |
32 | UIKIT_EXTERN API_AVAILABLE(ios(2.0)) API_UNAVAILABLE(watchos) NS_SWIFT_UI_ACTOR
33 | @interface UILabel : UIView <NSCoding, UIContentSizeCategoryAdjusting, UILetterformAwareAdjusting>
| `- note: 'UILabel' has been explicitly marked unavailable here
34 |
35 | @property(nullable, nonatomic,copy) NSString *text; // default is nil
/Users/admin/builder/spi-builder-workspace/Sources/SPIndicator/Icons/SPAlertIconErrorView.swift:24:40: error: 'UIView' is unavailable in watchOS
22 | import UIKit
23 |
24 | public class SPIndicatorIconErrorView: UIView, SPIndicatorIconAnimatable {
| `- error: 'UIView' is unavailable in watchOS
25 |
26 | public func animate() {
/Applications/Xcode-27.0.0-Release.Candidate.app/Contents/Developer/Platforms/WatchOS.platform/Developer/SDKs/WatchOS27.0.sdk/System/Library/Frameworks/UIKit.framework/Headers/UIView.h:152:12: note: 'UIView' has been explicitly marked unavailable here
150 |
151 | UIKIT_EXTERN API_AVAILABLE(ios(2.0)) API_UNAVAILABLE(watchos) NS_SWIFT_UI_ACTOR
152 | @interface UIView : UIResponder <NSCoding, UIAppearance, UIAppearanceContainer, UIDynamicItem, UITraitEnvironment, UICoordinateSpace, UIFocusItem, UIFocusItemContainer, CALayerDelegate>
| `- note: 'UIView' has been explicitly marked unavailable here
153 |
154 | @property(class, nonatomic, readonly) Class layerClass; // default is [CALayer class]. Used when creating the underlying layer for the view.
/Users/admin/builder/spi-builder-workspace/Sources/SPIndicator/Icons/SPIndicatorIconDoneView.swift:24:39: error: 'UIView' is unavailable in watchOS
22 | import UIKit
23 |
24 | public class SPIndicatorIconDoneView: UIView, SPIndicatorIconAnimatable {
| `- error: 'UIView' is unavailable in watchOS
25 |
26 | public func animate() {
/Applications/Xcode-27.0.0-Release.Candidate.app/Contents/Developer/Platforms/WatchOS.platform/Developer/SDKs/WatchOS27.0.sdk/System/Library/Frameworks/UIKit.framework/Headers/UIView.h:152:12: note: 'UIView' has been explicitly marked unavailable here
150 |
151 | UIKIT_EXTERN API_AVAILABLE(ios(2.0)) API_UNAVAILABLE(watchos) NS_SWIFT_UI_ACTOR
152 | @interface UIView : UIResponder <NSCoding, UIAppearance, UIAppearanceContainer, UIDynamicItem, UITraitEnvironment, UICoordinateSpace, UIFocusItem, UIFocusItemContainer, CALayerDelegate>
| `- note: 'UIView' has been explicitly marked unavailable here
153 |
154 | @property(class, nonatomic, readonly) Class layerClass; // default is [CALayer class]. Used when creating the underlying layer for the view.
/Users/admin/builder/spi-builder-workspace/Sources/SPIndicator/SPIndicatorIconPreset.swift:32:24: error: 'UIActivityIndicatorView' is unavailable in watchOS
30 | case done
31 | case error
32 | case spin(_ style: UIActivityIndicatorView.Style)
| `- error: 'UIActivityIndicatorView' is unavailable in watchOS
33 | case custom(_ image: UIImage)
34 | }
/Applications/Xcode-27.0.0-Release.Candidate.app/Contents/Developer/Platforms/WatchOS.platform/Developer/SDKs/WatchOS27.0.sdk/System/Library/Frameworks/UIKit.framework/Headers/UIActivityIndicatorView.h:24:12: note: 'UIActivityIndicatorView' has been explicitly marked unavailable here
22 |
23 | UIKIT_EXTERN API_AVAILABLE(ios(2.0)) API_UNAVAILABLE(watchos) NS_SWIFT_UI_ACTOR
24 | @interface UIActivityIndicatorView : UIView <NSCoding>
| `- note: 'UIActivityIndicatorView' has been explicitly marked unavailable here
25 |
26 | - (instancetype)initWithActivityIndicatorStyle:(UIActivityIndicatorViewStyle)style NS_DESIGNATED_INITIALIZER; // sizes the view according to the style
/Users/admin/builder/spi-builder-workspace/Sources/SPIndicator/SPIndicatorIconPreset.swift:40:26: error: 'UIView' is unavailable in watchOS
38 | public extension SPIndicatorIconPreset {
39 |
40 | func createView() -> UIView {
| `- error: 'UIView' is unavailable in watchOS
41 | switch self {
42 | case .done:
/Applications/Xcode-27.0.0-Release.Candidate.app/Contents/Developer/Platforms/WatchOS.platform/Developer/SDKs/WatchOS27.0.sdk/System/Library/Frameworks/UIKit.framework/Headers/UIView.h:152:12: note: 'UIView' has been explicitly marked unavailable here
150 |
151 | UIKIT_EXTERN API_AVAILABLE(ios(2.0)) API_UNAVAILABLE(watchos) NS_SWIFT_UI_ACTOR
152 | @interface UIView : UIResponder <NSCoding, UIAppearance, UIAppearanceContainer, UIDynamicItem, UITraitEnvironment, UICoordinateSpace, UIFocusItem, UIFocusItemContainer, CALayerDelegate>
| `- note: 'UIView' has been explicitly marked unavailable here
153 |
154 | @property(class, nonatomic, readonly) Class layerClass; // default is [CALayer class]. Used when creating the underlying layer for the view.
Failed frontend command:
/Applications/Xcode-27.0.0-Release.Candidate.app/Contents/Developer/Toolchains/XcodeDefault.xctoolchain/usr/bin/swift-frontend -frontend -emit-module -experimental-skip-non-inlinable-function-bodies-without-types /Users/admin/builder/spi-builder-workspace/Sources/SPIndicator/Extensions/SwiftUIExtension.swift /Users/admin/builder/spi-builder-workspace/Sources/SPIndicator/Extensions/UIColorExtension.swift /Users/admin/builder/spi-builder-workspace/Sources/SPIndicator/Extensions/UIFontExtension.swift /Users/admin/builder/spi-builder-workspace/Sources/SPIndicator/Extensions/UILabelExtension.swift /Users/admin/builder/spi-builder-workspace/Sources/SPIndicator/Icons/SPAlertIconErrorView.swift /Users/admin/builder/spi-builder-workspace/Sources/SPIndicator/Icons/SPIndicatorIconDoneView.swift /Users/admin/builder/spi-builder-workspace/Sources/SPIndicator/Models/SPIndicatorLayout.swift /Users/admin/builder/spi-builder-workspace/Sources/SPIndicator/Models/SPIndicatorPresentSide.swift /Users/admin/builder/spi-builder-workspace/Sources/SPIndicator/Protocols/SPIndicatorIconAnimatable.swift /Users/admin/builder/spi-builder-workspace/Sources/SPIndicator/SPIndicator.swift /Users/admin/builder/spi-builder-workspace/Sources/SPIndicator/SPIndicatorIconPreset.swift /Users/admin/builder/spi-builder-workspace/Sources/SPIndicator/SPIndicatorView.swift /Users/admin/builder/spi-builder-workspace/Sources/SPIndicator/Services/SPIndicatorHaptic.swift -target arm64_32-apple-watchos9.0 -disable-cross-import-overlay-search -load-resolved-plugin /Applications/Xcode-27.0.0-Release.Candidate.app/Contents/Developer/Platforms/WatchOS.platform/Developer/usr/lib/swift/host/plugins/libFoundationMacros.dylib\#/Applications/Xcode-27.0.0-Release.Candidate.app/Contents/Developer/Platforms/WatchOS.platform/Developer/usr/bin/swift-plugin-server\#FoundationMacros -load-resolved-plugin /Applications/Xcode-27.0.0-Release.Candidate.app/Contents/Developer/Platforms/WatchOS.platform/Developer/usr/lib/swift/host/plugins/libObservationMacros.dylib\#/Applications/Xcode-27.0.0-Release.Candidate.app/Contents/Developer/Platforms/WatchOS.platform/Developer/usr/bin/swift-plugin-server\#ObservationMacros -load-resolved-plugin /Applications/Xcode-27.0.0-Release.Candidate.app/Contents/Developer/Platforms/WatchOS.platform/Developer/usr/lib/swift/host/plugins/libPreviewsMacros.dylib\#/Applications/Xcode-27.0.0-Release.Candidate.app/Contents/Developer/Platforms/WatchOS.platform/Developer/usr/bin/swift-plugin-server\#PreviewsMacros -load-resolved-plugin /Applications/Xcode-27.0.0-Release.Candidate.app/Contents/Developer/Platforms/WatchOS.platform/Developer/usr/lib/swift/host/plugins/libSwiftMacros.dylib\#/Applications/Xcode-27.0.0-Release.Candidate.app/Contents/Developer/Platforms/WatchOS.platform/Developer/usr/bin/swift-plugin-server\#SwiftMacros -load-resolved-plugin /Applications/Xcode-27.0.0-Release.Candidate.app/Contents/Developer/Platforms/WatchOS.platform/Developer/usr/lib/swift/host/plugins/libSwiftUIMacros.dylib\#/Applications/Xcode-27.0.0-Release.Candidate.app/Contents/Developer/Platforms/WatchOS.platform/Developer/usr/bin/swift-plugin-server\#SwiftUIMacros -disable-implicit-swift-modules -Xcc -fno-implicit-modules -Xcc -fno-implicit-module-maps -explicit-swift-module-map-file /Users/admin/builder/spi-builder-workspace/.derivedData/Build/Intermediates.noindex/SPIndicator.build/Debug-watchos/SPIndicator-t.build/Objects-normal/arm64_32/SPIndicator-dependencies-2.json -enable-objc-interop -sdk /Applications/Xcode-27.0.0-Release.Candidate.app/Contents/Developer/Platforms/WatchOS.platform/Developer/SDKs/WatchOS27.0.sdk -I /Users/admin/builder/spi-builder-workspace/.derivedData/Build/Products/Debug-watchos -Isystem /Applications/Xcode-27.0.0-Release.Candidate.app/Contents/Developer/Platforms/WatchOS.platform/Developer/usr/lib -F /Users/admin/builder/spi-builder-workspace/.derivedData/Build/Products/Debug-watchos -F /Applications/Xcode-27.0.0-Release.Candidate.app/Contents/Developer/Platforms/WatchOS.platform/Developer/Library/Frameworks -F /Applications/Xcode-27.0.0-Release.Candidate.app/Contents/Developer/Platforms/WatchOS.platform/Developer/SDKs/WatchOS27.0.sdk/Developer/Library/Frameworks -module-cache-path /Users/admin/builder/spi-builder-workspace/.derivedData/Build/Intermediates.noindex/SwiftExplicitPrecompiledModules -no-color-diagnostics -Xcc -fno-color-diagnostics -enable-testing -g -debug-info-format\=dwarf -dwarf-version\=4 -swift-version 5 -Onone -D SWIFT_PACKAGE -D DEBUG -D SWIFT_MODULE_RESOURCE_BUNDLE_UNAVAILABLE -D SPINDICATOR_SPM -D Xcode -serialize-debugging-options -enable-experimental-feature DebugDescriptionMacro -empty-abi-descriptor -validate-clang-modules-once -clang-build-session-file /Users/admin/builder/spi-builder-workspace/.derivedData/ModuleCache.noindex/Session.modulevalidation -Xcc -working-directory -Xcc /Users/admin/builder/spi-builder-workspace/.swiftpm/xcode -enable-anonymous-context-mangled-names -file-compilation-dir /Users/admin/builder/spi-builder-workspace/.swiftpm/xcode -Xcc -D_LIBCPP_HARDENING_MODE\=_LIBCPP_HARDENING_MODE_DEBUG -Xcc -ivfsstatcache -Xcc /Users/admin/builder/spi-builder-workspace/.derivedData/SDKStatCaches.noindex/watchos27.0-24R360-e829b21a6f8c9b70876ba0858053c04477534ef55a1706bf4c1112bbb242f0a2.sdkstatcache -Xcc -fmodules-prune-interval\=86400 -Xcc -fmodules-prune-after\=345600 -Xcc -I/Users/admin/builder/spi-builder-workspace/.derivedData/Build/Products/Debug-watchos/include -Xcc -I/Users/admin/builder/spi-builder-workspace/.derivedData/Build/Intermediates.noindex/SPIndicator.build/Debug-watchos/SPIndicator-t.build/DerivedSources-normal/arm64_32 -Xcc -I/Users/admin/builder/spi-builder-workspace/.derivedData/Build/Intermediates.noindex/SPIndicator.build/Debug-watchos/SPIndicator-t.build/DerivedSources/arm64_32 -Xcc -I/Users/admin/builder/spi-builder-workspace/.derivedData/Build/Intermediates.noindex/SPIndicator.build/Debug-watchos/SPIndicator-t.build/DerivedSources -Xcc -DSWIFT_PACKAGE -Xcc -DDEBUG\=1 -no-auto-bridging-header-chaining -module-name SPIndicator -const-gather-protocols-file /Users/admin/builder/spi-builder-workspace/.derivedData/Build/Intermediates.noindex/SPIndicator.build/Debug-watchos/SPIndicator-t.build/Objects-normal/arm64_32/SPIndicator_const_extract_protocols.json -disable-clang-spi -clang-target arm64_32-apple-watchos27.0 -target-sdk-version 27.0 -target-sdk-name watchos27.0 -in-process-plugin-server-path /Applications/Xcode-27.0.0-Release.Candidate.app/Contents/Developer/Toolchains/XcodeDefault.xctoolchain/usr/lib/swift/host/libSwiftInProcPluginServer.dylib -emit-module-doc-path /Users/admin/builder/spi-builder-workspace/.derivedData/Build/Intermediates.noindex/SPIndicator.build/Debug-watchos/SPIndicator-t.build/Objects-normal/arm64_32/SPIndicator.swiftdoc -emit-module-source-info-path /Users/admin/builder/spi-builder-workspace/.derivedData/Build/Intermediates.noindex/SPIndicator.build/Debug-watchos/SPIndicator-t.build/Objects-normal/arm64_32/SPIndicator.swiftsourceinfo -emit-objc-header-path /Users/admin/builder/spi-builder-workspace/.derivedData/Build/Intermediates.noindex/SPIndicator.build/Debug-watchos/SPIndicator-t.build/Objects-normal/arm64_32/SPIndicator-Swift.h -serialize-diagnostics-path /Users/admin/builder/spi-builder-workspace/.derivedData/Build/Intermediates.noindex/SPIndicator.build/Debug-watchos/SPIndicator-t.build/Objects-normal/arm64_32/SPIndicator-primary-emit-module.dia -emit-dependencies-path /Users/admin/builder/spi-builder-workspace/.derivedData/Build/Intermediates.noindex/SPIndicator.build/Debug-watchos/SPIndicator-t.build/Objects-normal/arm64_32/SPIndicator-primary-emit-module.d -parse-as-library -o /Users/admin/builder/spi-builder-workspace/.derivedData/Build/Intermediates.noindex/SPIndicator.build/Debug-watchos/SPIndicator-t.build/Objects-normal/arm64_32/SPIndicator.swiftmodule -emit-abi-descriptor-path /Users/admin/builder/spi-builder-workspace/.derivedData/Build/Intermediates.noindex/SPIndicator.build/Debug-watchos/SPIndicator-t.build/Objects-normal/arm64_32/SPIndicator.abi.json
SwiftCompile normal arm64_32 (in target 'SPIndicator' from project 'SPIndicator')
cd /Users/admin/builder/spi-builder-workspace/.swiftpm/xcode
SwiftCompile normal arm64_32 Compiling\ SwiftUIExtension.swift,\ UIColorExtension.swift /Users/admin/builder/spi-builder-workspace/Sources/SPIndicator/Extensions/SwiftUIExtension.swift /Users/admin/builder/spi-builder-workspace/Sources/SPIndicator/Extensions/UIColorExtension.swift (in target 'SPIndicator' from project 'SPIndicator')
/Users/admin/builder/spi-builder-workspace/Sources/SPIndicator/Extensions/UIColorExtension.swift:48:32: error: 'separator' is unavailable in watchOS
46 | static var separator: UIColor {
47 | if #available(iOS 13.0, tvOS 13.0, *) {
48 | return UIColor.separator
| `- error: 'separator' is unavailable in watchOS
49 | } else {
50 | return UIColor(red: 60/255, green: 60/255, blue: 67/255, alpha: 1)
/Applications/Xcode-27.0.0-Release.Candidate.app/Contents/Developer/Platforms/WatchOS.platform/Developer/SDKs/WatchOS27.0.sdk/System/Library/Frameworks/UIKit.framework/Headers/UIInterface.h:189:49: note: 'separator' has been explicitly marked unavailable here
187 | * completely cover anything behind it. Depending on the situation, you may need one or the other.
188 | */
189 | @property (class, nonatomic, readonly) UIColor *separatorColor API_AVAILABLE(ios(13.0), tvos(13.0)) API_UNAVAILABLE(watchos);
| `- note: 'separator' has been explicitly marked unavailable here
190 | @property (class, nonatomic, readonly) UIColor *opaqueSeparatorColor API_AVAILABLE(ios(13.0), tvos(13.0)) API_UNAVAILABLE(watchos);
191 |
/Users/admin/builder/spi-builder-workspace/Sources/SPIndicator/Extensions/UIColorExtension.swift:56:32: error: 'label' is unavailable in watchOS
54 | static var label: UIColor {
55 | if #available(iOS 13.0, tvOS 13.0, *) {
56 | return UIColor.label
| `- error: 'label' is unavailable in watchOS
57 | } else {
58 | return UIColor.black
/Applications/Xcode-27.0.0-Release.Candidate.app/Contents/Developer/Platforms/WatchOS.platform/Developer/SDKs/WatchOS27.0.sdk/System/Library/Frameworks/UIKit.framework/Headers/UIInterface.h:171:49: note: 'label' has been explicitly marked unavailable here
169 | /* Foreground colors for static text and related elements.
170 | */
171 | @property (class, nonatomic, readonly) UIColor *labelColor API_AVAILABLE(ios(13.0), tvos(13.0)) API_UNAVAILABLE(watchos);
| `- note: 'label' has been explicitly marked unavailable here
172 | @property (class, nonatomic, readonly) UIColor *secondaryLabelColor API_AVAILABLE(ios(13.0), tvos(13.0)) API_UNAVAILABLE(watchos);
173 | @property (class, nonatomic, readonly) UIColor *tertiaryLabelColor API_AVAILABLE(ios(13.0), tvos(13.0)) API_UNAVAILABLE(watchos);
/Users/admin/builder/spi-builder-workspace/Sources/SPIndicator/Extensions/UIColorExtension.swift:64:32: error: 'secondaryLabel' is unavailable in watchOS
62 | static var secondaryLabel: UIColor {
63 | if #available(iOS 13.0, tvOS 13.0, *) {
64 | return UIColor.secondaryLabel
| `- error: 'secondaryLabel' is unavailable in watchOS
65 | } else {
66 | return UIColor(red: 138/255, green: 138/255, blue: 142/255, alpha: 1)
/Applications/Xcode-27.0.0-Release.Candidate.app/Contents/Developer/Platforms/WatchOS.platform/Developer/SDKs/WatchOS27.0.sdk/System/Library/Frameworks/UIKit.framework/Headers/UIInterface.h:172:49: note: 'secondaryLabel' has been explicitly marked unavailable here
170 | */
171 | @property (class, nonatomic, readonly) UIColor *labelColor API_AVAILABLE(ios(13.0), tvos(13.0)) API_UNAVAILABLE(watchos);
172 | @property (class, nonatomic, readonly) UIColor *secondaryLabelColor API_AVAILABLE(ios(13.0), tvos(13.0)) API_UNAVAILABLE(watchos);
| `- note: 'secondaryLabel' has been explicitly marked unavailable here
173 | @property (class, nonatomic, readonly) UIColor *tertiaryLabelColor API_AVAILABLE(ios(13.0), tvos(13.0)) API_UNAVAILABLE(watchos);
174 | @property (class, nonatomic, readonly) UIColor *quaternaryLabelColor API_AVAILABLE(ios(13.0), tvos(13.0)) API_UNAVAILABLE(watchos);
/Users/admin/builder/spi-builder-workspace/Sources/SPIndicator/Extensions/UIColorExtension.swift:73:20: error: 'init(dynamicProvider:)' is unavailable in watchOS
71 | static var buttonArea: UIColor {
72 | if #available(iOS 13.0, tvOS 13.0, *) {
73 | return UIColor { (traits) -> UIColor in
| `- error: 'init(dynamicProvider:)' is unavailable in watchOS
74 | return traits.userInterfaceStyle == .dark ? UIColor(red: 61/255, green: 62/255, blue: 66/255, alpha: 1) :
75 | UIColor(red: 238/255, green: 238/255, blue: 240/255, alpha: 1)
/Applications/Xcode-27.0.0-Release.Candidate.app/Contents/Developer/Platforms/WatchOS.platform/Developer/SDKs/WatchOS27.0.sdk/System/Library/Frameworks/UIKit.framework/Headers/UIColor.h:144:1: note: 'init(dynamicProvider:)' has been explicitly marked unavailable here
142 |
143 | + (UIColor *)colorWithDynamicProvider:(UIColor * (^)(UITraitCollection *traitCollection))dynamicProvider API_AVAILABLE(ios(13.0), tvos(13.0)) API_UNAVAILABLE(watchos);
144 | - (UIColor *)initWithDynamicProvider:(UIColor * (^)(UITraitCollection *traitCollection))dynamicProvider API_AVAILABLE(ios(13.0), tvos(13.0)) API_UNAVAILABLE(watchos);
| `- note: 'init(dynamicProvider:)' has been explicitly marked unavailable here
145 |
146 | /* Resolve any color to its most fundamental form (a non-dynamic color) for a specific trait collection.
/Users/admin/builder/spi-builder-workspace/Sources/SPIndicator/Extensions/UIColorExtension.swift:74:31: error: 'userInterfaceStyle' is unavailable in watchOS
72 | if #available(iOS 13.0, tvOS 13.0, *) {
73 | return UIColor { (traits) -> UIColor in
74 | return traits.userInterfaceStyle == .dark ? UIColor(red: 61/255, green: 62/255, blue: 66/255, alpha: 1) :
| `- error: 'userInterfaceStyle' is unavailable in watchOS
75 | UIColor(red: 238/255, green: 238/255, blue: 240/255, alpha: 1)
76 | }
/Applications/Xcode-27.0.0-Release.Candidate.app/Contents/Developer/Platforms/WatchOS.platform/Developer/SDKs/WatchOS27.0.sdk/System/Library/Frameworks/UIKit.framework/Headers/UITraitCollection.h:42:54: note: 'userInterfaceStyle' has been explicitly marked unavailable here
40 |
41 | + (UITraitCollection *)traitCollectionWithUserInterfaceStyle:(UIUserInterfaceStyle)userInterfaceStyle API_AVAILABLE(tvos(10.0)) API_AVAILABLE(ios(12.0)) API_UNAVAILABLE(watchos);
42 | @property (nonatomic, readonly) UIUserInterfaceStyle userInterfaceStyle API_AVAILABLE(tvos(10.0)) API_AVAILABLE(ios(12.0)) API_UNAVAILABLE(watchos); // unspecified: UIUserInterfaceStyleUnspecified
| `- note: 'userInterfaceStyle' has been explicitly marked unavailable here
43 |
44 | + (UITraitCollection *)traitCollectionWithLayoutDirection:(UITraitEnvironmentLayoutDirection)layoutDirection API_AVAILABLE(ios(10.0)) API_UNAVAILABLE(watchos);
SwiftCompile normal arm64_32 /Users/admin/builder/spi-builder-workspace/Sources/SPIndicator/Extensions/SwiftUIExtension.swift (in target 'SPIndicator' from project 'SPIndicator')
cd /Users/admin/builder/spi-builder-workspace/.swiftpm/xcode
builtin-SwiftPerFileCompile SwiftUIExtension.swift
SwiftCompile normal arm64_32 /Users/admin/builder/spi-builder-workspace/Sources/SPIndicator/Extensions/UIColorExtension.swift (in target 'SPIndicator' from project 'SPIndicator')
cd /Users/admin/builder/spi-builder-workspace/.swiftpm/xcode
builtin-SwiftPerFileCompile UIColorExtension.swift
SwiftCompile normal arm64_32 Compiling\ SPIndicatorHaptic.swift /Users/admin/builder/spi-builder-workspace/Sources/SPIndicator/Services/SPIndicatorHaptic.swift (in target 'SPIndicator' from project 'SPIndicator')
SwiftCompile normal arm64_32 /Users/admin/builder/spi-builder-workspace/Sources/SPIndicator/Services/SPIndicatorHaptic.swift (in target 'SPIndicator' from project 'SPIndicator')
cd /Users/admin/builder/spi-builder-workspace/.swiftpm/xcode
builtin-SwiftPerFileCompile SPIndicatorHaptic.swift
SwiftCompile normal arm64_32 Compiling\ SPAlertIconErrorView.swift,\ SPIndicatorIconDoneView.swift /Users/admin/builder/spi-builder-workspace/Sources/SPIndicator/Icons/SPAlertIconErrorView.swift /Users/admin/builder/spi-builder-workspace/Sources/SPIndicator/Icons/SPIndicatorIconDoneView.swift (in target 'SPIndicator' from project 'SPIndicator')
/Users/admin/builder/spi-builder-workspace/Sources/SPIndicator/Icons/SPAlertIconErrorView.swift:24:40: error: 'UIView' is unavailable in watchOS
22 | import UIKit
23 |
24 | public class SPIndicatorIconErrorView: UIView, SPIndicatorIconAnimatable {
| `- error: 'UIView' is unavailable in watchOS
25 |
26 | public func animate() {
/Applications/Xcode-27.0.0-Release.Candidate.app/Contents/Developer/Platforms/WatchOS.platform/Developer/SDKs/WatchOS27.0.sdk/System/Library/Frameworks/UIKit.framework/Headers/UIView.h:152:12: note: 'UIView' has been explicitly marked unavailable here
150 |
151 | UIKIT_EXTERN API_AVAILABLE(ios(2.0)) API_UNAVAILABLE(watchos) NS_SWIFT_UI_ACTOR
152 | @interface UIView : UIResponder <NSCoding, UIAppearance, UIAppearanceContainer, UIDynamicItem, UITraitEnvironment, UICoordinateSpace, UIFocusItem, UIFocusItemContainer, CALayerDelegate>
| `- note: 'UIView' has been explicitly marked unavailable here
153 |
154 | @property(class, nonatomic, readonly) Class layerClass; // default is [CALayer class]. Used when creating the underlying layer for the view.
/Users/admin/builder/spi-builder-workspace/Sources/SPIndicator/Icons/SPAlertIconErrorView.swift:38:31: error: 'CAShapeLayer' is unavailable in watchOS
36 | topToBottomLine.addLine(to: CGPoint(x: length * 1, y: length * 1))
37 |
38 | let animatableLayer = CAShapeLayer()
| `- error: 'CAShapeLayer' is unavailable in watchOS
39 | animatableLayer.path = topToBottomLine.cgPath
40 | animatableLayer.fillColor = UIColor.clear.cgColor
/Applications/Xcode-27.0.0-Release.Candidate.app/Contents/Developer/Platforms/WatchOS.platform/Developer/SDKs/WatchOS27.0.sdk/System/Library/Frameworks/QuartzCore.framework/Headers/CAShapeLayer.h:40:12: note: 'CAShapeLayer' has been explicitly marked unavailable here
38 |
39 | API_AVAILABLE(macos(10.6), ios(3.0), tvos(9.0)) API_UNAVAILABLE(watchos)
40 | @interface CAShapeLayer : CALayer
| `- note: 'CAShapeLayer' has been explicitly marked unavailable here
41 |
42 | /* The path defining the shape to be rendered. If the path extends
/Users/admin/builder/spi-builder-workspace/Sources/SPIndicator/Icons/SPAlertIconErrorView.swift:43:36: error: 'round' is unavailable in watchOS
41 | animatableLayer.strokeColor = tintColor?.cgColor
42 | animatableLayer.lineWidth = 4
43 | animatableLayer.lineCap = .round
| `- error: 'round' is unavailable in watchOS
44 | animatableLayer.lineJoin = .round
45 | animatableLayer.strokeEnd = 0
/Applications/Xcode-27.0.0-Release.Candidate.app/Contents/Developer/Platforms/WatchOS.platform/Developer/SDKs/WatchOS27.0.sdk/System/Library/Frameworks/QuartzCore.framework/Headers/CAShapeLayer.h:128:37: note: 'round' has been explicitly marked unavailable here
126 | CA_EXTERN CAShapeLayerLineCap const kCALineCapButt
127 | API_AVAILABLE(macos(10.6), ios(3.0), tvos(9.0)) API_UNAVAILABLE(watchos);
128 | CA_EXTERN CAShapeLayerLineCap const kCALineCapRound
| `- note: 'round' has been explicitly marked unavailable here
129 | API_AVAILABLE(macos(10.6), ios(3.0), tvos(9.0)) API_UNAVAILABLE(watchos);
130 | CA_EXTERN CAShapeLayerLineCap const kCALineCapSquare
/Users/admin/builder/spi-builder-workspace/Sources/SPIndicator/Icons/SPAlertIconErrorView.swift:44:37: error: 'round' is unavailable in watchOS
42 | animatableLayer.lineWidth = 4
43 | animatableLayer.lineCap = .round
44 | animatableLayer.lineJoin = .round
| `- error: 'round' is unavailable in watchOS
45 | animatableLayer.strokeEnd = 0
46 | self.layer.addSublayer(animatableLayer)
/Applications/Xcode-27.0.0-Release.Candidate.app/Contents/Developer/Platforms/WatchOS.platform/Developer/SDKs/WatchOS27.0.sdk/System/Library/Frameworks/QuartzCore.framework/Headers/CAShapeLayer.h:119:38: note: 'round' has been explicitly marked unavailable here
117 | CA_EXTERN CAShapeLayerLineJoin const kCALineJoinMiter
118 | API_AVAILABLE(macos(10.6), ios(3.0), tvos(9.0)) API_UNAVAILABLE(watchos);
119 | CA_EXTERN CAShapeLayerLineJoin const kCALineJoinRound
| `- note: 'round' has been explicitly marked unavailable here
120 | API_AVAILABLE(macos(10.6), ios(3.0), tvos(9.0)) API_UNAVAILABLE(watchos);
121 | CA_EXTERN CAShapeLayerLineJoin const kCALineJoinBevel
SwiftCompile normal arm64_32 /Users/admin/builder/spi-builder-workspace/Sources/SPIndicator/Icons/SPAlertIconErrorView.swift (in target 'SPIndicator' from project 'SPIndicator')
cd /Users/admin/builder/spi-builder-workspace/.swiftpm/xcode
builtin-SwiftPerFileCompile SPAlertIconErrorView.swift
SwiftCompile normal arm64_32 /Users/admin/builder/spi-builder-workspace/Sources/SPIndicator/Icons/SPIndicatorIconDoneView.swift (in target 'SPIndicator' from project 'SPIndicator')
cd /Users/admin/builder/spi-builder-workspace/.swiftpm/xcode
builtin-SwiftPerFileCompile SPIndicatorIconDoneView.swift
SwiftCompile normal arm64_32 Compiling\ SPIndicatorPresentSide.swift /Users/admin/builder/spi-builder-workspace/Sources/SPIndicator/Models/SPIndicatorPresentSide.swift (in target 'SPIndicator' from project 'SPIndicator')
SwiftCompile normal arm64_32 /Users/admin/builder/spi-builder-workspace/Sources/SPIndicator/Models/SPIndicatorPresentSide.swift (in target 'SPIndicator' from project 'SPIndicator')
cd /Users/admin/builder/spi-builder-workspace/.swiftpm/xcode
builtin-SwiftPerFileCompile SPIndicatorPresentSide.swift
SwiftCompile normal arm64_32 Compiling\ SPIndicatorIconPreset.swift /Users/admin/builder/spi-builder-workspace/Sources/SPIndicator/SPIndicatorIconPreset.swift (in target 'SPIndicator' from project 'SPIndicator')
/Users/admin/builder/spi-builder-workspace/Sources/SPIndicator/SPIndicatorIconPreset.swift:32:24: error: 'UIActivityIndicatorView' is unavailable in watchOS
30 | case done
31 | case error
32 | case spin(_ style: UIActivityIndicatorView.Style)
| `- error: 'UIActivityIndicatorView' is unavailable in watchOS
33 | case custom(_ image: UIImage)
34 | }
/Applications/Xcode-27.0.0-Release.Candidate.app/Contents/Developer/Platforms/WatchOS.platform/Developer/SDKs/WatchOS27.0.sdk/System/Library/Frameworks/UIKit.framework/Headers/UIActivityIndicatorView.h:24:12: note: 'UIActivityIndicatorView' has been explicitly marked unavailable here
22 |
23 | UIKIT_EXTERN API_AVAILABLE(ios(2.0)) API_UNAVAILABLE(watchos) NS_SWIFT_UI_ACTOR
24 | @interface UIActivityIndicatorView : UIView <NSCoding>
| `- note: 'UIActivityIndicatorView' has been explicitly marked unavailable here
25 |
26 | - (instancetype)initWithActivityIndicatorStyle:(UIActivityIndicatorViewStyle)style NS_DESIGNATED_INITIALIZER; // sizes the view according to the style
/Users/admin/builder/spi-builder-workspace/Sources/SPIndicator/SPIndicatorIconPreset.swift:40:26: error: 'UIView' is unavailable in watchOS
38 | public extension SPIndicatorIconPreset {
39 |
40 | func createView() -> UIView {
| `- error: 'UIView' is unavailable in watchOS
41 | switch self {
42 | case .done:
/Applications/Xcode-27.0.0-Release.Candidate.app/Contents/Developer/Platforms/WatchOS.platform/Developer/SDKs/WatchOS27.0.sdk/System/Library/Frameworks/UIKit.framework/Headers/UIView.h:152:12: note: 'UIView' has been explicitly marked unavailable here
150 |
151 | UIKIT_EXTERN API_AVAILABLE(ios(2.0)) API_UNAVAILABLE(watchos) NS_SWIFT_UI_ACTOR
152 | @interface UIView : UIResponder <NSCoding, UIAppearance, UIAppearanceContainer, UIDynamicItem, UITraitEnvironment, UICoordinateSpace, UIFocusItem, UIFocusItemContainer, CALayerDelegate>
| `- note: 'UIView' has been explicitly marked unavailable here
153 |
154 | @property(class, nonatomic, readonly) Class layerClass; // default is [CALayer class]. Used when creating the underlying layer for the view.
/Users/admin/builder/spi-builder-workspace/Sources/SPIndicator/SPIndicatorIconPreset.swift:43:24: error: 'init()' is unavailable in watchOS
41 | switch self {
42 | case .done:
43 | let view = SPIndicatorIconDoneView()
| `- error: 'init()' is unavailable in watchOS
44 | return view
45 | case .error:
/Applications/Xcode-27.0.0-Release.Candidate.app/Contents/Developer/Platforms/WatchOS.platform/Developer/SDKs/WatchOS27.0.sdk/System/Library/Frameworks/UIKit.framework/Headers/UIView.h:158:1: note: 'init()' has been explicitly marked unavailable here
156 | - (instancetype)initWithFrame:(CGRect)frame NS_DESIGNATED_INITIALIZER;
157 | - (nullable instancetype)initWithCoder:(NSCoder *)coder NS_DESIGNATED_INITIALIZER;
158 | - (instancetype)init API_AVAILABLE(ios(2.0), tvos(9.0), visionos(1.0)) API_UNAVAILABLE(watchos);
| `- note: 'init()' has been explicitly marked unavailable here
159 |
160 | @property(nonatomic,getter=isUserInteractionEnabled) BOOL userInteractionEnabled; // default is YES. if set to NO, user events (touch, keys) are ignored and removed from the event queue.
/Users/admin/builder/spi-builder-workspace/Sources/SPIndicator/SPIndicatorIconPreset.swift:46:24: error: 'init()' is unavailable in watchOS
44 | return view
45 | case .error:
46 | let view = SPIndicatorIconErrorView()
| `- error: 'init()' is unavailable in watchOS
47 | view.tintColor = UIColor.systemRed
48 | return view
/Applications/Xcode-27.0.0-Release.Candidate.app/Contents/Developer/Platforms/WatchOS.platform/Developer/SDKs/WatchOS27.0.sdk/System/Library/Frameworks/UIKit.framework/Headers/UIView.h:158:1: note: 'init()' has been explicitly marked unavailable here
156 | - (instancetype)initWithFrame:(CGRect)frame NS_DESIGNATED_INITIALIZER;
157 | - (nullable instancetype)initWithCoder:(NSCoder *)coder NS_DESIGNATED_INITIALIZER;
158 | - (instancetype)init API_AVAILABLE(ios(2.0), tvos(9.0), visionos(1.0)) API_UNAVAILABLE(watchos);
| `- note: 'init()' has been explicitly marked unavailable here
159 |
160 | @property(nonatomic,getter=isUserInteractionEnabled) BOOL userInteractionEnabled; // default is YES. if set to NO, user events (touch, keys) are ignored and removed from the event queue.
/Users/admin/builder/spi-builder-workspace/Sources/SPIndicator/SPIndicatorIconPreset.swift:47:38: error: 'systemRed' is unavailable in watchOS
45 | case .error:
46 | let view = SPIndicatorIconErrorView()
47 | view.tintColor = UIColor.systemRed
| `- error: 'systemRed' is unavailable in watchOS
48 | return view
49 | case .spin(let style):
/Applications/Xcode-27.0.0-Release.Candidate.app/Contents/Developer/Platforms/WatchOS.platform/Developer/SDKs/WatchOS27.0.sdk/System/Library/Frameworks/UIKit.framework/Headers/UIInterface.h:121:49: note: 'systemRed' has been explicitly marked unavailable here
119 | * Do not make assumptions about the color spaces or actual colors used.
120 | */
121 | @property (class, nonatomic, readonly) UIColor *systemRedColor API_AVAILABLE(ios(7.0), tvos(9.0)) API_UNAVAILABLE(watchos);
| `- note: 'systemRed' has been explicitly marked unavailable here
122 | @property (class, nonatomic, readonly) UIColor *systemGreenColor API_AVAILABLE(ios(7.0), tvos(9.0)) API_UNAVAILABLE(watchos);
123 | @property (class, nonatomic, readonly) UIColor *systemBlueColor API_AVAILABLE(ios(7.0), tvos(9.0)) API_UNAVAILABLE(watchos);
/Users/admin/builder/spi-builder-workspace/Sources/SPIndicator/SPIndicatorIconPreset.swift:50:24: error: 'UIActivityIndicatorView' is unavailable in watchOS
48 | return view
49 | case .spin(let style):
50 | let view = UIActivityIndicatorView(style: style)
| `- error: 'UIActivityIndicatorView' is unavailable in watchOS
51 | view.startAnimating()
52 | return view
/Applications/Xcode-27.0.0-Release.Candidate.app/Contents/Developer/Platforms/WatchOS.platform/Developer/SDKs/WatchOS27.0.sdk/System/Library/Frameworks/UIKit.framework/Headers/UIActivityIndicatorView.h:24:12: note: 'UIActivityIndicatorView' has been explicitly marked unavailable here
22 |
23 | UIKIT_EXTERN API_AVAILABLE(ios(2.0)) API_UNAVAILABLE(watchos) NS_SWIFT_UI_ACTOR
24 | @interface UIActivityIndicatorView : UIView <NSCoding>
| `- note: 'UIActivityIndicatorView' has been explicitly marked unavailable here
25 |
26 | - (instancetype)initWithActivityIndicatorStyle:(UIActivityIndicatorViewStyle)style NS_DESIGNATED_INITIALIZER; // sizes the view according to the style
SwiftCompile normal arm64_32 /Users/admin/builder/spi-builder-workspace/Sources/SPIndicator/SPIndicatorIconPreset.swift (in target 'SPIndicator' from project 'SPIndicator')
cd /Users/admin/builder/spi-builder-workspace/.swiftpm/xcode
builtin-SwiftPerFileCompile SPIndicatorIconPreset.swift
SwiftEmitModule normal arm64 Emitting\ module\ for\ SPIndicator (in target 'SPIndicator' from project 'SPIndicator')
SwiftCompile normal arm64 (in target 'SPIndicator' from project 'SPIndicator')
cd /Users/admin/builder/spi-builder-workspace/.swiftpm/xcode
PruneExplicitPrecompiledModules /Users/admin/builder/spi-builder-workspace/.derivedData/SDKExplicitPrecompiledModules
PruneExplicitPrecompiledModules /Users/admin/builder/spi-builder-workspace/.derivedData/Build/Intermediates.noindex/ExplicitPrecompiledModules
PruneExplicitPrecompiledModules /Users/admin/builder/spi-builder-workspace/.derivedData/Build/Intermediates.noindex/SwiftExplicitPrecompiledModules
2026-09-19 00:03:53.723 xcodebuild[661:4257] [MT] IDERunDestination: Supported platforms for the buildables in the current scheme is empty.
** BUILD FAILED **
The following build commands failed:
SwiftEmitModule normal arm64_32 Emitting\ module\ for\ SPIndicator (in target 'SPIndicator' from project 'SPIndicator')
SwiftCompile normal arm64_32 (in target 'SPIndicator' from project 'SPIndicator')
Building workspace SPIndicator with scheme SPIndicator
(3 failures)
Command line invocation:
/Applications/Xcode-27.0.0-Release.Candidate.app/Contents/Developer/usr/bin/xcodebuild -IDEClonedSourcePackagesDirPathOverride=/Users/admin/builder/spi-builder-workspace/.dependencies -resolvePackageDependencies
Resolve Package Graph
Resolved source packages:
SPIndicator: /Users/admin/builder/spi-builder-workspace
resolved source packages: SPIndicator
2026-09-19 00:04:00.233 xcodebuild[806:4814] [MT] IDERunDestination: Supported platforms for the buildables in the current scheme is empty.
{
"dependencies" : [
],
"manifest_display_name" : "SPIndicator",
"name" : "SPIndicator",
"path" : "/Users/admin/builder/spi-builder-workspace",
"platforms" : [
{
"name" : "ios",
"version" : "12.0"
},
{
"name" : "tvos",
"version" : "12.0"
}
],
"products" : [
{
"name" : "SPIndicator",
"targets" : [
"SPIndicator"
],
"type" : {
"library" : [
"automatic"
]
}
}
],
"swift_languages_versions" : [
"5"
],
"targets" : [
{
"c99name" : "SPIndicator",
"module_type" : "SwiftTarget",
"name" : "SPIndicator",
"path" : "Sources/SPIndicator",
"product_memberships" : [
"SPIndicator"
],
"sources" : [
"Extensions/SwiftUIExtension.swift",
"Extensions/UIColorExtension.swift",
"Extensions/UIFontExtension.swift",
"Extensions/UILabelExtension.swift",
"Icons/SPAlertIconErrorView.swift",
"Icons/SPIndicatorIconDoneView.swift",
"Models/SPIndicatorLayout.swift",
"Models/SPIndicatorPresentSide.swift",
"Protocols/SPIndicatorIconAnimatable.swift",
"SPIndicator.swift",
"SPIndicatorIconPreset.swift",
"SPIndicatorView.swift",
"Services/SPIndicatorHaptic.swift"
],
"type" : "library"
}
],
"tools_version" : "5.3"
}
{
"workspace" : {
"name" : "SPIndicator",
"schemes" : [
"SPIndicator"
]
}
}
2026-09-19 00:04:01.580 xcodebuild[814:4884] [MT] IDERunDestination: Supported platforms for the buildables in the current scheme is empty.
Running build ...
env DEVELOPER_DIR=/Applications/Xcode-27.0.0-Release.Candidate.app xcrun xcodebuild -IDEClonedSourcePackagesDirPathOverride=$PWD/.dependencies -skipMacroValidation -skipPackagePluginValidation -derivedDataPath $PWD/.derivedData build -scheme SPIndicator -destination generic/platform=watchOS
Command line invocation:
/Applications/Xcode-27.0.0-Release.Candidate.app/Contents/Developer/usr/bin/xcodebuild -IDEClonedSourcePackagesDirPathOverride=/Users/admin/builder/spi-builder-workspace/.dependencies -skipMacroValidation -skipPackagePluginValidation -derivedDataPath /Users/admin/builder/spi-builder-workspace/.derivedData build -scheme SPIndicator -destination generic/platform=watchOS
Resolve Package Graph
Resolved source packages:
SPIndicator: /Users/admin/builder/spi-builder-workspace
ComputePackagePrebuildTargetDependencyGraph
Prepare packages
CreateBuildRequest
SendProjectDescription
CreateBuildOperation
ComputeTargetDependencyGraph
note: Building targets in dependency order
note: Target dependency graph (2 targets)
Target 'SPIndicator-product' in project 'SPIndicator'
➜ Explicit dependency on target 'SPIndicator' in project 'SPIndicator'
Target 'SPIndicator' in project 'SPIndicator' (no dependencies)
GatherProvisioningInputs
CreateBuildDescription
ClangStatCache /Applications/Xcode-27.0.0-Release.Candidate.app/Contents/Developer/Toolchains/XcodeDefault.xctoolchain/usr/bin/clang-stat-cache /Applications/Xcode-27.0.0-Release.Candidate.app/Contents/Developer/Platforms/WatchOS.platform/Developer/SDKs/WatchOS27.0.sdk /Users/admin/builder/spi-builder-workspace/.derivedData/SDKStatCaches.noindex/watchos27.0-24R360-e829b21a6f8c9b70876ba0858053c04477534ef55a1706bf4c1112bbb242f0a2.sdkstatcache
cd /Users/admin/builder/spi-builder-workspace/.swiftpm/xcode
/Applications/Xcode-27.0.0-Release.Candidate.app/Contents/Developer/Toolchains/XcodeDefault.xctoolchain/usr/bin/clang-stat-cache /Applications/Xcode-27.0.0-Release.Candidate.app/Contents/Developer/Platforms/WatchOS.platform/Developer/SDKs/WatchOS27.0.sdk -o /Users/admin/builder/spi-builder-workspace/.derivedData/SDKStatCaches.noindex/watchos27.0-24R360-e829b21a6f8c9b70876ba0858053c04477534ef55a1706bf4c1112bbb242f0a2.sdkstatcache
SwiftDriver SPIndicator normal arm64 com.apple.xcode.tools.swift.compiler (in target 'SPIndicator' from project 'SPIndicator')
cd /Users/admin/builder/spi-builder-workspace/.swiftpm/xcode
builtin-SwiftDriver -- /Applications/Xcode-27.0.0-Release.Candidate.app/Contents/Developer/Toolchains/XcodeDefault.xctoolchain/usr/bin/swiftc -parse-as-library -module-name SPIndicator -Onone @/Users/admin/builder/spi-builder-workspace/.derivedData/Build/Intermediates.noindex/SPIndicator.build/Debug-watchos/SPIndicator-t.build/Objects-normal/arm64/SPIndicator.SwiftFileList -DSWIFT_PACKAGE -DDEBUG -DSWIFT_MODULE_RESOURCE_BUNDLE_UNAVAILABLE -DSPINDICATOR_SPM -DXcode -plugin-path /Applications/Xcode-27.0.0-Release.Candidate.app/Contents/Developer/Toolchains/XcodeDefault.xctoolchain/usr/lib/swift/host/plugins/testing -enable-experimental-feature DebugDescriptionMacro -sdk /Applications/Xcode-27.0.0-Release.Candidate.app/Contents/Developer/Platforms/WatchOS.platform/Developer/SDKs/WatchOS27.0.sdk -target arm64-apple-watchos9.0 -g -module-cache-path /Users/admin/builder/spi-builder-workspace/.derivedData/ModuleCache.noindex -Xfrontend -serialize-debugging-options -enable-testing -index-store-path /Users/admin/builder/spi-builder-workspace/.derivedData/Index.noindex/DataStore -Xcc -D_LIBCPP_HARDENING_MODE\=_LIBCPP_HARDENING_MODE_DEBUG -swift-version 5 -I /Users/admin/builder/spi-builder-workspace/.derivedData/Build/Products/Debug-watchos -Isystem /Applications/Xcode-27.0.0-Release.Candidate.app/Contents/Developer/Platforms/WatchOS.platform/Developer/usr/lib -F /Users/admin/builder/spi-builder-workspace/.derivedData/Build/Products/Debug-watchos -F /Applications/Xcode-27.0.0-Release.Candidate.app/Contents/Developer/Platforms/WatchOS.platform/Developer/Library/Frameworks -F /Applications/Xcode-27.0.0-Release.Candidate.app/Contents/Developer/Platforms/WatchOS.platform/Developer/SDKs/WatchOS27.0.sdk/Developer/Library/Frameworks -c -j10 -enable-batch-mode -incremental -Xcc -ivfsstatcache -Xcc /Users/admin/builder/spi-builder-workspace/.derivedData/SDKStatCaches.noindex/watchos27.0-24R360-e829b21a6f8c9b70876ba0858053c04477534ef55a1706bf4c1112bbb242f0a2.sdkstatcache -output-file-map /Users/admin/builder/spi-builder-workspace/.derivedData/Build/Intermediates.noindex/SPIndicator.build/Debug-watchos/SPIndicator-t.build/Objects-normal/arm64/SPIndicator-OutputFileMap.json -save-temps -no-color-diagnostics -explicit-module-build -module-cache-path /Users/admin/builder/spi-builder-workspace/.derivedData/Build/Intermediates.noindex/SwiftExplicitPrecompiledModules -clang-scanner-module-cache-path /Users/admin/builder/spi-builder-workspace/.derivedData/ModuleCache.noindex -sdk-module-cache-path /Users/admin/builder/spi-builder-workspace/.derivedData/SDKExplicitPrecompiledModules -emit-dependencies -emit-module -emit-module-path /Users/admin/builder/spi-builder-workspace/.derivedData/Build/Intermediates.noindex/SPIndicator.build/Debug-watchos/SPIndicator-t.build/Objects-normal/arm64/SPIndicator.swiftmodule -serialize-diagnostics -dependency-scan-serialize-diagnostics-path /Users/admin/builder/spi-builder-workspace/.derivedData/Build/Intermediates.noindex/SPIndicator.build/Debug-watchos/SPIndicator-t.build/Objects-normal/arm64/SPIndicator-dependency-scan.dia -validate-clang-modules-once -clang-build-session-file /Users/admin/builder/spi-builder-workspace/.derivedData/ModuleCache.noindex/Session.modulevalidation -Xcc -fmodules-prune-interval\=86400 -Xcc -fmodules-prune-after\=345600 -emit-const-values -const-gather-protocols-list /Users/admin/builder/spi-builder-workspace/.derivedData/Build/Intermediates.noindex/SPIndicator.build/Debug-watchos/SPIndicator-t.build/Objects-normal/arm64/SPIndicator_const_extract_protocols.json -Xcc -I/Users/admin/builder/spi-builder-workspace/.derivedData/Build/Products/Debug-watchos/include -Xcc -I/Users/admin/builder/spi-builder-workspace/.derivedData/Build/Intermediates.noindex/SPIndicator.build/Debug-watchos/SPIndicator-t.build/DerivedSources-normal/arm64 -Xcc -I/Users/admin/builder/spi-builder-workspace/.derivedData/Build/Intermediates.noindex/SPIndicator.build/Debug-watchos/SPIndicator-t.build/DerivedSources/arm64 -Xcc -I/Users/admin/builder/spi-builder-workspace/.derivedData/Build/Intermediates.noindex/SPIndicator.build/Debug-watchos/SPIndicator-t.build/DerivedSources -Xcc -DSWIFT_PACKAGE -Xcc -DDEBUG\=1 -emit-objc-header -emit-objc-header-path /Users/admin/builder/spi-builder-workspace/.derivedData/Build/Intermediates.noindex/SPIndicator.build/Debug-watchos/SPIndicator-t.build/Objects-normal/arm64/SPIndicator-Swift.h -working-directory /Users/admin/builder/spi-builder-workspace/.swiftpm/xcode -experimental-emit-module-separately -disable-cmo
SwiftDriver SPIndicator normal arm64_32 com.apple.xcode.tools.swift.compiler (in target 'SPIndicator' from project 'SPIndicator')
cd /Users/admin/builder/spi-builder-workspace/.swiftpm/xcode
builtin-SwiftDriver -- /Applications/Xcode-27.0.0-Release.Candidate.app/Contents/Developer/Toolchains/XcodeDefault.xctoolchain/usr/bin/swiftc -parse-as-library -module-name SPIndicator -Onone @/Users/admin/builder/spi-builder-workspace/.derivedData/Build/Intermediates.noindex/SPIndicator.build/Debug-watchos/SPIndicator-t.build/Objects-normal/arm64_32/SPIndicator.SwiftFileList -DSWIFT_PACKAGE -DDEBUG -DSWIFT_MODULE_RESOURCE_BUNDLE_UNAVAILABLE -DSPINDICATOR_SPM -DXcode -plugin-path /Applications/Xcode-27.0.0-Release.Candidate.app/Contents/Developer/Toolchains/XcodeDefault.xctoolchain/usr/lib/swift/host/plugins/testing -enable-experimental-feature DebugDescriptionMacro -sdk /Applications/Xcode-27.0.0-Release.Candidate.app/Contents/Developer/Platforms/WatchOS.platform/Developer/SDKs/WatchOS27.0.sdk -target arm64_32-apple-watchos9.0 -g -module-cache-path /Users/admin/builder/spi-builder-workspace/.derivedData/ModuleCache.noindex -Xfrontend -serialize-debugging-options -enable-testing -index-store-path /Users/admin/builder/spi-builder-workspace/.derivedData/Index.noindex/DataStore -Xcc -D_LIBCPP_HARDENING_MODE\=_LIBCPP_HARDENING_MODE_DEBUG -swift-version 5 -I /Users/admin/builder/spi-builder-workspace/.derivedData/Build/Products/Debug-watchos -Isystem /Applications/Xcode-27.0.0-Release.Candidate.app/Contents/Developer/Platforms/WatchOS.platform/Developer/usr/lib -F /Users/admin/builder/spi-builder-workspace/.derivedData/Build/Products/Debug-watchos -F /Applications/Xcode-27.0.0-Release.Candidate.app/Contents/Developer/Platforms/WatchOS.platform/Developer/Library/Frameworks -F /Applications/Xcode-27.0.0-Release.Candidate.app/Contents/Developer/Platforms/WatchOS.platform/Developer/SDKs/WatchOS27.0.sdk/Developer/Library/Frameworks -c -j10 -enable-batch-mode -incremental -Xcc -ivfsstatcache -Xcc /Users/admin/builder/spi-builder-workspace/.derivedData/SDKStatCaches.noindex/watchos27.0-24R360-e829b21a6f8c9b70876ba0858053c04477534ef55a1706bf4c1112bbb242f0a2.sdkstatcache -output-file-map /Users/admin/builder/spi-builder-workspace/.derivedData/Build/Intermediates.noindex/SPIndicator.build/Debug-watchos/SPIndicator-t.build/Objects-normal/arm64_32/SPIndicator-OutputFileMap.json -save-temps -no-color-diagnostics -explicit-module-build -module-cache-path /Users/admin/builder/spi-builder-workspace/.derivedData/Build/Intermediates.noindex/SwiftExplicitPrecompiledModules -clang-scanner-module-cache-path /Users/admin/builder/spi-builder-workspace/.derivedData/ModuleCache.noindex -sdk-module-cache-path /Users/admin/builder/spi-builder-workspace/.derivedData/SDKExplicitPrecompiledModules -emit-dependencies -emit-module -emit-module-path /Users/admin/builder/spi-builder-workspace/.derivedData/Build/Intermediates.noindex/SPIndicator.build/Debug-watchos/SPIndicator-t.build/Objects-normal/arm64_32/SPIndicator.swiftmodule -serialize-diagnostics -dependency-scan-serialize-diagnostics-path /Users/admin/builder/spi-builder-workspace/.derivedData/Build/Intermediates.noindex/SPIndicator.build/Debug-watchos/SPIndicator-t.build/Objects-normal/arm64_32/SPIndicator-dependency-scan.dia -validate-clang-modules-once -clang-build-session-file /Users/admin/builder/spi-builder-workspace/.derivedData/ModuleCache.noindex/Session.modulevalidation -Xcc -fmodules-prune-interval\=86400 -Xcc -fmodules-prune-after\=345600 -emit-const-values -const-gather-protocols-list /Users/admin/builder/spi-builder-workspace/.derivedData/Build/Intermediates.noindex/SPIndicator.build/Debug-watchos/SPIndicator-t.build/Objects-normal/arm64_32/SPIndicator_const_extract_protocols.json -Xcc -I/Users/admin/builder/spi-builder-workspace/.derivedData/Build/Products/Debug-watchos/include -Xcc -I/Users/admin/builder/spi-builder-workspace/.derivedData/Build/Intermediates.noindex/SPIndicator.build/Debug-watchos/SPIndicator-t.build/DerivedSources-normal/arm64_32 -Xcc -I/Users/admin/builder/spi-builder-workspace/.derivedData/Build/Intermediates.noindex/SPIndicator.build/Debug-watchos/SPIndicator-t.build/DerivedSources/arm64_32 -Xcc -I/Users/admin/builder/spi-builder-workspace/.derivedData/Build/Intermediates.noindex/SPIndicator.build/Debug-watchos/SPIndicator-t.build/DerivedSources -Xcc -DSWIFT_PACKAGE -Xcc -DDEBUG\=1 -emit-objc-header -emit-objc-header-path /Users/admin/builder/spi-builder-workspace/.derivedData/Build/Intermediates.noindex/SPIndicator.build/Debug-watchos/SPIndicator-t.build/Objects-normal/arm64_32/SPIndicator-Swift.h -working-directory /Users/admin/builder/spi-builder-workspace/.swiftpm/xcode -experimental-emit-module-separately -disable-cmo
SwiftEmitModule normal arm64_32 Emitting\ module\ for\ SPIndicator (in target 'SPIndicator' from project 'SPIndicator')
/Users/admin/builder/spi-builder-workspace/Sources/SPIndicator/Extensions/UILabelExtension.swift:24:11: error: 'UILabel' is unavailable in watchOS
22 | import UIKit
23 |
24 | extension UILabel {
| `- error: 'UILabel' is unavailable in watchOS
25 |
26 | func layoutDynamicHeight(width: CGFloat) {
/Applications/Xcode-27.0.0-Release.Candidate.app/Contents/Developer/Platforms/WatchOS.platform/Developer/SDKs/WatchOS27.0.sdk/System/Library/Frameworks/UIKit.framework/Headers/UILabel.h:33:12: note: 'UILabel' has been explicitly marked unavailable here
31 |
32 | UIKIT_EXTERN API_AVAILABLE(ios(2.0)) API_UNAVAILABLE(watchos) NS_SWIFT_UI_ACTOR
33 | @interface UILabel : UIView <NSCoding, UIContentSizeCategoryAdjusting, UILetterformAwareAdjusting>
| `- note: 'UILabel' has been explicitly marked unavailable here
34 |
35 | @property(nullable, nonatomic,copy) NSString *text; // default is nil
/Users/admin/builder/spi-builder-workspace/Sources/SPIndicator/Icons/SPAlertIconErrorView.swift:24:40: error: 'UIView' is unavailable in watchOS
22 | import UIKit
23 |
24 | public class SPIndicatorIconErrorView: UIView, SPIndicatorIconAnimatable {
| `- error: 'UIView' is unavailable in watchOS
25 |
26 | public func animate() {
/Applications/Xcode-27.0.0-Release.Candidate.app/Contents/Developer/Platforms/WatchOS.platform/Developer/SDKs/WatchOS27.0.sdk/System/Library/Frameworks/UIKit.framework/Headers/UIView.h:152:12: note: 'UIView' has been explicitly marked unavailable here
150 |
151 | UIKIT_EXTERN API_AVAILABLE(ios(2.0)) API_UNAVAILABLE(watchos) NS_SWIFT_UI_ACTOR
152 | @interface UIView : UIResponder <NSCoding, UIAppearance, UIAppearanceContainer, UIDynamicItem, UITraitEnvironment, UICoordinateSpace, UIFocusItem, UIFocusItemContainer, CALayerDelegate>
| `- note: 'UIView' has been explicitly marked unavailable here
153 |
154 | @property(class, nonatomic, readonly) Class layerClass; // default is [CALayer class]. Used when creating the underlying layer for the view.
/Users/admin/builder/spi-builder-workspace/Sources/SPIndicator/Icons/SPIndicatorIconDoneView.swift:24:39: error: 'UIView' is unavailable in watchOS
22 | import UIKit
23 |
24 | public class SPIndicatorIconDoneView: UIView, SPIndicatorIconAnimatable {
| `- error: 'UIView' is unavailable in watchOS
25 |
26 | public func animate() {
/Applications/Xcode-27.0.0-Release.Candidate.app/Contents/Developer/Platforms/WatchOS.platform/Developer/SDKs/WatchOS27.0.sdk/System/Library/Frameworks/UIKit.framework/Headers/UIView.h:152:12: note: 'UIView' has been explicitly marked unavailable here
150 |
151 | UIKIT_EXTERN API_AVAILABLE(ios(2.0)) API_UNAVAILABLE(watchos) NS_SWIFT_UI_ACTOR
152 | @interface UIView : UIResponder <NSCoding, UIAppearance, UIAppearanceContainer, UIDynamicItem, UITraitEnvironment, UICoordinateSpace, UIFocusItem, UIFocusItemContainer, CALayerDelegate>
| `- note: 'UIView' has been explicitly marked unavailable here
153 |
154 | @property(class, nonatomic, readonly) Class layerClass; // default is [CALayer class]. Used when creating the underlying layer for the view.
/Users/admin/builder/spi-builder-workspace/Sources/SPIndicator/SPIndicatorIconPreset.swift:32:24: error: 'UIActivityIndicatorView' is unavailable in watchOS
30 | case done
31 | case error
32 | case spin(_ style: UIActivityIndicatorView.Style)
| `- error: 'UIActivityIndicatorView' is unavailable in watchOS
33 | case custom(_ image: UIImage)
34 | }
/Applications/Xcode-27.0.0-Release.Candidate.app/Contents/Developer/Platforms/WatchOS.platform/Developer/SDKs/WatchOS27.0.sdk/System/Library/Frameworks/UIKit.framework/Headers/UIActivityIndicatorView.h:24:12: note: 'UIActivityIndicatorView' has been explicitly marked unavailable here
22 |
23 | UIKIT_EXTERN API_AVAILABLE(ios(2.0)) API_UNAVAILABLE(watchos) NS_SWIFT_UI_ACTOR
24 | @interface UIActivityIndicatorView : UIView <NSCoding>
| `- note: 'UIActivityIndicatorView' has been explicitly marked unavailable here
25 |
26 | - (instancetype)initWithActivityIndicatorStyle:(UIActivityIndicatorViewStyle)style NS_DESIGNATED_INITIALIZER; // sizes the view according to the style
/Users/admin/builder/spi-builder-workspace/Sources/SPIndicator/SPIndicatorIconPreset.swift:40:26: error: 'UIView' is unavailable in watchOS
38 | public extension SPIndicatorIconPreset {
39 |
40 | func createView() -> UIView {
| `- error: 'UIView' is unavailable in watchOS
41 | switch self {
42 | case .done:
/Applications/Xcode-27.0.0-Release.Candidate.app/Contents/Developer/Platforms/WatchOS.platform/Developer/SDKs/WatchOS27.0.sdk/System/Library/Frameworks/UIKit.framework/Headers/UIView.h:152:12: note: 'UIView' has been explicitly marked unavailable here
150 |
151 | UIKIT_EXTERN API_AVAILABLE(ios(2.0)) API_UNAVAILABLE(watchos) NS_SWIFT_UI_ACTOR
152 | @interface UIView : UIResponder <NSCoding, UIAppearance, UIAppearanceContainer, UIDynamicItem, UITraitEnvironment, UICoordinateSpace, UIFocusItem, UIFocusItemContainer, CALayerDelegate>
| `- note: 'UIView' has been explicitly marked unavailable here
153 |
154 | @property(class, nonatomic, readonly) Class layerClass; // default is [CALayer class]. Used when creating the underlying layer for the view.
Failed frontend command:
SwiftCompile normal arm64_32 (in target 'SPIndicator' from project 'SPIndicator')
cd /Users/admin/builder/spi-builder-workspace/.swiftpm/xcode
/Applications/Xcode-27.0.0-Release.Candidate.app/Contents/Developer/Toolchains/XcodeDefault.xctoolchain/usr/bin/swift-frontend -frontend -emit-module -experimental-skip-non-inlinable-function-bodies-without-types /Users/admin/builder/spi-builder-workspace/Sources/SPIndicator/Extensions/SwiftUIExtension.swift /Users/admin/builder/spi-builder-workspace/Sources/SPIndicator/Extensions/UIColorExtension.swift /Users/admin/builder/spi-builder-workspace/Sources/SPIndicator/Extensions/UIFontExtension.swift /Users/admin/builder/spi-builder-workspace/Sources/SPIndicator/Extensions/UILabelExtension.swift /Users/admin/builder/spi-builder-workspace/Sources/SPIndicator/Icons/SPAlertIconErrorView.swift /Users/admin/builder/spi-builder-workspace/Sources/SPIndicator/Icons/SPIndicatorIconDoneView.swift /Users/admin/builder/spi-builder-workspace/Sources/SPIndicator/Models/SPIndicatorLayout.swift /Users/admin/builder/spi-builder-workspace/Sources/SPIndicator/Models/SPIndicatorPresentSide.swift /Users/admin/builder/spi-builder-workspace/Sources/SPIndicator/Protocols/SPIndicatorIconAnimatable.swift /Users/admin/builder/spi-builder-workspace/Sources/SPIndicator/SPIndicator.swift /Users/admin/builder/spi-builder-workspace/Sources/SPIndicator/SPIndicatorIconPreset.swift /Users/admin/builder/spi-builder-workspace/Sources/SPIndicator/SPIndicatorView.swift /Users/admin/builder/spi-builder-workspace/Sources/SPIndicator/Services/SPIndicatorHaptic.swift -target arm64_32-apple-watchos9.0 -disable-cross-import-overlay-search -load-resolved-plugin /Applications/Xcode-27.0.0-Release.Candidate.app/Contents/Developer/Platforms/WatchOS.platform/Developer/usr/lib/swift/host/plugins/libFoundationMacros.dylib\#/Applications/Xcode-27.0.0-Release.Candidate.app/Contents/Developer/Platforms/WatchOS.platform/Developer/usr/bin/swift-plugin-server\#FoundationMacros -load-resolved-plugin /Applications/Xcode-27.0.0-Release.Candidate.app/Contents/Developer/Platforms/WatchOS.platform/Developer/usr/lib/swift/host/plugins/libObservationMacros.dylib\#/Applications/Xcode-27.0.0-Release.Candidate.app/Contents/Developer/Platforms/WatchOS.platform/Developer/usr/bin/swift-plugin-server\#ObservationMacros -load-resolved-plugin /Applications/Xcode-27.0.0-Release.Candidate.app/Contents/Developer/Platforms/WatchOS.platform/Developer/usr/lib/swift/host/plugins/libPreviewsMacros.dylib\#/Applications/Xcode-27.0.0-Release.Candidate.app/Contents/Developer/Platforms/WatchOS.platform/Developer/usr/bin/swift-plugin-server\#PreviewsMacros -load-resolved-plugin /Applications/Xcode-27.0.0-Release.Candidate.app/Contents/Developer/Platforms/WatchOS.platform/Developer/usr/lib/swift/host/plugins/libSwiftMacros.dylib\#/Applications/Xcode-27.0.0-Release.Candidate.app/Contents/Developer/Platforms/WatchOS.platform/Developer/usr/bin/swift-plugin-server\#SwiftMacros -load-resolved-plugin /Applications/Xcode-27.0.0-Release.Candidate.app/Contents/Developer/Platforms/WatchOS.platform/Developer/usr/lib/swift/host/plugins/libSwiftUIMacros.dylib\#/Applications/Xcode-27.0.0-Release.Candidate.app/Contents/Developer/Platforms/WatchOS.platform/Developer/usr/bin/swift-plugin-server\#SwiftUIMacros -disable-implicit-swift-modules -Xcc -fno-implicit-modules -Xcc -fno-implicit-module-maps -explicit-swift-module-map-file /Users/admin/builder/spi-builder-workspace/.derivedData/Build/Intermediates.noindex/SPIndicator.build/Debug-watchos/SPIndicator-t.build/Objects-normal/arm64_32/SPIndicator-dependencies-2.json -enable-objc-interop -sdk /Applications/Xcode-27.0.0-Release.Candidate.app/Contents/Developer/Platforms/WatchOS.platform/Developer/SDKs/WatchOS27.0.sdk -I /Users/admin/builder/spi-builder-workspace/.derivedData/Build/Products/Debug-watchos -Isystem /Applications/Xcode-27.0.0-Release.Candidate.app/Contents/Developer/Platforms/WatchOS.platform/Developer/usr/lib -F /Users/admin/builder/spi-builder-workspace/.derivedData/Build/Products/Debug-watchos -F /Applications/Xcode-27.0.0-Release.Candidate.app/Contents/Developer/Platforms/WatchOS.platform/Developer/Library/Frameworks -F /Applications/Xcode-27.0.0-Release.Candidate.app/Contents/Developer/Platforms/WatchOS.platform/Developer/SDKs/WatchOS27.0.sdk/Developer/Library/Frameworks -module-cache-path /Users/admin/builder/spi-builder-workspace/.derivedData/Build/Intermediates.noindex/SwiftExplicitPrecompiledModules -no-color-diagnostics -Xcc -fno-color-diagnostics -enable-testing -g -debug-info-format\=dwarf -dwarf-version\=4 -swift-version 5 -Onone -D SWIFT_PACKAGE -D DEBUG -D SWIFT_MODULE_RESOURCE_BUNDLE_UNAVAILABLE -D SPINDICATOR_SPM -D Xcode -serialize-debugging-options -enable-experimental-feature DebugDescriptionMacro -empty-abi-descriptor -validate-clang-modules-once -clang-build-session-file /Users/admin/builder/spi-builder-workspace/.derivedData/ModuleCache.noindex/Session.modulevalidation -Xcc -working-directory -Xcc /Users/admin/builder/spi-builder-workspace/.swiftpm/xcode -enable-anonymous-context-mangled-names -file-compilation-dir /Users/admin/builder/spi-builder-workspace/.swiftpm/xcode -Xcc -D_LIBCPP_HARDENING_MODE\=_LIBCPP_HARDENING_MODE_DEBUG -Xcc -ivfsstatcache -Xcc /Users/admin/builder/spi-builder-workspace/.derivedData/SDKStatCaches.noindex/watchos27.0-24R360-e829b21a6f8c9b70876ba0858053c04477534ef55a1706bf4c1112bbb242f0a2.sdkstatcache -Xcc -fmodules-prune-interval\=86400 -Xcc -fmodules-prune-after\=345600 -Xcc -I/Users/admin/builder/spi-builder-workspace/.derivedData/Build/Products/Debug-watchos/include -Xcc -I/Users/admin/builder/spi-builder-workspace/.derivedData/Build/Intermediates.noindex/SPIndicator.build/Debug-watchos/SPIndicator-t.build/DerivedSources-normal/arm64_32 -Xcc -I/Users/admin/builder/spi-builder-workspace/.derivedData/Build/Intermediates.noindex/SPIndicator.build/Debug-watchos/SPIndicator-t.build/DerivedSources/arm64_32 -Xcc -I/Users/admin/builder/spi-builder-workspace/.derivedData/Build/Intermediates.noindex/SPIndicator.build/Debug-watchos/SPIndicator-t.build/DerivedSources -Xcc -DSWIFT_PACKAGE -Xcc -DDEBUG\=1 -no-auto-bridging-header-chaining -module-name SPIndicator -const-gather-protocols-file /Users/admin/builder/spi-builder-workspace/.derivedData/Build/Intermediates.noindex/SPIndicator.build/Debug-watchos/SPIndicator-t.build/Objects-normal/arm64_32/SPIndicator_const_extract_protocols.json -disable-clang-spi -clang-target arm64_32-apple-watchos27.0 -target-sdk-version 27.0 -target-sdk-name watchos27.0 -in-process-plugin-server-path /Applications/Xcode-27.0.0-Release.Candidate.app/Contents/Developer/Toolchains/XcodeDefault.xctoolchain/usr/lib/swift/host/libSwiftInProcPluginServer.dylib -emit-module-doc-path /Users/admin/builder/spi-builder-workspace/.derivedData/Build/Intermediates.noindex/SPIndicator.build/Debug-watchos/SPIndicator-t.build/Objects-normal/arm64_32/SPIndicator.swiftdoc -emit-module-source-info-path /Users/admin/builder/spi-builder-workspace/.derivedData/Build/Intermediates.noindex/SPIndicator.build/Debug-watchos/SPIndicator-t.build/Objects-normal/arm64_32/SPIndicator.swiftsourceinfo -emit-objc-header-path /Users/admin/builder/spi-builder-workspace/.derivedData/Build/Intermediates.noindex/SPIndicator.build/Debug-watchos/SPIndicator-t.build/Objects-normal/arm64_32/SPIndicator-Swift.h -serialize-diagnostics-path /Users/admin/builder/spi-builder-workspace/.derivedData/Build/Intermediates.noindex/SPIndicator.build/Debug-watchos/SPIndicator-t.build/Objects-normal/arm64_32/SPIndicator-primary-emit-module.dia -emit-dependencies-path /Users/admin/builder/spi-builder-workspace/.derivedData/Build/Intermediates.noindex/SPIndicator.build/Debug-watchos/SPIndicator-t.build/Objects-normal/arm64_32/SPIndicator-primary-emit-module.d -parse-as-library -o /Users/admin/builder/spi-builder-workspace/.derivedData/Build/Intermediates.noindex/SPIndicator.build/Debug-watchos/SPIndicator-t.build/Objects-normal/arm64_32/SPIndicator.swiftmodule -emit-abi-descriptor-path /Users/admin/builder/spi-builder-workspace/.derivedData/Build/Intermediates.noindex/SPIndicator.build/Debug-watchos/SPIndicator-t.build/Objects-normal/arm64_32/SPIndicator.abi.json
SwiftCompile normal arm64_32 Compiling\ SPAlertIconErrorView.swift,\ SPIndicatorIconDoneView.swift /Users/admin/builder/spi-builder-workspace/Sources/SPIndicator/Icons/SPAlertIconErrorView.swift /Users/admin/builder/spi-builder-workspace/Sources/SPIndicator/Icons/SPIndicatorIconDoneView.swift (in target 'SPIndicator' from project 'SPIndicator')
SwiftCompile normal arm64_32 /Users/admin/builder/spi-builder-workspace/Sources/SPIndicator/Icons/SPAlertIconErrorView.swift (in target 'SPIndicator' from project 'SPIndicator')
cd /Users/admin/builder/spi-builder-workspace/.swiftpm/xcode
builtin-SwiftPerFileCompile SPAlertIconErrorView.swift
SwiftCompile normal arm64_32 /Users/admin/builder/spi-builder-workspace/Sources/SPIndicator/Icons/SPIndicatorIconDoneView.swift (in target 'SPIndicator' from project 'SPIndicator')
cd /Users/admin/builder/spi-builder-workspace/.swiftpm/xcode
builtin-SwiftPerFileCompile SPIndicatorIconDoneView.swift
/Users/admin/builder/spi-builder-workspace/Sources/SPIndicator/Icons/SPAlertIconErrorView.swift:24:40: error: 'UIView' is unavailable in watchOS
22 | import UIKit
23 |
24 | public class SPIndicatorIconErrorView: UIView, SPIndicatorIconAnimatable {
| `- error: 'UIView' is unavailable in watchOS
25 |
26 | public func animate() {
/Applications/Xcode-27.0.0-Release.Candidate.app/Contents/Developer/Platforms/WatchOS.platform/Developer/SDKs/WatchOS27.0.sdk/System/Library/Frameworks/UIKit.framework/Headers/UIView.h:152:12: note: 'UIView' has been explicitly marked unavailable here
150 |
151 | UIKIT_EXTERN API_AVAILABLE(ios(2.0)) API_UNAVAILABLE(watchos) NS_SWIFT_UI_ACTOR
152 | @interface UIView : UIResponder <NSCoding, UIAppearance, UIAppearanceContainer, UIDynamicItem, UITraitEnvironment, UICoordinateSpace, UIFocusItem, UIFocusItemContainer, CALayerDelegate>
| `- note: 'UIView' has been explicitly marked unavailable here
153 |
154 | @property(class, nonatomic, readonly) Class layerClass; // default is [CALayer class]. Used when creating the underlying layer for the view.
/Users/admin/builder/spi-builder-workspace/Sources/SPIndicator/Icons/SPAlertIconErrorView.swift:38:31: error: 'CAShapeLayer' is unavailable in watchOS
36 | topToBottomLine.addLine(to: CGPoint(x: length * 1, y: length * 1))
37 |
38 | let animatableLayer = CAShapeLayer()
| `- error: 'CAShapeLayer' is unavailable in watchOS
39 | animatableLayer.path = topToBottomLine.cgPath
40 | animatableLayer.fillColor = UIColor.clear.cgColor
/Applications/Xcode-27.0.0-Release.Candidate.app/Contents/Developer/Platforms/WatchOS.platform/Developer/SDKs/WatchOS27.0.sdk/System/Library/Frameworks/QuartzCore.framework/Headers/CAShapeLayer.h:40:12: note: 'CAShapeLayer' has been explicitly marked unavailable here
38 |
39 | API_AVAILABLE(macos(10.6), ios(3.0), tvos(9.0)) API_UNAVAILABLE(watchos)
40 | @interface CAShapeLayer : CALayer
| `- note: 'CAShapeLayer' has been explicitly marked unavailable here
41 |
42 | /* The path defining the shape to be rendered. If the path extends
/Users/admin/builder/spi-builder-workspace/Sources/SPIndicator/Icons/SPAlertIconErrorView.swift:43:36: error: 'round' is unavailable in watchOS
41 | animatableLayer.strokeColor = tintColor?.cgColor
42 | animatableLayer.lineWidth = 4
43 | animatableLayer.lineCap = .round
| `- error: 'round' is unavailable in watchOS
44 | animatableLayer.lineJoin = .round
45 | animatableLayer.strokeEnd = 0
/Applications/Xcode-27.0.0-Release.Candidate.app/Contents/Developer/Platforms/WatchOS.platform/Developer/SDKs/WatchOS27.0.sdk/System/Library/Frameworks/QuartzCore.framework/Headers/CAShapeLayer.h:128:37: note: 'round' has been explicitly marked unavailable here
126 | CA_EXTERN CAShapeLayerLineCap const kCALineCapButt
127 | API_AVAILABLE(macos(10.6), ios(3.0), tvos(9.0)) API_UNAVAILABLE(watchos);
128 | CA_EXTERN CAShapeLayerLineCap const kCALineCapRound
| `- note: 'round' has been explicitly marked unavailable here
129 | API_AVAILABLE(macos(10.6), ios(3.0), tvos(9.0)) API_UNAVAILABLE(watchos);
130 | CA_EXTERN CAShapeLayerLineCap const kCALineCapSquare
/Users/admin/builder/spi-builder-workspace/Sources/SPIndicator/Icons/SPAlertIconErrorView.swift:44:37: error: 'round' is unavailable in watchOS
42 | animatableLayer.lineWidth = 4
43 | animatableLayer.lineCap = .round
44 | animatableLayer.lineJoin = .round
| `- error: 'round' is unavailable in watchOS
45 | animatableLayer.strokeEnd = 0
46 | self.layer.addSublayer(animatableLayer)
/Applications/Xcode-27.0.0-Release.Candidate.app/Contents/Developer/Platforms/WatchOS.platform/Developer/SDKs/WatchOS27.0.sdk/System/Library/Frameworks/QuartzCore.framework/Headers/CAShapeLayer.h:119:38: note: 'round' has been explicitly marked unavailable here
117 | CA_EXTERN CAShapeLayerLineJoin const kCALineJoinMiter
118 | API_AVAILABLE(macos(10.6), ios(3.0), tvos(9.0)) API_UNAVAILABLE(watchos);
119 | CA_EXTERN CAShapeLayerLineJoin const kCALineJoinRound
| `- note: 'round' has been explicitly marked unavailable here
120 | API_AVAILABLE(macos(10.6), ios(3.0), tvos(9.0)) API_UNAVAILABLE(watchos);
121 | CA_EXTERN CAShapeLayerLineJoin const kCALineJoinBevel
/Users/admin/builder/spi-builder-workspace/Sources/SPIndicator/Icons/SPAlertIconErrorView.swift:48:25: error: 'CABasicAnimation' is unavailable in watchOS
46 | self.layer.addSublayer(animatableLayer)
47 |
48 | let animation = CABasicAnimation(keyPath: "strokeEnd")
| `- error: 'CABasicAnimation' is unavailable in watchOS
49 | animation.duration = 0.22
50 | animation.fromValue = 0
/Applications/Xcode-27.0.0-Release.Candidate.app/Contents/Developer/Platforms/WatchOS.platform/Developer/SDKs/WatchOS27.0.sdk/System/Library/Frameworks/QuartzCore.framework/Headers/CAAnimation.h:130:12: note: 'CABasicAnimation' has been explicitly marked unavailable here
128 |
129 | API_AVAILABLE(macos(10.5), ios(2.0), tvos(9.0)) API_UNAVAILABLE(watchos)
130 | @interface CABasicAnimation : CAPropertyAnimation
| `- note: 'CABasicAnimation' has been explicitly marked unavailable here
131 |
132 | /* The objects defining the property values being interpolated between.
/Users/admin/builder/spi-builder-workspace/Sources/SPIndicator/Icons/SPAlertIconErrorView.swift:52:36: error: 'CAMediaTimingFunction' is unavailable in watchOS
50 | animation.fromValue = 0
51 | animation.toValue = 1
52 | animation.timingFunction = CAMediaTimingFunction(name: .easeInEaseOut)
| `- error: 'CAMediaTimingFunction' is unavailable in watchOS
53 |
54 | animatableLayer.strokeEnd = 1
/Applications/Xcode-27.0.0-Release.Candidate.app/Contents/Developer/Platforms/WatchOS.platform/Developer/SDKs/WatchOS27.0.sdk/System/Library/Frameworks/QuartzCore.framework/Headers/CAMediaTimingFunction.h:24:12: note: 'CAMediaTimingFunction' has been explicitly marked unavailable here
22 |
23 | API_AVAILABLE(macos(10.5), ios(2.0), tvos(9.0)) API_UNAVAILABLE(watchos)
24 | @interface CAMediaTimingFunction : NSObject <NSSecureCoding>
| `- note: 'CAMediaTimingFunction' has been explicitly marked unavailable here
25 | {
26 | @private
SwiftCompile normal arm64_32 Compiling\ SPIndicator.swift /Users/admin/builder/spi-builder-workspace/Sources/SPIndicator/SPIndicator.swift (in target 'SPIndicator' from project 'SPIndicator')
SwiftCompile normal arm64_32 /Users/admin/builder/spi-builder-workspace/Sources/SPIndicator/SPIndicator.swift (in target 'SPIndicator' from project 'SPIndicator')
cd /Users/admin/builder/spi-builder-workspace/.swiftpm/xcode
builtin-SwiftPerFileCompile SPIndicator.swift
SwiftCompile normal arm64_32 Compiling\ SPIndicatorPresentSide.swift /Users/admin/builder/spi-builder-workspace/Sources/SPIndicator/Models/SPIndicatorPresentSide.swift (in target 'SPIndicator' from project 'SPIndicator')
SwiftCompile normal arm64_32 /Users/admin/builder/spi-builder-workspace/Sources/SPIndicator/Models/SPIndicatorPresentSide.swift (in target 'SPIndicator' from project 'SPIndicator')
cd /Users/admin/builder/spi-builder-workspace/.swiftpm/xcode
builtin-SwiftPerFileCompile SPIndicatorPresentSide.swift
SwiftCompile normal arm64_32 Compiling\ SPIndicatorIconPreset.swift /Users/admin/builder/spi-builder-workspace/Sources/SPIndicator/SPIndicatorIconPreset.swift (in target 'SPIndicator' from project 'SPIndicator')
/Users/admin/builder/spi-builder-workspace/Sources/SPIndicator/SPIndicatorIconPreset.swift:32:24: error: 'UIActivityIndicatorView' is unavailable in watchOS
30 | case done
31 | case error
32 | case spin(_ style: UIActivityIndicatorView.Style)
| `- error: 'UIActivityIndicatorView' is unavailable in watchOS
33 | case custom(_ image: UIImage)
34 | }
/Applications/Xcode-27.0.0-Release.Candidate.app/Contents/Developer/Platforms/WatchOS.platform/Developer/SDKs/WatchOS27.0.sdk/System/Library/Frameworks/UIKit.framework/Headers/UIActivityIndicatorView.h:24:12: note: 'UIActivityIndicatorView' has been explicitly marked unavailable here
22 |
23 | UIKIT_EXTERN API_AVAILABLE(ios(2.0)) API_UNAVAILABLE(watchos) NS_SWIFT_UI_ACTOR
24 | @interface UIActivityIndicatorView : UIView <NSCoding>
| `- note: 'UIActivityIndicatorView' has been explicitly marked unavailable here
25 |
26 | - (instancetype)initWithActivityIndicatorStyle:(UIActivityIndicatorViewStyle)style NS_DESIGNATED_INITIALIZER; // sizes the view according to the style
/Users/admin/builder/spi-builder-workspace/Sources/SPIndicator/SPIndicatorIconPreset.swift:40:26: error: 'UIView' is unavailable in watchOS
38 | public extension SPIndicatorIconPreset {
39 |
40 | func createView() -> UIView {
| `- error: 'UIView' is unavailable in watchOS
41 | switch self {
42 | case .done:
/Applications/Xcode-27.0.0-Release.Candidate.app/Contents/Developer/Platforms/WatchOS.platform/Developer/SDKs/WatchOS27.0.sdk/System/Library/Frameworks/UIKit.framework/Headers/UIView.h:152:12: note: 'UIView' has been explicitly marked unavailable here
150 |
151 | UIKIT_EXTERN API_AVAILABLE(ios(2.0)) API_UNAVAILABLE(watchos) NS_SWIFT_UI_ACTOR
152 | @interface UIView : UIResponder <NSCoding, UIAppearance, UIAppearanceContainer, UIDynamicItem, UITraitEnvironment, UICoordinateSpace, UIFocusItem, UIFocusItemContainer, CALayerDelegate>
| `- note: 'UIView' has been explicitly marked unavailable here
153 |
154 | @property(class, nonatomic, readonly) Class layerClass; // default is [CALayer class]. Used when creating the underlying layer for the view.
/Users/admin/builder/spi-builder-workspace/Sources/SPIndicator/SPIndicatorIconPreset.swift:43:24: error: 'init()' is unavailable in watchOS
41 | switch self {
42 | case .done:
43 | let view = SPIndicatorIconDoneView()
| `- error: 'init()' is unavailable in watchOS
44 | return view
45 | case .error:
/Applications/Xcode-27.0.0-Release.Candidate.app/Contents/Developer/Platforms/WatchOS.platform/Developer/SDKs/WatchOS27.0.sdk/System/Library/Frameworks/UIKit.framework/Headers/UIView.h:158:1: note: 'init()' has been explicitly marked unavailable here
156 | - (instancetype)initWithFrame:(CGRect)frame NS_DESIGNATED_INITIALIZER;
157 | - (nullable instancetype)initWithCoder:(NSCoder *)coder NS_DESIGNATED_INITIALIZER;
158 | - (instancetype)init API_AVAILABLE(ios(2.0), tvos(9.0), visionos(1.0)) API_UNAVAILABLE(watchos);
| `- note: 'init()' has been explicitly marked unavailable here
159 |
160 | @property(nonatomic,getter=isUserInteractionEnabled) BOOL userInteractionEnabled; // default is YES. if set to NO, user events (touch, keys) are ignored and removed from the event queue.
/Users/admin/builder/spi-builder-workspace/Sources/SPIndicator/SPIndicatorIconPreset.swift:46:24: error: 'init()' is unavailable in watchOS
44 | return view
45 | case .error:
46 | let view = SPIndicatorIconErrorView()
| `- error: 'init()' is unavailable in watchOS
47 | view.tintColor = UIColor.systemRed
48 | return view
/Applications/Xcode-27.0.0-Release.Candidate.app/Contents/Developer/Platforms/WatchOS.platform/Developer/SDKs/WatchOS27.0.sdk/System/Library/Frameworks/UIKit.framework/Headers/UIView.h:158:1: note: 'init()' has been explicitly marked unavailable here
156 | - (instancetype)initWithFrame:(CGRect)frame NS_DESIGNATED_INITIALIZER;
157 | - (nullable instancetype)initWithCoder:(NSCoder *)coder NS_DESIGNATED_INITIALIZER;
158 | - (instancetype)init API_AVAILABLE(ios(2.0), tvos(9.0), visionos(1.0)) API_UNAVAILABLE(watchos);
| `- note: 'init()' has been explicitly marked unavailable here
159 |
160 | @property(nonatomic,getter=isUserInteractionEnabled) BOOL userInteractionEnabled; // default is YES. if set to NO, user events (touch, keys) are ignored and removed from the event queue.
/Users/admin/builder/spi-builder-workspace/Sources/SPIndicator/SPIndicatorIconPreset.swift:47:38: error: 'systemRed' is unavailable in watchOS
45 | case .error:
46 | let view = SPIndicatorIconErrorView()
47 | view.tintColor = UIColor.systemRed
| `- error: 'systemRed' is unavailable in watchOS
48 | return view
49 | case .spin(let style):
/Applications/Xcode-27.0.0-Release.Candidate.app/Contents/Developer/Platforms/WatchOS.platform/Developer/SDKs/WatchOS27.0.sdk/System/Library/Frameworks/UIKit.framework/Headers/UIInterface.h:121:49: note: 'systemRed' has been explicitly marked unavailable here
119 | * Do not make assumptions about the color spaces or actual colors used.
120 | */
121 | @property (class, nonatomic, readonly) UIColor *systemRedColor API_AVAILABLE(ios(7.0), tvos(9.0)) API_UNAVAILABLE(watchos);
| `- note: 'systemRed' has been explicitly marked unavailable here
122 | @property (class, nonatomic, readonly) UIColor *systemGreenColor API_AVAILABLE(ios(7.0), tvos(9.0)) API_UNAVAILABLE(watchos);
123 | @property (class, nonatomic, readonly) UIColor *systemBlueColor API_AVAILABLE(ios(7.0), tvos(9.0)) API_UNAVAILABLE(watchos);
/Users/admin/builder/spi-builder-workspace/Sources/SPIndicator/SPIndicatorIconPreset.swift:50:24: error: 'UIActivityIndicatorView' is unavailable in watchOS
48 | return view
49 | case .spin(let style):
50 | let view = UIActivityIndicatorView(style: style)
| `- error: 'UIActivityIndicatorView' is unavailable in watchOS
51 | view.startAnimating()
52 | return view
/Applications/Xcode-27.0.0-Release.Candidate.app/Contents/Developer/Platforms/WatchOS.platform/Developer/SDKs/WatchOS27.0.sdk/System/Library/Frameworks/UIKit.framework/Headers/UIActivityIndicatorView.h:24:12: note: 'UIActivityIndicatorView' has been explicitly marked unavailable here
22 |
23 | UIKIT_EXTERN API_AVAILABLE(ios(2.0)) API_UNAVAILABLE(watchos) NS_SWIFT_UI_ACTOR
24 | @interface UIActivityIndicatorView : UIView <NSCoding>
| `- note: 'UIActivityIndicatorView' has been explicitly marked unavailable here
25 |
26 | - (instancetype)initWithActivityIndicatorStyle:(UIActivityIndicatorViewStyle)style NS_DESIGNATED_INITIALIZER; // sizes the view according to the style
SwiftCompile normal arm64_32 /Users/admin/builder/spi-builder-workspace/Sources/SPIndicator/SPIndicatorIconPreset.swift (in target 'SPIndicator' from project 'SPIndicator')
cd /Users/admin/builder/spi-builder-workspace/.swiftpm/xcode
builtin-SwiftPerFileCompile SPIndicatorIconPreset.swift
SwiftCompile normal arm64_32 Compiling\ SPIndicatorIconAnimatable.swift /Users/admin/builder/spi-builder-workspace/Sources/SPIndicator/Protocols/SPIndicatorIconAnimatable.swift (in target 'SPIndicator' from project 'SPIndicator')
SwiftCompile normal arm64_32 /Users/admin/builder/spi-builder-workspace/Sources/SPIndicator/Protocols/SPIndicatorIconAnimatable.swift (in target 'SPIndicator' from project 'SPIndicator')
cd /Users/admin/builder/spi-builder-workspace/.swiftpm/xcode
builtin-SwiftPerFileCompile SPIndicatorIconAnimatable.swift
SwiftCompile normal arm64_32 Compiling\ SPIndicatorView.swift /Users/admin/builder/spi-builder-workspace/Sources/SPIndicator/SPIndicatorView.swift (in target 'SPIndicator' from project 'SPIndicator')
SwiftCompile normal arm64_32 /Users/admin/builder/spi-builder-workspace/Sources/SPIndicator/SPIndicatorView.swift (in target 'SPIndicator' from project 'SPIndicator')
cd /Users/admin/builder/spi-builder-workspace/.swiftpm/xcode
builtin-SwiftPerFileCompile SPIndicatorView.swift
SwiftCompile normal arm64_32 Compiling\ SPIndicatorHaptic.swift /Users/admin/builder/spi-builder-workspace/Sources/SPIndicator/Services/SPIndicatorHaptic.swift (in target 'SPIndicator' from project 'SPIndicator')
SwiftCompile normal arm64_32 /Users/admin/builder/spi-builder-workspace/Sources/SPIndicator/Services/SPIndicatorHaptic.swift (in target 'SPIndicator' from project 'SPIndicator')
cd /Users/admin/builder/spi-builder-workspace/.swiftpm/xcode
builtin-SwiftPerFileCompile SPIndicatorHaptic.swift
SwiftCompile normal arm64 Compiling\ UIFontExtension.swift,\ UILabelExtension.swift /Users/admin/builder/spi-builder-workspace/Sources/SPIndicator/Extensions/UIFontExtension.swift /Users/admin/builder/spi-builder-workspace/Sources/SPIndicator/Extensions/UILabelExtension.swift (in target 'SPIndicator' from project 'SPIndicator')
SwiftCompile normal arm64 /Users/admin/builder/spi-builder-workspace/Sources/SPIndicator/Extensions/UIFontExtension.swift (in target 'SPIndicator' from project 'SPIndicator')
cd /Users/admin/builder/spi-builder-workspace/.swiftpm/xcode
builtin-SwiftPerFileCompile UIFontExtension.swift
SwiftCompile normal arm64 /Users/admin/builder/spi-builder-workspace/Sources/SPIndicator/Extensions/UILabelExtension.swift (in target 'SPIndicator' from project 'SPIndicator')
cd /Users/admin/builder/spi-builder-workspace/.swiftpm/xcode
builtin-SwiftPerFileCompile UILabelExtension.swift
SwiftEmitModule normal arm64 Emitting\ module\ for\ SPIndicator (in target 'SPIndicator' from project 'SPIndicator')
/Users/admin/builder/spi-builder-workspace/Sources/SPIndicator/Extensions/UILabelExtension.swift:24:11: error: 'UILabel' is unavailable in watchOS
22 | import UIKit
23 |
24 | extension UILabel {
| `- error: 'UILabel' is unavailable in watchOS
25 |
26 | func layoutDynamicHeight(width: CGFloat) {
/Applications/Xcode-27.0.0-Release.Candidate.app/Contents/Developer/Platforms/WatchOS.platform/Developer/SDKs/WatchOS27.0.sdk/System/Library/Frameworks/UIKit.framework/Headers/UILabel.h:33:12: note: 'UILabel' has been explicitly marked unavailable here
31 |
32 | UIKIT_EXTERN API_AVAILABLE(ios(2.0)) API_UNAVAILABLE(watchos) NS_SWIFT_UI_ACTOR
33 | @interface UILabel : UIView <NSCoding, UIContentSizeCategoryAdjusting, UILetterformAwareAdjusting>
| `- note: 'UILabel' has been explicitly marked unavailable here
34 |
35 | @property(nullable, nonatomic,copy) NSString *text; // default is nil
/Users/admin/builder/spi-builder-workspace/Sources/SPIndicator/Icons/SPAlertIconErrorView.swift:24:40: error: 'UIView' is unavailable in watchOS
22 | import UIKit
23 |
24 | public class SPIndicatorIconErrorView: UIView, SPIndicatorIconAnimatable {
| `- error: 'UIView' is unavailable in watchOS
25 |
26 | public func animate() {
/Applications/Xcode-27.0.0-Release.Candidate.app/Contents/Developer/Platforms/WatchOS.platform/Developer/SDKs/WatchOS27.0.sdk/System/Library/Frameworks/UIKit.framework/Headers/UIView.h:152:12: note: 'UIView' has been explicitly marked unavailable here
150 |
151 | UIKIT_EXTERN API_AVAILABLE(ios(2.0)) API_UNAVAILABLE(watchos) NS_SWIFT_UI_ACTOR
152 | @interface UIView : UIResponder <NSCoding, UIAppearance, UIAppearanceContainer, UIDynamicItem, UITraitEnvironment, UICoordinateSpace, UIFocusItem, UIFocusItemContainer, CALayerDelegate>
| `- note: 'UIView' has been explicitly marked unavailable here
153 |
154 | @property(class, nonatomic, readonly) Class layerClass; // default is [CALayer class]. Used when creating the underlying layer for the view.
SwiftCompile normal arm64 (in target 'SPIndicator' from project 'SPIndicator')
cd /Users/admin/builder/spi-builder-workspace/.swiftpm/xcode
SwiftCompile normal arm64 Compiling\ SPIndicator.swift /Users/admin/builder/spi-builder-workspace/Sources/SPIndicator/SPIndicator.swift (in target 'SPIndicator' from project 'SPIndicator')
SwiftCompile normal arm64 /Users/admin/builder/spi-builder-workspace/Sources/SPIndicator/SPIndicator.swift (in target 'SPIndicator' from project 'SPIndicator')
cd /Users/admin/builder/spi-builder-workspace/.swiftpm/xcode
builtin-SwiftPerFileCompile SPIndicator.swift
PruneExplicitPrecompiledModules /Users/admin/builder/spi-builder-workspace/.derivedData/Build/Intermediates.noindex/ExplicitPrecompiledModules
PruneExplicitPrecompiledModules /Users/admin/builder/spi-builder-workspace/.derivedData/Build/Intermediates.noindex/SwiftExplicitPrecompiledModules
PruneExplicitPrecompiledModules /Users/admin/builder/spi-builder-workspace/.derivedData/SDKExplicitPrecompiledModules
2026-09-19 00:04:02.624 xcodebuild[815:4915] [MT] IDERunDestination: Supported platforms for the buildables in the current scheme is empty.
** BUILD FAILED **
The following build commands failed:
SwiftCompile normal arm64_32 (in target 'SPIndicator' from project 'SPIndicator')
SwiftEmitModule normal arm64_32 Emitting\ module\ for\ SPIndicator (in target 'SPIndicator' from project 'SPIndicator')
Building workspace SPIndicator with scheme SPIndicator
(3 failures)
BUILD FAILURE 6.4 watchOS