Build Information
Failed to build GoogleCloudSqlV1, reference 0.5.0 (443b87), with Swift 6.2 for Android on 11 Oct 2026 20:51:06 UTC.
Build Command
bash -c docker run --pull=always --rm -v "checkouts-54344845-1":/host -w "$PWD" -e JAVA_HOME="/root/.sdkman/candidates/java/current" -e SPI_BUILD="1" -e SPI_PROCESSING="1" registry.gitlab.com/saguaro1/spi-images:android-6.2-latest swift build --swift-sdk aarch64-unknown-linux-android28 2>&1Build Log
========================================
RunAll
========================================
Builder version: 5.1.1
Interrupt handler set up.
========================================
Checkout
========================================
Clone URL: https://github.com/googleapis/swift-google-cloud-sql-v1.git
Reference: 0.5.0
Initialized empty Git repository in /host/spi-builder-workspace/.git/
hint: Using 'master' as the name for the initial branch. This default branch name
hint: is subject to change. To configure the initial branch name to use in all
hint: of your new repositories, which will suppress this warning, call:
hint:
hint: git config --global init.defaultBranch <name>
hint:
hint: Names commonly chosen instead of 'master' are 'main', 'trunk' and
hint: 'development'. The just-created branch can be renamed via this command:
hint:
hint: git branch -m <name>
From https://github.com/googleapis/swift-google-cloud-sql-v1
* tag 0.5.0 -> FETCH_HEAD
HEAD is now at 443b875 chore: release circa 2026-10-07 (#1382)
Cloned https://github.com/googleapis/swift-google-cloud-sql-v1.git
Revision (git rev-parse @):
443b8750ee7861903804b9f00346ba0c1a0434af
SPI manifest file found: $PWD/.spi.yml
SUCCESS checkout https://github.com/googleapis/swift-google-cloud-sql-v1.git at 0.5.0
========================================
Build
========================================
Selected platform: android
Swift version: 6.2
Building package at path: $PWD
https://github.com/googleapis/swift-google-cloud-sql-v1.git
Running build ...
bash -c docker run --pull=always --rm -v "checkouts-54344845-1":/host -w "$PWD" -e JAVA_HOME="/root/.sdkman/candidates/java/current" -e SPI_BUILD="1" -e SPI_PROCESSING="1" registry.gitlab.com/saguaro1/spi-images:android-6.2-latest swift build --swift-sdk aarch64-unknown-linux-android28 2>&1
android-6.2-latest: Pulling from saguaro1/spi-images
Digest: sha256:a839c9ce201f1dacc8eb056626ec7ab0a1c6d53d7b77c83feda395f4507c51be
Status: Image is up to date for registry.gitlab.com/saguaro1/spi-images:android-6.2-latest
Fetching https://github.com/apple/swift-log
Fetching https://github.com/googleapis/swift-google-rpc
Fetching https://github.com/googleapis/swift-google-type
Fetching https://github.com/googleapis/swift-google-auth
Fetching https://github.com/googleapis/swift-google-gax
Fetching https://github.com/googleapis/swift-google-wkt
[1/437] Fetching swift-google-type
[438/8694] Fetching swift-google-type, swift-log
Fetched https://github.com/googleapis/swift-google-type from cache (0.47s)
[166/8257] Fetching swift-log
[167/8679] Fetching swift-log, swift-google-rpc
[218/10427] Fetching swift-log, swift-google-rpc, swift-google-gax
[428/11450] Fetching swift-log, swift-google-rpc, swift-google-gax, swift-google-auth
[2031/12473] Fetching swift-log, swift-google-rpc, swift-google-gax, swift-google-auth, swift-google-wkt
Fetched https://github.com/googleapis/swift-google-wkt from cache (0.61s)
[6744/11450] Fetching swift-log, swift-google-rpc, swift-google-gax, swift-google-auth
Fetched https://github.com/googleapis/swift-google-auth from cache (0.61s)
[5804/10427] Fetching swift-log, swift-google-rpc, swift-google-gax
Fetched https://github.com/googleapis/swift-google-gax from cache (0.62s)
[4386/8679] Fetching swift-log, swift-google-rpc
Fetched https://github.com/googleapis/swift-google-rpc from cache (0.80s)
Fetched https://github.com/apple/swift-log from cache (0.81s)
Computing version for https://github.com/googleapis/swift-google-wkt
Computed https://github.com/googleapis/swift-google-wkt at 0.5.0 (1.12s)
Fetching https://github.com/swift-extras/swift-extras-base64
[10/954] Fetching swift-extras-base64
Fetched https://github.com/swift-extras/swift-extras-base64 from cache (0.45s)
Computing version for https://github.com/googleapis/swift-google-type
Computed https://github.com/googleapis/swift-google-type at 0.5.0 (0.82s)
Computing version for https://github.com/googleapis/swift-google-rpc
Computed https://github.com/googleapis/swift-google-rpc at 0.5.0 (0.40s)
Computing version for https://github.com/googleapis/swift-google-gax
Computed https://github.com/googleapis/swift-google-gax at 0.5.0 (0.42s)
Fetching https://github.com/swift-server/async-http-client.git
[1/16464] Fetching async-http-client
Fetching https://github.com/apple/swift-nio
Fetched https://github.com/swift-server/async-http-client.git from cache (1.32s)
[1/86374] Fetching swift-nio
Fetched https://github.com/apple/swift-nio from cache (5.30s)
Computing version for https://github.com/googleapis/swift-google-auth
Computed https://github.com/googleapis/swift-google-auth at 0.5.0 (7.00s)
Fetching https://github.com/apple/swift-system.git
Fetching https://github.com/vapor/jwt-kit.git
[1/7241] Fetching swift-system
[7242/17495] Fetching swift-system, jwt-kit
Fetched https://github.com/apple/swift-system.git from cache (0.79s)
[923/10254] Fetching jwt-kit
Fetched https://github.com/vapor/jwt-kit.git from cache (1.26s)
Computing version for https://github.com/swift-extras/swift-extras-base64
Computed https://github.com/swift-extras/swift-extras-base64 at 1.2.0 (1.61s)
Computing version for https://github.com/swift-server/async-http-client.git
Computed https://github.com/swift-server/async-http-client.git at 1.36.2 (0.41s)
Fetching https://github.com/apple/swift-configuration.git
Fetching https://github.com/apple/swift-nio-http2.git
Fetching https://github.com/apple/swift-service-context.git
Fetching https://github.com/apple/swift-nio-transport-services.git
[1/1501] Fetching swift-service-context
[17/4368] Fetching swift-service-context, swift-nio-transport-services
[3079/8296] Fetching swift-service-context, swift-nio-transport-services, swift-configuration
[6176/20590] Fetching swift-service-context, swift-nio-transport-services, swift-configuration, swift-nio-http2
Fetched https://github.com/apple/swift-service-context.git from cache (0.64s)
Fetched https://github.com/apple/swift-nio-transport-services.git from cache (0.65s)
[5035/16222] Fetching swift-configuration, swift-nio-http2
Fetching https://github.com/apple/swift-nio-ssl.git
Fetching https://github.com/apple/swift-atomics.git
[16223/18111] Fetching swift-configuration, swift-nio-http2, swift-atomics
[16809/34982] Fetching swift-configuration, swift-nio-http2, swift-atomics, swift-nio-ssl
Fetched https://github.com/apple/swift-atomics.git from cache (0.80s)
Fetching https://github.com/apple/swift-distributed-tracing.git
[17741/33093] Fetching swift-configuration, swift-nio-http2, swift-nio-ssl
[21791/39644] Fetching swift-configuration, swift-nio-http2, swift-nio-ssl, swift-distributed-tracing
Fetching https://github.com/apple/swift-nio-extras.git
Fetched https://github.com/apple/swift-configuration.git from cache (1.99s)
Fetching https://github.com/apple/swift-algorithms.git
[20363/35716] Fetching swift-nio-http2, swift-nio-ssl, swift-distributed-tracing
Fetched https://github.com/apple/swift-nio-http2.git from cache (2.01s)
[9465/23422] Fetching swift-nio-ssl, swift-distributed-tracing
Fetched https://github.com/apple/swift-distributed-tracing.git from cache (0.80s)
[16197/16871] Fetching swift-nio-ssl
[16872/23574] Fetching swift-nio-ssl, swift-nio-extras
[17342/29738] Fetching swift-nio-ssl, swift-nio-extras, swift-algorithms
Fetched https://github.com/apple/swift-algorithms.git from cache (0.82s)
Fetched https://github.com/apple/swift-nio-extras.git from cache (0.88s)
Fetched https://github.com/apple/swift-nio-ssl.git from cache (2.75s)
Computing version for https://github.com/apple/swift-service-context.git
Computed https://github.com/apple/swift-service-context.git at 1.3.0 (3.72s)
Computing version for https://github.com/apple/swift-algorithms.git
Computed https://github.com/apple/swift-algorithms.git at 1.2.1 (1.47s)
Fetching https://github.com/apple/swift-numerics.git
[1/6732] Fetching swift-numerics
Fetched https://github.com/apple/swift-numerics.git from cache (0.64s)
Computing version for https://github.com/apple/swift-log
Computed https://github.com/apple/swift-log at 1.16.1 (1.07s)
Computing version for https://github.com/apple/swift-distributed-tracing.git
Computed https://github.com/apple/swift-distributed-tracing.git at 1.5.0 (0.42s)
Computing version for https://github.com/apple/swift-atomics.git
Computed https://github.com/apple/swift-atomics.git at 1.3.1 (0.36s)
Computing version for https://github.com/apple/swift-numerics.git
Computed https://github.com/apple/swift-numerics.git at 1.1.1 (0.36s)
Computing version for https://github.com/apple/swift-nio
Computed https://github.com/apple/swift-nio at 2.104.0 (0.71s)
Fetching https://github.com/apple/swift-collections.git
[1/28703] Fetching swift-collections
Fetched https://github.com/apple/swift-collections.git from cache (1.68s)
Computing version for https://github.com/apple/swift-configuration.git
Computed https://github.com/apple/swift-configuration.git at 1.2.2 (3.04s)
Fetching https://github.com/swift-server/swift-service-lifecycle
[1/2867] Fetching swift-service-lifecycle
Fetched https://github.com/swift-server/swift-service-lifecycle from cache (0.60s)
Computing version for https://github.com/apple/swift-nio-transport-services.git
Computed https://github.com/apple/swift-nio-transport-services.git at 1.28.0 (0.91s)
Computing version for https://github.com/swift-server/swift-service-lifecycle
Computed https://github.com/swift-server/swift-service-lifecycle at 2.12.1 (0.36s)
Fetching https://github.com/apple/swift-async-algorithms.git
[1/6820] Fetching swift-async-algorithms
Fetched https://github.com/apple/swift-async-algorithms.git from cache (0.72s)
Computing version for https://github.com/apple/swift-async-algorithms.git
Computed https://github.com/apple/swift-async-algorithms.git at 1.1.7 (1.08s)
Computing version for https://github.com/apple/swift-collections.git
Computed https://github.com/apple/swift-collections.git at 1.7.2 (0.42s)
Computing version for https://github.com/apple/swift-nio-http2.git
Computed https://github.com/apple/swift-nio-http2.git at 1.46.0 (0.36s)
Computing version for https://github.com/vapor/jwt-kit.git
Computed https://github.com/vapor/jwt-kit.git at 5.7.1 (0.21s)
Fetching https://github.com/apple/swift-crypto.git
Fetching https://github.com/apple/swift-certificates.git
[1/18629] Fetching swift-crypto
[560/26242] Fetching swift-crypto, swift-certificates
Fetched https://github.com/apple/swift-certificates.git from cache (0.74s)
[2050/18629] Fetching swift-crypto
Fetched https://github.com/apple/swift-crypto.git from cache (1.91s)
Computing version for https://github.com/apple/swift-crypto.git
Computed https://github.com/apple/swift-crypto.git at 4.5.2 (2.97s)
Fetching https://github.com/apple/swift-asn1.git
[21/2009] Fetching swift-asn1
Fetched https://github.com/apple/swift-asn1.git from cache (0.46s)
Computing version for https://github.com/apple/swift-asn1.git
Computed https://github.com/apple/swift-asn1.git at 1.7.3 (0.83s)
Computing version for https://github.com/apple/swift-certificates.git
Computed https://github.com/apple/swift-certificates.git at 1.21.0 (0.37s)
Computing version for https://github.com/apple/swift-nio-ssl.git
Computed https://github.com/apple/swift-nio-ssl.git at 2.37.5 (0.35s)
Computing version for https://github.com/apple/swift-system.git
Computed https://github.com/apple/swift-system.git at 1.8.1 (0.34s)
Computing version for https://github.com/apple/swift-nio-extras.git
Computed https://github.com/apple/swift-nio-extras.git at 1.35.1 (0.49s)
Fetching https://github.com/apple/swift-http-types.git
Fetching https://github.com/apple/swift-http-structured-headers.git
[1/1939] Fetching swift-http-types
[40/3192] Fetching swift-http-types, swift-http-structured-headers
Fetched https://github.com/apple/swift-http-types.git from cache (0.47s)
Fetched https://github.com/apple/swift-http-structured-headers.git from cache (0.47s)
Computing version for https://github.com/apple/swift-http-structured-headers.git
Computed https://github.com/apple/swift-http-structured-headers.git at 1.7.0 (0.74s)
Computing version for https://github.com/apple/swift-http-types.git
Computed https://github.com/apple/swift-http-types.git at 1.8.0 (0.34s)
Creating working copy for https://github.com/vapor/jwt-kit.git
Working copy of https://github.com/vapor/jwt-kit.git resolved at 5.7.1
Creating working copy for https://github.com/apple/swift-nio
Working copy of https://github.com/apple/swift-nio resolved at 2.104.0
Creating working copy for https://github.com/apple/swift-algorithms.git
Working copy of https://github.com/apple/swift-algorithms.git resolved at 1.2.1
Creating working copy for https://github.com/apple/swift-system.git
Working copy of https://github.com/apple/swift-system.git resolved at 1.8.1
Creating working copy for https://github.com/apple/swift-crypto.git
Working copy of https://github.com/apple/swift-crypto.git resolved at 4.5.2
Creating working copy for https://github.com/apple/swift-async-algorithms.git
Working copy of https://github.com/apple/swift-async-algorithms.git resolved at 1.1.7
Creating working copy for https://github.com/googleapis/swift-google-type
Working copy of https://github.com/googleapis/swift-google-type resolved at 0.5.0
Creating working copy for https://github.com/apple/swift-collections.git
Working copy of https://github.com/apple/swift-collections.git resolved at 1.7.2
Creating working copy for https://github.com/apple/swift-http-structured-headers.git
Working copy of https://github.com/apple/swift-http-structured-headers.git resolved at 1.7.0
Creating working copy for https://github.com/googleapis/swift-google-rpc
Working copy of https://github.com/googleapis/swift-google-rpc resolved at 0.5.0
Creating working copy for https://github.com/apple/swift-certificates.git
Working copy of https://github.com/apple/swift-certificates.git resolved at 1.21.0
Creating working copy for https://github.com/googleapis/swift-google-gax
Working copy of https://github.com/googleapis/swift-google-gax resolved at 0.5.0
Creating working copy for https://github.com/apple/swift-configuration.git
Working copy of https://github.com/apple/swift-configuration.git resolved at 1.2.2
Creating working copy for https://github.com/swift-server/async-http-client.git
Working copy of https://github.com/swift-server/async-http-client.git resolved at 1.36.2
Creating working copy for https://github.com/apple/swift-nio-transport-services.git
Working copy of https://github.com/apple/swift-nio-transport-services.git resolved at 1.28.0
Creating working copy for https://github.com/apple/swift-service-context.git
Working copy of https://github.com/apple/swift-service-context.git resolved at 1.3.0
Creating working copy for https://github.com/swift-server/swift-service-lifecycle
Working copy of https://github.com/swift-server/swift-service-lifecycle resolved at 2.12.1
Creating working copy for https://github.com/googleapis/swift-google-wkt
Working copy of https://github.com/googleapis/swift-google-wkt resolved at 0.5.0
Creating working copy for https://github.com/apple/swift-http-types.git
Working copy of https://github.com/apple/swift-http-types.git resolved at 1.8.0
Creating working copy for https://github.com/googleapis/swift-google-auth
Working copy of https://github.com/googleapis/swift-google-auth resolved at 0.5.0
Creating working copy for https://github.com/apple/swift-atomics.git
Working copy of https://github.com/apple/swift-atomics.git resolved at 1.3.1
Creating working copy for https://github.com/apple/swift-log
Working copy of https://github.com/apple/swift-log resolved at 1.16.1
Creating working copy for https://github.com/swift-extras/swift-extras-base64
Working copy of https://github.com/swift-extras/swift-extras-base64 resolved at 1.2.0
Creating working copy for https://github.com/apple/swift-nio-http2.git
Working copy of https://github.com/apple/swift-nio-http2.git resolved at 1.46.0
Creating working copy for https://github.com/apple/swift-nio-ssl.git
Working copy of https://github.com/apple/swift-nio-ssl.git resolved at 2.37.5
Creating working copy for https://github.com/apple/swift-asn1.git
Working copy of https://github.com/apple/swift-asn1.git resolved at 1.7.3
Creating working copy for https://github.com/apple/swift-nio-extras.git
Working copy of https://github.com/apple/swift-nio-extras.git resolved at 1.35.1
Creating working copy for https://github.com/apple/swift-numerics.git
Working copy of https://github.com/apple/swift-numerics.git resolved at 1.1.1
Creating working copy for https://github.com/apple/swift-distributed-tracing.git
Working copy of https://github.com/apple/swift-distributed-tracing.git resolved at 1.5.0
Building for debugging...
[0/1300] Compiling exponentiation.cc
[1/1300] Compiling a_octet.cc
[2/1300] Compiling _NumericsShims _NumericsShims.c
[2/1300] Write sources
[7/1300] Compiling get_cipher.cc
[7/1300] Write sources
[142/1300] Compiling _AtomicsShims.c
[143/1300] Compiling CXKCPShims shims.c
[144/1300] Compiling SimpleFIPS202.c
[145/1300] Compiling KeccakSponge.c
[146/1300] Compiling KeccakHash.c
[147/1300] Write swift-version--11D90AFD9DD3AB2.txt
[148/1300] Compiling CNIOWindows shim.c
[149/1300] Compiling a_object.cc
[150/1300] Compiling a_mbstr.cc
[151/1300] Compiling a_strex.cc
[152/1300] Compiling v3_pcons.cc
[153/1326] Compiling a_type.cc
[154/1328] Compiling CSystem shims.c
[155/1328] Compiling KeccakP-1600-opt64.c
[157/1350] Emitting module ServiceContextModule
[158/1374] Emitting module _NIOBase64
[159/1387] Compiling SystemPackage IOCompletion.swift
[160/1387] Compiling SystemPackage IORequest.swift
[161/1387] Compiling SystemPackage IORing+Util.swift
[162/1387] Compiling SystemPackage IORing.swift
[163/1387] Compiling SystemPackage RawIORequest.swift
[164/1392] Compiling ServiceContextModule ServiceContextKey.swift
[165/1392] Compiling RealModule Real.swift
[166/1392] Emitting module RealModule
[167/1393] Compiling SystemPackage Errno.swift
[168/1393] Compiling SystemPackage ErrnoWindows.swift
[169/1393] Compiling SystemPackage FileDescriptor.swift
[170/1393] Compiling SystemPackage FileHelpers.swift
[171/1393] Compiling _CertificateInternals _TinyArray.swift
[172/1393] Emitting module _CertificateInternals
[173/1394] Compiling RealModule RealFunctions.swift
[174/1394] Compiling ServiceContextModule ServiceContext.swift
[175/1394] Compiling SystemPackage FileOperations.swift
[176/1394] Compiling SystemPackage FilePath.swift
[177/1395] Compiling RealModule Float16+Real.swift
[178/1395] Compiling RealModule Float80+Real.swift
[179/1395] Compiling _NIOBase64 Base64.swift
[186/1396] Compiling Logging Logger+Attributes.swift
[190/1397] Emitting module SystemPackage
[192/1397] Compiling _NIODataStructures _TinyArray.swift
[194/1397] Compiling Logging LoggingSystem.swift
[196/1397] Compiling SystemPackage FilePathComponentView.swift
[197/1397] Compiling SystemPackage FilePathComponents.swift
[198/1399] Compiling SystemPackage FilePathParsing.swift
[199/1399] Compiling SystemPackage FilePathString.swift
[202/1399] Compiling RealModule RelaxedArithmetic.swift
[203/1399] Compiling SystemPackage FilePathTempPosix.swift
[204/1399] Compiling SystemPackage FilePathTempWindows.swift
[206/1400] Compiling Logging Logger+With.swift
[207/1400] Compiling Logging Logger.swift
[208/1400] Emitting module _NIODataStructures
[209/1400] Compiling _NIODataStructures PriorityQueue.swift
[210/1400] Compiling _NIODataStructures Heap.swift
[210/1401] Wrapping AST for _NIOBase64 for debugging
[215/1401] Wrapping AST for _CertificateInternals for debugging
[216/1401] Wrapping AST for ServiceContextModule for debugging
[217/1401] Wrapping AST for RealModule for debugging
[218/1401] Wrapping AST for _NIODataStructures for debugging
[220/1440] Compiling InternalCollectionsUtilities Iterable+CopyContents.swift
[221/1440] Compiling InternalCollectionsUtilities Iterable+Equality.swift
[222/1440] Compiling InternalCollectionsUtilities LifetimeOverride.swift
[223/1440] Compiling InternalCollectionsUtilities MutableRef.swift
[224/1443] Compiling InternalCollectionsUtilities UnsafeMutablePointer+Extras.swift
[225/1443] Compiling InternalCollectionsUtilities UnsafeMutableRawBufferPointer+Extras.swift
[226/1443] Compiling InternalCollectionsUtilities UnsafePointer+Extras.swift
[227/1443] Compiling Instrumentation NoOpInstrument.swift
[228/1443] Compiling Instrumentation MultiplexInstrument.swift
[229/1443] Emitting module SwiftASN1
[230/1443] Compiling ExtrasBase64 Base64+Span.swift
[231/1443] Compiling Instrumentation Instrument.swift
[232/1443] Compiling InternalCollectionsUtilities UnsafeRawBufferPointer+Extras.swift
[233/1443] Compiling InternalCollectionsUtilities _SortedCollection.swift
[234/1443] Compiling InternalCollectionsUtilities _UniqueCollection.swift
[237/1443] Compiling InternalCollectionsUtilities MutableSpan+Extras.swift
[238/1443] Compiling InternalCollectionsUtilities OutputSpan+Extras.swift
[239/1443] Compiling InternalCollectionsUtilities RandomAccessCollection+Offsets.swift
[240/1443] Compiling InternalCollectionsUtilities Span+Extras.swift
[241/1443] Compiling InternalCollectionsUtilities FixedWidthInteger+roundUpToPowerOfTwo.swift
[242/1443] Compiling InternalCollectionsUtilities Integer rank.swift
[243/1443] Compiling InternalCollectionsUtilities UInt+first and last set bit.swift
[244/1443] Compiling InternalCollectionsUtilities UInt+reversed.swift
[245/1443] Compiling InternalCollectionsUtilities BorrowingIteratorProtocol+Equality.swift
[246/1443] Compiling InternalCollectionsUtilities BorrowingIteratorProtocol+Extras.swift
[247/1443] Compiling InternalCollectionsUtilities Debugging.swift
[248/1443] Compiling InternalCollectionsUtilities Descriptions.swift
[249/1443] Compiling SystemPackage SystemString.swift
[250/1443] Compiling SystemPackage Util+StringArray.swift
[251/1443] Compiling SystemPackage Util.swift
[252/1443] Compiling SystemPackage UtilConsumers.swift
[253/1443] Compiling SystemPackage WinSDK+Overlay.swift
[254/1443] Emitting module InternalCollectionsUtilities
[255/1443] Compiling InternalCollectionsUtilities Strideable+LimitHelpers.swift
[256/1443] Compiling InternalCollectionsUtilities String+Padding.swift
[257/1443] Compiling InternalCollectionsUtilities TemporaryAllocation.swift
[258/1443] Compiling InternalCollectionsUtilities _UnsafeBitSet+Index.swift
[259/1443] Compiling InternalCollectionsUtilities _UnsafeBitSet+_Word.swift
[260/1443] Compiling InternalCollectionsUtilities _UnsafeBitSet.swift
[261/1443] Compiling InternalCollectionsUtilities UnsafeBufferPointer+Extras.swift
[262/1443] Compiling InternalCollectionsUtilities UnsafeMutableBufferPointer+Extras.swift
[263/1444] Compiling CNIOWindows WSAStartup.c
[264/1444] Compiling CNIOWASI CNIOWASI.c
[265/1444] Wrapping AST for InternalCollectionsUtilities for debugging
[267/1448] Emitting module SpanPreview
[268/1448] Compiling SpanPreview InputSpan.swift
[269/1448] Compiling SpanPreview MutableSpan+InputSpanHelpers.swift
[270/1448] Compiling SpanPreview OutputSpan+InputSpanHelpers.swift
[271/1449] Compiling CNIOPosix event_loop_id.c
[272/1491] Compiling CNIOOpenBSD shim.c
[273/1491] Wrapping AST for SpanPreview for debugging
[274/1491] Compiling CNIOLinux liburing_shims.c
[276/1491] Compiling DequeModule UniqueDeque+Initializers.swift
[277/1491] Compiling DequeModule UniqueDeque+Insertions.swift
[278/1491] Compiling DequeModule UniqueDeque+Iterable.swift
[279/1491] Compiling DequeModule UniqueDeque+Prepend.swift
[280/1491] Compiling DequeModule UniqueDeque+Removals.swift
[281/1496] Compiling DequeModule UniqueDeque+Consumption.swift
[282/1496] Compiling DequeModule UniqueDeque+ContainerOperations.swift
[283/1496] Compiling DequeModule UniqueDeque+Deprecations.swift
[284/1496] Compiling DequeModule UniqueDeque+Descriptions.swift
[285/1496] Compiling DequeModule UniqueDeque+Equatable.swift
[286/1496] Compiling DequeModule UniqueDeque+Hashable.swift
[286/1496] Compiling CNIOLinux shim.c
[287/1496] Compiling CNIOLLHTTP c_nio_http.c
[288/1496] Compiling CNIOLLHTTP c_nio_llhttp.c
[290/1496] Compiling DequeModule RigidDeque+Descriptions.swift
[291/1496] Compiling DequeModule RigidDeque+Equatable.swift
[292/1496] Compiling DequeModule RigidDeque+Hashable.swift
[293/1496] Compiling DequeModule RigidDeque+Initializers.swift
[294/1496] Compiling DequeModule RigidDeque+Insertions.swift
[295/1496] Compiling DequeModule RigidDeque+Iterable.swift
[296/1496] Compiling DequeModule RigidDeque+Prepend.swift
[297/1496] Compiling DequeModule RigidDeque+Removals.swift
[298/1496] Compiling DequeModule RigidDeque+Replacements.swift
[299/1496] Compiling DequeModule RigidDeque+Testing.swift
[300/1496] Compiling DequeModule RigidDeque.swift
[301/1496] Compiling DequeModule UniqueDeque+Append.swift
[302/1496] Compiling DequeModule _DequeBuffer.swift
[303/1496] Compiling DequeModule _DequeBufferHeader.swift
[304/1496] Compiling DequeModule RigidDeque+Append.swift
[305/1496] Compiling DequeModule RigidDeque+Consumption.swift
[306/1496] Compiling DequeModule RigidDeque+ContainerOperations.swift
[307/1496] Compiling DequeModule RigidDeque+Deprecations.swift
[307/1496] Compiling CNIOFreeBSD shim.c
[308/1496] Compiling CNIOLLHTTP c_nio_api.c
[309/1496] Compiling CNIOExtrasZlib zutil.c
[310/1496] Compiling CNIOExtrasZlib trees.c
[312/1496] Compiling Logging MetadataProvider.swift
[323/1496] Compiling DequeModule Deque+Testing.swift
[324/1496] Compiling DequeModule Deque._Storage.swift
[324/1496] Compiling CNIOExtrasZlib inftrees.c
[326/1496] Compiling DequeModule Deque+CustomReflectable.swift
[327/1496] Compiling DequeModule Deque+Descriptions.swift
[330/1496] Compiling Instrumentation Locks.swift
[331/1496] Compiling Instrumentation InstrumentationSystem.swift
[332/1496] Emitting module Instrumentation
[333/1498] Emitting module Logging
[339/1498] Compiling DequeModule Deque+Extras.swift
[340/1498] Compiling DequeModule Deque+Hashable.swift
[347/1499] Compiling DequeModule Deque+Codable.swift
[348/1499] Compiling DequeModule Deque+Collection.swift
[350/1499] Compiling CNIOExtrasZlib inffast.c
[356/1499] Compiling DequeModule Deque+Equatable.swift
[357/1499] Compiling DequeModule Deque+ExpressibleByArrayLiteral.swift
[361/1500] Compiling CNIOExtrasZlib inflate.c
[362/1500] Compiling CNIOExtrasZlib deflate.c
[363/1500] Compiling CNIOExtrasZlib crc32.c
[364/1500] Compiling CNIODarwin shim.c
[365/1500] Compiling CNIOExtrasZlib adler32.c
[366/1500] Wrapping AST for Logging for debugging
[367/1500] Wrapping AST for SystemPackage for debugging
[368/1500] Wrapping AST for SwiftASN1 for debugging
[369/1504] Wrapping AST for Instrumentation for debugging
[375/1505] Compiling DequeModule Deque._UnsafeHandle.swift
[376/1505] Compiling DequeModule Deque.swift
[376/1508] Compiling fiat_p256_adx_sqr.S
[376/1508] Compiling fiat_p256_adx_mul.S
[378/1508] Compiling fiat_curve25519_adx_square.S
[379/1508] Compiling fiat_curve25519_adx_mul.S
[381/1508] Compiling Tracing TracerProtocol.swift
[382/1509] Compiling Tracing TracingTime.swift
[383/1509] Compiling Tracing TracerProtocol+Legacy.swift
[384/1509] Compiling Tracing WithTracer.swift
[384/1509] Compiling CNIOBoringSSLShims shims.c
[386/1509] Compiling Tracing Tracer.swift
[387/1509] Compiling Tracing NoOpTracer.swift
[388/1509] Emitting module Tracing
[389/1509] Compiling Tracing InstrumentationSystem+Tracing.swift
[390/1509] Compiling Tracing SpanProtocol.swift
[392/1510] Emitting module DequeModule
[393/1510] Emitting module ExtrasBase64
[394/1510] Compiling ExtrasBase64 Base32.swift
[395/1510] Compiling ExtrasBase64 Base32+Span.swift
[396/1510] Compiling ExtrasBase64 Base64.swift
[398/1511] Compiling DequeModule UniqueDeque+Replacements.swift
[399/1511] Compiling DequeModule UniqueDeque.swift
[400/1511] Compiling DequeModule _DequeSlot.swift
[401/1511] Compiling DequeModule _UnsafeDequeHandle.swift
[402/1511] Compiling DequeModule _UnsafeDequeSegments.swift
[402/1511] Wrapping AST for Tracing for debugging
[404/1543] Wrapping AST for ExtrasBase64 for debugging
[406/1586] Compiling Configuration JSONSnapshot.swift
[407/1586] Compiling Configuration PropertyListSnapshot.swift
[408/1586] Compiling Configuration ReloadingFileProvider.swift
[409/1586] Compiling Configuration ReloadingFileProviderMetrics.swift
[410/1586] Compiling Configuration YAMLSnapshot.swift
[411/1586] Compiling Configuration InMemoryProvider.swift
[412/1591] Compiling Configuration SeparatorKeyEncoder.swift
[413/1591] Compiling Configuration MultiProvider.swift
[414/1591] Compiling Configuration CLIArgumentParser.swift
[415/1591] Compiling Configuration CLISnapshot.swift
[416/1591] Compiling Configuration CommandLineArgumentsProvider.swift
[417/1591] Compiling Configuration EnvironmentFileParser.swift
[418/1591] Compiling Configuration AccessReporter.swift
[419/1591] Compiling Configuration AccessLogger.swift
[420/1591] Compiling Configuration FileAccessLogger.swift
[421/1591] Compiling Configuration ConfigContext.swift
[422/1591] Compiling Configuration ConfigKey.swift
[423/1591] Compiling Configuration ConfigProvider.swift
[424/1591] Emitting module Configuration
[425/1591] Compiling Configuration MutableInMemoryProvider.swift
[426/1591] Compiling Configuration ConfigProvider+Operators.swift
[427/1591] Compiling Configuration KeyMappingProvider.swift
[428/1591] Compiling Configuration SecretsSpecifier.swift
[429/1591] Compiling Configuration AsyncCombineLatestManySequence.swift
[430/1591] Compiling Configuration CombineLatestManyStateMachine.swift
[431/1591] Compiling Configuration ConfigProviderHelpers.swift
[432/1591] Compiling Configuration ConfigReader+internalHelpers.swift
[433/1591] Compiling Configuration ConfigReader+methods.swift
[434/1591] Compiling Configuration ConfigReader.swift
[435/1591] Compiling Configuration ConfigSnapshotReader+methods.swift
[436/1591] Compiling Configuration ConfigSnapshotReader.swift
[437/1591] Compiling Configuration EnvironmentKeyEncoder.swift
[438/1591] Compiling Configuration EnvironmentVariablesProvider.swift
[439/1591] Compiling Configuration CommonProviderFileSystem.swift
[440/1591] Compiling Configuration DirectoryFilesProvider.swift
[441/1591] Compiling Configuration FileProvider.swift
[442/1591] Compiling Configuration FileProviderSnapshot.swift
[443/1591] Compiling Configuration Deprecations.swift
[444/1591] Compiling Configuration ExpressibleByConfigInt.swift
[445/1591] Compiling Configuration ExpressibleByConfigString.swift
[446/1591] Compiling Configuration CLIKeyEncoder.swift
[447/1591] Compiling Configuration ConfigKeyEncoder.swift
[448/1591] Compiling Configuration DotSeparatorKeyDecoder.swift
[449/1591] Compiling Configuration CombineLatestManyStorage.swift
[450/1591] Compiling Configuration AsyncSequences.swift
[451/1591] Compiling Configuration FoundationExtensions.swift
[452/1591] Compiling Configuration Span.swift
[453/1591] Compiling Configuration ConfigBytesFromStringDecoder.swift
[454/1592] Wrapping AST for DequeModule for debugging
[455/1592] Wrapping AST for Configuration for debugging
[465/1596] Emitting module GoogleWKT
[488/1596] Compiling GoogleWKT WKTSourceContext.swift
[489/1596] Compiling GoogleWKT WKTSyntax.swift
[490/1596] Compiling GoogleWKT WKTType.swift
[491/1596] Compiling GoogleWKT PackageVersion.swift
[492/1597] Compiling tls_record.cc
[493/1597] Compiling tls_method.cc
[494/1597] Compiling t1_enc.cc
[495/1597] Compiling tls13_both.cc
[496/1597] Compiling tls13_client.cc
[497/1597] Compiling tls13_enc.cc
[498/1611] Wrapping AST for GoogleWKT for debugging
[499/1630] Compiling tls13_server.cc
[500/1630] Compiling ssl_x509.cc
[502/1630] Compiling GoogleRpc ResourceInfo.swift
[503/1630] Compiling GoogleType Quaternion.swift
[504/1632] Compiling GoogleRpc QuotaFailure.swift
[505/1632] Compiling GoogleRpc RequestInfo.swift
[506/1632] Compiling GoogleRpc HttpResponse.swift
[507/1632] Compiling GoogleRpc PreconditionFailure.swift
[508/1632] Compiling GoogleType PackageVersion.swift
[509/1632] Compiling GoogleType PhoneNumber.swift
[510/1632] Compiling GoogleRpc DebugInfo.swift
[511/1632] Compiling GoogleRpc ErrorInfo.swift
[512/1632] Compiling GoogleRpc BadRequest.swift
[515/1634] Emitting module GoogleRpc
[516/1634] Compiling GoogleRpc Code.swift
[517/1634] Compiling GoogleRpc Help.swift
[518/1634] Compiling GoogleRpc HttpHeader.swift
[519/1634] Compiling GoogleRpc LocalizedMessage.swift
[520/1634] Compiling GoogleRpc PackageVersion.swift
[521/1634] Compiling GoogleRpc HttpRequest.swift
[522/1634] Emitting module GoogleType
[527/1634] Compiling GoogleType TimeOfDay.swift
[528/1634] Compiling GoogleType TimeZone.swift
[538/1635] Compiling GoogleRpc RetryInfo.swift
[539/1635] Compiling GoogleRpc Status.swift
[539/1635] Compiling ssl_versions.cc
[540/1636] Compiling ssl_transcript.cc
[542/1636] Wrapping AST for GoogleType for debugging
[543/1636] Compiling ssl_stat.cc
[544/1636] Compiling ssl_privkey.cc
[545/1636] Compiling ssl_session.cc
[546/1636] Compiling ssl_lib.cc
[547/1636] Wrapping AST for GoogleRpc for debugging
[548/1636] Compiling ssl_key_share.cc
[549/1636] Compiling ssl_file.cc
[550/1636] Compiling ssl_credential.cc
[551/1636] Compiling ssl_buffer.cc
[552/1636] Compiling ssl_cert.cc
[553/1636] Compiling ssl_cipher.cc
[554/1636] Compiling ssl_asn1.cc
[555/1636] Compiling ssl_aead_ctx.cc
[556/1636] Compiling s3_pkt.cc
[557/1636] Compiling s3_lib.cc
[558/1636] Compiling s3_both.cc
[559/1636] Compiling handshake_server.cc
[560/1636] Compiling handshake.cc
[561/1636] Compiling handshake_client.cc
[562/1636] Compiling handoff.cc
[563/1636] Compiling extensions.cc
[564/1636] Compiling encrypted_client_hello.cc
[565/1636] Compiling md5-x86_64-linux.S
[566/1636] Compiling dtls_method.cc
[567/1636] Compiling dtls_record.cc
[568/1636] Compiling md5-x86_64-apple.S
[569/1636] Compiling md5-586-linux.S
[570/1636] Compiling d1_pkt.cc
[571/1636] Compiling md5-586-apple.S
[572/1636] Compiling d1_srtp.cc
[573/1636] Compiling chacha20_poly1305_x86_64-linux.S
[574/1636] Compiling chacha20_poly1305_x86_64-apple.S
[575/1636] Compiling chacha20_poly1305_armv8-win.S
[576/1636] Compiling chacha20_poly1305_armv8-apple.S
[577/1636] Compiling d1_lib.cc
[578/1636] Compiling chacha-x86_64-apple.S
[579/1636] Compiling chacha-x86_64-linux.S
[580/1636] Compiling err_data.cc
[581/1636] Compiling chacha-x86-linux.S
[582/1636] Compiling chacha-armv8-apple.S
[583/1636] Compiling chacha-armv8-win.S
[584/1636] Compiling chacha-x86-apple.S
[585/1636] Compiling aes128gcmsiv-x86_64-linux.S
[586/1636] Compiling chacha-armv4-linux.S
[587/1636] Compiling chacha-armv8-linux.S
[588/1636] Compiling aes128gcmsiv-x86_64-apple.S
[589/1636] Compiling x86_64-mont5-linux.S
[590/1636] Compiling chacha20_poly1305_armv8-linux.S
[591/1636] Compiling bio_ssl.cc
[592/1636] Compiling d1_both.cc
[593/1636] Compiling x86_64-mont5-apple.S
[594/1636] Compiling x86_64-mont-linux.S
[595/1636] Compiling x86_64-mont-apple.S
[596/1636] Compiling x86-mont-apple.S
[597/1636] Compiling vpaes-x86_64-apple.S
[598/1636] Compiling x86-mont-linux.S
[599/1636] Compiling vpaes-x86_64-linux.S
[600/1636] Compiling vpaes-x86-linux.S
[601/1636] Compiling vpaes-armv8-win.S
[602/1636] Compiling vpaes-x86-apple.S
[603/1636] Compiling vpaes-armv8-linux.S
[604/1636] Compiling sha512-x86_64-linux.S
[605/1636] Compiling sha512-x86_64-apple.S
[606/1636] Compiling vpaes-armv7-linux.S
[606/1636] Compiling vpaes-armv8-apple.S
[608/1636] Compiling sha512-armv4-linux.S
[609/1636] Compiling sha512-armv8-apple.S
[610/1636] Compiling sha512-armv8-win.S
[611/1636] Compiling sha512-armv8-linux.S
[612/1636] Compiling sha512-586-linux.S
[613/1636] Compiling sha512-586-apple.S
[614/1636] Compiling sha256-x86_64-linux.S
[615/1636] Compiling sha256-x86_64-apple.S
[616/1636] Compiling sha256-armv8-win.S
[617/1636] Compiling sha256-armv8-apple.S
[618/1636] Compiling sha256-armv8-linux.S
[619/1636] Compiling sha256-586-linux.S
[620/1636] Compiling sha256-armv4-linux.S
[621/1636] Compiling sha256-586-apple.S
[622/1636] Compiling sha1-x86_64-linux.S
[623/1636] Compiling sha1-x86_64-apple.S
[623/1636] Compiling sha1-armv8-linux.S
[625/1636] Compiling sha1-armv8-win.S
[626/1636] Compiling sha1-armv8-apple.S
[627/1636] Compiling sha1-586-linux.S
[628/1636] Compiling sha1-armv4-large-linux.S
[629/1636] Compiling rsaz-avx2-linux.S
[630/1636] Compiling sha1-586-apple.S
[631/1636] Compiling rdrand-x86_64-linux.S
[632/1636] Compiling rsaz-avx2-apple.S
[633/1636] Compiling rdrand-x86_64-apple.S
[634/1636] Compiling p256_beeu-x86_64-asm-apple.S
[634/1636] Compiling p256_beeu-x86_64-asm-linux.S
[636/1636] Compiling p256_beeu-armv8-asm-win.S
[637/1636] Compiling p256_beeu-armv8-asm-linux.S
[638/1636] Compiling p256_beeu-armv8-asm-apple.S
[639/1636] Compiling p256-x86_64-asm-apple.S
[640/1636] Compiling p256-x86_64-asm-linux.S
[641/1636] Compiling p256-armv8-asm-win.S
[642/1636] Compiling p256-armv8-asm-apple.S
[643/1636] Compiling p256-armv8-asm-linux.S
[644/1636] Compiling ghashv8-armv8-win.S
[645/1636] Compiling ghashv8-armv8-apple.S
[646/1636] Compiling ghashv8-armv7-linux.S
[647/1636] Compiling ghashv8-armv8-linux.S
[648/1636] Compiling ghash-x86_64-linux.S
[649/1636] Compiling ghash-x86-linux.S
[650/1636] Compiling ghash-x86_64-apple.S
[651/1636] Compiling ghash-x86-apple.S
[652/1636] Compiling ghash-ssse3-x86_64-apple.S
[653/1636] Compiling ghash-neon-armv8-win.S
[654/1636] Compiling ghash-ssse3-x86_64-linux.S
[655/1636] Compiling ghash-ssse3-x86-apple.S
[656/1636] Compiling ghash-ssse3-x86-linux.S
[657/1636] Compiling ghash-neon-armv8-linux.S
[658/1636] Compiling ghash-neon-armv8-apple.S
[659/1636] Compiling ghash-armv4-linux.S
[660/1636] Compiling co-586-apple.S
[661/1636] Compiling bsaes-armv7-linux.S
[662/1636] Compiling bn-armv8-win.S
[662/1636] Compiling co-586-linux.S
[664/1636] Compiling bn-armv8-linux.S
[665/1636] Compiling bn-armv8-apple.S
[666/1636] Compiling bn-586-linux.S
[667/1636] Compiling armv4-mont-linux.S
[668/1636] Compiling armv8-mont-win.S
[668/1636] Compiling bn-586-apple.S
[670/1636] Compiling armv8-mont-linux.S
[671/1636] Compiling armv8-mont-apple.S
[672/1636] Compiling aesv8-gcm-armv8-win.S
[673/1636] Compiling aesv8-gcm-armv8-apple.S
[674/1636] Compiling aesv8-armv8-apple.S
[675/1636] Compiling aesv8-armv7-linux.S
[676/1636] Compiling aesni-x86_64-linux.S
[677/1636] Compiling aesv8-armv8-linux.S
[677/1636] Compiling aesv8-gcm-armv8-linux.S
[679/1636] Compiling aesv8-armv8-win.S
[680/1636] Compiling aesni-x86_64-apple.S
[681/1636] Compiling aesni-x86-linux.S
[682/1636] Compiling aes-gcm-avx2-x86_64-linux.S
[683/1636] Compiling aes-gcm-avx10-x86_64-linux.S
[684/1636] Compiling aesni-x86-apple.S
[685/1636] Compiling aesni-gcm-x86_64-linux.S
[686/1636] Compiling aesni-gcm-x86_64-apple.S
[687/1636] Compiling aes-gcm-avx10-x86_64-apple.S
[688/1636] Compiling aes-gcm-avx2-x86_64-apple.S
[689/1636] Compiling x_sig.cc
[690/1636] Compiling x_pubkey.cc
[691/1636] Compiling x_spki.cc
[692/1636] Compiling x_x509.cc
[693/1636] Compiling x_name.cc
[694/1636] Compiling x_x509a.cc
[695/1636] Compiling x_req.cc
[696/1636] Compiling x_val.cc
[697/1636] Compiling x_exten.cc
[698/1636] Compiling x_algor.cc
[698/1636] Compiling x_attrib.cc
[700/1636] Compiling x_crl.cc
[701/1636] Compiling x509spki.cc
[702/1636] Compiling x509rset.cc
[703/1636] Compiling x_all.cc
[704/1636] Compiling x509name.cc
[705/1636] Compiling x509cset.cc
[706/1636] Compiling x509_txt.cc
[707/1636] Compiling x509_vpm.cc
[708/1636] Compiling x509_v3.cc
[709/1636] Compiling x509_set.cc
[710/1636] Compiling x509_trs.cc
[711/1636] Compiling x509_vfy.cc
[712/1636] Compiling x509_req.cc
[713/1636] Compiling x509_obj.cc
[714/1636] Compiling x509_lu.cc
[715/1636] Compiling x509_def.cc
[716/1636] Compiling x509_d2.cc
[717/1636] Compiling x509_ext.cc
[718/1636] Compiling x509_cmp.cc
[719/1636] Compiling x509_att.cc
[720/1636] Compiling x509.cc
[721/1636] Compiling v3_utl.cc
[722/1636] Compiling v3_skey.cc
[723/1636] Compiling v3_prn.cc
[724/1636] Compiling v3_purp.cc
[725/1636] Compiling v3_pmaps.cc
[726/1636] Compiling v3_pcons.cc
[727/1636] Compiling v3_ocsp.cc
[728/1636] Compiling v3_ncons.cc
[729/1636] Compiling v3_lib.cc
[730/1636] Compiling v3_int.cc
[731/1636] Compiling v3_ia5.cc
[732/1636] Compiling v3_info.cc
[733/1636] Compiling v3_genn.cc
[734/1636] Compiling v3_extku.cc
[735/1636] Compiling v3_enum.cc
[736/1636] Compiling v3_crld.cc
[737/1636] Compiling v3_cpols.cc
[738/1636] Compiling v3_conf.cc
[739/1636] Compiling v3_bitst.cc
[740/1636] Compiling v3_bcons.cc
[741/1636] Compiling v3_alt.cc
[742/1636] Compiling v3_akeya.cc
[743/1636] Compiling v3_akey.cc
[744/1636] Compiling t_x509a.cc
[745/1636] Compiling t_x509.cc
[746/1636] Compiling i2d_pr.cc
[747/1636] Compiling t_req.cc
[748/1636] Compiling t_crl.cc
[749/1636] Compiling rsa_pss.cc
[750/1636] Compiling policy.cc
[751/1636] Compiling name_print.cc
[752/1636] Compiling by_file.cc
[753/1636] Compiling by_dir.cc
[754/1636] Compiling asn1_gen.cc
[755/1636] Compiling algorithm.cc
[756/1636] Compiling a_sign.cc
[757/1636] Compiling a_verify.cc
[758/1636] Compiling a_digest.cc
[759/1636] Compiling trust_token.cc
[759/1636] Compiling voprf.cc
[761/1636] Compiling thread_win.cc
[762/1636] Compiling thread_pthread.cc
[763/1636] Compiling thread.cc
[764/1636] Compiling thread_none.cc
[765/1636] Compiling stack.cc
[766/1636] Compiling pmbtoken.cc
[767/1636] Compiling sha512.cc
[768/1636] Compiling sha256.cc
[769/1636] Compiling siphash.cc
[770/1636] Compiling rsa_print.cc
[771/1636] Compiling slhdsa.cc
[772/1636] Compiling sha1.cc
[773/1636] Compiling spake2plus.cc
[774/1636] Compiling rsa_extra.cc
[775/1636] Compiling rc4.cc
[776/1636] Compiling refcount.cc
[777/1636] Compiling trusty.cc
[778/1636] Compiling rsa_crypt.cc
[779/1636] Compiling windows.cc
[780/1636] Compiling urandom.cc
[781/1636] Compiling rsa_asn1.cc
[782/1636] Compiling rand.cc
[783/1636] Compiling passive.cc
[784/1636] Compiling ios.cc
[785/1636] Compiling poly1305_arm_asm.S
[786/1636] Compiling getentropy.cc
[787/1636] Compiling forkunsafe.cc
[788/1636] Compiling deterministic.cc
[789/1636] Compiling fork_detect.cc
[790/1636] Compiling poly1305_vec.cc
[791/1636] Compiling pool.cc
[792/1636] Compiling poly1305_arm.cc
[793/1636] Compiling poly1305.cc
[794/1636] Compiling pkcs7.cc
[795/1636] Compiling pem_x509.cc
[796/1636] Compiling p5_pbev2.cc
[796/1636] Compiling pkcs8.cc
[797/1636] Compiling pkcs8_x509.cc
[799/1636] Compiling pem_xaux.cc
[800/1636] Compiling pkcs7_x509.cc
[801/1636] Compiling pem_pkey.cc
[802/1636] Compiling pem_pk8.cc
[803/1636] Compiling obj_xref.cc
[804/1636] Compiling mlkem.cc
[805/1636] Compiling mldsa.cc
[806/1636] Compiling obj.cc
[807/1636] Compiling pem_info.cc
[808/1636] Compiling pem_oth.cc
[809/1636] Compiling pem_lib.cc
[810/1636] Compiling pem_all.cc
[811/1636] Compiling poly_rq_mul.S
[812/1636] Compiling fips_shared_support.cc
[813/1636] Compiling md5.cc
[814/1636] Compiling md4.cc
[815/1636] Compiling lhash.cc
[816/1636] Compiling mem.cc
[817/1636] Compiling kyber.cc
[818/1636] Compiling ex_data.cc
[819/1636] Compiling hpke.cc
[820/1636] Compiling scrypt.cc
[821/1636] Compiling sign.cc
[822/1636] Compiling hrss.cc
[823/1636] Compiling p_x25519.cc
[824/1636] Compiling print.cc
[825/1636] Compiling pbkdf.cc
[826/1636] Compiling p_x25519_asn1.cc
[827/1636] Compiling p_rsa.cc
[828/1636] Compiling p_rsa_asn1.cc
[829/1636] Compiling p_hkdf.cc
[830/1636] Compiling p_ed25519.cc
[831/1636] Compiling p_ed25519_asn1.cc
[832/1636] Compiling p_ec.cc
[833/1636] Compiling p_ec_asn1.cc
[834/1636] Compiling p_dh_asn1.cc
[835/1636] Compiling p_dsa_asn1.cc
[836/1636] Compiling evp_ctx.cc
[837/1636] Compiling p_dh.cc
[838/1636] Compiling err.cc
[839/1636] Compiling engine.cc
[840/1636] Compiling evp.cc
[841/1636] Compiling evp_asn1.cc
[842/1636] Compiling ecdh.cc
[843/1636] Compiling ecdsa_asn1.cc
[844/1636] Compiling hash_to_curve.cc
[845/1636] Compiling ec_derive.cc
[846/1636] Compiling dsa.cc
[847/1636] Compiling dsa_asn1.cc
[848/1636] Compiling bcm.cc
[849/1636] Compiling params.cc
[850/1636] Compiling ec_asn1.cc
[851/1636] Compiling digest_extra.cc
[852/1636] Compiling x25519-asm-arm.S
[853/1636] Compiling dh_asn1.cc
[854/1636] Compiling des.cc
[855/1636] Compiling curve25519_64_adx.cc
[856/1636] Compiling crypto.cc
[857/1636] Compiling cpu_intel.cc
[858/1636] Compiling spake25519.cc
[859/1636] Compiling cpu_arm_linux.cc
[860/1636] Compiling cpu_arm_freebsd.cc
[861/1636] Compiling curve25519.cc
[862/1636] Compiling cpu_aarch64_sysreg.cc
[863/1636] Compiling cpu_aarch64_win.cc
[864/1636] Compiling cpu_aarch64_openbsd.cc
[865/1636] Compiling cpu_aarch64_fuchsia.cc
[866/1636] Compiling cpu_aarch64_linux.cc
[867/1636] Compiling cpu_aarch64_apple.cc
[868/1636] Compiling conf.cc
[869/1636] Compiling get_cipher.cc
[870/1636] Compiling e_tls.cc
[871/1636] Compiling tls_cbc.cc
[872/1636] Compiling e_rc4.cc
[873/1636] Compiling e_rc2.cc
[874/1636] Compiling e_null.cc
[875/1636] Compiling e_des.cc
[876/1636] Compiling e_chacha20poly1305.cc
[877/1636] Compiling derive_key.cc
[878/1636] Compiling e_aesgcmsiv.cc
[879/1636] Compiling e_aesctrhmac.cc
[880/1636] Compiling chacha.cc
[881/1636] Compiling buf.cc
[882/1636] Compiling unicode.cc
[883/1636] Compiling cbb.cc
[884/1636] Compiling ber.cc
[885/1636] Compiling cbs.cc
[886/1636] Compiling asn1_compat.cc
[887/1636] Compiling bn_asn1.cc
[888/1636] Compiling convert.cc
[889/1636] Compiling blake2.cc
[890/1636] Compiling socket_helper.cc
[891/1636] Compiling socket.cc
[892/1636] Compiling pair.cc
[893/1636] Compiling hexdump.cc
[894/1636] Compiling printf.cc
[895/1636] Compiling file.cc
[896/1636] Compiling fd.cc
[897/1636] Compiling errno.cc
[898/1636] Compiling connect.cc
[899/1636] Compiling bio_mem.cc
[900/1636] Compiling bio.cc
[901/1636] Compiling base64.cc
[902/1636] Compiling tasn_typ.cc
[903/1636] Compiling tasn_fre.cc
[904/1636] Compiling tasn_new.cc
[905/1636] Compiling tasn_utl.cc
[906/1636] Compiling tasn_enc.cc
[907/1636] Compiling f_string.cc
[908/1636] Compiling posix_time.cc
[909/1636] Compiling tasn_dec.cc
[910/1636] Compiling f_int.cc
[911/1636] Compiling asn_pack.cc
[911/1636] Compiling asn1_par.cc
[913/1636] Compiling asn1_lib.cc
[914/1636] Compiling a_utctm.cc
[915/1636] Compiling a_octet.cc
[916/1636] Compiling a_type.cc
[917/1636] Compiling a_strnid.cc
[918/1636] Compiling a_time.cc
[919/1636] Compiling a_strex.cc
[920/1636] Compiling a_object.cc
[921/1636] Compiling a_int.cc
[922/1636] Compiling a_mbstr.cc
[923/1636] Compiling a_dup.cc
[924/1636] Compiling a_d2i_fp.cc
[925/1636] Compiling a_i2d_fp.cc
[926/1636] Compiling a_bitstr.cc
[927/1636] Compiling CGoogleGaxCRC32C CGoogleGaxCRC32C.c
[928/1636] Compiling a_bool.cc
[929/1636] Compiling a_gentm.cc
[930/1636] Compiling fiat_p256_adx_sqr.S
[931/1636] Compiling fiat_p256_adx_mul.S
[931/1636] Compiling fiat_curve25519_adx_square.S
[933/1636] Compiling fiat_curve25519_adx_mul.S
[934/1636] Compiling md5-586-linux.S
[935/1636] Compiling md5-x86_64-linux.S
[936/1636] Compiling md5-x86_64-apple.S
[937/1636] Compiling md5-586-apple.S
[938/1636] Compiling chacha20_poly1305_armv8-win.S
[939/1636] Compiling chacha20_poly1305_x86_64-apple.S
[940/1636] Compiling chacha20_poly1305_x86_64-linux.S
[941/1636] Compiling chacha20_poly1305_armv8-linux.S
[942/1636] Compiling chacha20_poly1305_armv8-apple.S
[943/1636] Compiling chacha-x86_64-linux.S
[944/1636] Compiling chacha-x86_64-apple.S
[945/1636] Compiling chacha-x86-linux.S
[946/1636] Compiling chacha-x86-apple.S
[947/1636] Compiling chacha-armv8-win.S
[948/1636] Compiling chacha-armv8-apple.S
[949/1636] Compiling err_data.cc
[950/1636] Compiling chacha-armv8-linux.S
[951/1636] Compiling chacha-armv4-linux.S
[951/1636] Compiling aes128gcmsiv-x86_64-linux.S
[953/1636] Compiling aes128gcmsiv-x86_64-apple.S
[954/1636] Compiling x86_64-mont5-linux.S
[955/1636] Compiling x86_64-mont5-apple.S
[956/1636] Compiling x86_64-mont-apple.S
[957/1636] Compiling x86_64-mont-linux.S
[958/1636] Compiling x86-mont-linux.S
[959/1636] Compiling x86-mont-apple.S
[960/1636] Compiling vpaes-x86_64-linux.S
[961/1636] Compiling vpaes-x86_64-apple.S
[962/1636] Compiling vpaes-x86-linux.S
[963/1636] Compiling vpaes-x86-apple.S
[964/1636] Compiling vpaes-armv8-win.S
[965/1636] Compiling vpaes-armv7-linux.S
[966/1636] Compiling vpaes-armv8-apple.S
[967/1636] Compiling vpaes-armv8-linux.S
[968/1636] Compiling sha512-x86_64-linux.S
[969/1636] Compiling sha512-x86_64-apple.S
[970/1636] Compiling sha512-armv8-win.S
[971/1636] Compiling sha512-armv8-apple.S
[972/1636] Compiling sha512-armv4-linux.S
[973/1636] Compiling sha512-586-linux.S
[974/1636] Compiling sha512-armv8-linux.S
[975/1636] Compiling sha512-586-apple.S
[976/1636] Compiling sha256-x86_64-linux.S
[977/1636] Compiling sha256-x86_64-apple.S
[978/1636] Compiling sha256-armv8-apple.S
[979/1636] Compiling sha256-armv8-linux.S
[980/1636] Compiling sha256-armv8-win.S
[981/1636] Compiling sha256-armv4-linux.S
[982/1636] Compiling CCryptoBoringSSLShims shims.c
[983/1636] Compiling sha256-586-linux.S
[984/1636] Compiling sha256-586-apple.S
[985/1636] Compiling sha1-armv8-win.S
[986/1636] Compiling sha1-x86_64-apple.S
[987/1636] Compiling sha1-x86_64-linux.S
[988/1636] Compiling sha1-armv8-apple.S
[989/1636] Compiling sha1-armv8-linux.S
[990/1636] Compiling sha1-armv4-large-linux.S
[991/1636] Compiling sha1-586-apple.S
[992/1636] Compiling rsaz-avx2-linux.S
[993/1636] Compiling sha1-586-linux.S
[994/1636] Compiling rsaz-avx2-apple.S
[995/1636] Compiling rdrand-x86_64-apple.S
[996/1636] Compiling rdrand-x86_64-linux.S
[997/1636] Compiling p256_beeu-x86_64-asm-linux.S
[997/1636] Compiling p256_beeu-armv8-asm-win.S
[999/1636] Compiling p256_beeu-x86_64-asm-apple.S
[1000/1636] Compiling p256_beeu-armv8-asm-apple.S
[1001/1636] Compiling p256-x86_64-asm-linux.S
[1002/1636] Compiling p256_beeu-armv8-asm-linux.S
[1003/1636] Compiling p256-armv8-asm-win.S
[1004/1636] Compiling p256-x86_64-asm-apple.S
[1005/1636] Compiling p256-armv8-asm-linux.S
[1006/1636] Compiling p256-armv8-asm-apple.S
[1007/1636] Compiling ghashv8-armv8-linux.S
[1008/1636] Compiling ghashv8-armv8-win.S
[1009/1636] Compiling ghashv8-armv8-apple.S
[1010/1636] Compiling ghashv8-armv7-linux.S
[1011/1636] Compiling ghash-x86_64-linux.S
[1012/1636] Compiling ghash-x86_64-apple.S
[1013/1636] Compiling ghash-x86-linux.S
[1014/1636] Compiling ghash-ssse3-x86_64-linux.S
[1015/1636] Compiling ghash-ssse3-x86_64-apple.S
[1016/1636] Compiling ghash-x86-apple.S
[1017/1636] Compiling ghash-ssse3-x86-linux.S
[1018/1636] Compiling ghash-ssse3-x86-apple.S
[1019/1636] Compiling ghash-neon-armv8-win.S
[1020/1636] Compiling ghash-neon-armv8-linux.S
[1021/1636] Compiling ghash-neon-armv8-apple.S
[1022/1636] Compiling ghash-armv4-linux.S
[1023/1636] Compiling co-586-linux.S
[1024/1636] Compiling co-586-apple.S
[1025/1636] Compiling bn-armv8-win.S
[1026/1636] Compiling bn-armv8-apple.S
[1027/1636] Compiling bsaes-armv7-linux.S
[1028/1636] Compiling bn-armv8-linux.S
[1029/1636] Compiling bn-586-linux.S
[1030/1636] Compiling bn-586-apple.S
[1031/1636] Compiling armv8-mont-win.S
[1032/1636] Compiling armv8-mont-linux.S
[1032/1636] Compiling armv8-mont-apple.S
[1034/1636] Compiling armv4-mont-linux.S
[1035/1636] Compiling aesv8-gcm-armv8-win.S
[1036/1636] Compiling aesv8-gcm-armv8-apple.S
[1037/1636] Compiling aesv8-armv8-win.S
[1038/1636] Compiling aesv8-armv8-linux.S
[1039/1636] Compiling aesv8-gcm-armv8-linux.S
[1040/1636] Compiling aesv8-armv7-linux.S
[1041/1636] Compiling aesv8-armv8-apple.S
[1042/1636] Compiling aesni-x86_64-linux.S
[1043/1636] Compiling aesni-x86_64-apple.S
[1044/1636] Compiling aesni-x86-linux.S
[1045/1636] Compiling aesni-x86-apple.S
[1046/1636] Compiling aesni-gcm-x86_64-apple.S
[1047/1636] Compiling aesni-gcm-x86_64-linux.S
[1048/1636] Compiling aes-gcm-avx512-x86_64-linux.S
[1049/1636] Compiling aes-gcm-avx512-x86_64-apple.S
[1050/1636] Compiling aes-gcm-avx2-x86_64-linux.S
[1051/1636] Compiling aes-gcm-avx2-x86_64-apple.S
[1052/1636] Compiling xwing.cc
[1053/1636] Compiling x_x509a.cc
[1054/1636] Compiling c-nioatomics.c
[1055/1636] Compiling x_sig.cc
[1056/1636] Compiling x_spki.cc
[1057/1636] Compiling x_req.cc
[1058/1636] Compiling x_x509.cc
[1059/1636] Compiling c-atomics.c
[1060/1636] Compiling x_pubkey.cc
[1061/1636] Compiling x_exten.cc
[1062/1636] Compiling x_name.cc
[1063/1643] Compiling x_crl.cc
[1064/1643] Compiling x_all.cc
[1065/1643] Compiling x_attrib.cc
[1066/1643] Compiling x_algor.cc
[1067/1643] Compiling x509spki.cc
[1069/1643] Compiling NIOConcurrencyHelpers NIOThreadPoolWorkAvailable.swift
[1070/1643] Compiling NIOConcurrencyHelpers lock.swift
[1071/1643] Emitting module NIOConcurrencyHelpers
[1072/1643] Compiling NIOConcurrencyHelpers NIOAtomic.swift
[1073/1643] Compiling NIOConcurrencyHelpers NIOLock.swift
[1073/1643] Compiling x509name.cc
[1075/1643] Compiling NIOConcurrencyHelpers NIOLockedValueBox.swift
[1076/1643] Compiling NIOConcurrencyHelpers atomics.swift
[1077/1644] Compiling x509rset.cc
[1078/1644] Compiling x509_vpm.cc
[1079/1644] Wrapping AST for NIOConcurrencyHelpers for debugging
[1080/1644] Compiling x509cset.cc
[1081/1644] Compiling x509_txt.cc
[1082/1644] Compiling x509_v3.cc
[1083/1644] Compiling x509_vfy.cc
[1084/1644] Compiling x509_trs.cc
[1085/1644] Compiling x509_req.cc
[1086/1644] Compiling x509_set.cc
[1087/1644] Compiling x509_obj.cc
[1088/1644] Compiling x509_lu.cc
[1089/1644] Compiling x509_d2.cc
[1090/1644] Compiling x509_def.cc
[1091/1644] Compiling x509_ext.cc
[1092/1644] Compiling x509_cmp.cc
[1093/1644] Compiling x509_att.cc
[1094/1644] Compiling x509.cc
[1095/1644] Compiling v3_skey.cc
[1096/1644] Compiling v3_prn.cc
[1097/1644] Compiling v3_purp.cc
[1098/1644] Compiling v3_pmaps.cc
[1099/1644] Compiling v3_utl.cc
[1100/1644] Compiling v3_ocsp.cc
[1101/1644] Compiling v3_ncons.cc
[1102/1644] Compiling v3_lib.cc
[1103/1644] Compiling v3_int.cc
[1104/1644] Compiling v3_info.cc
[1105/1644] Compiling v3_ia5.cc
[1106/1644] Compiling v3_genn.cc
[1107/1644] Compiling v3_extku.cc
[1108/1644] Compiling v3_enum.cc
[1109/1644] Compiling v3_cpols.cc
[1110/1644] Compiling v3_crld.cc
[1111/1644] Compiling v3_bcons.cc
[1112/1644] Compiling v3_bitst.cc
[1113/1644] Compiling v3_conf.cc
[1114/1644] Compiling v3_alt.cc
[1115/1644] Compiling v3_akeya.cc
[1116/1644] Compiling v3_akey.cc
[1117/1644] Compiling t_x509.cc
[1118/1644] Compiling t_x509a.cc
[1119/1644] Compiling t_crl.cc
[1120/1644] Compiling t_req.cc
[1121/1644] Compiling name_print.cc
[1122/1644] Compiling rsa_pss.cc
[1123/1644] Compiling policy.cc
[1124/1644] Compiling i2d_pr.cc
[1125/1644] Compiling by_file.cc
[1126/1644] Compiling by_dir.cc
[1127/1644] Compiling algorithm.cc
[1128/1644] Compiling asn1_gen.cc
[1129/1644] Compiling a_sign.cc
[1130/1644] Compiling a_verify.cc
[1131/1644] Compiling a_digest.cc
[1132/1644] Compiling voprf.cc
[1133/1644] Compiling thread_win.cc
[1134/1644] Compiling thread_pthread.cc
[1135/1644] Compiling thread_none.cc
[1136/1644] Compiling thread.cc
[1137/1644] Compiling stack.cc
[1138/1644] Compiling trust_token.cc
[1139/1644] Compiling pmbtoken.cc
[1140/1644] Compiling siphash.cc
[1141/1644] Compiling sha512.cc
[1142/1644] Compiling spake2plus.cc
[1143/1644] Compiling sha256.cc
[1144/1644] Compiling sha1.cc
[1145/1644] Compiling slhdsa.cc
[1146/1644] Compiling rsa_print.cc
[1147/1644] Compiling rsa_extra.cc
[1148/1644] Compiling rc4.cc
[1149/1644] Compiling refcount.cc
[1150/1644] Compiling rsa_crypt.cc
[1151/1644] Compiling trusty.cc
[1152/1644] Compiling windows.cc
[1153/1644] Compiling urandom.cc
[1154/1644] Compiling rand.cc
[1155/1644] Compiling rsa_asn1.cc
[1156/1644] Compiling passive.cc
[1157/1644] Compiling getentropy.cc
[1158/1644] Compiling ios.cc
[1159/1644] Compiling fork_detect.cc
[1160/1644] Compiling poly1305_arm_asm.S
[1161/1644] Compiling forkunsafe.cc
[1162/1644] Compiling deterministic.cc
[1163/1644] Compiling pool.cc
[1164/1644] Compiling poly1305_vec.cc
[1165/1644] Compiling poly1305_arm.cc
[1166/1644] Compiling poly1305.cc
[1167/1644] Compiling pkcs8.cc
[1168/1644] Compiling p5_pbev2.cc
[1169/1644] Compiling pkcs8_x509.cc
[1170/1644] Compiling pkcs7.cc
[1171/1644] Compiling pkcs7_x509.cc
[1172/1644] Compiling pem_pkey.cc
[1173/1644] Compiling pem_xaux.cc
[1174/1644] Compiling pem_x509.cc
[1175/1644] Compiling pem_pk8.cc
[1176/1644] Compiling pem_oth.cc
[1177/1644] Compiling mlkem.cc
[1178/1644] Compiling pem_info.cc
[1179/1644] Compiling pem_lib.cc
[1180/1644] Compiling pem_all.cc
[1181/1644] Compiling obj_xref.cc
[1182/1644] Compiling mldsa.cc
[1183/1644] Compiling poly_rq_mul.S
[1184/1644] Compiling obj.cc
[1185/1644] Compiling mem.cc
[1186/1644] Compiling fips_shared_support.cc
[1187/1644] Compiling lhash.cc
[1188/1644] Compiling md4.cc
[1189/1644] Compiling md5.cc
[1190/1644] Compiling kyber.cc
[1191/1644] Compiling fuzzer_mode.cc
[1192/1644] Compiling hrss.cc
[1193/1644] Compiling ex_data.cc
[1194/1644] Compiling hpke.cc
[1195/1644] Compiling scrypt.cc
[1196/1644] Compiling print.cc
[1197/1644] Compiling sign.cc
[1198/1644] Compiling pbkdf.cc
[1199/1644] Compiling p_x25519.cc
[1200/1644] Compiling p_x25519_asn1.cc
[1201/1644] Compiling p_rsa_asn1.cc
[1202/1644] Compiling p_rsa.cc
[1203/1644] Compiling p_ed25519.cc
[1204/1644] Compiling p_ed25519_asn1.cc
[1205/1644] Compiling p_hkdf.cc
[1206/1644] Compiling p_ec.cc
[1207/1644] Compiling p_ec_asn1.cc
[1208/1644] Compiling p_dsa_asn1.cc
[1209/1644] Compiling p_dh_asn1.cc
[1210/1644] Compiling p_dh.cc
[1211/1644] Compiling evp_ctx.cc
[1212/1644] Compiling evp_asn1.cc
[1213/1644] Compiling err.cc
[1214/1644] Compiling engine.cc
[1215/1644] Compiling evp.cc
[1216/1644] Compiling ecdh.cc
[1217/1644] Compiling ecdsa_p1363.cc
[1218/1644] Compiling ecdsa_asn1.cc
[1219/1644] Compiling hash_to_curve.cc
[1220/1644] Compiling ec_derive.cc
[1221/1644] Compiling ec_asn1.cc
[1221/1644] Compiling dsa.cc
[1223/1644] Compiling digest_extra.cc
[1224/1644] Compiling dsa_asn1.cc
[1225/1644] Compiling x25519-asm-arm.S
[1226/1644] Compiling dh_asn1.cc
[1227/1644] Compiling params.cc
[1228/1644] Compiling des.cc
[1229/1644] Compiling curve25519_64_adx.cc
[1230/1644] Compiling spake25519.cc
[1231/1644] Compiling crypto.cc
[1232/1644] Compiling cpu_intel.cc
[1233/1644] Compiling cpu_arm_linux.cc
[1234/1644] Compiling curve25519.cc
[1235/1644] Compiling cpu_arm_freebsd.cc
[1236/1644] Compiling cpu_aarch64_win.cc
[1237/1644] Compiling cpu_aarch64_openbsd.cc
[1238/1644] Compiling cpu_aarch64_sysreg.cc
[1239/1644] Compiling cpu_aarch64_linux.cc
[1240/1644] Compiling cpu_aarch64_fuchsia.cc
[1241/1644] Compiling cpu_aarch64_apple.cc
[1242/1644] Compiling conf.cc
[1243/1644] Compiling tls_cbc.cc
[1244/1644] Compiling e_tls.cc
[1245/1644] Compiling e_rc4.cc
[1246/1644] Compiling e_rc2.cc
[1247/1644] Compiling e_null.cc
[1248/1644] Compiling cms.cc
[1249/1644] Compiling e_des.cc
[1250/1644] Compiling e_chacha20poly1305.cc
[1251/1644] Compiling e_aesgcmsiv.cc
[1252/1644] Compiling e_aeseax.cc
[1253/1644] Compiling e_aesctrhmac.cc
[1254/1644] Compiling chacha.cc
[1255/1644] Compiling derive_key.cc
[1256/1644] Compiling unicode.cc
[1257/1644] Compiling sqrt.cc
[1258/1644] Compiling buf.cc
[1259/1644] Compiling cbb.cc
[1260/1644] Compiling cbs.cc
[1261/1644] Compiling asn1_compat.cc
[1262/1644] Compiling ber.cc
[1263/1644] Compiling div.cc
[1264/1644] Compiling blake2.cc
[1265/1644] Compiling printf.cc
[1266/1644] Compiling convert.cc
[1267/1644] Compiling pair.cc
[1268/1644] Compiling hexdump.cc
[1269/1644] Compiling bn_asn1.cc
[1270/1644] Compiling file.cc
[1271/1644] Compiling fd.cc
[1271/1644] Compiling errno.cc
[1273/1644] Compiling bio_mem.cc
[1274/1644] Compiling bio.cc
[1275/1644] Compiling base64.cc
[1276/1644] Compiling tasn_typ.cc
[1277/1644] Compiling tasn_utl.cc
[1278/1644] Compiling tasn_fre.cc
[1279/1644] Compiling tasn_enc.cc
[1280/1644] Compiling posix_time.cc
[1281/1644] Compiling tasn_new.cc
[1282/1644] Compiling f_string.cc
[1283/1644] Compiling tasn_dec.cc
[1284/1644] Compiling f_int.cc
[1285/1644] Compiling asn_pack.cc
[1286/1644] Compiling asn1_par.cc
[1287/1644] Compiling asn1_lib.cc
[1288/1644] Compiling a_utctm.cc
[1289/1644] Compiling a_i2d_fp.cc
[1290/1644] Compiling a_time.cc
[1291/1644] Compiling a_strnid.cc
[1292/1644] Compiling a_gentm.cc
[1293/1644] Compiling a_int.cc
[1294/1644] Write sources
[1302/1644] Compiling CAsyncHTTPClient CAsyncHTTPClient.c
[1302/1644] Write sources
[1304/1644] Compiling a_d2i_fp.cc
[1305/1644] Compiling a_dup.cc
[1306/1687] Compiling aes.cc
[1307/1687] Compiling a_bool.cc
[1308/1687] Compiling a_bitstr.cc
[1310/1687] Compiling Algorithms EitherSequence.swift
[1311/1687] Compiling Algorithms FirstNonNil.swift
[1312/1687] Compiling Algorithms Partition.swift
[1313/1687] Compiling Algorithms Permutations.swift
[1314/1689] Compiling Algorithms Combinations.swift
[1315/1689] Compiling Algorithms FlattenCollection.swift
[1316/1689] Compiling Algorithms AdjacentPairs.swift
[1317/1689] Compiling Algorithms Chain.swift
[1318/1689] Compiling Algorithms Chunked.swift
[1319/1689] Compiling Atomics IntegerOperations.swift
[1320/1689] Compiling Atomics Unmanaged extensions.swift
[1321/1689] Compiling Algorithms MinMax.swift
[1322/1689] Compiling Algorithms Compacted.swift
[1323/1689] Compiling Algorithms Cycle.swift
[1323/1689] Compiling bcm.cc
[1326/1689] Compiling Algorithms Stride.swift
[1327/1689] Compiling Algorithms Suffix.swift
[1328/1700] Compiling Algorithms RandomSample.swift
[1329/1700] Compiling Algorithms Reductions.swift
[1330/1700] Compiling Algorithms Rotate.swift
[1338/1700] Compiling Algorithms Joined.swift
[1339/1700] Compiling Algorithms Keyed.swift
[1342/1700] Compiling Algorithms Grouped.swift
[1343/1700] Compiling Algorithms Indexed.swift
[1344/1700] Compiling Algorithms Intersperse.swift
[1345/1700] Compiling Algorithms Trim.swift
[1346/1700] Compiling Algorithms Unique.swift
[1347/1700] Compiling Algorithms Windows.swift
[1352/1700] Compiling CryptoBoringWrapper RandomBytes.swift
[1353/1700] Emitting module Atomics
[1354/1700] Compiling CryptoBoringWrapper CryptoKitErrors_boring.swift
[1361/1701] Emitting module Algorithms
[1361/1702] Wrapping AST for Atomics for debugging
[1364/1702] Emitting module CryptoBoringWrapper
[1365/1743] Compiling CryptoBoringWrapper EllipticCurve.swift
[1366/1743] Compiling CryptoBoringWrapper BoringSSLAEAD.swift
[1366/1766] Wrapping AST for Algorithms for debugging
[1368/1766] Compiling CryptoBoringWrapper ArbitraryPrecisionInteger.swift
[1369/1766] Compiling CryptoBoringWrapper FiniteFieldArithmeticContext.swift
[1370/1766] Compiling CryptoBoringWrapper EllipticCurvePoint.swift
[1371/1767] Wrapping AST for CryptoBoringWrapper for debugging
[1373/1851] Compiling Crypto MLKEM.swift
[1374/1851] Compiling Crypto XWing.swift
[1375/1851] Compiling Crypto ECDH_boring.swift
[1376/1851] Compiling Crypto DH.swift
[1377/1851] Compiling Crypto ECDH.swift
[1378/1851] Compiling Crypto ANSIx963.swift
[1379/1851] Compiling Crypto MACFunctions.swift
[1380/1851] Compiling Crypto MessageAuthenticationCode.swift
[1381/1851] Compiling Crypto AES.swift
[1382/1859] Compiling Crypto AES-GCM.swift
[1383/1859] Compiling Crypto AES-GCM_boring.swift
[1384/1859] Compiling Crypto ChaChaPoly_boring.swift
[1385/1859] Compiling Crypto ChaChaPoly.swift
[1386/1859] Compiling Crypto Cipher.swift
[1387/1859] Compiling Crypto Nonces.swift
[1388/1859] Compiling Crypto ASN1.swift
[1389/1859] Compiling Crypto ASN1Any.swift
[1390/1859] Compiling Crypto ASN1BitString.swift
[1391/1859] Compiling Crypto HPKE-LabeledExtract.swift
[1392/1859] Compiling Crypto HPKE-Utils.swift
[1393/1859] Compiling Crypto DHKEM.swift
[1394/1859] Compiling Crypto HPKE-KEM-Curve25519.swift
[1395/1859] Compiling Crypto HPKE-NIST-EC-KEMs.swift
[1396/1859] Compiling Crypto HPKE-KEM.swift
[1397/1859] Compiling Crypto HPKE-Errors.swift
[1398/1859] Compiling Crypto HPKE.swift
[1399/1859] Compiling Crypto HPKE-Context.swift
[1400/1859] Compiling Crypto HPKE-KeySchedule.swift
[1401/1859] Compiling Crypto HPKE-Modes.swift
[1402/1859] Compiling Crypto Insecure.swift
[1403/1870] Emitting module Crypto
[1404/1870] Compiling Crypto HKDF.swift
[1405/1870] Compiling Crypto AESWrap.swift
[1406/1870] Compiling Crypto AESWrap_boring.swift
[1407/1870] Compiling Crypto Ed25519_boring.swift
[1408/1870] Compiling Crypto NISTCurvesKeys_boring.swift
[1409/1870] Compiling Crypto X25519Keys_boring.swift
[1410/1870] Compiling Crypto Curve25519.swift
[1411/1870] Compiling Crypto Ed25519Keys.swift
[1412/1870] Compiling Crypto NISTCurvesKeys.swift
[1413/1870] Compiling Crypto X25519Keys.swift
[1414/1870] Compiling Crypto SymmetricKeys.swift
[1415/1870] Compiling Crypto HMAC.swift
[1416/1870] Compiling NIOCore SingleStepByteToMessageDecoder.swift
[1417/1870] Compiling NIOCore SocketAddresses.swift
[1418/1870] Compiling NIOCore SocketOptionProvider.swift
[1419/1870] Compiling NIOCore SystemCallHelpers.swift
[1420/1870] Compiling NIOCore TimeAmount+Duration.swift
[1421/1870] Compiling NIOCore TypeAssistedChannelHandler.swift
[1422/1870] Compiling NIOCore UniversalBootstrapSupport.swift
[1423/1870] Compiling NIOCore Utilities.swift
[1433/1870] Compiling Crypto ASN1Boolean.swift
[1434/1870] Compiling Crypto ASN1Identifier.swift
[1435/1870] Compiling Crypto ASN1Integer.swift
[1436/1870] Compiling Crypto ASN1Null.swift
[1437/1870] Compiling Crypto ASN1OctetString.swift
[1438/1870] Compiling Crypto ASN1Strings.swift
[1439/1870] Compiling Crypto ArraySliceBigint.swift
[1440/1870] Compiling Crypto GeneralizedTime.swift
[1441/1870] Compiling Crypto ObjectIdentifier.swift
[1442/1870] Compiling Crypto ECDSASignature.swift
[1443/1870] Compiling Crypto PEMDocument.swift
[1444/1870] Compiling Crypto PKCS8PrivateKey.swift
[1445/1870] Compiling Crypto SEC1PrivateKey.swift
[1446/1870] Compiling Crypto SubjectPublicKeyInfo.swift
[1447/1870] Compiling Crypto CryptoError_boring.swift
[1466/1870] Compiling Crypto CryptoKitErrors.swift
[1467/1870] Compiling Crypto Digest_boring.swift
[1468/1870] Compiling Crypto Digest.swift
[1469/1870] Compiling Crypto Digests.swift
[1470/1870] Compiling Crypto HashFunctions.swift
[1471/1870] Compiling Crypto HashFunctions_SHA2.swift
[1472/1870] Compiling Crypto HashFunctions_SHA3.swift
[1473/1870] Compiling Crypto Digest_xkcp.swift
[1474/1870] Compiling Crypto HPKE-AEAD.swift
[1475/1870] Compiling Crypto HPKE-Ciphersuite.swift
[1476/1870] Compiling Crypto HPKE-KDF.swift
[1477/1870] Compiling Crypto HPKE-KexKeyDerivation.swift
[1489/1870] Compiling Crypto Signature.swift
[1490/1870] Compiling Crypto CryptoKitErrors_boring.swift
[1491/1870] Compiling Crypto Optional+withUnsafeBytes_boring.swift
[1492/1870] Compiling Crypto RNG_boring.swift
[1493/1870] Compiling Crypto SafeCompare_boring.swift
[1494/1870] Compiling Crypto Zeroization_boring.swift
[1495/1870] Compiling Crypto _CryptoModuleAnchor.swift
[1496/1870] Compiling Crypto PrettyBytes.swift
[1497/1870] Compiling Crypto SafeCompare.swift
[1498/1870] Compiling Crypto SecureBytes.swift
[1499/1870] Compiling Crypto Zeroization.swift
[1500/1870] Compiling Crypto Insecure_HashFunctions.swift
[1501/1870] Compiling Crypto MLKEM_boring.swift
[1502/1870] Compiling Crypto MLKEM_wrapper.swift
[1503/1870] Compiling Crypto XWing_boring.swift
[1504/1870] Compiling Crypto KEM-Errors.swift
[1505/1870] Compiling Crypto KEM.swift
[1512/1871] Wrapping AST for Crypto for debugging
[1514/1933] Emitting module CryptoExtras
[1515/1941] Compiling CryptoExtras PKCS8DERRepresentation.swift
[1516/1941] Compiling CryptoExtras PKCS8PrivateKey.swift
[1517/1941] Compiling CryptoExtras RFC8410AlgorithmIdentifier.swift
[1518/1941] Compiling CryptoExtras ECToolbox_boring.swift
[1519/1941] Compiling CryptoExtras ECToolbox.swift
[1520/1941] Compiling CryptoExtras HashToField.swift
[1521/1941] Compiling CryptoExtras KDF.swift
[1522/1941] Compiling CryptoExtras PBKDF2_boring.swift
[1523/1941] Compiling CryptoExtras PBKDF2_commoncrypto.swift
[1524/1941] Compiling CryptoExtras Scrypt.swift
[1525/1941] Compiling CryptoExtras OPRF.swift
[1526/1941] Compiling CryptoExtras OPRFClient.swift
[1527/1941] Compiling CryptoExtras OPRFServer.swift
[1528/1941] Compiling CryptoExtras VOPRF+API.swift
[1529/1941] Compiling CryptoExtras VOPRFClient.swift
[1530/1941] Compiling CryptoExtras VOPRFServer.swift
[1540/1941] Compiling CryptoExtras ARCServer.swift
[1541/1941] Compiling CryptoExtras ChaCha20CTR_boring.swift
[1542/1941] Compiling CryptoExtras DigestType.swift
[1543/1941] Compiling CryptoExtras Error.swift
[1544/1941] Compiling CryptoExtras I2OSP.swift
[1545/1941] Compiling CryptoExtras IntegerEncoding.swift
[1546/1941] Compiling CryptoExtras PEMDocument.swift
[1547/1941] Compiling CryptoExtras PrettyBytes.swift
[1548/1941] Compiling CryptoExtras SubjectPublicKeyInfo.swift
[1549/1941] Compiling CryptoExtras PBKDF2.swift
[1550/1941] Compiling CryptoExtras Scrypt_boring.swift
[1551/1941] Compiling CryptoExtras AES_CBC.swift
[1552/1941] Compiling CryptoExtras AES_CFB.swift
[1553/1941] Compiling CryptoExtras AES_CTR.swift
[1554/1941] Compiling CryptoExtras AES_GCM_SIV.swift
[1555/1941] Compiling CryptoExtras Block Function.swift
[1556/1941] Compiling CryptoExtras AES_CBC_boring.swift
[1557/1941] Compiling CryptoExtras AES_CFB_boring.swift
[1558/1941] Compiling CryptoExtras AES_CTR_boring.swift
[1559/1941] Compiling CryptoExtras AES_GCM_SIV_boring.swift
[1569/1941] Compiling CryptoExtras ThreadOps.swift
[1570/1941] Compiling CryptoExtras ThreadPosix.swift
[1571/1941] Compiling CryptoExtras ThreadSpecific.swift
[1572/1941] Compiling CryptoExtras ThreadWindows.swift
[1573/1941] Compiling CryptoExtras DLEQ.swift
[1574/1941] Compiling CryptoExtras Prover.swift
[1575/1941] Compiling CryptoExtras Verifier.swift
[1576/1941] Compiling CryptoExtras ZKPToolbox.swift
[1577/1941] Emitting module NIOCore
[1578/1945] Wrapping AST for NIOCore for debugging
[1582/1945] Compiling CryptoExtras ChaCha20CTR.swift
[1583/1945] Compiling CryptoExtras BoringSSLSHA512256Context.swift
[1584/1945] Compiling CryptoExtras BoringSSLSHA512256HashFunction.swift
[1585/1945] Compiling CryptoExtras SHA512256.swift
[1586/1945] Compiling CryptoExtras SHA512256Digest.swift
[1587/1945] Compiling CryptoExtras Curve25519+PEM.swift
[1588/1945] Compiling CryptoExtras ObjectIdentifier.swift
[1589/1945] Compiling CryptoExtras Data+Extensions.swift
[1597/1945] Compiling CryptoExtras BoringSSLPassphraseCallbackManager.swift
[1598/1945] Compiling CryptoExtras RSA+BlindSigning.swift
[1599/1945] Compiling CryptoExtras RSA.swift
[1600/1945] Compiling CryptoExtras RSA_boring.swift
[1601/1945] Compiling CryptoExtras Reexport.swift
[1602/1945] Compiling CryptoExtras Zeroization_boring.swift
[1603/1945] Compiling CryptoExtras BoringSSLHelpers.swift
[1604/1945] Compiling CryptoExtras CryptoKitErrors_boring.swift
[1605/1999] Compiling NIOPosix Pool.swift
[1606/1999] Compiling NIOPosix PosixSingletons+ConcurrencyTakeOver.swift
[1607/1999] Compiling NIOPosix PosixSingletons.swift
[1608/1999] Compiling NIOPosix RawSocketBootstrap.swift
[1609/1999] Compiling NIOPosix Resolver.swift
[1610/1999] Compiling NIOPosix BSDSocketAPICommon.swift
[1611/1999] Compiling NIOPosix BSDSocketAPIPosix.swift
[1612/1999] Compiling NIOPosix BSDSocketAPIWindows.swift
[1613/1999] Compiling NIOPosix BaseSocket.swift
[1614/2000] Wrapping AST for CryptoExtras for debugging
[1616/2002] Compiling _CryptoExtras Exports.swift
[1617/2002] Emitting module _CryptoExtras
[1618/2003] Emitting module NIOFoundationEssentialsCompat
[1619/2003] Compiling NIOFoundationEssentialsCompat Codable+ByteBuffer.swift
[1620/2003] Compiling NIOFoundationEssentialsCompat ByteBuffer-foundation.swift
[1622/2004] Wrapping AST for _CryptoExtras for debugging
[1623/2004] Wrapping AST for NIOFoundationEssentialsCompat for debugging
[1625/2099] Compiling NIOEmbedded AsyncTestingEventLoop.swift
[1626/2099] Compiling NIOEmbedded Embedded.swift
[1627/2099] Compiling NIOEmbedded AsyncTestingChannel.swift
[1628/2099] Emitting module NIOEmbedded
[1629/2100] Wrapping AST for NIOEmbedded for debugging
[1631/2100] Compiling X509 CertificatePrivateKey.swift
[1632/2100] Compiling X509 CertificatePublicKey.swift
[1633/2100] Compiling X509 CertificateSerialNumber.swift
[1634/2100] Compiling X509 CertificateVersion.swift
[1635/2100] Compiling X509 CMSAttribute.swift
[1636/2100] Compiling X509 CMSContentInfo.swift
[1637/2100] Compiling X509 CMSEncapsulatedContentInfo.swift
[1638/2107] Compiling NIOPosix Thread.swift
[1639/2107] Compiling NIOPosix ThreadPosix.swift
[1640/2107] Compiling NIOPosix ThreadWindows.swift
[1641/2107] Compiling NIOPosix Utilities.swift
[1642/2107] Compiling NIOPosix VsockAddress.swift
[1643/2107] Compiling NIOPosix VsockChannelEvents.swift
[1644/2107] Compiling NIOPosix Windows.swift
[1645/2107] Emitting module NIOPosix
[1646/2107] Compiling X509 CMSSignature.swift
[1647/2107] Compiling X509 CMSSignedData.swift
[1648/2107] Compiling X509 CMSSignerIdentifier.swift
[1649/2107] Compiling X509 CMSSignerInfo.swift
[1650/2107] Compiling X509 CMSVersion.swift
[1651/2107] Compiling X509 Curve25519+DER.swift
[1652/2107] Compiling X509 CustomPrivateKey.swift
[1653/2107] Compiling X509 SubjectAlternativeName.swift
[1654/2107] Compiling X509 SubjectKeyIdentifier.swift
[1655/2107] Compiling X509 Extension.swift
[1656/2107] Compiling X509 Extensions.swift
[1657/2107] Compiling X509 ExtensionsBuilder.swift
[1658/2107] Compiling X509 GeneralName.swift
[1659/2107] Compiling X509 Lock.swift
[1660/2107] Compiling X509 LockedValueBox.swift
[1661/2107] Compiling X509 BasicOCSPResponse.swift
[1662/2107] Compiling X509 DirectoryString.swift
[1663/2107] Compiling X509 OCSPCertID.swift
[1664/2107] Compiling X509 OCSPCertStatus.swift
[1665/2107] Compiling X509 CMSIssuerAndSerialNumber.swift
[1666/2107] Compiling X509 CMSOperations.swift
[1667/2107] Compiling X509 CSRAttribute.swift
[1668/2107] Compiling X509 CSRAttributes.swift
[1669/2107] Compiling X509 CSRVersion.swift
[1670/2107] Compiling X509 CertificateSigningRequest.swift
[1671/2107] Compiling X509 CertificationRequestInfo.swift
[1672/2107] Compiling X509 ExtensionRequest.swift
[1673/2107] Compiling X509 Certificate.swift
[1674/2107] Compiling X509 OCSPResponseStatus.swift
[1675/2107] Compiling X509 OCSPSignature.swift
[1676/2107] Compiling X509 OCSPSingleRequest.swift
[1677/2107] Compiling X509 OCSPSingleResponse.swift
[1678/2107] Compiling X509 OCSPTBSRequest.swift
[1679/2107] Compiling X509 OCSPVersion.swift
[1680/2107] Compiling X509 NameConstraints.swift
[1681/2107] Compiling X509 OCSPExtensionID.swift
[1682/2107] Compiling X509 OCSPNonce.swift
[1683/2107] Compiling X509 OCSPPolicy.swift
[1684/2107] Compiling X509 OCSPRequest.swift
[1685/2107] Compiling X509 OCSPResponse.swift
[1686/2107] Compiling X509 OCSPResponseBytes.swift
[1687/2107] Compiling X509 OCSPResponseData.swift
[1715/2121] Wrapping AST for NIOPosix for debugging
[1717/2123] Compiling X509 OneOfPolicies.swift
[1718/2123] Compiling X509 PolicyBuilder.swift
[1719/2123] Compiling X509 BasicConstraintsPolicy.swift
[1720/2123] Compiling X509 DNSNames.swift
[1721/2123] Compiling X509 ExpiryPolicy.swift
[1722/2123] Compiling X509 IPConstraints.swift
[1723/2123] Compiling X509 NameConstraintsPolicy.swift
[1724/2123] Compiling X509 RFC5280Policy.swift
[1725/2123] Compiling X509 URIConstraints.swift
[1726/2123] Compiling X509 VersionPolicy.swift
[1727/2123] Compiling X509 ServerIdentityPolicy.swift
[1728/2123] Compiling X509 TrustRootLoading.swift
[1729/2123] Compiling X509 UnverifiedChain.swift
[1744/2123] Emitting module NIO
[1745/2123] Compiling NIO Exports.swift
[1746/2123] Compiling X509 PKCS8PrivateKey.swift
[1747/2123] Compiling X509 PromiseAndFuture.swift
[1748/2123] Compiling X509 RDNAttribute.swift
[1749/2123] Compiling X509 RandomNumberGenerator+bytes.swift
[1750/2123] Compiling X509 RelativeDistinguishedName.swift
[1751/2123] Compiling X509 SEC1PrivateKey.swift
[1752/2123] Compiling X509 SecKeyWrapper.swift
[1753/2123] Compiling X509 Signature.swift
[1754/2123] Compiling X509 SignatureAlgorithm.swift
[1755/2123] Compiling X509 AllOfPolicies.swift
[1756/2123] Compiling X509 AnyPolicy.swift
[1757/2123] Compiling X509 CertificateStore.swift
[1758/2123] Compiling X509 CustomCertificateStore.swift
[1759/2153] Wrapping AST for NIO for debugging
[1761/2163] Emitting module NIOSOCKS
[1762/2164] Compiling NIOTLS TLSEvents.swift
[1763/2164] Compiling NIOFoundationCompat WaitSpinningRunLoop.swift
[1764/2164] Emitting module NIOFoundationCompat
[1765/2164] Compiling NIOFoundationCompat JSONSerialization+ByteBuffer.swift
[1766/2164] Compiling NIOFoundationCompat Exports.swift
[1768/2165] Emitting module NIOTLS
[1769/2165] Compiling NIOSOCKS SelectedAuthenticationMethod.swift
[1770/2165] Compiling NIOSOCKS ClientStateMachine.swift
[1771/2165] Compiling NIOSOCKS SOCKSResponse.swift
[1772/2165] Compiling NIOTLS ProtocolNegotiationHandlerStateMachine.swift
[1773/2165] Compiling NIOSOCKS AuthenticationMethod.swift
[1774/2165] Compiling NIOSOCKS ClientGreeting.swift
[1775/2165] Compiling NIOSOCKS Errors.swift
[1776/2165] Compiling NIOSOCKS Helpers.swift
[1779/2165] Compiling X509 LocalityName.swift
[1780/2165] Compiling X509 OrganizationName.swift
[1781/2165] Compiling X509 OrganizationalUnitName.swift
[1782/2165] Compiling X509 StateOrProvinceName.swift
[1783/2165] Compiling X509 StreetAddress.swift
[1784/2165] Compiling X509 Error.swift
[1785/2165] Compiling X509 AuthorityInformationAccess.swift
[1786/2165] Compiling X509 AuthorityKeyIdentifier.swift
[1787/2165] Compiling X509 BasicConstraints.swift
[1788/2165] Compiling X509 ExtendedKeyUsage.swift
[1789/2165] Compiling X509 ExtensionIdentifiers.swift
[1790/2165] Compiling X509 KeyUsage.swift
[1804/2165] Compiling NIOSOCKS Messages.swift
[1805/2165] Compiling NIOSOCKS SOCKSRequest.swift
[1806/2165] Compiling NIOSOCKS SOCKSClientHandler.swift
[1807/2165] Compiling NIOSOCKS SOCKSServerHandshakeHandler.swift
[1808/2165] Compiling NIOSOCKS ServerStateMachine.swift
[1808/2165] Wrapping AST for NIOFoundationCompat for debugging
[1810/2166] Compiling NIOTLS SNIHandler.swift
[1811/2166] Compiling NIOTLS NIOTypedApplicationProtocolNegotiationHandler.swift
[1812/2166] Compiling NIOTLS ApplicationProtocolNegotiationHandler.swift
[1815/2167] Compiling NIOHTTP1 NIOTypedHTTPClientUpgradeHandler.swift
[1816/2167] Compiling NIOHTTP1 NIOTypedHTTPClientUpgraderStateMachine.swift
[1817/2169] Compiling NIOHTTP1 NIOHTTPClientUpgradeHandler.swift
[1818/2169] Compiling NIOHTTP1 NIOHTTPObjectAggregator.swift
[1818/2169] Wrapping AST for NIOSOCKS for debugging
[1819/2169] Wrapping AST for NIOTLS for debugging
[1821/2199] Emitting module X509
[1822/2199] Compiling NIOSSL SSLPKCS12Bundle.swift
[1823/2199] Compiling NIOSSL SSLCertificate.swift
[1824/2199] Compiling NIOSSL NIOSSLClientHandler.swift
[1825/2199] Compiling NIOSSL NIOSSLHandler+Configuration.swift
[1826/2199] Compiling NIOSSL SSLCallbacks.swift
[1827/2199] Compiling NIOSSL SSLContext.swift
[1828/2199] Compiling NIOSSL NIOSSLHandler.swift
[1829/2199] Compiling NIOSSL NIOSSLServerHandler.swift
[1830/2199] Emitting module NIOHTTP1
[1831/2199] Compiling NIOSSL AndroidCABundle.swift
[1832/2199] Compiling NIOSSL ByteBufferBIO.swift
[1833/2199] Compiling NIOSSL CustomPrivateKey.swift
[1834/2199] Compiling NIOSSL FreeBSDCABundle.swift
[1835/2199] Compiling NIOSSL IdentityVerification.swift
[1836/2199] Compiling NIOSSL LinuxCABundle.swift
[1837/2200] Wrapping AST for NIOHTTP1 for debugging
[1839/2217] Compiling NIOHPACK IntegerCoding.swift
[1840/2218] Compiling NIOHPACK IndexedHeaderTable.swift
[1841/2218] Emitting module NIOHTTPCompression
[1842/2218] Compiling NIOHTTPCompression HTTPCompression.swift
[1843/2218] Compiling NIOHTTPCompression HTTPResponseCompressor.swift
[1844/2218] Compiling NIOHTTPCompression HTTPDecompression.swift
[1845/2218] Compiling NIOHTTPCompression HTTPDecompressor.swift
[1846/2218] Compiling NIOHTTPCompression HTTPRequestCompressor.swift
[1848/2219] Compiling NIOHPACK StaticHeaderTable.swift
[1849/2219] Compiling NIOHPACK HuffmanTables.swift
[1850/2219] Compiling NIOHPACK HuffmanCoding.swift
[1851/2219] Emitting module NIOHPACK
[1851/2219] Wrapping AST for NIOHTTPCompression for debugging
[1853/2219] Compiling NIOHPACK DynamicHeaderTable.swift
[1854/2219] Compiling NIOHPACK HPACKDecoder.swift
[1855/2219] Compiling NIOHPACK HPACKHeader.swift
[1856/2219] Compiling NIOHPACK HeaderTables.swift
[1857/2219] Compiling NIOHPACK HPACKEncoder.swift
[1858/2219] Compiling NIOHPACK HPACKErrors.swift
[1860/2220] Emitting module NIOSSL
[1860/2224] Wrapping AST for NIOHPACK for debugging
[1862/2224] Compiling X509 ValidatedCertificateChain.swift
[1863/2224] Compiling X509 VerificationDiagnostic.swift
[1864/2224] Compiling X509 Verifier.swift
[1865/2224] Compiling X509 VerifierPolicy.swift
[1866/2224] Compiling X509 AlgorithmIdentifier.swift
[1867/2224] Compiling X509 ECDSASignature.swift
[1868/2224] Compiling X509 RSAPKCS1PublicKey.swift
[1869/2224] Compiling X509 SubjectPublicKeyInfo.swift
[1870/2224] Compiling X509 TBSCertificate.swift
[1871/2224] Compiling X509 Time.swift
[1872/2224] Compiling X509 TimeCalculations.swift
[1873/2224] Compiling X509 Validity.swift
[1874/2224] Compiling X509 X509SendableMetatype.swift
[1876/2288] Compiling NIOHTTP2 StateMachineResult.swift
[1877/2288] Compiling NIOHTTP2 ContentLengthVerifier.swift
[1878/2288] Compiling NIOHTTP2 DOSHeuristics.swift
[1879/2288] Compiling NIOHTTP2 Error+Any.swift
[1880/2288] Compiling NIOHTTP2 SendingRstStreamState.swift
[1881/2288] Compiling NIOHTTP2 SendingWindowUpdateState.swift
[1882/2288] Compiling NIOHTTP2 HTTP2SettingsState.swift
[1883/2288] Compiling NIOHTTP2 HasExtendedConnectSettings.swift
[1884/2288] Compiling NIOHTTP2 MaySendFrames.swift
[1885/2288] Compiling NIOHTTP2 SendingDataState.swift
[1886/2288] Compiling NIOHTTP2 SendingGoawayState.swift
[1887/2288] Compiling NIOHTTP2 SendingHeadersState.swift
[1888/2288] Compiling NIOHTTP2 SendingPushPromiseState.swift
[1888/2288] Wrapping AST for X509 for debugging
[1890/2355] Compiling JWTKit HMACError.swift
[1891/2355] Compiling JWTKit HMACSigner.swift
[1892/2355] Compiling JWTKit JWTKeyCollection+HMAC.swift
[1893/2355] Compiling JWTKit Insecure.swift
[1894/2355] Compiling JWTKit JWTUnixEpochClaim.swift
[1895/2355] Compiling JWTKit LocaleClaim.swift
[1896/2355] Compiling JWTKit NotBeforeClaim.swift
[1897/2355] Compiling JWTKit SubjectClaim.swift
[1898/2355] Compiling JWTKit TenantIDClaim.swift
[1899/2355] Compiling JWTKit ECDSA.swift
[1900/2355] Compiling JWTKit ECDSACurve.swift
[1901/2355] Compiling JWTKit ECDSACurveType.swift
[1902/2355] Compiling JWTKit ECDSAError.swift
[1903/2355] Compiling JWTKit ECDSAKeyTypes.swift
[1904/2355] Compiling JWTKit ECDSASigner.swift
[1905/2355] Compiling JWTKit HMAC.swift
[1906/2355] Compiling JWTKit JWTSerializer.swift
[1907/2355] Compiling JWTKit JWTSigner.swift
[1908/2355] Compiling JWTKit JWTKeyCollection+MLDSA.swift
[1909/2355] Compiling JWTKit MLDSA.swift
[1910/2356] Wrapping AST for NIOSSL for debugging
[1912/2356] Compiling JWTKit AudienceClaim.swift
[1913/2356] Compiling JWTKit BoolClaim.swift
[1914/2356] Compiling JWTKit ExpirationClaim.swift
[1915/2356] Compiling JWTKit GoogleHostedDomainClaim.swift
[1916/2356] Compiling JWTKit IDClaim.swift
[1917/2356] Compiling JWTKit IssuedAtClaim.swift
[1918/2356] Compiling JWTKit IssuerClaim.swift
[1919/2356] Compiling JWTKit JWTClaim.swift
[1920/2356] Compiling JWTKit JWTMultiValueClaim.swift
[1921/2364] Compiling JWTKit MLDSAType.swift
[1922/2364] Compiling JWTKit JWTKeyCollection+UnsecuredNone.swift
[1923/2364] Compiling JWTKit UnsecuredNoneSigner.swift
[1924/2364] Compiling JWTKit JWTKeyCollection+RSA.swift
[1925/2364] Compiling JWTKit RSA.swift
[1926/2364] Compiling NIOHTTP2 NIOHTTP2ServerConnectionManagementHandler.swift
[1927/2364] Compiling NIOHTTP2 StreamChannelFlowController.swift
[1928/2364] Compiling NIOHTTP2 StreamChannelList.swift
[1929/2364] Compiling NIOHTTP2 StreamMap.swift
[1930/2373] Emitting module JWTKit
[1935/2373] Compiling JWTKit MLDSA65+MLDSAKey.swift
[1936/2373] Compiling JWTKit MLDSA87+MLDSAKey.swift
[1937/2373] Compiling JWTKit MLDSAError.swift
[1938/2373] Compiling JWTKit MLDSAKey.swift
[1939/2373] Compiling JWTKit MLDSASigner.swift
[1940/2373] Emitting module NIOHTTP2
[1948/2373] Compiling JWTKit JWK.swift
[1949/2373] Compiling JWTKit JWKIdentifier.swift
[1950/2373] Compiling JWTKit JWKS.swift
[1951/2373] Compiling JWTKit JWKSigner.swift
[1959/2373] Compiling JWTKit ECDSASigningAlgorithm.swift
[1960/2373] Compiling JWTKit JWTKeyCollection+ECDSA.swift
[1961/2373] Compiling JWTKit P256+CurveType.swift
[1962/2373] Compiling JWTKit P384+CurveType.swift
[1963/2373] Compiling JWTKit P521+CurveType.swift
[1964/2373] Compiling JWTKit EdDSA.swift
[1965/2373] Compiling JWTKit EdDSACurve.swift
[1966/2373] Compiling JWTKit EdDSAError.swift
[1967/2373] Compiling JWTKit EdDSASigner.swift
[1968/2373] Compiling JWTKit JWTKeyCollection+EdDSA.swift
[1988/2373] Compiling JWTKit JWTAlgorithm.swift
[1989/2373] Compiling JWTKit JWTError.swift
[1990/2373] Compiling JWTKit JWTHeader+CommonFields.swift
[1991/2373] Compiling JWTKit JWTHeader.swift
[1992/2373] Compiling JWTKit JWTHeaderField.swift
[1993/2373] Compiling JWTKit JWTKeyCollection.swift
[1994/2373] Compiling JWTKit JWTParser+MandatoryVerificationFields.swift
[1995/2373] Compiling JWTKit JWTParser.swift
[1996/2373] Compiling JWTKit JWTPayload.swift
[2020/2373] Compiling JWTKit CustomizedJSONCoders.swift
[2021/2373] Compiling JWTKit Utilities.swift
[2022/2373] Compiling JWTKit AppleIdentityToken.swift
[2023/2373] Compiling JWTKit FirebaseAuthIdentityToken.swift
[2028/2373] Compiling JWTKit GoogleIdentityToken.swift
[2029/2373] Compiling JWTKit MicrosoftIdentityToken.swift
[2030/2373] Compiling JWTKit EmptyPolicy.swift
[2031/2373] Compiling JWTKit ValidationTimePayload.swift
[2032/2373] Compiling JWTKit X5CVerifier.swift
[2033/2374] Wrapping AST for JWTKit for debugging
[2061/2375] Wrapping AST for NIOHTTP2 for debugging
[2063/2439] Emitting module AsyncHTTPClient
[2064/2447] Compiling AsyncHTTPClient AnyAsyncSequence.swift
[2065/2447] Compiling AsyncHTTPClient AnyAsyncSequenceProucerDelete.swift
[2066/2447] Compiling AsyncHTTPClient AsyncLazySequence.swift
[2067/2447] Compiling AsyncHTTPClient HTTPClient+execute.swift
[2068/2447] Compiling AsyncHTTPClient HTTPClient+shutdown.swift
[2069/2447] Compiling AsyncHTTPClient HTTPClient+tracing.swift
[2070/2447] Compiling AsyncHTTPClient HTTPClientRequest+Prepared.swift
[2071/2447] Compiling AsyncHTTPClient HTTPClientRequest+auth.swift
[2072/2447] Compiling AsyncHTTPClient HTTPClientRequest.swift
[2073/2447] Compiling AsyncHTTPClient HTTPConnectionEvent.swift
[2074/2447] Compiling AsyncHTTPClient HTTPConnectionPool+Factory.swift
[2075/2447] Compiling AsyncHTTPClient HTTPConnectionPool+Manager.swift
[2076/2447] Compiling AsyncHTTPClient HTTPConnectionPool.swift
[2077/2447] Compiling AsyncHTTPClient HTTPExecutableRequest.swift
[2078/2447] Compiling AsyncHTTPClient HTTPRequestStateMachine+Demand.swift
[2079/2447] Compiling AsyncHTTPClient HTTPRequestStateMachine.swift
[2080/2447] Compiling AsyncHTTPClient RequestBodyLength.swift
[2081/2447] Compiling AsyncHTTPClient RequestFramingMetadata.swift
[2082/2447] Compiling AsyncHTTPClient HTTP1ProxyConnectHandler.swift
[2083/2447] Compiling AsyncHTTPClient SOCKSEventsHandler.swift
[2084/2447] Compiling AsyncHTTPClient TLSEventsHandler.swift
[2085/2447] Compiling AsyncHTTPClient HTTP1ClientChannelHandler.swift
[2086/2447] Compiling AsyncHTTPClient HTTP1Connection.swift
[2087/2447] Compiling AsyncHTTPClient HTTP1ConnectionStateMachine.swift
[2088/2447] Compiling AsyncHTTPClient HTTP2ClientRequestHandler.swift
[2089/2447] Compiling AsyncHTTPClient HTTP2Connection.swift
[2090/2447] Compiling AsyncHTTPClient HTTP2IdleHandler.swift
[2091/2447] Compiling AsyncHTTPClient RequestValidation.swift
[2092/2447] Compiling AsyncHTTPClient SSLContextCache.swift
[2093/2447] Compiling AsyncHTTPClient Scheme.swift
[2094/2447] Compiling AsyncHTTPClient Singleton.swift
[2095/2447] Compiling AsyncHTTPClient StringConvertibleInstances.swift
[2096/2447] Compiling AsyncHTTPClient StructuredConcurrencyHelpers.swift
[2097/2447] Compiling AsyncHTTPClient TracingSupport.swift
[2098/2447] Compiling AsyncHTTPClient Utils.swift
[2099/2447] Compiling AsyncHTTPClient RequestOptions.swift
[2100/2447] Compiling AsyncHTTPClient HTTPConnectionPool+Backoff.swift
[2101/2447] Compiling AsyncHTTPClient HTTPConnectionPool+HTTP1Connections.swift
[2102/2447] Compiling AsyncHTTPClient HTTPConnectionPool+HTTP1StateMachine.swift
[2103/2447] Compiling AsyncHTTPClient HTTPConnectionPool+HTTP2Connections.swift
[2104/2447] Compiling AsyncHTTPClient HTTPConnectionPool+HTTP2StateMachine.swift
[2105/2447] Compiling AsyncHTTPClient HTTPConnectionPool+RequestQueue.swift
[2106/2447] Compiling AsyncHTTPClient HTTPConnectionPool+StateMachine.swift
[2107/2447] Compiling AsyncHTTPClient ConnectionTarget.swift
[2108/2447] Compiling AsyncHTTPClient DeconstructedURL.swift
[2109/2447] Compiling AsyncHTTPClient FileDownloadDelegate.swift
[2110/2447] Compiling AsyncHTTPClient FoundationExtensions.swift
[2111/2447] Compiling AsyncHTTPClient HTTPClient+HTTPCookie.swift
[2112/2447] Compiling AsyncHTTPClient HTTPClient+Proxy.swift
[2113/2447] Compiling AsyncHTTPClient HTTPClient+StructuredConcurrency.swift
[2114/2447] Compiling AsyncHTTPClient HTTPClient.swift
[2115/2447] Compiling AsyncHTTPClient HTTPClientConfiguration+SwiftConfiguration.swift
[2116/2447] Compiling AsyncHTTPClient HTTPHandler.swift
[2117/2447] Compiling AsyncHTTPClient LRUCache.swift
[2118/2447] Compiling AsyncHTTPClient NIOLoopBound+Execute.swift
[2119/2447] Compiling AsyncHTTPClient NWErrorHandler.swift
[2120/2447] Compiling AsyncHTTPClient NWWaitingHandler.swift
[2121/2447] Compiling AsyncHTTPClient TLSConfiguration.swift
[2122/2447] Compiling AsyncHTTPClient RedirectState.swift
[2123/2447] Compiling AsyncHTTPClient RequestBag+StateMachine.swift
[2124/2447] Compiling AsyncHTTPClient RequestBag+Tracing.swift
[2125/2447] Compiling AsyncHTTPClient RequestBag.swift
[2126/2447] Compiling AsyncHTTPClient HTTPClientResponse.swift
[2127/2447] Compiling AsyncHTTPClient SingleIteratorPrecondition.swift
[2128/2447] Compiling AsyncHTTPClient Transaction+StateMachine.swift
[2129/2447] Compiling AsyncHTTPClient Transaction.swift
[2130/2447] Compiling AsyncHTTPClient Base64.swift
[2131/2447] Compiling AsyncHTTPClient BasicAuth.swift
[2132/2447] Compiling AsyncHTTPClient BestEffortHashableTLSConfiguration.swift
[2133/2447] Compiling AsyncHTTPClient Configuration+BrowserLike.swift
[2134/2447] Compiling AsyncHTTPClient ConnectionPool.swift
[2135/2448] Wrapping AST for AsyncHTTPClient for debugging
[2137/2471] Emitting module GoogleAuth
[2138/2474] Compiling GoogleAuth SubjectTokenProvider.swift
[2139/2474] Compiling GoogleAuth MDSAccessTokenProvider.swift
[2140/2474] Compiling GoogleAuth MDSCredentials.swift
[2141/2474] Compiling GoogleAuth AnonymousCredentials.swift
[2142/2474] Compiling GoogleAuth ApiKeyCredentials.swift
[2143/2474] Compiling GoogleAuth ExternalAccountCredentials.swift
[2144/2474] Compiling GoogleAuth ServiceAccountCredentials.swift
[2145/2474] Compiling GoogleAuth ServiceAccountData.swift
[2146/2474] Compiling GoogleAuth ServiceAccountTokenProvider.swift
[2147/2474] Compiling GoogleAuth UserAccountData.swift
[2148/2474] Compiling GoogleAuth UserAccountTokenProvider.swift
[2149/2474] Compiling GoogleAuth UserCredentials.swift
[2150/2474] Compiling GoogleAuth ADC.swift
[2151/2474] Compiling GoogleAuth ADCPath.swift
[2152/2474] Compiling GoogleAuth ADCResolver.swift
[2153/2474] Compiling GoogleAuth AuthHeaders.swift
[2154/2474] Compiling GoogleAuth CredentialParserRegistry.swift
[2155/2474] Compiling GoogleAuth Credentials.swift
[2156/2474] Compiling GoogleAuth CredentialsError.swift
[2157/2474] Compiling GoogleAuth AuthHTTPClient.swift
[2158/2474] Compiling GoogleAuth AuthHTTPError.swift
[2159/2474] Compiling GoogleAuth RetryEngine.swift
[2160/2474] Compiling GoogleAuth STSHandler.swift
[2161/2474] Compiling GoogleAuth TokenCache.swift
[2162/2474] Compiling GoogleAuth PackageVersion.swift
[2163/2475] Wrapping AST for GoogleAuth for debugging
[2165/2533] Compiling GoogleGax AIP194+PollingErrorPolicy.swift
[2166/2533] Compiling GoogleGax AIP194+RetryPolicy.swift
[2167/2533] Compiling GoogleGax AIP194.swift
[2168/2533] Compiling GoogleGax AdaptiveThrottler.swift
[2169/2533] Compiling GoogleGax AlwaysPoll.swift
[2170/2533] Compiling GoogleGax AlwaysRetry.swift
[2171/2533] Compiling GoogleGax ApiClientHeader.swift
[2172/2533] Compiling GoogleGax BackoffPolicy.swift
[2173/2533] Compiling GoogleGax BasePollingErrorPolicy.swift
[2174/2541] Emitting module GoogleGax
[2175/2541] Compiling GoogleGax RequestOptions.swift
[2176/2541] Compiling GoogleGax RetryLoop.swift
[2177/2541] Compiling GoogleGax RetryPolicy.swift
[2178/2541] Compiling GoogleGax RetryResult.swift
[2179/2541] Compiling GoogleGax RetryState.swift
[2180/2541] Compiling GoogleGax RetryThrottler.swift
[2181/2541] Compiling GoogleGax RetryThrottlerError.swift
[2182/2541] Compiling GoogleGax RoutingMatcher.swift
[2183/2541] Compiling GoogleGax Pagination.swift
/host/spi-builder-workspace/.build/checkouts/swift-google-gax/Sources/GoogleGax/Pagination.swift:44:22: error: cannot convert '@Sendable (String) async throws -> (response: ResponseType, items: [Item], nextToken: String)' to 'nonisolated(nonsending) @Sendable (String) async throws -> (response: ResponseType, items: [Item], nextToken: String)' because crossing of an isolation boundary requires parameter and result types to conform to 'Sendable' protocol
42 | ) where ResponseType: _PaginatedResponse<Item> {
43 | self.initialPageToken = initialPageToken ?? ""
44 | self.fetchPage = { token in
| |- error: cannot convert '@Sendable (String) async throws -> (response: ResponseType, items: [Item], nextToken: String)' to 'nonisolated(nonsending) @Sendable (String) async throws -> (response: ResponseType, items: [Item], nextToken: String)' because crossing of an isolation boundary requires parameter and result types to conform to 'Sendable' protocol
| `- note: type 'Item' does not conform to 'Sendable' protocol
45 | let response = try await listRpc(token)
46 | return (response, response._getPaginatedItems(), response._nextPageToken())
[2184/2541] Compiling GoogleGax PollingBackoffPolicy.swift
/host/spi-builder-workspace/.build/checkouts/swift-google-gax/Sources/GoogleGax/Pagination.swift:44:22: error: cannot convert '@Sendable (String) async throws -> (response: ResponseType, items: [Item], nextToken: String)' to 'nonisolated(nonsending) @Sendable (String) async throws -> (response: ResponseType, items: [Item], nextToken: String)' because crossing of an isolation boundary requires parameter and result types to conform to 'Sendable' protocol
42 | ) where ResponseType: _PaginatedResponse<Item> {
43 | self.initialPageToken = initialPageToken ?? ""
44 | self.fetchPage = { token in
| |- error: cannot convert '@Sendable (String) async throws -> (response: ResponseType, items: [Item], nextToken: String)' to 'nonisolated(nonsending) @Sendable (String) async throws -> (response: ResponseType, items: [Item], nextToken: String)' because crossing of an isolation boundary requires parameter and result types to conform to 'Sendable' protocol
| `- note: type 'Item' does not conform to 'Sendable' protocol
45 | let response = try await listRpc(token)
46 | return (response, response._getPaginatedItems(), response._nextPageToken())
[2185/2541] Compiling GoogleGax PollingErrorPolicy.swift
/host/spi-builder-workspace/.build/checkouts/swift-google-gax/Sources/GoogleGax/Pagination.swift:44:22: error: cannot convert '@Sendable (String) async throws -> (response: ResponseType, items: [Item], nextToken: String)' to 'nonisolated(nonsending) @Sendable (String) async throws -> (response: ResponseType, items: [Item], nextToken: String)' because crossing of an isolation boundary requires parameter and result types to conform to 'Sendable' protocol
42 | ) where ResponseType: _PaginatedResponse<Item> {
43 | self.initialPageToken = initialPageToken ?? ""
44 | self.fetchPage = { token in
| |- error: cannot convert '@Sendable (String) async throws -> (response: ResponseType, items: [Item], nextToken: String)' to 'nonisolated(nonsending) @Sendable (String) async throws -> (response: ResponseType, items: [Item], nextToken: String)' because crossing of an isolation boundary requires parameter and result types to conform to 'Sendable' protocol
| `- note: type 'Item' does not conform to 'Sendable' protocol
45 | let response = try await listRpc(token)
46 | return (response, response._getPaginatedItems(), response._nextPageToken())
[2186/2541] Compiling GoogleGax PollingResult.swift
/host/spi-builder-workspace/.build/checkouts/swift-google-gax/Sources/GoogleGax/Pagination.swift:44:22: error: cannot convert '@Sendable (String) async throws -> (response: ResponseType, items: [Item], nextToken: String)' to 'nonisolated(nonsending) @Sendable (String) async throws -> (response: ResponseType, items: [Item], nextToken: String)' because crossing of an isolation boundary requires parameter and result types to conform to 'Sendable' protocol
42 | ) where ResponseType: _PaginatedResponse<Item> {
43 | self.initialPageToken = initialPageToken ?? ""
44 | self.fetchPage = { token in
| |- error: cannot convert '@Sendable (String) async throws -> (response: ResponseType, items: [Item], nextToken: String)' to 'nonisolated(nonsending) @Sendable (String) async throws -> (response: ResponseType, items: [Item], nextToken: String)' because crossing of an isolation boundary requires parameter and result types to conform to 'Sendable' protocol
| `- note: type 'Item' does not conform to 'Sendable' protocol
45 | let response = try await listRpc(token)
46 | return (response, response._getPaginatedItems(), response._nextPageToken())
[2187/2541] Compiling GoogleGax PollingState.swift
/host/spi-builder-workspace/.build/checkouts/swift-google-gax/Sources/GoogleGax/Pagination.swift:44:22: error: cannot convert '@Sendable (String) async throws -> (response: ResponseType, items: [Item], nextToken: String)' to 'nonisolated(nonsending) @Sendable (String) async throws -> (response: ResponseType, items: [Item], nextToken: String)' because crossing of an isolation boundary requires parameter and result types to conform to 'Sendable' protocol
42 | ) where ResponseType: _PaginatedResponse<Item> {
43 | self.initialPageToken = initialPageToken ?? ""
44 | self.fetchPage = { token in
| |- error: cannot convert '@Sendable (String) async throws -> (response: ResponseType, items: [Item], nextToken: String)' to 'nonisolated(nonsending) @Sendable (String) async throws -> (response: ResponseType, items: [Item], nextToken: String)' because crossing of an isolation boundary requires parameter and result types to conform to 'Sendable' protocol
| `- note: type 'Item' does not conform to 'Sendable' protocol
45 | let response = try await listRpc(token)
46 | return (response, response._getPaginatedItems(), response._nextPageToken())
[2188/2541] Compiling GoogleGax ProtobufConversionError.swift
/host/spi-builder-workspace/.build/checkouts/swift-google-gax/Sources/GoogleGax/Pagination.swift:44:22: error: cannot convert '@Sendable (String) async throws -> (response: ResponseType, items: [Item], nextToken: String)' to 'nonisolated(nonsending) @Sendable (String) async throws -> (response: ResponseType, items: [Item], nextToken: String)' because crossing of an isolation boundary requires parameter and result types to conform to 'Sendable' protocol
42 | ) where ResponseType: _PaginatedResponse<Item> {
43 | self.initialPageToken = initialPageToken ?? ""
44 | self.fetchPage = { token in
| |- error: cannot convert '@Sendable (String) async throws -> (response: ResponseType, items: [Item], nextToken: String)' to 'nonisolated(nonsending) @Sendable (String) async throws -> (response: ResponseType, items: [Item], nextToken: String)' because crossing of an isolation boundary requires parameter and result types to conform to 'Sendable' protocol
| `- note: type 'Item' does not conform to 'Sendable' protocol
45 | let response = try await listRpc(token)
46 | return (response, response._getPaginatedItems(), response._nextPageToken())
[2189/2541] Compiling GoogleGax QueryParameter.swift
/host/spi-builder-workspace/.build/checkouts/swift-google-gax/Sources/GoogleGax/Pagination.swift:44:22: error: cannot convert '@Sendable (String) async throws -> (response: ResponseType, items: [Item], nextToken: String)' to 'nonisolated(nonsending) @Sendable (String) async throws -> (response: ResponseType, items: [Item], nextToken: String)' because crossing of an isolation boundary requires parameter and result types to conform to 'Sendable' protocol
42 | ) where ResponseType: _PaginatedResponse<Item> {
43 | self.initialPageToken = initialPageToken ?? ""
44 | self.fetchPage = { token in
| |- error: cannot convert '@Sendable (String) async throws -> (response: ResponseType, items: [Item], nextToken: String)' to 'nonisolated(nonsending) @Sendable (String) async throws -> (response: ResponseType, items: [Item], nextToken: String)' because crossing of an isolation boundary requires parameter and result types to conform to 'Sendable' protocol
| `- note: type 'Item' does not conform to 'Sendable' protocol
45 | let response = try await listRpc(token)
46 | return (response, response._getPaginatedItems(), response._nextPageToken())
[2190/2541] Compiling GoogleGax RequestError.swift
/host/spi-builder-workspace/.build/checkouts/swift-google-gax/Sources/GoogleGax/Pagination.swift:44:22: error: cannot convert '@Sendable (String) async throws -> (response: ResponseType, items: [Item], nextToken: String)' to 'nonisolated(nonsending) @Sendable (String) async throws -> (response: ResponseType, items: [Item], nextToken: String)' because crossing of an isolation boundary requires parameter and result types to conform to 'Sendable' protocol
42 | ) where ResponseType: _PaginatedResponse<Item> {
43 | self.initialPageToken = initialPageToken ?? ""
44 | self.fetchPage = { token in
| |- error: cannot convert '@Sendable (String) async throws -> (response: ResponseType, items: [Item], nextToken: String)' to 'nonisolated(nonsending) @Sendable (String) async throws -> (response: ResponseType, items: [Item], nextToken: String)' because crossing of an isolation boundary requires parameter and result types to conform to 'Sendable' protocol
| `- note: type 'Item' does not conform to 'Sendable' protocol
45 | let response = try await listRpc(token)
46 | return (response, response._getPaginatedItems(), response._nextPageToken())
[2191/2541] Compiling GoogleGax BaseRetryPolicy.swift
[2192/2541] Compiling GoogleGax BindingError.swift
[2193/2541] Compiling GoogleGax CRC32C.swift
[2194/2541] Compiling GoogleGax CircuitBreaker.swift
[2195/2541] Compiling GoogleGax ClientError.swift
[2196/2541] Compiling GoogleGax ClientOptions.swift
[2197/2541] Compiling GoogleGax ContinueOnIO+PollingErrorPolicy.swift
[2198/2541] Compiling GoogleGax ContinueOnIO+RetryPolicy.swift
[2199/2541] Compiling GoogleGax HTTPClientProtocol.swift
[2200/2541] Compiling GoogleGax HTTPClientRequest.swift
[2201/2541] Compiling GoogleGax HTTPClientResponse.swift
[2202/2541] Compiling GoogleGax HTTPHeaders.swift
[2203/2541] Compiling GoogleGax HTTPResponseBody.swift
[2204/2541] Compiling GoogleGax HeaderNames.swift
[2205/2541] Compiling GoogleGax Host.swift
[2206/2541] Compiling GoogleGax InProgressResult.swift
[2207/2541] Compiling GoogleGax ContinueOnIO.swift
[2208/2541] Compiling GoogleGax CredentialsProtocol.swift
[2209/2541] Compiling GoogleGax ErrorWrapper.swift
[2210/2541] Compiling GoogleGax ExponentialBackoff+BackoffPolicy.swift
[2211/2541] Compiling GoogleGax ExponentialBackoff+PollingBackoffPolicy.swift
[2212/2541] Compiling GoogleGax ExponentialBackoff.swift
[2213/2541] Compiling GoogleGax HTTPClient.swift
[2214/2541] Compiling GoogleGax HTTPClientHolder.swift
[2215/2541] Compiling GoogleGax LimitedAttemptCount+PollingErrorPolicy.swift
[2216/2541] Compiling GoogleGax LimitedAttemptCount+RetryPolicy.swift
[2217/2541] Compiling GoogleGax LimitedAttemptCount.swift
[2218/2541] Compiling GoogleGax LimitedElapsedTime+PollingErrorPolicy.swift
[2219/2541] Compiling GoogleGax LimitedElapsedTime+RetryPolicy.swift
[2220/2541] Compiling GoogleGax LimitedElapsedTime.swift
[2221/2541] Compiling GoogleGax LongRunningOperations.swift
[2222/2541] Compiling GoogleGax NeverRetry.swift
[2223/2541] Compiling GoogleGax ServiceError.swift
[2224/2541] Compiling GoogleGax StatusDetail.swift
[2225/2541] Compiling GoogleGax StrictIdempotency.swift
[2226/2541] Compiling GoogleGax ThrottleResult.swift
[2227/2541] Compiling GoogleGax TooManyRequests+PollingErrorPolicy.swift
[2228/2541] Compiling GoogleGax TooManyRequests+RetryPolicy.swift
[2229/2541] Compiling GoogleGax TooManyRequests.swift
[2230/2541] Compiling GoogleGax PackageVersion.swift
BUILD FAILURE 6.2 android