The Swift Package Index logo.Swift Package Index

Build Information

Failed to build LanguageServer, reference main (d7d572), with Swift 6.2 for Android on 28 Sep 2026 12:52:11 UTC.

Build Command

bash -c docker run --pull=always --rm -v "checkouts-53886770-0":/host -w "$PWD" -e JAVA_HOME="/root/.sdkman/candidates/java/current" -e SPI_BUILD="1" -e SPI_PROCESSING="1" registry.gitlab.com/saguaro1/spi-images:android-6.2-latest swift build --swift-sdk aarch64-unknown-linux-android28 2>&1

Build Log

========================================
RunAll
========================================
Builder version: 5.1.0
Interrupt handler set up.
========================================
Checkout
========================================
Clone URL: https://github.com/ChimeHQ/LanguageServer.git
Reference: main
Initialized empty Git repository in /host/spi-builder-workspace/.git/
hint: Using 'master' as the name for the initial branch. This default branch name
hint: is subject to change. To configure the initial branch name to use in all
hint: of your new repositories, which will suppress this warning, call:
hint:
hint: 	git config --global init.defaultBranch <name>
hint:
hint: Names commonly chosen instead of 'master' are 'main', 'trunk' and
hint: 'development'. The just-created branch can be renamed via this command:
hint:
hint: 	git branch -m <name>
From https://github.com/ChimeHQ/LanguageServer
 * branch            main       -> FETCH_HEAD
 * [new branch]      main       -> origin/main
HEAD is now at d7d5724 Remove chat
Cloned https://github.com/ChimeHQ/LanguageServer.git
Revision (git rev-parse @):
d7d5724b8fb339d2bbbb7c27239ac0cf509d6614
SPI manifest file found: $PWD/.spi.yml
SUCCESS checkout https://github.com/ChimeHQ/LanguageServer.git at main
========================================
Build
========================================
Selected platform:         android
Swift version:             6.2
Building package at path:  $PWD
https://github.com/ChimeHQ/LanguageServer.git
Running build ...
bash -c docker run --pull=always --rm -v "checkouts-53886770-0":/host -w "$PWD" -e JAVA_HOME="/root/.sdkman/candidates/java/current" -e SPI_BUILD="1" -e SPI_PROCESSING="1" registry.gitlab.com/saguaro1/spi-images:android-6.2-latest swift build --swift-sdk aarch64-unknown-linux-android28 2>&1
android-6.2-latest: Pulling from saguaro1/spi-images
Digest: sha256:f47b2a33897778fb58ca39c1139e193fa7f391fa362fe0d23c00db9747030994
Status: Image is up to date for registry.gitlab.com/saguaro1/spi-images:android-6.2-latest
Fetching https://github.com/ChimeHQ/LanguageServerProtocol
[1/1964] Fetching languageserverprotocol
Fetched https://github.com/ChimeHQ/LanguageServerProtocol from cache (0.56s)
Computing version for https://github.com/ChimeHQ/LanguageServerProtocol
Computed https://github.com/ChimeHQ/LanguageServerProtocol at 0.14.2 (0.72s)
Fetching https://github.com/ChimeHQ/JSONRPC
[1/634] Fetching jsonrpc
Fetched https://github.com/ChimeHQ/JSONRPC from cache (0.59s)
Computing version for https://github.com/ChimeHQ/JSONRPC
Computed https://github.com/ChimeHQ/JSONRPC at 0.9.2 (0.73s)
Creating working copy for https://github.com/ChimeHQ/JSONRPC
Working copy of https://github.com/ChimeHQ/JSONRPC resolved at 0.9.2
Creating working copy for https://github.com/ChimeHQ/LanguageServerProtocol
Working copy of https://github.com/ChimeHQ/LanguageServerProtocol resolved at 0.14.2
Building for debugging...
[0/4] Write sources
[3/4] Write swift-version--11D90AFD9DD3AB2.txt
error: emit-module command failed with exit code 1 (use -v to see invocation)
[5/16] Emitting module JSONRPC
/host/spi-builder-workspace/.build/checkouts/JSONRPC/Sources/JSONRPC/DataChannel+Stdio.swift:5:8: error: no such module 'Darwin.C'
 3 | import Glibc
 4 | #else
 5 | import Darwin.C
   |        `- error: no such module 'Darwin.C'
 6 | #endif
 7 |
[6/16] Compiling JSONRPC AsyncStreamPolyfill.swift
/host/spi-builder-workspace/.build/checkouts/JSONRPC/Sources/JSONRPC/DataChannel+Stdio.swift:5:8: error: no such module 'Darwin.C'
 3 | import Glibc
 4 | #else
 5 | import Darwin.C
   |        `- error: no such module 'Darwin.C'
 6 | #endif
 7 |
[7/16] Compiling JSONRPC DataChannel+Actor.swift
/host/spi-builder-workspace/.build/checkouts/JSONRPC/Sources/JSONRPC/DataChannel+Stdio.swift:5:8: error: no such module 'Darwin.C'
 3 | import Glibc
 4 | #else
 5 | import Darwin.C
   |        `- error: no such module 'Darwin.C'
 6 | #endif
 7 |
[8/16] Compiling JSONRPC DataChannel+PredefinedMessages.swift
/host/spi-builder-workspace/.build/checkouts/JSONRPC/Sources/JSONRPC/DataChannel+Stdio.swift:5:8: error: no such module 'Darwin.C'
 3 | import Glibc
 4 | #else
 5 | import Darwin.C
   |        `- error: no such module 'Darwin.C'
 6 | #endif
 7 |
[9/16] Compiling JSONRPC DataChannel+Stdio.swift
/host/spi-builder-workspace/.build/checkouts/JSONRPC/Sources/JSONRPC/DataChannel+Stdio.swift:5:8: error: no such module 'Darwin.C'
 3 | import Glibc
 4 | #else
 5 | import Darwin.C
   |        `- error: no such module 'Darwin.C'
 6 | #endif
 7 |
[10/16] Compiling JSONRPC JSONId.swift
/host/spi-builder-workspace/.build/checkouts/JSONRPC/Sources/JSONRPC/DataChannel+Stdio.swift:5:8: error: no such module 'Darwin.C'
 3 | import Glibc
 4 | #else
 5 | import Darwin.C
   |        `- error: no such module 'Darwin.C'
 6 | #endif
 7 |
[11/16] Compiling JSONRPC JSONRPCError.swift
/host/spi-builder-workspace/.build/checkouts/JSONRPC/Sources/JSONRPC/DataChannel+Stdio.swift:5:8: error: no such module 'Darwin.C'
 3 | import Glibc
 4 | #else
 5 | import Darwin.C
   |        `- error: no such module 'Darwin.C'
 6 | #endif
 7 |
[12/17] Compiling JSONRPC DataChannel+WebSocket.swift
/host/spi-builder-workspace/.build/checkouts/JSONRPC/Sources/JSONRPC/DataChannel+Stdio.swift:5:8: error: no such module 'Darwin.C'
 3 | import Glibc
 4 | #else
 5 | import Darwin.C
   |        `- error: no such module 'Darwin.C'
 6 | #endif
 7 |
[13/17] Compiling JSONRPC DataChannel.swift
/host/spi-builder-workspace/.build/checkouts/JSONRPC/Sources/JSONRPC/DataChannel+Stdio.swift:5:8: error: no such module 'Darwin.C'
 3 | import Glibc
 4 | #else
 5 | import Darwin.C
   |        `- error: no such module 'Darwin.C'
 6 | #endif
 7 |
[14/17] Compiling JSONRPC JSONValueDecoder.swift
/host/spi-builder-workspace/.build/checkouts/JSONRPC/Sources/JSONRPC/DataChannel+Stdio.swift:5:8: error: no such module 'Darwin.C'
 3 | import Glibc
 4 | #else
 5 | import Darwin.C
   |        `- error: no such module 'Darwin.C'
 6 | #endif
 7 |
[15/17] Compiling JSONRPC JSONValue.swift
/host/spi-builder-workspace/.build/checkouts/JSONRPC/Sources/JSONRPC/DataChannel+Stdio.swift:5:8: error: no such module 'Darwin.C'
 3 | import Glibc
 4 | #else
 5 | import Darwin.C
   |        `- error: no such module 'Darwin.C'
 6 | #endif
 7 |
[16/17] Compiling JSONRPC JSONRPCSession.swift
/host/spi-builder-workspace/.build/checkouts/JSONRPC/Sources/JSONRPC/DataChannel+Stdio.swift:5:8: error: no such module 'Darwin.C'
 3 | import Glibc
 4 | #else
 5 | import Darwin.C
   |        `- error: no such module 'Darwin.C'
 6 | #endif
 7 |
[17/17] Compiling JSONRPC Protocol.swift
/host/spi-builder-workspace/.build/checkouts/JSONRPC/Sources/JSONRPC/DataChannel+Stdio.swift:5:8: error: no such module 'Darwin.C'
 3 | import Glibc
 4 | #else
 5 | import Darwin.C
   |        `- error: no such module 'Darwin.C'
 6 | #endif
 7 |
BUILD FAILURE 6.2 android